[2020-12-18 11:17:26] UPDATE users SET lastlogin = NOW() WHERE id = '11'

[2020-12-18 11:17:29] UPDATE users SET lastlogin = NOW() WHERE id = '11'

[2020-12-18 11:17:31] UPDATE users SET lastlogin = NOW() WHERE id = '11'

[2020-12-18 11:17:31] UPDATE webshop_gallery SET original_name='Vitalrepair Complex hajvégápoló olaj', date=1608286651 WHERE id=2833

[2020-12-18 11:17:31] UPDATE webshop_special_fields SET `value`='Vitalfarco Maxima-NHP-Vitael' WHERE `key`='manufacturer' AND `product_id`=3325

[2020-12-18 11:17:31] UPDATE webshop_special_fields SET `value`='ml' WHERE `key`='quantityunit' AND `product_id`=3325

[2020-12-18 11:17:31] UPDATE webshop_special_fields SET `value`='50' WHERE `key`='kiszereles' AND `product_id`=3325

[2020-12-18 11:17:31] UPDATE webshop_products SET `name_hun`='megszünt - Vitalrepair Complex hajvégápoló olaj',`content_short`='Hajvégápoló olaj minden hajtípusra. A komlex vitaminokat kristáy formában tartalmazza. Használatával egy gyors,...',`content`='<P style=\"TEXT-ALIGN: justify\">Hajvégápoló olaj minden hajtípusra. A komlex vitaminokat kristáy formában tartalmazza. Használatával egy gyors, komplett hajkezelést&nbsp;adhatunk minden nap az egész hajon. &nbsp;Speciális növényi olajok kombinációjából áll,&nbsp;amelyek&nbsp; azonnal felszívódnak a hajba, kijavítják a haj sérüléseit, elvégzik a összefogják a tört hajvégeket. Védi a hajat a hajvasaló, hajszárító és egyéb hajformázó termékek hőjétől, és egészséges fényt, és rendkívüli fésülhetőséget ad a hajnak.</P>
<P style=\"TEXT-ALIGN: justify\">50ml&nbsp; - Regeneráló hatása &nbsp;legjobban a károsodott hajvégek hejre állításán látható, hisz a haj itt szenvedi el a legnagyobb károsodást.</P>
<P style=\"TEXT-ALIGN: justify\"><STRONG><U>A kristályos hajápoló, hajvégápoló olaj használata.</U></STRONG></P>
<P style=\"TEXT-ALIGN: justify\">Száraz és nedves hajon egyaránt alkalmazható.&nbsp;Pár cseppet vigyen fel a&nbsp;hajápoló olajból a teljes hajra, vagy csak a&nbsp;hajvégekre, majd alaposan masszírozza, fésülje bele&nbsp;bele. Ne öblítse le!</P>
<P>&nbsp;</P>', `item_id`='1417-vl-5077-50ml', `default_pic`='2833', `active`='1', `category_id`='131', `root_category_id`='0', `seo_name`='megszunt-vitalrepair-complex-hajvegapolo-olaj', `fullurl`='hajapolas/megszunt-vitalrepair-complex-hajvegapolo-olaj', `other_categories`='131,133,154,170,222,283' WHERE id=3325

[2020-12-18 11:17:31] UPDATE webshop_gallery SET original_name='Maxima FS extrém erős hajzselé', date=1608286651 WHERE id=788

[2020-12-18 11:17:31] UPDATE webshop_special_fields SET `value`='Vitalfarco Maxima-NHP-Vitael' WHERE `key`='manufacturer' AND `product_id`=2784

[2020-12-18 11:17:31] UPDATE webshop_special_fields SET `value`='ml' WHERE `key`='quantityunit' AND `product_id`=2784

[2020-12-18 11:17:31] UPDATE webshop_special_fields SET `value`='150' WHERE `key`='kiszereles' AND `product_id`=2784

[2020-12-18 11:17:31] UPDATE webshop_products SET `name_hun`='megszünt - Maxima FS extrém erős hajzselé',`content_short`='Hajzselé extrém erős tartással.&nbsp;A hajzselé a legjobb hatás érdekében&nbsp;azonnal szárad. használata...',`content`='<P style=\"TEXT-ALIGN: justify; MARGIN: 0cm 0cm 10pt; LINE-HEIGHT: normal; mso-margin-top-alt: auto; mso-margin-bottom-alt: auto\"><FONT face=Calibri>Hajzselé extrém erős tartással.&nbsp;A hajzselé a legjobb hatás érdekében&nbsp;azonnal szárad. használata ajánlott, kreatív hajformázáshoz merész, vagány karakteres hajfrizurák kialakításához, mindenféle hajszobrász technikához. A prémium minőségű, magas hidratáló ápoló anyag tartalommal rendelkező hajzselé, nem zsírosít, rendkívüli fényt ad a hajnak egész nap. Nagyobb mennyiséget alkalmazva jól használható vizes hatású hajak készítéséhez is.&nbsp;</FONT></P>
<P style=\"TEXT-ALIGN: justify; MARGIN: 0cm 0cm 10pt; LINE-HEIGHT: normal\"><FONT face=Calibri>Ezt a kreatív hajformázó gélt&nbsp;kiválóan használhatjuk hajszobrászkodáshoz, modellezéshez. A strukturáló hajzselével bármilyen extrém frizuraforma kialakítását, megvalósíthatjuk,&nbsp;enyhén matt fényt ad a hajnak, és hosszantartó rendkívül kellemes illatot biztosít.</FONT></P>
<P style=\"TEXT-ALIGN: justify; MARGIN: 0cm 0cm 10pt; LINE-HEIGHT: normal; mso-margin-top-alt: auto; mso-margin-bottom-alt: auto\"><FONT face=Calibri>A Maxima hajzselék nem hagynak maradványokat a hajban, nem keményíti a hajat, még is extra erős tartást ad a frizurának egész nap.</FONT></P>
<P style=\"TEXT-ALIGN: justify; MARGIN: 0cm 0cm 10pt; LINE-HEIGHT: normal; mso-margin-top-alt: auto; mso-margin-bottom-alt: auto\"><FONT face=Calibri>150ml - <U><STRONG>A hajzselé használata</STRONG>:</U> Dörzsöljön össze a tenyerében a hajzseléből egy diónyi mennyiséget, majd vigye fel egyenletesen a frizurára, vagy kenjen be a hajzselével néhány tincset kreativitása szerint.</FONT></P>
<P style=\"TEXT-ALIGN: justify\">A Maxima&nbsp;hajzselé professzionális prémium fodrászcikk, fodrászkellék.</P>
<P>&nbsp;</P>', `item_id`='1412-vmfs-7029--extrémerős-150ml', `default_pic`='788', `active`='1', `category_id`='73', `root_category_id`='0', `seo_name`='megszunt-maxima-fs-extrem-eros-hajzsele', `fullurl`='hajfixalo-hajformazo/megszunt-maxima-fs-extrem-eros-hajzsele', `other_categories`='73,76,80,222' WHERE id=2784

[2020-12-18 11:17:31] UPDATE webshop_gallery SET original_name='Keratin törő mikrogyűrű és hüvely roppantó fogó 02581', date=1608286651 WHERE id=3877

[2020-12-18 11:17:31] UPDATE webshop_special_fields SET `value`='Euro fodrászkellék' WHERE `key`='manufacturer' AND `product_id`=3607

[2020-12-18 11:17:31] UPDATE webshop_special_fields SET `value`='db' WHERE `key`='quantityunit' AND `product_id`=3607

[2020-12-18 11:17:31] UPDATE webshop_special_fields SET `value`='1' WHERE `key`='kiszereles' AND `product_id`=3607

[2020-12-18 11:17:31] UPDATE webshop_products SET `name_hun`='Keratin törő mikrogyűrű és hüvely roppantó fogó 02581',`content_short`='Keratin törő mikrogyűrű és hüvely roppantó fogó, 45 fokban hajlított kúpos hegy kiképzéssel, több...',`content`='<P style=\"TEXT-ALIGN: justify; MARGIN: 0cm 0cm 10pt\"><FONT face=Calibri>Keratin törő mikrogyűrű és hüvely roppantó fogó, 45 fokban hajlított kúpos hegy kiképzéssel, több formázó lehetőséggel. A nagyon erős kiképzésű acélból készült fogóval több hajhosszabbításnál szükséges műveletet is végezhetünk, keratin törés, gyűrű roppantás, vágás, ...</FONT></P>
<P style=\"TEXT-ALIGN: justify; MARGIN: 0cm 0cm 10pt\"><FONT face=Calibri>A keratint törő, gyűrű és hüvely roppantó fogót szinte minden hajhosszabbítási technikához szükséges művelethez használhatjuk. A szára szögben hajlított, ezáltal kényelmesen lehet vele dolgozni mert a csuklónkat nem kell elfordítani. A fogó csőre mindig&nbsp;ideálisan áll a fejhez.</FONT></P>
<P>
<P>Többfunkciós acél fogó hossza kb. 170mm, alkalmas.</P>
<P>Minden méretű hajhosszabbításhoz használatos gyűrű (hüvely) roppantására</P>
<P>keratin törésre</P>
<P>keratin formázására</P>
<P>vágásra</P>
<P></P>', `item_id`='3136-ektgrf-02581-', `default_pic`='3877', `active`='1', `category_id`='187', `root_category_id`='186', `seo_name`='keratin-toro-mikrogyuru-es-huvely-roppanto-fogo-02581', `fullurl`='hajhosszabbitas/hajhosszabbitas-kellek/keratin-toro-mikrogyuru-es-huvely-roppanto-fogo-02581', `other_categories`='187' WHERE id=3607

[2020-12-18 11:17:32] UPDATE webshop_gallery SET original_name='Fodrász nyakszirtkefe 03403', date=1608286652 WHERE id=14986

[2020-12-18 11:17:32] UPDATE webshop_special_fields SET `value`='Euro fodrászkellék' WHERE `key`='manufacturer' AND `product_id`=4940

[2020-12-18 11:17:32] UPDATE webshop_special_fields SET `value`='db' WHERE `key`='quantityunit' AND `product_id`=4940

[2020-12-18 11:17:32] UPDATE webshop_special_fields SET `value`='1' WHERE `key`='kiszereles' AND `product_id`=4940

[2020-12-18 11:17:32] UPDATE webshop_products SET `name_hun`='Fodrász nyakszirtkefe 03403',`content_short`='Fodrász nyakszirtkefe. Hajmaradványokat eltávolító&nbsp;fodrászkellék. A nyakszirtkefe dús pamacsa, bársonyos...',`content`='<P style=\"TEXT-ALIGN: justify\"><FONT face=Calibri>Fodrász nyakszirtkefe. Hajmaradványokat eltávolító&nbsp;fodrászkellék. </FONT><FONT face=Calibri>A nyakszirtkefe dús pamacsa, bársonyos tapintású műszálakból készült,</FONT><FONT face=Calibri>&nbsp;nyele könnyű műanyag ötvözetből készült.</FONT></P>
<P style=\"MARGIN: 0cm 0cm 10pt\"><FONT face=Calibri>Fodrász nyakszirtkefe származási helye: EU -</FONT></P>', `item_id`='3127-eny-03403', `default_pic`='14986', `active`='1', `category_id`='104', `root_category_id`='0', `seo_name`='fodrasz-nyakszirtkefe-03403', `fullurl`='fodraszkellek/fodrasz-nyakszirtkefe-03403', `other_categories`='104,115,118,222,313,314,319,361,366' WHERE id=4940

[2020-12-18 11:17:32] INSERT INTO webshop_gallery (`id`, `product_id`, `original_name`, `new_name`, `date`) VALUES (15455, 5114, 'megszünt - Olló tartó táska Avantgarde Cerena Solingen', '15455.jpg', 1608286652)

[2020-12-18 11:17:32] INSERT INTO webshop_products (`id`, `name_hun`, `name_eng`, `item_id`, `price`, `reduced_price`, `status`, `currency`, `content_short`, `content`, `details`, `date`, `default_pic`, `active`, `main`, `sort`, `category_id`, `root_category_id`, `seo_name`, `fullurl`, `websyx_id`, `quantity`, `other_categories`) VALUES ('5114', 'megszünt - Olló tartó táska Avantgarde Cerena Solingen', 'megszünt - Olló tartó táska Avantgarde Cerena Solingen', '2028-cs-61220001', 0, 0, 1, 'Ft', 'Ollótartó táska prémium kivitelben, fekete színben. A vállra akasztható, és derékra is rögzíthető...', '<P style=\"TEXT-ALIGN: justify; MARGIN: 0cm 0cm 10pt\"><FONT face=Calibri>Ollótartó táska prémium kivitelben, fekete színben. A vállra akasztható, és derékra is rögzíthető ollótartó táskák méretei, 12cm × 21cm.&nbsp;Mivel&nbsp;jól rögzíthető, az ollótartóval gyors mozgást is végezhetünk.</FONT></P>
<P style=\"TEXT-ALIGN: justify; MARGIN: 0cm 0cm 10pt\"><FONT face=Calibri>Hajvágó ollóink, eszközeink a&nbsp;táskában biztonságosan tárolhatók, szállíthatók.</FONT></P>
<P style=\"TEXT-ALIGN: justify; MARGIN: 0cm 0cm 10pt\">Az Olló tartó táska&nbsp; - Szerszám táska fekete színben főbb jellemzői.<BR>&nbsp;&nbsp;&nbsp;&nbsp;&nbsp;4 ollós zseb<BR>&nbsp;&nbsp;&nbsp;&nbsp; 2 tartozék rekesz<BR>&nbsp;&nbsp;&nbsp;&nbsp;&nbsp;csatos elülső szárnya a könnyebb tisztítás érdekében<BR>&nbsp;&nbsp;&nbsp;&nbsp; Méret: kb. 12 cm x 21 cm</P>', '', 1608286652, '15455', '1', 0, 1, 265, '104', 'megszunt-ollo-tarto-taska-avantgarde-cerena-solingen', 'fodraszkellek/hajkefe/keramia-korkefe/megszunt-ollo-tarto-taska-avantgarde-cerena-solingen', '1727', 1, '')

[2020-12-18 11:17:32] INSERT INTO webshop_special_fields (`key`, `value`, `product_id`) VALUES ('manufacturer', 'Solingen Olló', 5114)

[2020-12-18 11:17:32] INSERT INTO webshop_special_fields (`key`, `value`, `product_id`) VALUES ('quantityunit', 'db', 5114)

[2020-12-18 11:17:32] INSERT INTO webshop_special_fields (`key`, `value`, `product_id`) VALUES ('kiszereles', '1', 5114)

[2020-12-18 11:17:32] UPDATE webshop_gallery SET original_name='Maxima Daily Care hajpakolás normál hajra 500ml', date=1608286652 WHERE id=2791

[2020-12-18 11:17:32] UPDATE webshop_special_fields SET `value`='Vitalfarco Maxima-NHP-Vitael' WHERE `key`='manufacturer' AND `product_id`=3283

[2020-12-18 11:17:32] UPDATE webshop_special_fields SET `value`='ml' WHERE `key`='quantityunit' AND `product_id`=3283

[2020-12-18 11:17:32] UPDATE webshop_special_fields SET `value`='500' WHERE `key`='kiszereles' AND `product_id`=3283

[2020-12-18 11:17:32] UPDATE webshop_products SET `name_hun`='megszünt - Maxima Daily Care hajpakolás normál hajra 500ml',`content_short`='Hajpakolás normál hajra. - A prémium hajpakolás növényi kivonatokat és vitaminokat tartalmaz, amelyek mélyen...',`content`='<P style=\"TEXT-ALIGN: justify\">Hajpakolás normál hajra. - A prémium <STRONG>hajpakolás növényi kivonatokat</STRONG> és vitaminokat tartalmaz, amelyek mélyen ápolnak, puhítanak, hidratálnak minden egyes hajszálat a haj kérgen keresztül. A Maxima DC hajpakolás gazdagítva speciális kondicionálókkal, teltebbé, puhábbá, selymesebbé, kezelhetővé teszi a hajat, anélkül, hogy elnehezítené a szerkezetét.</P>
<P style=\"TEXT-ALIGN: justify\">500ml -A normál hajat is ápolni kell ahhoz hogy megőrizze egészséges fényét, fésülhetőségét, hisz a mindennapi frizura készítésénél nem mindegy mennyi időt töltünk a tükör előtt. A mindennapi <STRONG>használatra</STRONG>, a tápanyagokban gazdag, hidratáló összetevőket is tartalmazó <STRONG>hajpakolások&nbsp;</STRONG>&nbsp;a leg megfelelőbbek. A hajpakolás használata megvédi a hajat a környezeti hatások, a klór, a napfény, a szennyezett levegő káros hatásaitól. A <STRONG>hajpakolás</STRONG> nagymértékben segít a mindennapi hajápolásban, a károsodott haj regenerálásában.&nbsp; A Maxima <STRONG>hajpakolással</STRONG> biztosítjuk a hajszálak számára a megfelelő hidratálást és könnyebben fésülhetővé, rugalmassá tesszük a frizurát, alapvetően hozzájárulunk hajunk egészségének megőrzéséhez. <STRONG>Ez a hajpakolás professzionális fodrászcikk, fodrászkellék! </STRONG></P>
<P style=\"TEXT-ALIGN: justify\"><STRONG>Hajpakolás normál haj erősítésére&nbsp;&nbsp;Maxima Daly Care Cream használata:</STRONG></P>
<P style=\"TEXT-ALIGN: justify\">Vigye fel a&nbsp;hajpakolóból a szükséges mennyiséget a törülköző-száraz hajra. Masszírozza be a hajba körkörös mozdulatokkal, hogy biztosítsa az egyenletes eloszlást. Hagyja hatni pár percig, majd öblítse le óvatosan. Folytassa a hajformázást.</P>', `item_id`='1418-vmdc-7012/2', `default_pic`='2791', `active`='1', `category_id`='164', `root_category_id`='131', `seo_name`='megszunt-maxima-daily-care-hajpakolas-normal-hajra-500ml', `fullurl`='hajapolas/sampon/sampon-normal-hajra/megszunt-maxima-daily-care-hajpakolas-normal-hajra-500ml', `other_categories`='164,178,222' WHERE id=3283

[2020-12-18 11:17:32] UPDATE webshop_gallery SET original_name='Lenolajos regeneráló sampon száraz hajra Semi di Lino Revitalizante', date=1608286652 WHERE id=4909

[2020-12-18 11:17:32] UPDATE webshop_special_fields SET `value`='Vitalfarco Maxima-NHP-Vitael' WHERE `key`='manufacturer' AND `product_id`=3847

[2020-12-18 11:17:32] UPDATE webshop_special_fields SET `value`='ml' WHERE `key`='quantityunit' AND `product_id`=3847

[2020-12-18 11:17:32] UPDATE webshop_special_fields SET `value`='250' WHERE `key`='kiszereles' AND `product_id`=3847

[2020-12-18 11:17:32] UPDATE webshop_products SET `name_hun`='megszünt - Lenolajos regeneráló sampon száraz hajra Semi di Lino Revitalizante',`content_short`='Lenolajos regeneráló sampon száraz hajra.&nbsp; Ideális a festett, kezelt, száraz, károsodott és pórusos hajra....',`content`='<P>Lenolajos regeneráló sampon száraz hajra.&nbsp; Ideális a festett, kezelt, száraz, károsodott és pórusos hajra. Visszaállítja, puhítja, és mélyen&nbsp;regenerálja a hajszálakat.</P>
<P>250ml - SEMI DI LINO SAMPON: A sampon az első lépés a károsodott haj regenerálására. A vitaminok és az ásványi anyagok nagy hatékonysággal épülnek be a hajszálak legmélyére. Belülről táplálják, kijavítják a sérült szerkezetet, a haj felületére jutva óvják és burokba fogják a hajat, megvédve a további károsodástól.</P>
<P>Lenolajos intenzív hajápoló. Visszaállítja a száraz haj szépségét, rugalmasságát, nedvességtartalmát, megvéd a környezet káros hatásaitól. Összetevői: A, B, C, D és E vitaminok, kálium, foszfor, magnézium, kalcium, kén, vas, cink, nátrium, mangán.&nbsp; A lenmagban található zsíros olaj többszörösen telítetlen esszenciális zsírsavakban,&nbsp; linol- és linolénsavban. Ajánlott mindenkinek, akinek haja száraz, töredezett, szőkített vagy dauerolt. Kiválóan alkalmas a nyári, tűző napfény, a káros UV sugárzás negatív hatásának orvoslására, az őszi szél, és a téli fagy okozta hajkárosodások ellensúlyozására.</P>
<P><U><STRONG><U>Használat:</U></STRONG></U> Vigye fel a benedvesített hajra, habosítsa fel, majd&nbsp; pár&nbsp; percig hagyja állni.Ezután alaposan öblítse le. Ezt a folyamatot&nbsp; kétszer végezze el!</P>', `item_id`='1418-vsrs-8083-250ml', `default_pic`='4909', `active`='1', `category_id`='104', `root_category_id`='0', `seo_name`='megszunt-lenolajos-regeneralo-sampon-szaraz-hajra-semi-di-lino-revitalizante', `fullurl`='fodraszkellek/megszunt-lenolajos-regeneralo-sampon-szaraz-hajra-semi-di-lino-revitalizante', `other_categories`='104,131,157,165,180' WHERE id=3847

[2020-12-18 11:17:32] UPDATE webshop_special_fields SET `value`='Egyéb fodrászkellék' WHERE `key`='manufacturer' AND `product_id`=4206

[2020-12-18 11:17:32] UPDATE webshop_special_fields SET `value`='db' WHERE `key`='quantityunit' AND `product_id`=4206

[2020-12-18 11:17:33] UPDATE webshop_special_fields SET `value`='1' WHERE `key`='kiszereles' AND `product_id`=4206

[2020-12-18 11:17:33] UPDATE webshop_products SET `name_hun`='megszünt - Fodrászkellék Dauercsavaró csomag 15 × 95mm-es méretben',`content_short`='Dauer csavaró csomag. 12db/csomag - Minden dauercsavaró hosszú élettartamú gumival van ellátva. A dauer csavarók...',`content`='<P style=\"TEXT-ALIGN: justify\">Dauer csavaró csomag. 12db/csomag - Minden dauercsavaró hosszú élettartamú gumival van ellátva. A dauer csavarók üreges kiképzésűek, ezért a dauervíz könnyedén eljut a haj minden pontjára!</P>', `item_id`='0725-goldwell --', `default_pic`='0', `active`='1', `category_id`='56', `root_category_id`='0', `seo_name`='megszunt-fodraszkellek-dauercsavaro-csomag-15-95mm-es-meretben', `fullurl`='dauer/megszunt-fodraszkellek-dauercsavaro-csomag-15-95mm-es-meretben', `other_categories`='56,58,107,111' WHERE id=4206

[2020-12-18 11:17:33] INSERT INTO webshop_gallery (`id`, `product_id`, `original_name`, `new_name`, `date`) VALUES (15456, 5115, 'megszünt - Kontyalátét szőke szivacs 8cm', '15456.jpg', 1608286653)

[2020-12-18 11:17:33] INSERT INTO webshop_products (`id`, `name_hun`, `name_eng`, `item_id`, `price`, `reduced_price`, `status`, `currency`, `content_short`, `content`, `details`, `date`, `default_pic`, `active`, `main`, `sort`, `category_id`, `root_category_id`, `seo_name`, `fullurl`, `websyx_id`, `quantity`, `other_categories`) VALUES ('5115', 'megszünt - Kontyalátét szőke szivacs 8cm', 'megszünt - Kontyalátét szőke szivacs 8cm', '1734-3040032-8cm', 0, 0, 1, 'Ft', 'Haj konty és más extra frizura készítéséhez, szivacsból készült karika, konty alátét.
A haj konty alátét...', '<P style=\"MARGIN: 0cm 0cm 10pt\"><FONT face=Calibri>Haj konty és más extra frizura készítéséhez, szivacsból készült karika, konty alátét.</FONT></P>
<P style=\"MARGIN: 0cm 0cm 10pt\"><U><FONT face=Calibri>A haj konty alátét méretei:</FONT></U></P>
<P style=\"MARGIN: 0cm 0cm 10pt\"><FONT face=Calibri>A konty karika legnagyobb, külső átmérője:80mm</FONT></P>
<P style=\"MARGIN: 0cm 0cm 10pt\"><FONT face=Calibri>A konty karika súlya:15gr</FONT></P>
<P style=\"MARGIN: 0cm 0cm 10pt\"><FONT face=Calibri>Comair fodrászcikk, fodrászkellék.</FONT></P>', '', 1608286653, '15456', '1', 0, 1, 265, '104', 'megszunt-kontyalatet-szoke-szivacs-8cm', 'fodraszkellek/hajkefe/keramia-korkefe/megszunt-kontyalatet-szoke-szivacs-8cm', '2707', 1, '')

[2020-12-18 11:17:33] INSERT INTO webshop_special_fields (`key`, `value`, `product_id`) VALUES ('manufacturer', 'Comair fodrászkellék', 5115)

[2020-12-18 11:17:33] INSERT INTO webshop_special_fields (`key`, `value`, `product_id`) VALUES ('quantityunit', 'db', 5115)

[2020-12-18 11:17:33] INSERT INTO webshop_special_fields (`key`, `value`, `product_id`) VALUES ('kiszereles', '1', 5115)

[2020-12-18 11:17:33] INSERT INTO webshop_gallery (`id`, `product_id`, `original_name`, `new_name`, `date`) VALUES (15457, 5116, 'megszünt - Nirvel Barber balzsamos borotvakrém pumpával 1000ml', '15457.jpg', 1608286653)

[2020-12-18 11:17:33] INSERT INTO webshop_products (`id`, `name_hun`, `name_eng`, `item_id`, `price`, `reduced_price`, `status`, `currency`, `content_short`, `content`, `details`, `date`, `default_pic`, `active`, `main`, `sort`, `category_id`, `root_category_id`, `seo_name`, `fullurl`, `websyx_id`, `quantity`, `other_categories`) VALUES ('5116', 'megszünt - Nirvel Barber balzsamos borotvakrém pumpával 1000ml', 'megszünt - Nirvel Barber balzsamos borotvakrém pumpával 1000ml', '0114-nbarber-6594-1000ml', 0, 0, 1, 'Ft', 'Borotvakrém, borotvapamaccsal történő felvitelhez. Gazdaságos, nagyon kevés mennyiség, 5ml krém...', '<P style=\"TEXT-ALIGN: justify; MARGIN: 0cm 0cm 10pt\">Borotvakrém, borotvapamaccsal történő felvitelhez. Gazdaságos, nagyon kevés mennyiség, 5ml krém használata&nbsp;elegendő alkalmanként.&nbsp; Klasszikus pengés borotválkozáshoz készült, használata a bőrt nyugtatja, és bársonyos tapintásúvá teszi. A nagyméretű 1000ml flakonhoz pumpát is adunk!</P>
<P style=\"TEXT-ALIGN: justify; MARGIN: 0cm 0cm 10pt\">A borotvakrémet úgy tervezték, hogy a hagyományos borotválkozási szokásoknak eleget tegyen. Természetesen kézzel is felvihető és többszöri elsimítás után elvégezhető a borotválkozás, de a borotva pamacs használatával sokkal gyorsabb és hatásosabb&nbsp;a művelet.</P>
<P style=\"TEXT-ALIGN: justify; MARGIN: 6pt 0cm\">1000ml &ndash; A borotvakrémmel gyorsan megpuhítjuk a szőrzetet, és lez ehetővé teszi a borotvapenge tökéletes siklását. - A Nirvel Barber borotva krém, elsődlegesen borotválkozó pamacs használatához készült, a hagyományos férfi arcápolás fellendítésének céljából.</P>
<P style=\"TEXT-ALIGN: justify; MARGIN: 6pt 0cm\"><BR>A Nirvel Barber professzionális termékcsalád, egy friss és izgalmas férfi illattal, a férfi szépségápoláshoz készült, a fodrászatokba, és otthoni használatra.&nbsp; Férfi haj és szakáll ápoló sampon, borotva krém szalon és otthoni kiszerelésben, borotválkozás utáni balzsam, haj, bajusz és szakáll wax alkotja a termékcsaládot. A termékekben az Argan olaj, és Jojoba ápoló tulajdonságit használjuk a bőr, és a haj és arcszőrzet ápolására.</P>
<P style=\"TEXT-ALIGN: justify\"><B style=\"mso-bidi-font-weight: normal\"><U>A Barber borotvakrémek használata.</U></B></P>
<P style=\"TEXT-ALIGN: justify; MARGIN: 0cm 0cm 10pt\">Öntsön egy adag borotva krémet egy tálba, majd a borotválkozó pamaccsal addig kevergesse a krémet, míg habos állaga nem lesz. Vigye fel a szakállra vagy hajra, és folytassa a borotválást. A borotválás befejezése után mossa le az arcbőrt, és ha szükséges, használja a borotválkozás utáni bőrnyugtató gélt.</P>
<P style=\"TEXT-ALIGN: justify; MARGIN: 0cm 0cm 6pt\">Vagy:</P>
<P style=\"TEXT-ALIGN: justify; MARGIN: 0cm 0cm 10pt\">Vigye fel a borotva krémet a borotva pamacsra, majd a bőrre, és pamacsolja be a szükséges területet. Pár perc múlva végezze el a borotválkozást. A borotválás befejezése után mossa le az arcbőrt, és használja a borotválkozás utáni bőrnyugtató gélt. - <STRONG>Professzionális célra készült Barber fodrászcikk, fodrászkellék!</STRONG></P>', '', 1608286653, '15457', '1', 0, 1, 265, '104', 'megszunt-nirvel-barber-balzsamos-borotvakrem-pumpaval-1000ml', 'fodraszkellek/hajkefe/keramia-korkefe/megszunt-nirvel-barber-balzsamos-borotvakrem-pumpaval-1000ml', '2789', 1, '')

[2020-12-18 11:17:33] INSERT INTO webshop_special_fields (`key`, `value`, `product_id`) VALUES ('manufacturer', 'Nirvel', 5116)

[2020-12-18 11:17:33] INSERT INTO webshop_special_fields (`key`, `value`, `product_id`) VALUES ('quantityunit', 'ml', 5116)

[2020-12-18 11:17:33] INSERT INTO webshop_special_fields (`key`, `value`, `product_id`) VALUES ('kiszereles', '1000', 5116)

[2020-12-18 11:17:33] UPDATE webshop_products SET sort=1 WHERE id=3326

[2020-12-18 11:17:33] UPDATE webshop_products SET sort=2 WHERE id=5115

[2020-12-18 11:17:33] UPDATE webshop_products SET sort=3 WHERE id=5114

[2020-12-18 11:17:33] UPDATE webshop_products SET sort=4 WHERE id=5116

[2020-12-18 11:17:34] UPDATE users SET lastlogin = NOW() WHERE id = '11'

[2020-12-18 11:17:34] UPDATE webshop_gallery SET original_name='Nirvel Barber férfi parfüm 100ml', date=1608286654 WHERE id=3059

[2020-12-18 11:17:34] UPDATE webshop_special_fields SET `value`='Nirvel' WHERE `key`='manufacturer' AND `product_id`=3453

[2020-12-18 11:17:35] UPDATE webshop_special_fields SET `value`='ml' WHERE `key`='quantityunit' AND `product_id`=3453

[2020-12-18 11:17:35] UPDATE webshop_special_fields SET `value`='100' WHERE `key`='kiszereles' AND `product_id`=3453

[2020-12-18 11:17:35] UPDATE webshop_products SET `name_hun`='Nirvel Barber férfi parfüm 100ml',`content_short`='
Férfi parfüm. A Nirvel Barber férfi&nbsp;parfüm egy friss és izgalmas férfi illattal készült.&nbsp;&nbsp;A...',`content`='<FONT face=Calibri>
<P style=\"TEXT-ALIGN: justify; MARGIN: 0cm 0cm 10pt\">Férfi parfüm. A Nirvel Barber férfi&nbsp;parfüm egy friss és izgalmas férfi illattal készült.&nbsp;&nbsp;A Voyage d\'Hermés unisex parfümök illatához hasonlítható, mely élénk és nagyvonalú, ahol a harsány borókabogyó, a szantálfa tejes melegségével és az ámbra érzékiségével találkozik. Az egymással ellentétes és egymást kiegészítő összetevők, valamint a szokatlan párosítások játékából születik az üde fás, pézsmás, ismerős és meglepő illat, amely a lendület és a mozdulatlanság határán egyensúlyoz, így egyszerre férfias és nőies.</P>
<P style=\"TEXT-ALIGN: justify; MARGIN: 0cm 0cm 10pt\">100ml</FONT></P>', `item_id`='0114-nbarber-6635-100ml', `default_pic`='3059', `active`='1', `category_id`='159', `root_category_id`='131', `seo_name`='nirvel-barber-ferfi-parfum-100ml', `fullurl`='hajapolas/sampon/ferfi-sampon/nirvel-barber-ferfi-parfum-100ml', `other_categories`='159,170,173,218,219,229,252,253,256,313,360,364,365,401,409,410,411' WHERE id=3453

[2020-12-18 11:17:35] UPDATE webshop_gallery SET original_name='Maxima Subliss keratinos hajerősítő sampon 12ml', date=1608286655 WHERE id=3919

[2020-12-18 11:17:35] UPDATE webshop_special_fields SET `value`='Vitalfarco Maxima-NHP-Vitael' WHERE `key`='manufacturer' AND `product_id`=3634

[2020-12-18 11:17:35] UPDATE webshop_special_fields SET `value`='db' WHERE `key`='quantityunit' AND `product_id`=3634

[2020-12-18 11:17:35] UPDATE webshop_special_fields SET `value`='1' WHERE `key`='kiszereles' AND `product_id`=3634

[2020-12-18 11:17:35] UPDATE webshop_products SET `name_hun`='megszünt - Maxima Subliss keratinos hajerősítő sampon 12ml',`content_short`='Keratinos, szulfát, szilikon, parabének, SLS, DEA és színezék mentes, hajerősítő sampon. Használata keratinnal...',`content`='<P style=\"TEXT-ALIGN: justify; MARGIN: 0cm 0cm 10pt\">Keratinos, szulfát, szilikon, parabének, SLS, DEA és színezék mentes, hajerősítő sampon. Használata keratinnal tölti fel, ezzel nagymértékben erősíti a hajszálakat, javítja a haj állagát. Különösen ajánlott tartósan kiegyenesített, sok hajvasalásnak kitett hajak ápolására. Magas keratin, és más ápoló anyag tartalmának köszönhetően kiválóan alkalmas a száraz és töredezett hajak ápolására, regenerálására is.</P>
<P style=\"TEXT-ALIGN: justify; MARGIN: 0cm 0cm 10pt\">12 ml - A Subliss keratinos hajmaszkok, szulfát, szilikon, parabének, és színezék mentesek, a hajat&nbsp;gyorsan, látványosan regeneráló&nbsp;hajkezelők. Használata keratinnal tölti fel a hajszálakat, nagymértékben javítja a haj állagát, ezért különösen ajánlott tartós hajkiegyenesítés előtt a haj állagának felvavítására,&nbsp;és utána&nbsp;a kiegyenesített, sok hajvasalásnak kitett hajak ápolására.</P>
<P style=\"TEXT-ALIGN: justify; MARGIN: 0cm 0cm 10pt\">A haj fényes könnyen kezelhetővé válik. A samponos kezelés nem változtatja meg a festett hajszínét sem!</P>
<P style=\"TEXT-ALIGN: justify; MARGIN: 0cm 0cm 10pt\"><STRONG>A Maxima Subliss sampon használata</STRONG>.</P>
<P style=\"TEXT-ALIGN: justify; MARGIN: 0cm 0cm 10pt\">Vigye fel a nedves hajra a szükséges ennyiséget samponból. Masszírozza a sampont a fejbőrbe és a hajba, hagyja 3-5 percig, majd alaposan öblítse le. Ismételje a sampon használatát.</P>
<P style=\"TEXT-ALIGN: justify; MARGIN: 0cm 0cm 10pt\">&nbsp;</P>', `item_id`='1418-vms-7060-12ml', `default_pic`='3919', `active`='1', `category_id`='50', `root_category_id`='0', `seo_name`='megszunt-maxima-subliss-keratinos-hajerosito-sampon-12ml', `fullurl`='hajegyenesites/megszunt-maxima-subliss-keratinos-hajerosito-sampon-12ml', `other_categories`='50,52,53,104,131,156,158,231,278,328,346,386' WHERE id=3634

[2020-12-18 11:17:35] INSERT INTO webshop_products (`id`, `name_hun`, `name_eng`, `item_id`, `price`, `reduced_price`, `status`, `currency`, `content_short`, `content`, `details`, `date`, `default_pic`, `active`, `main`, `sort`, `category_id`, `root_category_id`, `seo_name`, `fullurl`, `websyx_id`, `quantity`, `other_categories`) VALUES ('5117', 'megszünt - Borotvapamacs sötétkék nyéllel', 'megszünt - Borotvapamacs sötétkék nyéllel', '0727-es-kék-műanyag-borotvapamacs', 0, 0, 1, 'Ft', 'Borotvapamacs sötétkék&nbsp;fa nyéllel, fehér védőkupakkal.&nbsp;A műszálas pamacs nem hullik, a formáját...', '<P style=\"TEXT-ALIGN: justify; MARGIN: 0cm 0cm 10pt\"><FONT face=Calibri>Borotvapamacs sötétkék&nbsp;fa nyéllel, fehér védőkupakkal.&nbsp;A műszálas pamacs nem hullik, a formáját évekig megtartja. </FONT></P>
<P style=\"TEXT-ALIGN: justify; MARGIN: 0cm 0cm 10pt\"><FONT face=Calibri>Borotvapamacs méretei: teljes hossza kb. 13cm&nbsp; -&nbsp; átmérő: kb 3cm - borotvapamacs hossza: kb. 5cm</FONT></P>
<P style=\"TEXT-ALIGN: justify; MARGIN: 0cm 0cm 10pt\"><FONT face=Calibri>A kép nagyon hasonlít, de csak illusztráció! a nyél színe sötétkék!</FONT></P>
<P>&nbsp;</P>', '', 1608286655, '0', '1', 0, 1, 265, '104', 'megszunt-borotvapamacs-sotetkek-nyellel', 'fodraszkellek/hajkefe/keramia-korkefe/megszunt-borotvapamacs-sotetkek-nyellel', '3027', 1, '')

[2020-12-18 11:17:35] INSERT INTO webshop_special_fields (`key`, `value`, `product_id`) VALUES ('manufacturer', 'Egyéb fodrászkellék', 5117)

[2020-12-18 11:17:35] INSERT INTO webshop_special_fields (`key`, `value`, `product_id`) VALUES ('quantityunit', 'db', 5117)

[2020-12-18 11:17:35] INSERT INTO webshop_special_fields (`key`, `value`, `product_id`) VALUES ('kiszereles', '1', 5117)

[2020-12-18 11:17:35] UPDATE webshop_gallery SET original_name='Papírtörölköző 40×70cm 50db', date=1608286655 WHERE id=5492

[2020-12-18 11:17:35] UPDATE webshop_special_fields SET `value`='Ro.ial papír és kozmetika' WHERE `key`='manufacturer' AND `product_id`=4036

[2020-12-18 11:17:35] UPDATE webshop_special_fields SET `value`='db' WHERE `key`='quantityunit' AND `product_id`=4036

[2020-12-18 11:17:35] UPDATE webshop_special_fields SET `value`='60' WHERE `key`='kiszereles' AND `product_id`=4036

[2020-12-18 11:17:35] UPDATE webshop_products SET `name_hun`='Papírtörölköző 40×70cm 60db',`content_short`='Papírtörölköző 40×70cm...',`content`='Papírtörölköző 40×70cm 60db', `item_id`='2140-asc464-40×70cm-50db', `default_pic`='5492', `active`='1', `category_id`='104', `root_category_id`='0', `seo_name`='papirtorolkozo-40-70cm-60db', `fullurl`='fodraszkellek/papirtorolkozo-40-70cm-60db', `other_categories`='104,106,113,129,194,199,206,211,212,241,242' WHERE id=4036

[2020-12-18 11:17:35] UPDATE webshop_products SET sort=1 WHERE id=3326

[2020-12-18 11:17:35] UPDATE webshop_products SET sort=2 WHERE id=5117

[2020-12-18 11:17:37] UPDATE users SET lastlogin = NOW() WHERE id = '11'

[2020-12-18 11:17:37] UPDATE webshop_gallery SET original_name='Hajszárító búra Profi49013', date=1608286657 WHERE id=8409

[2020-12-18 11:17:37] UPDATE webshop_special_fields SET `value`='Comair fodrászkellék' WHERE `key`='manufacturer' AND `product_id`=4398

[2020-12-18 11:17:37] UPDATE webshop_special_fields SET `value`='db' WHERE `key`='quantityunit' AND `product_id`=4398

[2020-12-18 11:17:37] UPDATE webshop_special_fields SET `value`='1' WHERE `key`='kiszereles' AND `product_id`=4398

[2020-12-18 11:17:37] UPDATE webshop_products SET `name_hun`='Hajszárító búra Profi49013',`content_short`='
Hajszárító búra. Professzionális fekete színű fodrászoknak készült&nbsp;hajszárítós búra, gurulós...',`content`='<FONT face=Calibri>
<P style=\"TEXT-ALIGN: justify; MARGIN: 0cm 0cm 10pt\">Hajszárító búra. Professzionális fekete színű fodrászoknak készült&nbsp;hajszárítós búra, gurulós lábbal. A búrák magassága, a teleszkópos tartószárral állítható, és csavarral rögzíthető.&nbsp; Gurulós talppal kerül szállításra, melyből a görgők eltávolíthatók, így egy&nbsp;fix hajszárító állomást hozhatunk létre. A búráknál alkalmazott fűtőtest hőfok stabilizálás lehetővé teszi az automatikus hőmérséklettartást, az örvénymentességet, valamint az egyenletes levegőelosztást</P>
<P style=\"TEXT-ALIGN: justify; MARGIN: 0cm 0cm 10pt\"><B style=\"mso-bidi-font-weight: normal\"><U>A hajszárító búra műszaki adatai:</U></B></P>
<P style=\"TEXT-ALIGN: justify; MARGIN: 0cm 0cm 10pt\">Folyamatosan szabályozható hőmérséklet, 8-80°C között. A hőfokszabályozón 10 beosztás segíti a hőmérséklet beállítását. 1-1 beosztás 8°C fokonként emelik a hőmérsékletet 1 &ndash; 8°C, 2 &ndash;16°C, 3- 24°C, 4-32°C, 5-40°C, 6-48°C&hellip;.</P>
<P style=\"TEXT-ALIGN: justify; MARGIN: 0cm 0cm 10pt\">0-60 perces időzítő kapcsoló. </P>
<P style=\"TEXT-ALIGN: justify; MARGIN: 0cm 0cm 10pt\">Fő kapcsoló a hajszárító búra azonnali be és kikapcsolásához. </P>
<P style=\"TEXT-ALIGN: justify; MARGIN: 0cm 0cm 10pt\">Automatikus, termosztátos fűtési hőfok stabilizálás. </P>
<P style=\"TEXT-ALIGN: justify; MARGIN: 0cm 0cm 10pt\">A búra felnyitható első rész kényelmes be és kiszállást biztosít. </P>
<P style=\"TEXT-ALIGN: justify; MARGIN: 0cm 0cm 10pt\">Gurulós talpal, 1,6m magasságig állítható, szárral rendelkezik.&nbsp; </P>
<P style=\"TEXT-ALIGN: justify; MARGIN: 0cm 0cm 10pt\">A hajszárító búra teljesítménye: 980W / 220-240V / 50 Hz </P>
<P style=\"TEXT-ALIGN: justify; MARGIN: 0cm 0cm 10pt\">A búrák származási helye: Németország</P>
<P style=\"TEXT-ALIGN: justify; MARGIN: 0cm 0cm 10pt\">súly: 7,4kg</P>
<P style=\"TEXT-ALIGN: justify; MARGIN: 0cm 0cm 10pt\">Figyelem, az ingyenes szállítás erre a&nbsp;hajszárítóra nem vonatkozik! - A&nbsp;hajszárítóbúra házhoz szállítás díja, a cikkszámban látható, + bruttó összeg!&nbsp;Ha az áruház rendszere a szállítási automatikusan nem kínálja fel, nem adja hozzá a rendeléséhez, csak a kézhez kapott számlán kerül majd felszámításra! Ebben az esetben telefonon hívjuk egyeztetés céljából, és kérjük, <B style=\"mso-bidi-font-weight: normal\">előre utalást csak az egyeztetés után indítson!</B></FONT></P>', `item_id`='1838-hwp-b-49013+3140Ftszállítás-NEIDE', `default_pic`='8409', `active`='1', `category_id`='92', `root_category_id`='0', `seo_name`='hajszarito-bura-profi49013', `fullurl`='hajformazo-gepek/hajszarito-bura-profi49013', `other_categories`='92,97,104' WHERE id=4398

[2020-12-18 11:17:37] UPDATE webshop_gallery SET original_name='Gőzbúra H-Ceriotti', date=1608286657 WHERE id=5553

[2020-12-18 11:17:37] UPDATE webshop_special_fields SET `value`='Elektromos hajformázó gép' WHERE `key`='manufacturer' AND `product_id`=4062

[2020-12-18 11:17:37] UPDATE webshop_special_fields SET `value`='db' WHERE `key`='quantityunit' AND `product_id`=4062

[2020-12-18 11:17:37] UPDATE webshop_special_fields SET `value`='1' WHERE `key`='kiszereles' AND `product_id`=4062

[2020-12-18 11:17:37] UPDATE webshop_products SET `name_hun`='Gőzbúra H-Ceriotti',`content_short`='Gőzbúra, hajgőzölő, gőzös hajkezelő, vizes klimazon, a fodrász szakmában sokféleképpen nevezik. Az...',`content`='<P style=\"MARGIN: 0cm 0cm 10pt; LINE-HEIGHT: normal; mso-margin-top-alt: auto; mso-margin-bottom-alt: auto\"><FONT face=Calibri>Gőzbúra, hajgőzölő, gőzös hajkezelő, vizes klimazon, a fodrász szakmában sokféleképpen nevezik. Az Olaszországban készült gőzbúrát állítható magasságú tartószárral, gurulós talpal szállítjuk, de rendelhető falikaros változatban is.</FONT></P>
<P style=\"TEXT-ALIGN: justify; MARGIN: 0cm 0cm 10pt\"><FONT face=Calibri>A gőzbúra használatával átlagosan negyedére tudjuk csökkenteni a hajfestés, szőkítés és a dauer hatóidejét. A hajgőzölő használatával a festésnél intenzívebb színhatást és optimálisabb tartósságot érhetünk el. A hajgőzölő használatának további előnye, hogy a hajápolási kezelések során növelni tudjuk az alkalmazott haj ápolószer, pakolás vagy szérum hatását, ezzel mélyebb ápolást biztosítunk a haj számára.</FONT></P>
<P style=\"TEXT-ALIGN: justify; MARGIN: 0cm 0cm 10pt\"><FONT face=Calibri><STRONG>Gőzbúra, hajgőzölő külső jellemzők.</STRONG></FONT></P>
<P style=\"TEXT-ALIGN: justify; MARGIN: 0cm 0cm 10pt\"><FONT face=Calibri>Fekete ház,&nbsp;&nbsp;átlátszó, füst szürke&nbsp;színű búrával. A Professzionális hajgőzölőt gurulós, teleszkópos&nbsp;lábbal szállítjuk. Rendelhető falikaros változatban is, de a falikaros változat rendeléséhez telefonos egyeztetés szükséges! A&nbsp; gép magassága, a teleszkópos tartószárral állítható, rögzíthető.&nbsp; Gurulós talppal kerül szállításra, melyből a görgők eltávolíthatók, így egy fix hajszárító állomást hozhatunk létre.</FONT></P>
<P style=\"MARGIN: 0cm 0cm 10pt; LINE-HEIGHT: normal; mso-margin-top-alt: auto; mso-margin-bottom-alt: auto\">
<P style=\"MARGIN: 0cm 0cm 10pt; LINE-HEIGHT: normal; mso-margin-top-alt: auto; mso-margin-bottom-alt: auto\"><FONT face=Calibri><B><U>Gőzbúrák alkalmazása</U></B><U></U></FONT></P>
<P style=\"MARGIN: 0cm 0cm 10pt; LINE-HEIGHT: normal; mso-margin-top-alt: auto; mso-margin-bottom-alt: auto\"><FONT face=Calibri><B style=\"mso-bidi-font-weight: normal\"><U>A gőzbúra, hajgőzölő, gőzös hajkondicionáló, vizes klimazon gép funkciója, használata:</U></B></FONT></P>
<P style=\"TEXT-ALIGN: justify; MARGIN: 0cm 0cm 10pt; LINE-HEIGHT: normal; mso-margin-top-alt: auto; mso-margin-bottom-alt: auto\"><FONT face=Calibri>A használók több nevet is adtak ennek a fodrászok munkáját megkönnyítő gépnek. A gőzbúra, hajgőzölő, vizes klimazon, gőzös hajkondicionáló néven is ismert elektromos hajkezelő,<B> a gőz</B> jótékony hatását alkalmazza. </FONT></P>
<P style=\"TEXT-ALIGN: justify; MARGIN: 0cm 0cm 10pt; LINE-HEIGHT: normal; mso-margin-top-alt: auto; mso-margin-bottom-alt: auto\"><FONT face=Calibri>Használata az előállított optimális gőz - levegő keveréknek köszönhetően, elősegíti a haj mikro sejtjeinek megnagyobbodását, tágulását, ezáltal segíti behatolni a hajba a&nbsp; különféle hajszínező, hajkondicionáló, hajápoló szerek hatóanyagait, hajfesték, hajszesz, &nbsp;dauer &hellip;. összetevőket, a hajat hidratáltá, puhává és fényessé teszi. Megkönnyíti, felgyorsítja a fejbőr vérkeringését is, ez segíti a fejbőr egészséges működését.<B style=\"mso-bidi-font-weight: normal\"> Segítségével a hajfestékek, hajszínezők, dauer, szőkítők, hajápoló készítmények, hajszeszek, anyagok bejutásának hatóideje jelentősen csökkenthető, a lenti táblázat szerint.</B></FONT></P>
<P style=\"TEXT-ALIGN: justify; MARGIN: 0cm 0cm 10pt; LINE-HEIGHT: normal; mso-margin-top-alt: auto; mso-margin-bottom-alt: auto\"><FONT face=Calibri>A kezelés alatt növeli a haj nedvességtartalmát, a haj hidratált lesz. A kutikula nyitása és zárása nedves állapotban történik. Ebben az állapotban a haj sokkal rugalmasabb mint szárazon, ezáltal nem sérül. Rendszeres használata eltünteti a korpát, tisztává és széppé teszi a hajat. </FONT></P>
<P style=\"MARGIN: 0cm 0cm 10pt; LINE-HEIGHT: normal; mso-margin-top-alt: auto; mso-margin-bottom-alt: auto\"><FONT face=Calibri>A gőzbúrával ajánlott alkalmazások:</FONT></P>
<P style=\"MARGIN: auto auto auto 36pt; LINE-HEIGHT: normal; TEXT-INDENT: -18pt; mso-margin-top-alt: auto; mso-margin-bottom-alt: auto; mso-add-space: auto\">·&nbsp;&nbsp;&nbsp;&nbsp;&nbsp;&nbsp;&nbsp;&nbsp; Pakolások feltételéhez</P>
<P style=\"MARGIN: auto auto auto 36pt; LINE-HEIGHT: normal; TEXT-INDENT: -18pt; mso-margin-top-alt: auto; mso-margin-bottom-alt: auto; mso-add-space: auto\">·&nbsp;&nbsp;&nbsp;&nbsp;&nbsp;&nbsp;&nbsp;&nbsp; Dauer használatok</P>
<P style=\"MARGIN: auto auto auto 36pt; LINE-HEIGHT: normal; TEXT-INDENT: -18pt; mso-margin-top-alt: auto; mso-margin-bottom-alt: auto; mso-add-space: auto\">·&nbsp;&nbsp;&nbsp;&nbsp;&nbsp;&nbsp;&nbsp;&nbsp; Festéshez, színezéshez, hajfesték eltávolítás, szőkítés</P>
<P style=\"MARGIN: auto auto auto 36pt; LINE-HEIGHT: normal; TEXT-INDENT: -18pt; mso-margin-top-alt: auto; mso-margin-bottom-alt: auto; mso-add-space: auto\">·&nbsp;&nbsp;&nbsp;&nbsp;&nbsp;&nbsp;&nbsp;&nbsp; Hajhullás, korpás &hellip; elleni ampulla alkalmazásakor</P>
<P style=\"MARGIN: 0cm 0cm 10pt; LINE-HEIGHT: normal; mso-margin-top-alt: auto; mso-margin-bottom-alt: auto\"><B><U><FONT face=Calibri>Gőzbúra műszaki adatai, tartozékai.</FONT></U></B></P>
<UL type=disc>
<LI style=\"TEXT-ALIGN: justify; MARGIN: 0cm 0cm 10pt; LINE-HEIGHT: normal; mso-margin-top-alt: auto; mso-margin-bottom-alt: auto; mso-list: l0 level1 lfo1; tab-stops: list 36.0pt\"><FONT face=Calibri>Gőz búra teljesítmény felvétele: 700W / 220V / 50 Hz </FONT>
<LI style=\"TEXT-ALIGN: justify; MARGIN: 0cm 0cm 10pt; LINE-HEIGHT: normal; mso-margin-top-alt: auto; mso-margin-bottom-alt: auto; mso-list: l0 level1 lfo1; tab-stops: list 36.0pt\"><FONT face=Calibri>kivehető,&nbsp;kondenzvíz tartály </FONT>
<LI style=\"TEXT-ALIGN: justify; MARGIN: 0cm 0cm 10pt; LINE-HEIGHT: normal; mso-margin-top-alt: auto; mso-margin-bottom-alt: auto; mso-list: l0 level1 lfo1; tab-stops: list 36.0pt\"><FONT face=Calibri>10 fokozatú gőzerősség szabályozás </FONT>
<LI style=\"TEXT-ALIGN: justify; MARGIN: 0cm 0cm 10pt; LINE-HEIGHT: normal; mso-margin-top-alt: auto; mso-margin-bottom-alt: auto; mso-list: l0 level1 lfo1; tab-stops: list 36.0pt\"><FONT face=Calibri>Időkapcsoló: 0-60 perces időzítő </FONT>
<LI style=\"TEXT-ALIGN: justify; MARGIN: 0cm 0cm 10pt; LINE-HEIGHT: normal; mso-margin-top-alt: auto; mso-margin-bottom-alt: auto; mso-list: l0 level1 lfo1; tab-stops: list 36.0pt\"><FONT face=Calibri>állítható magasságú gurulós gőzbúra tartó&nbsp;láb, (&nbsp;falikar külön rendelhető ) </FONT>
<LI style=\"TEXT-ALIGN: justify; MARGIN: 0cm 0cm 10pt; LINE-HEIGHT: normal; mso-margin-top-alt: auto; mso-margin-bottom-alt: auto; mso-list: l0 level1 lfo1; tab-stops: list 36.0pt\"><FONT face=Calibri>gőzbúra fej, szellőztető ajtóval</FONT> 
<LI style=\"TEXT-ALIGN: justify; MARGIN: 0cm 0cm 10pt; LINE-HEIGHT: normal; mso-margin-top-alt: auto; mso-margin-bottom-alt: auto; mso-list: l0 level1 lfo1; tab-stops: list 36.0pt\"><FONT face=Calibri>gőzbúra származási hely: Olaszország</FONT></LI></UL>', `item_id`='1738-cm-8320129-blitz+9990szállítás', `default_pic`='5553', `active`='1', `category_id`='92', `root_category_id`='0', `seo_name`='gozbura-h-ceriotti', `fullurl`='hajformazo-gepek/gozbura-h-ceriotti', `other_categories`='92,95' WHERE id=4062

[2020-12-18 11:17:37] UPDATE webshop_gallery SET original_name='Papírtörölköző 40×70cm 25db', date=1608286657 WHERE id=7714

[2020-12-18 11:17:37] UPDATE webshop_special_fields SET `value`='Ro.ial papír és kozmetika' WHERE `key`='manufacturer' AND `product_id`=4226

[2020-12-18 11:17:37] UPDATE webshop_special_fields SET `value`='db' WHERE `key`='quantityunit' AND `product_id`=4226

[2020-12-18 11:17:37] UPDATE webshop_special_fields SET `value`='1' WHERE `key`='kiszereles' AND `product_id`=4226

[2020-12-18 11:17:37] UPDATE webshop_products SET `name_hun`='megszünt - Papírtörölköző 40×70cm 25db',`content_short`='Papírtörölköző 70×40cm 25db/ csomagban &nbsp;- A&nbsp;kiváló minőségű Ro.ial márkájú olasz többrétegű...',`content`='<P style=\"TEXT-ALIGN: justify; MARGIN: 0cm 0cm 10pt\">Papírtörölköző 70×40cm 25db/ csomagban &nbsp;- A&nbsp;kiváló minőségű Ro.ial márkájú olasz többrétegű papírtörölköző a korszerű higéniai szolgáltatások terméke. Jó nedvszívó képességgel rendelkezik és nem hagy szöszöket. &nbsp;A papírtörölköző használata a szépségszalonokban, nem csak a fodrász, de a kozmetikus, masszőr, pedikűrös számára is praktikus, idő, és költség hatékony szolgáltatást tesz lehetővé. Ha szükséges, még néhány mosást is kibír.</P>
<P style=\"TEXT-ALIGN: justify; MARGIN: 0cm 0cm 10pt\">professzionális fodrászkellék</P>', `item_id`='2140-asc464-40cm×70cm-25db', `default_pic`='7714', `active`='1', `category_id`='34', `root_category_id`='22', `seo_name`='megszunt-papirtorolkozo-40-70cm-25db', `fullurl`='hajfestek/hajfestes-fodraszkellekei/megszunt-papirtorolkozo-40-70cm-25db', `other_categories`='34,58,104,106,113,129,194,199,206,211,212,242' WHERE id=4226

[2020-12-18 11:17:37] UPDATE webshop_gallery SET original_name='Hajdísz színes műhajból keratinnal 10db piros', date=1608286657 WHERE id=7779

[2020-12-18 11:17:37] UPDATE webshop_special_fields SET `value`='Hajhosszabbítás' WHERE `key`='manufacturer' AND `product_id`=4250

[2020-12-18 11:17:37] UPDATE webshop_special_fields SET `value`='db' WHERE `key`='quantityunit' AND `product_id`=4250

[2020-12-18 11:17:37] UPDATE webshop_special_fields SET `value`='1' WHERE `key`='kiszereles' AND `product_id`=4250

[2020-12-18 11:17:38] UPDATE webshop_products SET `name_hun`='megszünt - Hajdísz színes műhajból keratinnal 10db piros',`content_short`='Hajdísz színes műhajból keratinnal. Hőre érzékeny, csak hajszárítóval szárítható, alacsony hőfokon,...',`content`='<P>Hajdísz színes műhajból keratinnal. Hőre érzékeny, csak hajszárítóval szárítható, alacsony hőfokon, 50-60cm távolságból. Hajvasalás tilos!</P>', `item_id`='0736-hajtincs-mc-10db-piros', `default_pic`='7779', `active`='1', `category_id`='186', `root_category_id`='0', `seo_name`='megszunt-hajdisz-szines-muhajbol-keratinnal-10db-piros', `fullurl`='hajhosszabbitas/megszunt-hajdisz-szines-muhajbol-keratinnal-10db-piros', `other_categories`='186,244,368' WHERE id=4250

[2020-12-18 11:17:38] UPDATE webshop_gallery SET original_name='Hajdísz színes műhajból keratinnal 10db sárga', date=1608286658 WHERE id=7780

[2020-12-18 11:17:38] UPDATE webshop_special_fields SET `value`='Hajhosszabbítás' WHERE `key`='manufacturer' AND `product_id`=4251

[2020-12-18 11:17:38] UPDATE webshop_special_fields SET `value`='db' WHERE `key`='quantityunit' AND `product_id`=4251

[2020-12-18 11:17:38] UPDATE webshop_special_fields SET `value`='1' WHERE `key`='kiszereles' AND `product_id`=4251

[2020-12-18 11:17:38] UPDATE webshop_products SET `name_hun`='megszünt - Hajdísz színes műhajból keratinnal 10db sárga',`content_short`='Hajdísz színes műhajból keratinnal. Hőre érzékeny, csak hajszárítóval szárítható, alacsony hőfokon,...',`content`='<P>Hajdísz színes műhajból keratinnal. Hőre érzékeny, csak hajszárítóval szárítható, alacsony hőfokon, 50-60cm távolságból. Hajvasalás tilos!</P>', `item_id`='0736-hajtincs-mc-10db-sárga', `default_pic`='7780', `active`='1', `category_id`='186', `root_category_id`='0', `seo_name`='megszunt-hajdisz-szines-muhajbol-keratinnal-10db-sarga', `fullurl`='hajhosszabbitas/megszunt-hajdisz-szines-muhajbol-keratinnal-10db-sarga', `other_categories`='186,244,368' WHERE id=4251

[2020-12-18 11:17:38] UPDATE webshop_gallery SET original_name='Hajszárító búra Professional49013', date=1608286658 WHERE id=636

[2020-12-18 11:17:38] UPDATE webshop_special_fields SET `value`='Comair fodrászkellék' WHERE `key`='manufacturer' AND `product_id`=2632

[2020-12-18 11:17:38] UPDATE webshop_special_fields SET `value`='db' WHERE `key`='quantityunit' AND `product_id`=2632

[2020-12-18 11:17:38] UPDATE webshop_special_fields SET `value`='1' WHERE `key`='kiszereles' AND `product_id`=2632

[2020-12-18 11:17:38] UPDATE webshop_products SET `name_hun`='Hajszárító búra Professional49013',`content_short`='
Hajszárító búra. Professzionális fekete színű fodrászoknak készült&nbsp;hajszárítós búra, gurulós...',`content`='<FONT face=Calibri>
<P style=\"TEXT-ALIGN: justify; MARGIN: 0cm 0cm 10pt\">Hajszárító búra. Professzionális fekete színű fodrászoknak készült&nbsp;hajszárítós búra, gurulós lábbal. A búrák magassága, a teleszkópos tartószárral állítható, és csavarral rögzíthető.&nbsp; Gurulós talppal kerül szállításra, melyből a görgők eltávolíthatók, így egy&nbsp;fix hajszárító állomást hozhatunk létre. A búráknál alkalmazott fűtőtest hőfok stabilizálás lehetővé teszi az automatikus hőmérséklettartást, az örvénymentességet, valamint az egyenletes levegőelosztást</P>
<P style=\"TEXT-ALIGN: justify; MARGIN: 0cm 0cm 10pt\"><B style=\"mso-bidi-font-weight: normal\"><U>A hajszárító búra műszaki adatai:</U></B></P>
<P style=\"TEXT-ALIGN: justify; MARGIN: 0cm 0cm 10pt\">Folyamatosan szabályozható hőmérséklet, 8-80°C között. A hőfokszabályozón 10 beosztás segíti a hőmérséklet beállítását. 1-1 beosztás 8°C fokonként emelik a hőmérsékletet 1 &ndash; 8°C, 2 &ndash;16°C, 3- 24°C, 4-32°C, 5-40°C, 6-48°C&hellip;.</P>
<P style=\"TEXT-ALIGN: justify; MARGIN: 0cm 0cm 10pt\">0-60 perces időzítő kapcsoló. </P>
<P style=\"TEXT-ALIGN: justify; MARGIN: 0cm 0cm 10pt\">Fő kapcsoló a hajszárító búra azonnali be és kikapcsolásához. </P>
<P style=\"TEXT-ALIGN: justify; MARGIN: 0cm 0cm 10pt\">Automatikus, termosztátos fűtési hőfok stabilizálás. </P>
<P style=\"TEXT-ALIGN: justify; MARGIN: 0cm 0cm 10pt\">A búra felnyitható első rész kényelmes be és kiszállást biztosít. </P>
<P style=\"TEXT-ALIGN: justify; MARGIN: 0cm 0cm 10pt\">Gurulós talpal, 1,6m magasságig állítható, szárral rendelkezik.&nbsp; </P>
<P style=\"TEXT-ALIGN: justify; MARGIN: 0cm 0cm 10pt\">A hajszárító búra teljesítménye: 980W / 220-240V / 50 Hz </P>
<P style=\"TEXT-ALIGN: justify; MARGIN: 0cm 0cm 10pt\">A búrák származási helye: Németország</P>
<P style=\"TEXT-ALIGN: justify; MARGIN: 0cm 0cm 10pt\">súly: 7,4kg</P>
<P style=\"TEXT-ALIGN: justify; MARGIN: 0cm 0cm 10pt\">Figyelem, az ingyenes szállítás erre a&nbsp;hajszárítóra nem vonatkozik! - A&nbsp;hajszárítóbúra házhoz szállítás díja, a cikkszámban látható, + bruttó összeg!&nbsp;Ha az áruház rendszere a szállítási automatikusan nem kínálja fel, nem adja hozzá a rendeléséhez, csak a kézhez kapott számlán kerül majd felszámításra! Ebben az esetben telefonon hívjuk egyeztetés céljából, és kérjük, <B style=\"mso-bidi-font-weight: normal\">előre utalást csak az egyeztetés után indítson!</B></FONT></P>', `item_id`='1838-hwp-b-49013+3140Ftszállítás', `default_pic`='636', `active`='1', `category_id`='97', `root_category_id`='92', `seo_name`='hajszarito-bura-professional49013', `fullurl`='hajformazo-gepek/hajszarito-bura/hajszarito-bura-professional49013', `other_categories`='97,222' WHERE id=2632

[2020-12-18 11:17:38] UPDATE webshop_gallery SET original_name='Hajszárító tartó fém spirálból 02830', date=1608286658 WHERE id=15451

[2020-12-18 11:17:38] UPDATE webshop_special_fields SET `value`='Euro fodrászkellék' WHERE `key`='manufacturer' AND `product_id`=5109

[2020-12-18 11:17:38] UPDATE webshop_special_fields SET `value`='db' WHERE `key`='quantityunit' AND `product_id`=5109

[2020-12-18 11:17:38] UPDATE webshop_special_fields SET `value`='1' WHERE `key`='kiszereles' AND `product_id`=5109

[2020-12-18 11:17:38] UPDATE webshop_products SET `name_hun`='Hajszárító tartó fém gyűrű 02830',`content_short`='Hajszárító gépet tartó krómozott fémgyűrű. Minden típusú és méretű hajszárítóhoz megfelelő. Az...',`content`='<P style=\"MARGIN: 0cm 0cm 10pt\"><FONT face=Calibri>Hajszárító gépet tartó krómozott fémgyűrű. Minden típusú és méretű hajszárítóhoz megfelelő. Az erős,&nbsp;hajszárítót tartót fémgyűrűt fára facsavarral, falra tipli és facsavar használatával szerelhetjük fel.</FONT></P>
<P style=\"MARGIN: 0cm 0cm 10pt\"><FONT face=Calibri>A fémgyűrű belső átmérője 90mm.</FONT></P>
<P>&nbsp;</P>', `item_id`='3129-es-02830-spiral', `default_pic`='15451', `active`='1', `category_id`='379', `root_category_id`='92', `seo_name`='hajszarito-tarto-fem-gyuru-02830', `fullurl`='hajformazo-gepek/hajszarito/hajszarito-tartozek/hajszarito-tarto-fem-gyuru-02830', `other_categories`='379' WHERE id=5109

[2020-12-18 11:17:38] INSERT INTO webshop_products (`id`, `name_hun`, `name_eng`, `item_id`, `price`, `reduced_price`, `status`, `currency`, `content_short`, `content`, `details`, `date`, `default_pic`, `active`, `main`, `sort`, `category_id`, `root_category_id`, `seo_name`, `fullurl`, `websyx_id`, `quantity`, `other_categories`) VALUES ('5118', 'megszünt - Levissime poszter női arc', 'megszünt - Levissime poszter női arc', '0235-nlp-poszter-5', 0, 0, 1, 'Ft', '&nbsp;94×64cm fénykép poszter
A fodrász poszterek többsége vásárlási összeghez kötötten ajándékba is...', '<P style=\"TEXT-ALIGN: justify\">&nbsp;94×64cm fénykép poszter</P>
<P style=\"TEXT-ALIGN: justify; MARGIN: 0cm 0cm 10pt\"><FONT face=Calibri>A fodrász poszterek többsége vásárlási összeghez kötötten ajándékba is kapható.&nbsp; Webáruháztól függően, a fodrászoknak készült poszterek a vásárlás végén a kosárban, a választható ajándék termékeknél, a szükséges vásárlási összeg feltüntetése mellett kiválaszthatók. Amennyiben a webáruház rendszere a kosárban, a fodrász posztereket nem ajánlja fel ajándék termékként, hívja ügyfélszolgálatunkat, és tájékoztatjuk az ingyenes lehetőségekről. +36/20/3371605</FONT></P>', '', 1608286658, '0', '1', 0, 1, 265, '104', 'megszunt-levissime-poszter-noi-arc', 'fodraszkellek/hajkefe/keramia-korkefe/megszunt-levissime-poszter-noi-arc', '1396', 1, '')

[2020-12-18 11:17:38] INSERT INTO webshop_special_fields (`key`, `value`, `product_id`) VALUES ('manufacturer', 'Nirvel Levissime', 5118)

[2020-12-18 11:17:38] INSERT INTO webshop_special_fields (`key`, `value`, `product_id`) VALUES ('quantityunit', 'db', 5118)

[2020-12-18 11:17:38] INSERT INTO webshop_special_fields (`key`, `value`, `product_id`) VALUES ('kiszereles', '1', 5118)

[2020-12-18 11:17:38] UPDATE webshop_gallery SET original_name='Gőzbúra H-Ceriotti falikarral', date=1608286658 WHERE id=6840

[2020-12-18 11:17:38] UPDATE webshop_special_fields SET `value`='Elektromos hajformázó gép' WHERE `key`='manufacturer' AND `product_id`=4128

[2020-12-18 11:17:38] UPDATE webshop_special_fields SET `value`='db' WHERE `key`='quantityunit' AND `product_id`=4128

[2020-12-18 11:17:38] UPDATE webshop_special_fields SET `value`='1' WHERE `key`='kiszereles' AND `product_id`=4128

[2020-12-18 11:17:38] UPDATE webshop_products SET `name_hun`='Gőzbúra H-Ceriotti falikarral',`content_short`='Gőzbúra falikarral. A gőzbúra normál üzem módú ( nem ózonos), &nbsp;leírása, a nem falikaros változatnál...',`content`='Gőzbúra falikarral. A gőzbúra normál üzem módú ( nem ózonos), &nbsp;leírása, a nem falikaros változatnál olvasható!', `item_id`='1738-cm-8320129-blitz-falikar+9990Ftszál', `default_pic`='6840', `active`='1', `category_id`='92', `root_category_id`='0', `seo_name`='gozbura-h-ceriotti-falikarral', `fullurl`='hajformazo-gepek/gozbura-h-ceriotti-falikarral', `other_categories`='92,95' WHERE id=4128

[2020-12-18 11:17:38] UPDATE webshop_gallery SET original_name='Solingen hajvágó olló Black szett Akcó!', date=1608286658 WHERE id=5618

[2020-12-18 11:17:38] UPDATE webshop_special_fields SET `value`='Solingen Olló' WHERE `key`='manufacturer' AND `product_id`=4114

[2020-12-18 11:17:38] UPDATE webshop_special_fields SET `value`='db' WHERE `key`='quantityunit' AND `product_id`=4114

[2020-12-18 11:17:39] UPDATE webshop_special_fields SET `value`='1' WHERE `key`='kiszereles' AND `product_id`=4114

[2020-12-18 11:17:39] UPDATE webshop_products SET `name_hun`='Solingen hajvágó olló Black szett Akcó!',`content_short`='
Cerena Solingen Matt fekete hajvágó olló Akció!
A következő,&nbsp;&nbsp;2db&nbsp;ollót tartalmazó...',`content`='<FONT face=Calibri>
<P style=\"TEXT-ALIGN: center; MARGIN: 0cm 0cm 10pt\" align=center><B style=\"mso-bidi-font-weight: normal\"><FONT face=Calibri>Cerena Solingen </FONT></B><B><FONT face=Calibri>Matt fekete hajvágó olló Akció!</FONT></B></P>
<P style=\"TEXT-ALIGN: center; MARGIN: 0cm 0cm 10pt\" align=center><B><FONT face=Calibri>A következő,&nbsp;&nbsp;2db&nbsp;ollót tartalmazó szett&nbsp;rendelése esetén,</FONT></B></P>
<P style=\"TEXT-ALIGN: center; MARGIN: 0cm 0cm 10pt\" align=center><FONT face=Calibri><STRONG>A Cerena Solingen, egy fekete nyelű borotvát ad ajándékba kb. 11 000Ft értékben </STRONG><STRONG>(&nbsp;10db hosszú pengével )&nbsp;</STRONG></FONT></FONT></P>
<P style=\"TEXT-ALIGN: center; MARGIN: 0cm 0cm 10pt\" align=center><B><FONT face=Calibri>1db&nbsp;Cerena Noir matt fekete olló (választható méretek 5 - 5,5 -&nbsp; 6&rdquo;&nbsp;) ára 42 188Ft</FONT></B></P>
<P style=\"TEXT-ALIGN: center; MARGIN: 0cm 0cm 10pt\" align=center><B><FONT face=Calibri>1db&nbsp;Cerena Colt&nbsp; matt fekete olló ( választható méretek&nbsp;5 - 5,5 -&nbsp; 6&rdquo;)&nbsp; típusok ára 31 688Ft</FONT></B></P>
<P style=\"TEXT-ALIGN: center; MARGIN: 0cm 0cm 10pt\" align=center><STRONG><FONT face=Calibri>Az Ollók jól nagyítható képei a webáruházban, az ollónál láthatók! </FONT></STRONG></P>
<P style=\"TEXT-ALIGN: center; MARGIN: 0cm 0cm 10pt\" align=center><STRONG><FONT face=Calibri>Rendelés csak telefonon, méret egyeztetés után!</FONT></STRONG></P>
<P style=\"TEXT-ALIGN: center; MARGIN: 0cm 0cm 10pt\" align=center><FONT face=Calibri>Információ:+36/20/3371605</FONT><B style=\"mso-bidi-font-weight: normal\"></B></P>
<P style=\"TEXT-ALIGN: justify; MARGIN: 0cm 0cm 10pt; LINE-HEIGHT: normal; mso-margin-top-alt: auto; mso-margin-bottom-alt: auto\">&nbsp;</P>', `item_id`='2028-cso-blackszett', `default_pic`='5618', `active`='1', `category_id`='127', `root_category_id`='104', `seo_name`='solingen-hajvago-ollo-black-szett-akco', `fullurl`='fodraszkellek/hajvago-ollo-borotva/solingen-hajvago-ollo/solingen-hajvago-ollo-black-szett-akco', `other_categories`='127,128,222,240,311' WHERE id=4114

[2020-12-18 11:17:39] UPDATE webshop_products SET sort=1 WHERE id=3326

[2020-12-18 11:17:39] UPDATE webshop_products SET sort=2 WHERE id=5118

[2020-12-18 11:17:53] UPDATE users SET lastlogin = NOW() WHERE id = '11'

[2020-12-18 11:17:55] UPDATE users SET lastlogin = NOW() WHERE id = '11'

[2020-12-18 11:17:55] UPDATE webshop_products SET `price1_name`='', `price1_currency`='', `price1_value`='0' WHERE id=4062

[2020-12-18 11:17:55] UPDATE webshop_products SET `price2_name`='Kereskedő -27,6%', `price2_currency`='HUF', `price2_value`='326338' WHERE id=4062

[2020-12-18 11:17:55] UPDATE webshop_products SET `price3_name`='Kereskedő -33,6%', `price3_currency`='HUF', `price3_value`='326338' WHERE id=4062

[2020-12-18 11:17:55] UPDATE webshop_products SET `price4_name`='Szakmai 1 ár -7%', `price4_currency`='HUF', `price4_value`='362598' WHERE id=4062

[2020-12-18 11:17:55] UPDATE webshop_products SET `price5_name`='Szakmai 2 ár -14%', `price5_currency`='HUF', `price5_value`='362598' WHERE id=4062

[2020-12-18 11:17:55] UPDATE webshop_products SET `price6_name`='Vásárló', `price6_currency`='HUF', `price6_value`='362598' WHERE id=4062

[2020-12-18 11:17:55] UPDATE webshop_products SET `price7_name`='W Lista ár', `price7_currency`='HUF', `price7_value`='362598' WHERE id=4062

[2020-12-18 11:17:55] UPDATE webshop_products SET `price`='362598', `reduced_price`=0 WHERE id=4062

[2020-12-18 11:17:55] UPDATE webshop_products SET `price1_name`='', `price1_currency`='', `price1_value`='0' WHERE id=4128

[2020-12-18 11:17:55] UPDATE webshop_products SET `price2_name`='Kereskedő -27,6%', `price2_currency`='HUF', `price2_value`='386304' WHERE id=4128

[2020-12-18 11:17:55] UPDATE webshop_products SET `price3_name`='Kereskedő -33,6%', `price3_currency`='HUF', `price3_value`='354289' WHERE id=4128

[2020-12-18 11:17:55] UPDATE webshop_products SET `price4_name`='Szakmai 1 ár -7%', `price4_currency`='HUF', `price4_value`='496218' WHERE id=4128

[2020-12-18 11:17:55] UPDATE webshop_products SET `price5_name`='Szakmai 2 ár -14%', `price5_currency`='HUF', `price5_value`='458869' WHERE id=4128

[2020-12-18 11:17:55] UPDATE webshop_products SET `price6_name`='Vásárló', `price6_currency`='HUF', `price6_value`='533568' WHERE id=4128

[2020-12-18 11:17:55] UPDATE webshop_products SET `price7_name`='W Lista ár', `price7_currency`='HUF', `price7_value`='533568' WHERE id=4128

[2020-12-18 11:17:55] UPDATE webshop_products SET `price`='533568', `reduced_price`=0 WHERE id=4128

[2020-12-18 11:17:55] UPDATE webshop_products SET `price1_name`='', `price1_currency`='', `price1_value`='0' WHERE id=3607

[2020-12-18 11:17:55] UPDATE webshop_products SET `price2_name`='Kereskedő -27,6%', `price2_currency`='HUF', `price2_value`='5486' WHERE id=3607

[2020-12-18 11:17:55] UPDATE webshop_products SET `price3_name`='Kereskedő -33,6%', `price3_currency`='HUF', `price3_value`='5032' WHERE id=3607

[2020-12-18 11:17:55] UPDATE webshop_products SET `price4_name`='Szakmai 1 ár -7%', `price4_currency`='HUF', `price4_value`='7047' WHERE id=3607

[2020-12-18 11:17:55] UPDATE webshop_products SET `price5_name`='Szakmai 2 ár -14%', `price5_currency`='HUF', `price5_value`='6518' WHERE id=3607

[2020-12-18 11:17:55] UPDATE webshop_products SET `price6_name`='Vásárló', `price6_currency`='HUF', `price6_value`='7578' WHERE id=3607

[2020-12-18 11:17:55] UPDATE webshop_products SET `price7_name`='W Lista ár', `price7_currency`='HUF', `price7_value`='7578' WHERE id=3607

[2020-12-18 11:17:55] UPDATE webshop_products SET `price`='7578', `reduced_price`=0 WHERE id=3607

[2020-12-18 11:17:55] UPDATE webshop_products SET `price1_name`='', `price1_currency`='', `price1_value`='0' WHERE id=4036

[2020-12-18 11:17:55] UPDATE webshop_products SET `price2_name`='Kereskedő -27,6%', `price2_currency`='HUF', `price2_value`='2525' WHERE id=4036

[2020-12-18 11:17:55] UPDATE webshop_products SET `price3_name`='Kereskedő -33,6%', `price3_currency`='HUF', `price3_value`='2316' WHERE id=4036

[2020-12-18 11:17:55] UPDATE webshop_products SET `price4_name`='Szakmai 1 ár -7%', `price4_currency`='HUF', `price4_value`='3244' WHERE id=4036

[2020-12-18 11:17:55] UPDATE webshop_products SET `price5_name`='Szakmai 2 ár -14%', `price5_currency`='HUF', `price5_value`='3000' WHERE id=4036

[2020-12-18 11:17:55] UPDATE webshop_products SET `price6_name`='Vásárló', `price6_currency`='HUF', `price6_value`='3488' WHERE id=4036

[2020-12-18 11:17:55] UPDATE webshop_products SET `price7_name`='W Lista ár', `price7_currency`='HUF', `price7_value`='3488' WHERE id=4036

[2020-12-18 11:17:55] UPDATE webshop_products SET `price`='3488', `reduced_price`=0 WHERE id=4036

[2020-12-18 11:18:00] UPDATE users SET lastlogin = NOW() WHERE id = '11'

[2020-12-18 11:18:02] UPDATE users SET lastlogin = NOW() WHERE id = '11'

[2020-12-18 11:18:04] DELETE FROM webshop_gallery WHERE id=15454

[2020-12-18 11:18:10] DELETE FROM webshop_gallery WHERE id=15453

[2020-12-18 11:18:21] INSERT INTO webshop_gallery (`id`, `product_id`, `original_name`, `new_name`, `date`) VALUES (15458, 4596, 'Fodrász eszközkocsi erős csendes kerekekkel 7001232', '15458.jpg', 1608286701)

[2020-12-18 11:18:21] INSERT INTO webshop_gallery (`id`, `product_id`, `original_name`, `new_name`, `date`) VALUES (15459, 5102, 'Nirvel Man Matt férfi hajspray azonnali rögzítéshez dús hatású frizurához', '15459.jpg', 1608286701)

[2020-12-18 11:18:21] INSERT INTO webshop_gallery (`id`, `product_id`, `original_name`, `new_name`, `date`) VALUES (15460, 5048, 'Vifrex szakállolaj', '15460.jpg', 1608286701)

[2020-12-18 11:18:21] INSERT INTO webshop_gallery (`id`, `product_id`, `original_name`, `new_name`, `date`) VALUES (15461, 5104, 'Nirvel Barber fodrász poszter férfi 2021-1', '15461.jpg', 1608286701)

[2020-12-18 11:18:21] DELETE FROM webshop_gallery WHERE id='14901'

[2020-12-18 11:18:21] INSERT INTO webshop_gallery (`id`, `product_id`, `original_name`, `new_name`, `date`) VALUES (15462, 4114, 'Cerena Solingen Black szett hajvágó olló Akcó!', '15462.jpg', 1608286701)

[2020-12-18 11:18:21] INSERT INTO webshop_gallery (`id`, `product_id`, `original_name`, `new_name`, `date`) VALUES (15463, 5016, 'Sminkes kozmetikai táska 03814/50', '15463.jpg', 1608286701)

[2020-12-18 11:18:21] DELETE FROM webshop_gallery WHERE id='14571'

[2020-12-18 11:18:21] INSERT INTO webshop_gallery (`id`, `product_id`, `original_name`, `new_name`, `date`) VALUES (15464, 4581, 'Hajragasztócsík leoldó 03177-1', '15464.jpg', 1608286701)

[2020-12-18 11:18:21] INSERT INTO webshop_gallery (`id`, `product_id`, `original_name`, `new_name`, `date`) VALUES (15465, 5030, 'Fodrász fejmosó porcelánhoz leeresztő és kifolyócső szett ( kosaras )', '15465.jpg', 1608286701)

[2020-12-18 11:18:26] UPDATE users SET lastlogin = NOW() WHERE id = '11'

