[2020-12-04 17:56:59] UPDATE users SET lastlogin = NOW() WHERE id = '11'

[2020-12-04 17:57:02] UPDATE users SET lastlogin = NOW() WHERE id = '11'

[2020-12-04 17:57:06] UPDATE users SET lastlogin = NOW() WHERE id = '11'

[2020-12-04 17:57:06] INSERT INTO webshop_gallery (`id`, `product_id`, `original_name`, `new_name`, `date`) VALUES (15421, 5102, 'Nirvel Man Matt férfi hajspray azonnali rögzítéshez dús hatású frizurához', '15421.jpg', 1607101026)

[2020-12-04 17:57:06] INSERT INTO webshop_products (`id`, `name_hun`, `name_eng`, `item_id`, `price`, `reduced_price`, `status`, `currency`, `content_short`, `content`, `details`, `date`, `default_pic`, `active`, `main`, `sort`, `category_id`, `root_category_id`, `seo_name`, `fullurl`, `websyx_id`, `quantity`, `other_categories`) VALUES ('5102', 'Nirvel Man Matt férfi hajspray azonnali rögzítéshez dús hatású frizurához', 'Nirvel Man Matt férfi hajspray azonnali rögzítéshez dús hatású frizurához', '0110-nbarber-6721-300ml', 0, 0, 1, 'Ft', 'A férfi hajlakkal, a hajat kézzel vagy fésűvel megemelve, dúshatású, könnyed frizurát készíthetünk. A...', '<P style=\"TEXT-ALIGN: justify; MARGIN: 0cm 0cm 10pt; LINE-HEIGHT: normal; mso-margin-top-alt: auto; mso-margin-bottom-alt: auto\">A férfi hajlakkal, a hajat kézzel vagy fésűvel megemelve, dúshatású, könnyed frizurát készíthetünk. A hajhabtól, waxtól vagy géltől eltérően a lakk másodpercek alatt rögzíti a frizurát, nem tapasztja össze a hajszálakat, és még szeles vagy havas körülmények között is megőrzi formáját.</P>
<P style=\"TEXT-ALIGN: justify; MARGIN: 0cm 0cm 10pt\">300ml &ndash; Extra erős tartású, matt, láthatatlan hajspray, környezetbarát hajtógázzal. -55% Voc</P>', '', 1607101026, '15421', '1', 0, 1, 62, '73', 'nirvel-man-matt-ferfi-hajspray-azonnali-rogziteshez-dus-hatasu-frizurahoz', 'hajfixalo-hajformazo/hajlakk/extra-eros-hajlakk/nirvel-man-matt-ferfi-hajspray-azonnali-rogziteshez-dus-hatasu-frizurahoz', '991', 1, '62,362,413')

[2020-12-04 17:57:06] INSERT INTO webshop_special_fields (`key`, `value`, `product_id`) VALUES ('manufacturer', 'Nirvel', 5102)

[2020-12-04 17:57:06] INSERT INTO webshop_special_fields (`key`, `value`, `product_id`) VALUES ('quantityunit', 'ml', 5102)

[2020-12-04 17:57:06] INSERT INTO webshop_special_fields (`key`, `value`, `product_id`) VALUES ('kiszereles', '300', 5102)

[2020-12-04 17:57:06] UPDATE webshop_gallery SET original_name='Nirvel Decogel hajkímélő szőkítő zselé', date=1607101026 WHERE id=778

[2020-12-04 17:57:06] UPDATE webshop_special_fields SET `value`='Nirvel' WHERE `key`='manufacturer' AND `product_id`=2774

[2020-12-04 17:57:06] UPDATE webshop_special_fields SET `value`='ml' WHERE `key`='quantityunit' AND `product_id`=2774

[2020-12-04 17:57:06] UPDATE webshop_special_fields SET `value`='500' WHERE `key`='kiszereles' AND `product_id`=2774

[2020-12-04 17:57:06] UPDATE webshop_products SET `name_hun`='Nirvel Decogel hajkímélő szőkítő zselé',`content_short`='Hajszőkítő zselé, gél, por állagból. Hajkímélő, pontos kontúrok kialakítását teszi...',`content`='<P style=\"TEXT-ALIGN: justify\">Hajszőkítő zselé, gél, por állagból. Hajkímélő, pontos kontúrok kialakítását teszi lehetővé.&nbsp;Férfi fodrászoknak is ajánlott minták készítéséhez. -&nbsp;Nem szárítja a hajat, gyors hajszőkítő, nagyon alacsony ammónia tartalommal, sárgulást megakadályozó pigmentekkel, komplex hajápolókkal.</P>
<P style=\"TEXT-ALIGN: justify\">Csak &nbsp;20vol - 6% oxidálóval&nbsp; használjuk, így is 5 árnyalat világosítására képes.</P>
<P style=\"TEXT-ALIGN: justify\">Por állagból, az oxidálóval könnyen összekeverhető. Az elkészült elegy ezután rövid idő alatt zselés állagúvá változik, mely rendkívüli rugalmassággal, formázhatósággal, alaktartással, tapadással rendelkezik. Géles állaga, és tapadása miatt nagyon pontos kontúrok kialakítására, minták készítésére is alkalmas.</P>
<P style=\"TEXT-ALIGN: justify\">500ml - A hajszőkítő zselé gél ára, a nagy kiszerelésben a legkedvezőbb!&nbsp;&nbsp;A Nirvel szőkítő por, krém, gél&nbsp; márkák használata magas minőségű szolgáltatást, tökéletes szőkítést tesz lehetővé. A szőkítéshez használt&nbsp;anyag&nbsp;árak&nbsp;az üzlet&nbsp;gazdaságosságban fontos szerepet játszanak.&nbsp;A szőkítő gélt, a 35 éves tapasztalattal rendelkező&nbsp;Nirvel&nbsp;Cosmetics készíti.</P>
<P style=\"TEXT-ALIGN: justify\">A szőkítő gél bármilyen szőkítési technikához ajánlott. Az aktív összetevők egyenletesen és intenzíven szőkítik a hajat, miközben a növényi ápoló anyagok maximálisan védik a hajat a szőkítés ideje alatt. Speciális állagának köszönhetően könnyedén beivódik a hajrostokba, de emellett óvja a haj szerkezetét. A szőkítő zselé minden színtelenítési eljáráshoz (hajfesték és hajszínező) tökéletes. Könnyű a kezelése, állaga egységes a kezelés ideje alatt, a legmakacsabb szín pigmenteket is eltávolítja.</P>
<P style=\"MARGIN: 0cm 0cm 10pt\"><B style=\"mso-bidi-font-weight: normal\"><U>A Nirvel Deco szőkítő zselé használata. -</U></B></P>
<P style=\"TEXT-ALIGN: justify\"><STRONG>A Nirvel Deco&nbsp;hajszőkítő keverési aránya </STRONG>1+2. 1 rész szőkítő port keverjen össze 2 rész&nbsp; 20vol - 6%&nbsp; &nbsp;Nirvel oxidálóval. Hatóidő 20-40 perc a világosítás mértékének és a haj minőségének függvényében.&nbsp;Miután a&nbsp;kikevert elegy zselés állagúra változott,&nbsp;száraz hajra vigyük fel és hagyjuk rajta a hatóidő lejártáig. Öblítsük le, majd mossuk meg a hajat, hamvasító hajápoló samponnal.</P>
<P style=\"TEXT-ALIGN: justify\"><STRONG><U>A hajszőkítő&nbsp;gél ható ideje, szőkítési idők.</U>&nbsp; </STRONG>Mindig<STRONG> </STRONG>20vol-6% oxidálóval használja, a hatóidőt változtassa a világosítás mértékének megfelelően.</P>
<P style=\"TEXT-ALIGN: justify\">1-5 tónus&nbsp;&nbsp;&nbsp; 20vol-6%&nbsp;&nbsp;oxival /&nbsp;20-40perc</P>
<P style=\"TEXT-ALIGN: justify\">A szőkítő gél ható ideje alatt, figyelje a hajat! A haj minőségétől függően, a ható idő rövidebb is lehet az előírtnál! Ha a levilágosítás mértéke elérte a kívánt szintet, mossa le a szőkítést!</P>', `item_id`='0105-nsz-6699-500gr', `default_pic`='778', `active`='1', `category_id`='45', `root_category_id`='0', `seo_name`='nirvel-decogel-hajkimelo-szokito-zsele', `fullurl`='hajszokites/nirvel-decogel-hajkimelo-szokito-zsele', `other_categories`='45,46,47,104,173,262,313,314,332,360,362,365' WHERE id=2774

[2020-12-04 17:57:06] UPDATE webshop_gallery SET original_name='Levissime poszter női arc', date=1607101026 WHERE id=4053

[2020-12-04 17:57:06] UPDATE webshop_special_fields SET `value`='Nirvel Levissime' WHERE `key`='manufacturer' AND `product_id`=3712

[2020-12-04 17:57:06] UPDATE webshop_special_fields SET `value`='db' WHERE `key`='quantityunit' AND `product_id`=3712

[2020-12-04 17:57:07] UPDATE webshop_special_fields SET `value`='1' WHERE `key`='kiszereles' AND `product_id`=3712

[2020-12-04 17:57:07] UPDATE webshop_products SET `name_hun`='megszünt - Levissime poszter női arc',`content_short`='&nbsp;94×64cm fénykép poszter
A fodrász poszterek többsége vásárlási összeghez kötötten ajándékba is...',`content`='<P style=\"TEXT-ALIGN: justify\">&nbsp;94×64cm fénykép poszter</P>
<P style=\"TEXT-ALIGN: justify; MARGIN: 0cm 0cm 10pt\"><FONT face=Calibri>A fodrász poszterek többsége vásárlási összeghez kötötten ajándékba is kapható.&nbsp; Webáruháztól függően, a fodrászoknak készült poszterek a vásárlás végén a kosárban, a választható ajándék termékeknél, a szükséges vásárlási összeg feltüntetése mellett kiválaszthatók. Amennyiben a webáruház rendszere a kosárban, a fodrász posztereket nem ajánlja fel ajándék termékként, hívja ügyfélszolgálatunkat, és tájékoztatjuk az ingyenes lehetőségekről. +36/20/3371605</FONT></P>', `item_id`='0235-nlp-poszter-5', `default_pic`='4053', `active`='1', `category_id`='91', `root_category_id`='86', `seo_name`='megszunt-levissime-poszter-noi-arc', `fullurl`='fodraszbutor/szalon-dekoracio-termek-allvany/megszunt-levissime-poszter-noi-arc', `other_categories`='91,242,303' WHERE id=3712

[2020-12-04 17:57:07] INSERT INTO webshop_gallery (`id`, `product_id`, `original_name`, `new_name`, `date`) VALUES (15422, 5103, 'Nirvel fodrász poszter - Naturals természetes hajápolók', '15422.jpg', 1607101027)

[2020-12-04 17:57:07] INSERT INTO webshop_products (`id`, `name_hun`, `name_eng`, `item_id`, `price`, `reduced_price`, `status`, `currency`, `content_short`, `content`, `details`, `date`, `default_pic`, `active`, `main`, `sort`, `category_id`, `root_category_id`, `seo_name`, `fullurl`, `websyx_id`, `quantity`, `other_categories`) VALUES ('5103', 'Nirvel fodrász poszter - Naturals természetes hajápolók', 'Nirvel fodrász poszter - Naturals természetes hajápolók', '0135-nirvel-poszter-naturals', 0, 0, 1, 'Ft', 'fodrász poszter méret:&nbsp;&nbsp; kb. 60×85cm -&nbsp; A fodrász poszterek többsége vásárlási összeghez...', '<P style=\"TEXT-ALIGN: justify; MARGIN: 0cm 0cm 10pt\">fodrász poszter méret:&nbsp;&nbsp; kb. 60×85cm -&nbsp; A fodrász poszterek többsége vásárlási összeghez kötötten ajándékba is kapható.&nbsp; Webáruháztól függően, a fodrászoknak készült poszterek a vásárlás végén a kosárban, a választható ajándék termékeknél, a szükséges vásárlási összeg feltüntetése mellett kiválaszthatók. Amennyiben a webáruház rendszere a kosárban, a fodrász posztereket nem ajánlja fel ajándék termékként, hívja ügyfélszolgálatunkat, és tájékoztatjuk az ingyenes lehetőségekről. +36/20/3371605</P>
<P style=\"TEXT-ALIGN: justify; MARGIN: 0cm 0cm 0pt\">&nbsp;</P>', '', 1607101027, '15422', '1', 0, 1, 303, '104', 'nirvel-fodrasz-poszter-naturals-termeszetes-hajapolok', 'fodraszkellek/poszter-termek-eladast-segito-tabla-allvany/nirvel-fodrasz-poszter-naturals-termeszetes-hajapolok', '1424', 1, '303')

[2020-12-04 17:57:07] INSERT INTO webshop_special_fields (`key`, `value`, `product_id`) VALUES ('manufacturer', 'Nirvel', 5103)

[2020-12-04 17:57:07] INSERT INTO webshop_special_fields (`key`, `value`, `product_id`) VALUES ('quantityunit', 'db', 5103)

[2020-12-04 17:57:07] INSERT INTO webshop_special_fields (`key`, `value`, `product_id`) VALUES ('kiszereles', '1', 5103)

[2020-12-04 17:57:07] INSERT INTO webshop_gallery (`id`, `product_id`, `original_name`, `new_name`, `date`) VALUES (15423, 5104, 'Nirvel Barber fodrász poszter férfi 2021-1', '15423.jpg', 1607101027)

[2020-12-04 17:57:07] INSERT INTO webshop_products (`id`, `name_hun`, `name_eng`, `item_id`, `price`, `reduced_price`, `status`, `currency`, `content_short`, `content`, `details`, `date`, `default_pic`, `active`, `main`, `sort`, `category_id`, `root_category_id`, `seo_name`, `fullurl`, `websyx_id`, `quantity`, `other_categories`) VALUES ('5104', 'Nirvel Barber fodrász poszter férfi 2021-1', 'Nirvel Barber fodrász poszter férfi 2021-1', '0135-nirvel-poszter-férfi2021-1', 0, 0, 1, 'Ft', 'fodrász poszter férfi méret: kb. - 60×85cm&nbsp; -&nbsp; A fodrász poszterek többsége vásárlási összeghez...', '<P>fodrász poszter férfi méret: kb. - 60×85cm&nbsp; -&nbsp; A fodrász poszterek többsége vásárlási összeghez kötötten ajándékba is kapható.&nbsp; Webáruháztól függően, a fodrászoknak készült poszterek a vásárlás végén a kosárban, a választható ajándék termékeknél, a szükséges vásárlási összeg feltüntetése mellett kiválaszthatók. Amennyiben a webáruház rendszere a kosárban, a fodrász posztereket nem ajánlja fel ajándék termékként, hívja ügyfélszolgálatunkat, és tájékoztatjuk az ingyenes lehetőségekről. +36/20/3371605</P>', '', 1607101027, '15423', '1', 0, 1, 303, '104', 'nirvel-barber-fodrasz-poszter-ferfi-2021-1', 'fodraszkellek/poszter-termek-eladast-segito-tabla-allvany/nirvel-barber-fodrasz-poszter-ferfi-2021-1', '1446', 1, '303')

[2020-12-04 17:57:07] INSERT INTO webshop_special_fields (`key`, `value`, `product_id`) VALUES ('manufacturer', 'Nirvel', 5104)

[2020-12-04 17:57:07] INSERT INTO webshop_special_fields (`key`, `value`, `product_id`) VALUES ('quantityunit', 'db', 5104)

[2020-12-04 17:57:07] INSERT INTO webshop_special_fields (`key`, `value`, `product_id`) VALUES ('kiszereles', '1', 5104)

[2020-12-04 17:57:07] INSERT INTO webshop_gallery (`id`, `product_id`, `original_name`, `new_name`, `date`) VALUES (15424, 5105, 'Nirvel fodrász poszter -lila', '15424.jpg', 1607101027)

[2020-12-04 17:57:07] INSERT INTO webshop_products (`id`, `name_hun`, `name_eng`, `item_id`, `price`, `reduced_price`, `status`, `currency`, `content_short`, `content`, `details`, `date`, `default_pic`, `active`, `main`, `sort`, `category_id`, `root_category_id`, `seo_name`, `fullurl`, `websyx_id`, `quantity`, `other_categories`) VALUES ('5105', 'Nirvel fodrász poszter -lila', 'Nirvel fodrász poszter -lila', '0135-nirvel-poszter-lila', 0, 0, 1, 'Ft', 'Fodrász poszter. méret:&nbsp;&nbsp; kb. 60×85cm 
A fodrász poszterek többsége vásárlási összeghez kötötten...', '<P style=\"TEXT-ALIGN: justify; MARGIN: 0cm 0cm 10pt\">Fodrász poszter. méret:&nbsp;&nbsp; kb. 60×85cm </P>
<P style=\"TEXT-ALIGN: justify; MARGIN: 0cm 0cm 10pt\">A fodrász poszterek többsége vásárlási összeghez kötötten ajándékba is kapható.&nbsp; Webáruháztól függően, a fodrászoknak készült poszterek a vásárlás végén a kosárban, a választható ajándék termékeknél, a szükséges vásárlási összeg feltüntetése mellett kiválaszthatók. Amennyiben a webáruház rendszere a kosárban, a fodrász posztereket nem ajánlja fel ajándék termékként, hívja ügyfélszolgálatunkat, és tájékoztatjuk az ingyenes lehetőségekről. +36/20/3371605</P>', '', 1607101027, '15424', '1', 0, 1, 303, '104', 'nirvel-fodrasz-poszter-lila', 'fodraszkellek/poszter-termek-eladast-segito-tabla-allvany/nirvel-fodrasz-poszter-lila', '1712', 1, '303')

[2020-12-04 17:57:07] INSERT INTO webshop_special_fields (`key`, `value`, `product_id`) VALUES ('manufacturer', 'Nirvel', 5105)

[2020-12-04 17:57:07] INSERT INTO webshop_special_fields (`key`, `value`, `product_id`) VALUES ('quantityunit', 'db', 5105)

[2020-12-04 17:57:07] INSERT INTO webshop_special_fields (`key`, `value`, `product_id`) VALUES ('kiszereles', '1', 5105)

[2020-12-04 17:57:07] INSERT INTO webshop_gallery (`id`, `product_id`, `original_name`, `new_name`, `date`) VALUES (15425, 5106, 'Nirvel fodrász poszter - szőke', '15425.jpg', 1607101027)

[2020-12-04 17:57:07] INSERT INTO webshop_products (`id`, `name_hun`, `name_eng`, `item_id`, `price`, `reduced_price`, `status`, `currency`, `content_short`, `content`, `details`, `date`, `default_pic`, `active`, `main`, `sort`, `category_id`, `root_category_id`, `seo_name`, `fullurl`, `websyx_id`, `quantity`, `other_categories`) VALUES ('5106', 'Nirvel fodrász poszter - szőke', 'Nirvel fodrász poszter - szőke', '0135-nirvel-poszter-szőke', 0, 0, 1, 'Ft', 'fodrász poszter, méret: kb. 60×85cm
A fodrász poszterek többsége vásárlási összeghez kötötten ajándékba...', '<P>fodrász poszter, méret: kb. 60×85cm</P>
<P style=\"TEXT-ALIGN: justify; MARGIN: 0cm 0cm 10pt\">A fodrász poszterek többsége vásárlási összeghez kötötten ajándékba is kapható.&nbsp; Webáruháztól függően, a fodrászoknak készült poszterek a vásárlás végén a kosárban, a választható ajándék termékeknél, a szükséges vásárlási összeg feltüntetése mellett kiválaszthatók. Amennyiben a webáruház rendszere a kosárban, a fodrász posztereket nem ajánlja fel ajándék termékként, hívja ügyfélszolgálatunkat, és tájékoztatjuk az ingyenes lehetőségekről. +36/20/3371605</P>', '', 1607101027, '15425', '1', 0, 1, 303, '104', 'nirvel-fodrasz-poszter-szoke', 'fodraszkellek/poszter-termek-eladast-segito-tabla-allvany/nirvel-fodrasz-poszter-szoke', '2152', 1, '303')

[2020-12-04 17:57:07] INSERT INTO webshop_special_fields (`key`, `value`, `product_id`) VALUES ('manufacturer', 'Nirvel', 5106)

[2020-12-04 17:57:07] INSERT INTO webshop_special_fields (`key`, `value`, `product_id`) VALUES ('quantityunit', 'db', 5106)

[2020-12-04 17:57:07] INSERT INTO webshop_special_fields (`key`, `value`, `product_id`) VALUES ('kiszereles', '1', 5106)

[2020-12-04 17:57:07] UPDATE webshop_gallery SET original_name='Nirvel Barber férfi asztali - fali pószter és termék kiállító pult 40×40cm', date=1607101027 WHERE id=1450

[2020-12-04 17:57:07] UPDATE webshop_special_fields SET `value`='Nirvel' WHERE `key`='manufacturer' AND `product_id`=3167

[2020-12-04 17:57:07] UPDATE webshop_special_fields SET `value`='db' WHERE `key`='quantityunit' AND `product_id`=3167

[2020-12-04 17:57:07] UPDATE webshop_special_fields SET `value`='1' WHERE `key`='kiszereles' AND `product_id`=3167

[2020-12-04 17:57:07] UPDATE webshop_products SET `name_hun`='Nirvel Barber férfi asztali - fali poszter és termék kiállító pult 40×40cm',`content_short`='Pószter és termék kiállító pult 40×40cm. Exkluzív kivitelű, műanyagból készült, asztalon is megálló...',`content`='<P style=\"TEXT-ALIGN: justify\">Pószter és termék kiállító pult 40×40cm. Exkluzív kivitelű, műanyagból készült, asztalon is megálló pószter, melyről a kiállító pult levágható, és így fali pószterként is használható. ANirvel Barber férfi szépségápolási termékekhez készült.</P>
<P style=\"TEXT-ALIGN: justify\">A Nirvel Barber professzionális termékcsalád, egy friss és izgalmas férfi illattal, a férfi szépségápoláshoz készült, a fodrászatokba, és otthoni használatra.&nbsp; Férfi haj és szakáll ápoló sampon, borotva krém szalon és otthoni kiszerelésben, borotválkozás utáni balzsam, haj és szakáll wax alkotja a termékcsaládot. A termékekben az Argan olaj, és Jojoba ápoló tulajdonságit használjuk a bőr, és a haj és arcszőrzet ápolására.</P>
<P style=\"TEXT-ALIGN: justify\">&nbsp;</P>
<P style=\"TEXT-ALIGN: justify\"><STRONG></STRONG>&nbsp;</P>
<P style=\"TEXT-ALIGN: justify\">
<P></P>
<P></P>
<P></P>', `item_id`='0135-nbarber-5221-dysplaforman-30×22cm', `default_pic`='1450', `active`='1', `category_id`='91', `root_category_id`='86', `seo_name`='nirvel-barber-ferfi-asztali-fali-poszter-es-termek-kiallito-pult-40-40cm', `fullurl`='fodraszbutor/szalon-dekoracio-termek-allvany/nirvel-barber-ferfi-asztali-fali-poszter-es-termek-kiallito-pult-40-40cm', `other_categories`='91,131,159,170,173,219,220,222,229,252,253,256,313,314,360,401' WHERE id=3167

[2020-12-04 17:57:07] UPDATE webshop_products SET sort=1 WHERE id=3326

[2020-12-04 17:57:07] UPDATE webshop_products SET sort=2 WHERE id=5104

[2020-12-04 17:57:07] UPDATE webshop_products SET sort=3 WHERE id=5105

[2020-12-04 17:57:07] UPDATE webshop_products SET sort=4 WHERE id=5106

[2020-12-04 17:57:07] UPDATE webshop_products SET sort=5 WHERE id=5103

[2020-12-04 17:57:07] UPDATE webshop_products SET sort=6 WHERE id=5102

[2020-12-04 17:57:11] UPDATE users SET lastlogin = NOW() WHERE id = '11'

[2020-12-04 17:57:14] UPDATE users SET lastlogin = NOW() WHERE id = '11'

[2020-12-04 17:57:14] UPDATE webshop_products SET `price1_name`='', `price1_currency`='', `price1_value`='0' WHERE id=5102

[2020-12-04 17:57:14] UPDATE webshop_products SET `price2_name`='Kereskedő -27,6%', `price2_currency`='HUF', `price2_value`='2287' WHERE id=5102

[2020-12-04 17:57:14] UPDATE webshop_products SET `price3_name`='Kereskedő -33,6%', `price3_currency`='HUF', `price3_value`='2097' WHERE id=5102

[2020-12-04 17:57:14] UPDATE webshop_products SET `price4_name`='Szakmai 1 ár -7%', `price4_currency`='HUF', `price4_value`='2938' WHERE id=5102

[2020-12-04 17:57:14] UPDATE webshop_products SET `price5_name`='Szakmai 2 ár -14%', `price5_currency`='HUF', `price5_value`='2717' WHERE id=5102

[2020-12-04 17:57:14] UPDATE webshop_products SET `price6_name`='Vásárló', `price6_currency`='HUF', `price6_value`='3158' WHERE id=5102

[2020-12-04 17:57:14] UPDATE webshop_products SET `price7_name`='W Lista ár', `price7_currency`='HUF', `price7_value`='3158' WHERE id=5102

[2020-12-04 17:57:14] UPDATE webshop_products SET `price`='3158', `reduced_price`=0 WHERE id=5102

[2020-12-04 17:57:14] UPDATE webshop_products SET `price1_name`='', `price1_currency`='', `price1_value`='0' WHERE id=5103

[2020-12-04 17:57:14] UPDATE webshop_products SET `price2_name`='Kereskedő -27,6%', `price2_currency`='HUF', `price2_value`='411' WHERE id=5103

[2020-12-04 17:57:14] UPDATE webshop_products SET `price3_name`='Kereskedő -33,6%', `price3_currency`='HUF', `price3_value`='377' WHERE id=5103

[2020-12-04 17:57:14] UPDATE webshop_products SET `price4_name`='Szakmai 1 ár -7%', `price4_currency`='HUF', `price4_value`='528' WHERE id=5103

[2020-12-04 17:57:14] UPDATE webshop_products SET `price5_name`='Szakmai 2 ár -14%', `price5_currency`='HUF', `price5_value`='488' WHERE id=5103

[2020-12-04 17:57:14] UPDATE webshop_products SET `price6_name`='Vásárló', `price6_currency`='HUF', `price6_value`='568' WHERE id=5103

[2020-12-04 17:57:14] UPDATE webshop_products SET `price7_name`='W Lista ár', `price7_currency`='HUF', `price7_value`='568' WHERE id=5103

[2020-12-04 17:57:14] UPDATE webshop_products SET `price`='568', `reduced_price`=0 WHERE id=5103

[2020-12-04 17:57:14] UPDATE webshop_products SET `price1_name`='', `price1_currency`='', `price1_value`='0' WHERE id=5104

[2020-12-04 17:57:14] UPDATE webshop_products SET `price2_name`='Kereskedő -27,6%', `price2_currency`='HUF', `price2_value`='411' WHERE id=5104

[2020-12-04 17:57:14] UPDATE webshop_products SET `price3_name`='Kereskedő -33,6%', `price3_currency`='HUF', `price3_value`='377' WHERE id=5104

[2020-12-04 17:57:14] UPDATE webshop_products SET `price4_name`='Szakmai 1 ár -7%', `price4_currency`='HUF', `price4_value`='528' WHERE id=5104

[2020-12-04 17:57:14] UPDATE webshop_products SET `price5_name`='Szakmai 2 ár -14%', `price5_currency`='HUF', `price5_value`='488' WHERE id=5104

[2020-12-04 17:57:14] UPDATE webshop_products SET `price6_name`='Vásárló', `price6_currency`='HUF', `price6_value`='568' WHERE id=5104

[2020-12-04 17:57:14] UPDATE webshop_products SET `price7_name`='W Lista ár', `price7_currency`='HUF', `price7_value`='568' WHERE id=5104

[2020-12-04 17:57:14] UPDATE webshop_products SET `price`='568', `reduced_price`=0 WHERE id=5104

[2020-12-04 17:57:14] UPDATE webshop_products SET `price1_name`='', `price1_currency`='', `price1_value`='0' WHERE id=5105

[2020-12-04 17:57:14] UPDATE webshop_products SET `price2_name`='Kereskedő -27,6%', `price2_currency`='HUF', `price2_value`='411' WHERE id=5105

[2020-12-04 17:57:14] UPDATE webshop_products SET `price3_name`='Kereskedő -33,6%', `price3_currency`='HUF', `price3_value`='377' WHERE id=5105

[2020-12-04 17:57:14] UPDATE webshop_products SET `price4_name`='Szakmai 1 ár -7%', `price4_currency`='HUF', `price4_value`='528' WHERE id=5105

[2020-12-04 17:57:14] UPDATE webshop_products SET `price5_name`='Szakmai 2 ár -14%', `price5_currency`='HUF', `price5_value`='488' WHERE id=5105

[2020-12-04 17:57:14] UPDATE webshop_products SET `price6_name`='Vásárló', `price6_currency`='HUF', `price6_value`='568' WHERE id=5105

[2020-12-04 17:57:14] UPDATE webshop_products SET `price7_name`='W Lista ár', `price7_currency`='HUF', `price7_value`='568' WHERE id=5105

[2020-12-04 17:57:14] UPDATE webshop_products SET `price`='568', `reduced_price`=0 WHERE id=5105

[2020-12-04 17:57:14] UPDATE webshop_products SET `price1_name`='', `price1_currency`='', `price1_value`='0' WHERE id=5106

[2020-12-04 17:57:14] UPDATE webshop_products SET `price2_name`='Kereskedő -27,6%', `price2_currency`='HUF', `price2_value`='411' WHERE id=5106

[2020-12-04 17:57:14] UPDATE webshop_products SET `price3_name`='Kereskedő -33,6%', `price3_currency`='HUF', `price3_value`='377' WHERE id=5106

[2020-12-04 17:57:14] UPDATE webshop_products SET `price4_name`='Szakmai 1 ár -7%', `price4_currency`='HUF', `price4_value`='528' WHERE id=5106

[2020-12-04 17:57:15] UPDATE webshop_products SET `price5_name`='Szakmai 2 ár -14%', `price5_currency`='HUF', `price5_value`='488' WHERE id=5106

[2020-12-04 17:57:15] UPDATE webshop_products SET `price6_name`='Vásárló', `price6_currency`='HUF', `price6_value`='568' WHERE id=5106

[2020-12-04 17:57:15] UPDATE webshop_products SET `price7_name`='W Lista ár', `price7_currency`='HUF', `price7_value`='568' WHERE id=5106

[2020-12-04 17:57:15] UPDATE webshop_products SET `price`='568', `reduced_price`=0 WHERE id=5106

[2020-12-04 17:57:19] UPDATE users SET lastlogin = NOW() WHERE id = '11'

[2020-12-04 17:57:22] UPDATE users SET lastlogin = NOW() WHERE id = '11'

[2020-12-04 17:57:31] DELETE FROM webshop_gallery WHERE id=15420

[2020-12-04 17:57:38] DELETE FROM webshop_gallery WHERE id='14051'

[2020-12-04 17:57:38] INSERT INTO webshop_gallery (`id`, `product_id`, `original_name`, `new_name`, `date`) VALUES (15426, 2774, 'Nirvel Decogel hajkímélő szőkítő zselé', '15426.jpg', 1607101058)

[2020-12-04 17:57:38] INSERT INTO webshop_gallery (`id`, `product_id`, `original_name`, `new_name`, `date`) VALUES (15427, 2774, 'Nirvel Decogel szőkítő zselé', '15427.jpg', 1607101058)

[2020-12-04 17:57:38] INSERT INTO webshop_gallery (`id`, `product_id`, `original_name`, `new_name`, `date`) VALUES (15428, 5103, 'Nirvel fodrász poszter - Naturals természetes hajápolók', '15428.jpg', 1607101058)

[2020-12-04 17:57:38] INSERT INTO webshop_gallery (`id`, `product_id`, `original_name`, `new_name`, `date`) VALUES (15429, 5105, 'Nirvel fodrász poszter -lila', '15429.jpg', 1607101058)

[2020-12-04 17:57:38] INSERT INTO webshop_gallery (`id`, `product_id`, `original_name`, `new_name`, `date`) VALUES (15430, 5106, 'Nirvel fodrász poszter - szőke', '15430.jpg', 1607101058)

