[2020-12-04 09:21:03] UPDATE users SET lastlogin = NOW() WHERE id = '11'

[2020-12-04 09:21:07] UPDATE users SET lastlogin = NOW() WHERE id = '11'

[2020-12-04 09:21:08] UPDATE users SET lastlogin = NOW() WHERE id = '11'

[2020-12-04 09:21:08] INSERT INTO webshop_gallery (`id`, `product_id`, `original_name`, `new_name`, `date`) VALUES (15417, 5100, 'Fodrász és model babafej tartó tapadó korongal 3010056d', '15417.jpg', 1607070068)

[2020-12-04 09:21:09] INSERT INTO webshop_products (`id`, `name_hun`, `name_eng`, `item_id`, `price`, `reduced_price`, `status`, `currency`, `content_short`, `content`, `details`, `date`, `default_pic`, `active`, `main`, `sort`, `category_id`, `root_category_id`, `seo_name`, `fullurl`, `websyx_id`, `quantity`, `other_categories`) VALUES ('5100', 'Fodrász és model babafej tartó tapadó korongal 3010056d', 'Fodrász és model babafej tartó tapadó korongal 3010056d', '1734-cbf-3010056d', 0, 0, 1, 'Ft', 'Babafej tartó, fodrászoknak, nagyon erős műanyagból, kézi kapcsolású rögzítő tapadókorongal. A fodrászati...', '<P>Babafej tartó, fodrászoknak, nagyon erős műanyagból, kézi kapcsolású rögzítő tapadókorongal. A fodrászati műveletek gyakorláshoz, vizsgához, erős babafejet tartó szerkezetre van szükség. Ezt a babafejekhez,&nbsp;modellező fejekhez készült tartót a teljesen sima, polírozott bútor, és üveg felületekre szerelhetjük fel, a tapadó korong segítségével. Csak rendelésre szállítjuk! 20/3371605</P>
<P></P>', '', 1607070069, '15417', '1', 0, 1, 108, '104', 'fodrasz-es-model-babafej-tarto-tapado-korongal-3010056d', 'fodraszkellek/fodrasz-babafej-es-egyeb-fodraszkellek/fodrasz-es-model-babafej-tarto-tapado-korongal-3010056d', '105', 1, '108')

[2020-12-04 09:21:09] INSERT INTO webshop_special_fields (`key`, `value`, `product_id`) VALUES ('manufacturer', 'Comair fodrászkellék', 5100)

[2020-12-04 09:21:09] INSERT INTO webshop_special_fields (`key`, `value`, `product_id`) VALUES ('quantityunit', 'db', 5100)

[2020-12-04 09:21:09] INSERT INTO webshop_special_fields (`key`, `value`, `product_id`) VALUES ('kiszereles', '1', 5100)

[2020-12-04 09:21:09] INSERT INTO webshop_gallery (`id`, `product_id`, `original_name`, `new_name`, `date`) VALUES (15418, 5101, 'LIM HAIR Mini TR1', '15418.jpg', 1607070069)

[2020-12-04 09:21:09] INSERT INTO webshop_products (`id`, `name_hun`, `name_eng`, `item_id`, `price`, `reduced_price`, `status`, `currency`, `content_short`, `content`, `details`, `date`, `default_pic`, `active`, `main`, `sort`, `category_id`, `root_category_id`, `seo_name`, `fullurl`, `websyx_id`, `quantity`, `other_categories`) VALUES ('5101', 'LIM HAIR Mini TR1', 'LIM HAIR Mini TR1', '2829-lim-wm2.0-trencadis-2', 0, 0, 1, 'Ft', 'Mini hajszárító hajkímélő hajszárításhoz. Diffúzoros, és a&nbsp;szűkítő fúvócső is...', '<P style=\"TEXT-ALIGN: justify; MARGIN: 0cm 0cm 10pt; LINE-HEIGHT: normal; mso-margin-top-alt: auto; mso-margin-bottom-alt: auto\">Mini hajszárító hajkímélő hajszárításhoz. Diffúzoros, és a&nbsp;szűkítő fúvócső is tartozék.&nbsp;13cm hosszú,&nbsp;pehely súlyú, de&nbsp;óriási lég teljesítményt szállít, a&nbsp;LIM design mintás &nbsp;travel hajszárító gépe. Ennek köszönhetően alacsony hőfokon is&nbsp;rendkívül gyorsan képes megszárítani az egész család&nbsp;haját egy kiránduláson, anélkül, hogy károsítaná a hajat. &nbsp;Egy női kézi táskában is könnyen elfér, használata, utazáshoz, &hellip;.. ajánlott. &nbsp;A LIM hajszárítókat Spanyolország Barcelonai gyárában készítik.</P>
<P style=\"TEXT-ALIGN: justify; MARGIN: 0cm 0cm 10pt; LINE-HEIGHT: normal; mso-margin-top-alt: auto; mso-margin-bottom-alt: auto\">A diffúzor használata ideális a göndör haj készítéséhez, szárításához.</P>
<P style=\"MARGIN: 0cm 0cm 10pt; LINE-HEIGHT: normal; mso-margin-top-alt: auto; mso-margin-bottom-alt: auto\"><B>LIM-HAIR-TR1 travel mini hajszárító gép műszaki adatok, tartozékok.</B></P>
<UL type=disc>
<LI style=\"MARGIN: 0cm 0cm 10pt; LINE-HEIGHT: normal; mso-margin-top-alt: auto; mso-margin-bottom-alt: auto; mso-list: l0 level1 lfo1; tab-stops: list 36.0pt\">A mini hajszárító modern, extravagáns &nbsp;színes borítással rendelkezik. 
<LI style=\"MARGIN: 0cm 0cm 10pt; LINE-HEIGHT: normal; mso-margin-top-alt: auto; mso-margin-bottom-alt: auto; mso-list: l0 level1 lfo1; tab-stops: list 36.0pt\">Mini&nbsp;kiképzésű, a hajszárító gép test hossza kb.130mm. 
<LI style=\"MARGIN: 0cm 0cm 10pt; LINE-HEIGHT: normal; mso-margin-top-alt: auto; mso-margin-bottom-alt: auto; mso-list: l0 level1 lfo1; tab-stops: list 36.0pt\">Hajszárításkor 2 meleg hő fokozatot kapcsolhatunk, és minden fokozatnál használhatjuk a hűtő gombot, amellyel a hideg levegőt állíthatunk elő, ha szükséges. 
<LI style=\"MARGIN: 0cm 0cm 10pt; LINE-HEIGHT: normal; mso-margin-top-alt: auto; mso-margin-bottom-alt: auto; mso-list: l0 level1 lfo1; tab-stops: list 36.0pt\">A hajszárítónál a levehető szűkítő, és diffúzor tartozékok. 
<LI style=\"MARGIN: 0cm 0cm 10pt; LINE-HEIGHT: normal; mso-margin-top-alt: auto; mso-margin-bottom-alt: auto; mso-list: l0 level1 lfo1; tab-stops: list 36.0pt\">A hajszárításhoz szükséges&nbsp; villamos&nbsp; teljesítmény, 220-240V&nbsp; 50/60Hz&nbsp;&nbsp; 1000Watt. 
<LI style=\"MARGIN: 0cm 0cm 10pt; LINE-HEIGHT: normal; mso-margin-top-alt: auto; mso-margin-bottom-alt: auto; mso-list: l0 level1 lfo1; tab-stops: list 36.0pt\">A hajszárítóval kb. 3 m &ndash;re távolodhatunk el a konnektortól. 
<LI style=\"MARGIN: 0cm 0cm 10pt; LINE-HEIGHT: normal; mso-margin-top-alt: auto; mso-margin-bottom-alt: auto; mso-list: l0 level1 lfo1; tab-stops: list 36.0pt\">A <B>LIM-HAIR-TR1 travel mini </B>hajszárítók felakasztható füllel is rendelkeznek. 
<LI style=\"MARGIN: 0cm 0cm 10pt; LINE-HEIGHT: normal; mso-margin-top-alt: auto; mso-margin-bottom-alt: auto; mso-list: l0 level1 lfo1; tab-stops: list 36.0pt\">A hajszárító gép test súlya kb. 185gr, kábellel együtt 330gr.&nbsp; 
<LI style=\"MARGIN: 0cm 0cm 10pt; LINE-HEIGHT: normal; mso-margin-top-alt: auto; mso-margin-bottom-alt: auto; mso-list: l0 level1 lfo1; tab-stops: list 36.0pt\"><B>LIM-HAIR-TR1 travel mini </B>hajszárító származási hely, EU.</LI></UL>', '', 1607070069, '15418', '1', 0, 1, 378, '92', 'lim-hair-mini-tr1', 'hajformazo-gepek/hajszarito/mini-hajszarito/lim-hair-mini-tr1', '2019', 1, '378')

[2020-12-04 09:21:09] INSERT INTO webshop_special_fields (`key`, `value`, `product_id`) VALUES ('manufacturer', 'LIM HAIR hajformázók', 5101)

[2020-12-04 09:21:09] INSERT INTO webshop_special_fields (`key`, `value`, `product_id`) VALUES ('quantityunit', 'db', 5101)

[2020-12-04 09:21:09] INSERT INTO webshop_special_fields (`key`, `value`, `product_id`) VALUES ('kiszereles', '1', 5101)

[2020-12-04 09:21:09] UPDATE webshop_products SET sort=1 WHERE id=3326

[2020-12-04 09:21:09] UPDATE webshop_products SET sort=2 WHERE id=5100

[2020-12-04 09:21:09] UPDATE webshop_products SET sort=3 WHERE id=5101

[2020-12-04 09:21:15] UPDATE users SET lastlogin = NOW() WHERE id = '11'

[2020-12-04 09:21:17] UPDATE users SET lastlogin = NOW() WHERE id = '11'

[2020-12-04 09:21:17] UPDATE webshop_products SET `price1_name`='', `price1_currency`='', `price1_value`='0' WHERE id=5100

[2020-12-04 09:21:17] UPDATE webshop_products SET `price2_name`='Kereskedő -27,6%', `price2_currency`='HUF', `price2_value`='8303' WHERE id=5100

[2020-12-04 09:21:17] UPDATE webshop_products SET `price3_name`='Kereskedő -33,6%', `price3_currency`='HUF', `price3_value`='7615' WHERE id=5100

[2020-12-04 09:21:17] UPDATE webshop_products SET `price4_name`='Szakmai 1 ár -7%', `price4_currency`='HUF', `price4_value`='10665' WHERE id=5100

[2020-12-04 09:21:17] UPDATE webshop_products SET `price5_name`='Szakmai 2 ár -14%', `price5_currency`='HUF', `price5_value`='9863' WHERE id=5100

[2020-12-04 09:21:17] UPDATE webshop_products SET `price6_name`='Vásárló', `price6_currency`='HUF', `price6_value`='11468' WHERE id=5100

[2020-12-04 09:21:17] UPDATE webshop_products SET `price7_name`='W Lista ár', `price7_currency`='HUF', `price7_value`='11468' WHERE id=5100

[2020-12-04 09:21:17] UPDATE webshop_products SET `price`='11468', `reduced_price`=0 WHERE id=5100

[2020-12-04 09:21:17] UPDATE webshop_products SET `price1_name`='', `price1_currency`='', `price1_value`='0' WHERE id=5101

[2020-12-04 09:21:17] UPDATE webshop_products SET `price2_name`='Kereskedő -27,6%', `price2_currency`='HUF', `price2_value`='8447' WHERE id=5101

[2020-12-04 09:21:17] UPDATE webshop_products SET `price3_name`='Kereskedő -33,6%', `price3_currency`='HUF', `price3_value`='7747' WHERE id=5101

[2020-12-04 09:21:17] UPDATE webshop_products SET `price4_name`='Szakmai 1 ár -7%', `price4_currency`='HUF', `price4_value`='10851' WHERE id=5101

[2020-12-04 09:21:17] UPDATE webshop_products SET `price5_name`='Szakmai 2 ár -14%', `price5_currency`='HUF', `price5_value`='10034' WHERE id=5101

[2020-12-04 09:21:17] UPDATE webshop_products SET `price6_name`='Vásárló', `price6_currency`='HUF', `price6_value`='11667' WHERE id=5101

[2020-12-04 09:21:17] UPDATE webshop_products SET `price7_name`='W Lista ár', `price7_currency`='HUF', `price7_value`='11667' WHERE id=5101

[2020-12-04 09:21:17] UPDATE webshop_products SET `price`='11667', `reduced_price`=0 WHERE id=5101

[2020-12-04 09:21:21] UPDATE users SET lastlogin = NOW() WHERE id = '11'

[2020-12-04 09:21:24] UPDATE users SET lastlogin = NOW() WHERE id = '11'

[2020-12-04 09:21:24] DELETE FROM webshop_gallery WHERE id=15415

[2020-12-04 09:21:27] DELETE FROM webshop_gallery WHERE id=15413

[2020-12-04 09:21:29] DELETE FROM webshop_gallery WHERE id=15414

[2020-12-04 09:21:42] INSERT INTO webshop_gallery (`id`, `product_id`, `original_name`, `new_name`, `date`) VALUES (15419, 5100, 'Fodrász babafej tartó tapadó korongal 3010056d', '15419.jpg', 1607070102)

[2020-12-04 09:21:42] INSERT INTO webshop_gallery (`id`, `product_id`, `original_name`, `new_name`, `date`) VALUES (15420, 5101, 'LIM HAIR Mini TR1', '15420.jpg', 1607070102)

[2020-12-04 09:21:50] UPDATE users SET lastlogin = NOW() WHERE id = '11'

