[2020-12-03 12:51:05] UPDATE users SET lastlogin = NOW() WHERE id = '11'

[2020-12-03 12:51:08] UPDATE users SET lastlogin = NOW() WHERE id = '11'

[2020-12-03 12:51:11] UPDATE users SET lastlogin = NOW() WHERE id = '11'

[2020-12-03 12:51:11] UPDATE webshop_gallery SET original_name='Nirvel Barber After Shave borotválkozás utáni nyugtató arcbőrfiatalító krém', date=1606996271 WHERE id=1447

[2020-12-03 12:51:11] UPDATE webshop_special_fields SET `value`='Nirvel' WHERE `key`='manufacturer' AND `product_id`=3164

[2020-12-03 12:51:11] UPDATE webshop_special_fields SET `value`='ml' WHERE `key`='quantityunit' AND `product_id`=3164

[2020-12-03 12:51:11] UPDATE webshop_special_fields SET `value`='150' WHERE `key`='kiszereles' AND `product_id`=3164

[2020-12-03 12:51:11] UPDATE webshop_products SET `name_hun`='Nirvel Barber After Shave borotválkozás utáni nyugtató arcbőrfiatalító krém',`content_short`='Borotválkozás utáni alkohol mentes Barber arcbőr nyugtató, arcfiatalító balzsam krém, forradalmian...',`content`='<P style=\"MARGIN: 0cm 0cm 10pt\"><FONT face=Calibri>Borotválkozás utáni alkohol mentes Barber arcbőr nyugtató, arcfiatalító balzsam krém, forradalmian új,&nbsp;több funkciós hatással.&nbsp; Magas hidratáló és bőrregeneráló, valamint arcbőr fiatalító tulajdonsággal is rendelkező összetevőket is tartalmazó, férfiaknak készült borotválkozó termék. Nyugtatja, hidratálja és felfrissíti az egész arcot borotválkozás után,&nbsp;és ezen felül&nbsp;egy intenzív bőrkisimító, feszesítő,&nbsp;ránctalanító kezelést is ad az arcbőrnek.</FONT></P>
<P style=\"TEXT-ALIGN: justify; MARGIN: 6pt 0cm; LINE-HEIGHT: normal\"><FONT face=Calibri>150ml &ndash; A Nirvel Barber professzionális termékcsalád, egy friss és izgalmas férfi illattal, a férfi szépségápoláshoz készült, a fodrászatokba, és otthoni használatra.&nbsp; Férfi haj és szakáll ápoló sampon, borotva krém szalon és otthoni kiszerelésben, borotválkozás utáni balzsam, haj, bajusz és szakáll wax alkotja a termékcsaládot. A termékekben az Argan olaj, és Jojoba ápoló tulajdonságit használjuk a bőr, és a haj és arcszőrzet ápolására.</FONT></P>
<P style=\"MARGIN: 0cm 0cm 10pt\"><BR><FONT face=Calibri><B style=\"mso-bidi-font-weight: normal\"><U>Alkohol mentes! - A Barber borotválkozás utáni arckezelő balzsam használata.</U></B><BR>A borotválkozás után, kis körkörös mozdulatokkal, vigye fel a borotválkozás utáni barber balzsamot a nyak és az áll, valamint az egész arcbőrre. </FONT><STRONG>Professzionális célra készült Barber fodrászcikk, fodrászkellék!</STRONG></P>', `item_id`='0114-nbarber-6593-150ml', `default_pic`='1447', `active`='1', `category_id`='159', `root_category_id`='131', `seo_name`='nirvel-barber-after-shave-borotvalkozas-utani-nyugtato-arcborfiatalito-krem', `fullurl`='hajapolas/sampon/ferfi-sampon/nirvel-barber-after-shave-borotvalkozas-utani-nyugtato-arcborfiatalito-krem', `other_categories`='159,222,229,252,253,256,313,360,364,401,409,423' WHERE id=3164

[2020-12-03 12:51:11] UPDATE webshop_gallery SET original_name='Hajragasztócsík tip szett kétoldalon ragasztós Fehér/erős SO.CAP.', date=1606996271 WHERE id=8454

[2020-12-03 12:51:11] UPDATE webshop_special_fields SET `value`='EURO SO.CAP. póthaj' WHERE `key`='manufacturer' AND `product_id`=4408

[2020-12-03 12:51:11] UPDATE webshop_special_fields SET `value`='db' WHERE `key`='quantityunit' AND `product_id`=4408

[2020-12-03 12:51:11] UPDATE webshop_special_fields SET `value`='1' WHERE `key`='kiszereles' AND `product_id`=4408

[2020-12-03 12:51:11] UPDATE webshop_products SET `name_hun`='Hajragasztócsík tip szett kétoldalon ragasztós Fehér/erős SO.CAP.',`content_short`='
Póthaj hajragasztócsík tip szett, mindkét oldalán ragsztós felülettel.&nbsp;12db 40×8mm tip 1db...',`content`='<FONT face=Calibri>
<P>Póthaj hajragasztócsík tip szett, mindkét oldalán ragsztós felülettel.&nbsp;12db 40×8mm tip 1db levélen.&nbsp;Középen elvágva&nbsp;24db - normál méretű 20×8mm tip készíthető belőle. Erős, hosszú ideig tartó póthajat ragasztó szalag. A SO.CAP. márkájú, hajhosszabításhoz készült hajragasztó szalag&nbsp;tip,&nbsp;a hajragasztásos hahosszabbítási tecnika, haj&nbsp;rögzítő eleme. A hajragsztó szalagnak mind két oldala ragasztó felülettel van ellátva, egy vékony védő fóliával fedve, mely könnyen eltávolítható.</P>
<P>A fehér póthaj ragasztócsík, hajragsztó szalag tartóssága: kb. 8-10 hét</P>
<P style=\"TEXT-ALIGN: justify\" data-mce-style=\"text-align: justify;\"><U>&nbsp;- A hajragasztás munkafolyamata:</U></P>
<P style=\"TEXT-ALIGN: justify\" data-mce-style=\"text-align: justify;\">1. Válasszon, vagy készítsen két egyforma, kívánt hosszúságú hajtincset.</P>
<P style=\"TEXT-ALIGN: justify\" data-mce-style=\"text-align: justify;\">2. A kétoldalú ragasztócsík egyik oldaláról a védő fóliát lehúzva, ragassza a felrakandó hajtincs megfelelő helyére, majd távolítsa el védő fóliát a ragasztócsík másik oldaláról is, tegye félre. Ezt ismételje meg a másik felrakandó hajtincsen is!</P>
<P style=\"TEXT-ALIGN: justify\" data-mce-style=\"text-align: justify;\">3-4 Válasszon le egy ugyanilyen szélességű haj tincset a fejen a kb 0,5&nbsp; cm re a hajtőtől, ahová a tincseket felragasztja. Először a kiválasztott hajtincs alsó oldalára, ragassza fel a ragasztós hajtincset.</P>
<P style=\"TEXT-ALIGN: justify\" data-mce-style=\"text-align: justify;\">5-6 A másik ragasztós hajtincset a haj felső részéről ragassza rá a hajtincsre, úgy hogy az alsó ragasztós hajtincsel teljesen fedjék egymást, majd kézzel jól nyomja össze a kettőt.</P>
<P style=\"TEXT-ALIGN: justify\" data-mce-style=\"text-align: justify;\"><U>Felragasztott haj eltávolítása:</U></P>
<P style=\"TEXT-ALIGN: justify\" data-mce-style=\"text-align: justify;\">Egyszerűen finom mozdulattal a két hajcsíkot ketté kell választani! Ha friss és erős a ragasztás, ragasztó leoldó géllel kell bekenni, és pár perc után a hajcsíkok nagyon könnyen szétválnak. A leszedett hajtincsekről samponos vízzel távolítsa el a hair remover gél maradványokat, és a hajat egy új ragasztó csíkkal ismét felrakhatja.</P></FONT>', `item_id`='2536-sh-nbb-fehér-erős-tipszet-1lev-12db', `default_pic`='8454', `active`='1', `category_id`='104', `root_category_id`='0', `seo_name`='hajragasztocsik-tip-szett-ketoldalon-ragasztos-feher-eros-socap', `fullurl`='fodraszkellek/hajragasztocsik-tip-szett-ketoldalon-ragasztos-feher-eros-socap', `other_categories`='104,186,187,324' WHERE id=4408

[2020-12-03 12:51:12] UPDATE webshop_gallery SET original_name='Szakáll ápoló olaj Golden Green', date=1606996272 WHERE id=15177

[2020-12-03 12:51:12] UPDATE webshop_special_fields SET `value`='Egyéb fodrászkellék' WHERE `key`='manufacturer' AND `product_id`=5029

[2020-12-03 12:51:12] UPDATE webshop_special_fields SET `value`='ml' WHERE `key`='quantityunit' AND `product_id`=5029

[2020-12-03 12:51:12] UPDATE webshop_special_fields SET `value`='150' WHERE `key`='kiszereles' AND `product_id`=5029

[2020-12-03 12:51:12] UPDATE webshop_products SET `name_hun`='Szakállápoló olaj Golden Green',`content_short`='Szakáll olaj. Napraforgó-, argán-, jojoba-, mandala olaj, valamint E vitamin tartalmával mely gyorsan felszívódik...',`content`='<P>Szakáll olaj. Napraforgó-, argán-, jojoba-, mandala olaj, valamint E vitamin tartalmával mely gyorsan felszívódik -, ápolja a szakállat, puhává, fényessé teszi a szőrzetet és egészséges, hidratált bőrt is eredményez. A, C, és D vitaminokban is gazdag. Vitamin-, és zsírsav összetevőivel regenerálja a bőrsejteket, erősíti a bőr védelmi képességét, rugalmasságát. Kitűnően alkalmas száraz, öregedő, és zsíros bőrre is.</P>
<P style=\"TEXT-ALIGN: justify\"><STRONG>150ml - HASZNÁLATA:</STRONG> Néhány cseppet oszlassunk el a tenyerünkön, masszírozzuk be a szakállat, majd fésüljük át. Selymessé, fényessé teszi a szőrzetet.</P>
<P style=\"TEXT-ALIGN: justify; MARGIN: 0cm 0cm 10pt\">&nbsp;</P>', `item_id`='0117-stella-33051000-150ml', `default_pic`='15177', `active`='1', `category_id`='253', `root_category_id`='191', `seo_name`='szakallapolo-olaj-golden-green', `fullurl`='arcapolas-testapolas/bajusz-szakall-apolas/szakallapolo-olaj-golden-green', `other_categories`='253,360' WHERE id=5029

[2020-12-03 12:51:12] INSERT INTO webshop_gallery (`id`, `product_id`, `original_name`, `new_name`, `date`) VALUES (15404, 5090, 'Kinman After Shave borotválkozás utáni arcbő rnyugtató balzsam', '15404.jpg', 1606996272)

[2020-12-03 12:51:12] INSERT INTO webshop_products (`id`, `name_hun`, `name_eng`, `item_id`, `price`, `reduced_price`, `status`, `currency`, `content_short`, `content`, `details`, `date`, `default_pic`, `active`, `main`, `sort`, `category_id`, `root_category_id`, `seo_name`, `fullurl`, `websyx_id`, `quantity`, `other_categories`) VALUES ('5090', 'Kinman After Shave borotválkozás utáni arcbő rnyugtató balzsam', 'Kinman After Shave borotválkozás utáni arcbő rnyugtató balzsam', '0814-kinman-550065-75ml', 0, 0, 1, 'Ft', 'Borotválkozás utáni arcbőr nyugtató balzsam, forradalmian új,&nbsp;több funkciós hatással.&nbsp; Magas...', '<P style=\"MARGIN: 0cm 0cm 10pt\"><FONT face=Calibri>Borotválkozás utáni arcbőr nyugtató balzsam, forradalmian új,&nbsp;több funkciós hatással.&nbsp; Magas hidratáló és bőrregeneráló, tulajdonsággal rendelkező összetevőket tartalmazó, férfiaknak készült borotválkozó termék. Nyugtatja, hidratálja és felfrissíti az egész arcot borotválkozás után.</FONT></P>
<P style=\"TEXT-ALIGN: justify; MARGIN: 6pt 0cm; LINE-HEIGHT: normal\"><FONT face=Calibri>75ml &ndash; A&nbsp;Kinman professzionális termékcsalád, egy friss és izgalmas férfi illattal, a férfi szépségápoláshoz készült, a fodrászatokba, és otthoni használatra.&nbsp; Férfi haj és szakáll ápoló sampon, borotva krém szalon és otthoni kiszerelésben, borotválkozás utáni balzsam, haj, bajusz és szakáll wax alkotja a termékcsaládot. A termékekben az Argan olaj, és Jojoba ápoló tulajdonságit használjuk a bőr, és a haj és arcszőrzet ápolására.</FONT></P>
<P style=\"MARGIN: 0cm 0cm 10pt\"><BR><FONT face=Calibri><B style=\"mso-bidi-font-weight: normal\"><U>A borotválkozás utáni balzsam használata.</U></B><BR>Kis körkörös mozdulatokkal, vigye fel a borotválkozás utáni barber balzsamot a nyak és az áll, valamint az egész arcbőrre.</FONT></P>
<P style=\"MARGIN: 0cm 0cm 10pt\"><STRONG>Professzionális Barber fodrászcikk, fodrászkellék!</STRONG></P>', '', 1606996272, '15404', '1', 0, 1, 159, '131', 'kinman-after-shave-borotvalkozas-utani-arcbo-rnyugtato-balzsam', 'hajapolas/sampon/ferfi-sampon/kinman-after-shave-borotvalkozas-utani-arcbo-rnyugtato-balzsam', '3149', 1, '159,222,229,252,253,256,360,364,401,409,411,423')

[2020-12-03 12:51:12] UPDATE webshop_special_fields SET `value`='KIN Cosmetics' WHERE `key`='manufacturer' AND `product_id`=5090

[2020-12-03 12:51:12] UPDATE webshop_special_fields SET `value`='ml' WHERE `key`='quantityunit' AND `product_id`=5090

[2020-12-03 12:51:12] UPDATE webshop_special_fields SET `value`='75' WHERE `key`='kiszereles' AND `product_id`=5090

[2020-12-03 12:51:12] UPDATE webshop_products SET sort=1 WHERE id=3326

[2020-12-03 12:51:12] UPDATE webshop_products SET sort=2 WHERE id=5090

[2020-12-03 12:51:14] UPDATE users SET lastlogin = NOW() WHERE id = '11'

[2020-12-03 12:51:14] INSERT INTO webshop_gallery (`id`, `product_id`, `original_name`, `new_name`, `date`) VALUES (15405, 5091, 'Fodrász szalon hajápoló csomag száraz hajra ajándék 500ml Draw erős hajspray-vel', '15405.jpg', 1606996274)

[2020-12-03 12:51:14] INSERT INTO webshop_products (`id`, `name_hun`, `name_eng`, `item_id`, `price`, `reduced_price`, `status`, `currency`, `content_short`, `content`, `details`, `date`, `default_pic`, `active`, `main`, `sort`, `category_id`, `root_category_id`, `seo_name`, `fullurl`, `websyx_id`, `quantity`, `other_categories`) VALUES ('5091', 'Fodrász szalon hajápoló csomag száraz hajra ajándék 500ml Draw erős hajspray-vel', 'Fodrász szalon hajápoló csomag száraz hajra ajándék 500ml Draw erős hajspray-vel', '0920-csomag-szárazhaj', 0, 0, 1, 'Ft', 'Fodrász szalon hajápoló csomag száraz hajra, Ajándék! erős hajspray-vel
A fodrászoknak összeállított...', '<P style=\"MARGIN: 0cm 0cm 10pt\"><FONT face=Calibri>Fodrász szalon hajápoló csomag száraz hajra, <STRONG>Ajándék! erős hajspray-vel</STRONG></FONT></P>
<P style=\"MARGIN: 0cm 0cm 10pt\"><FONT face=Calibri>A fodrászoknak összeállított hajápoló csomagban, a fodrászatban előforduló minden napos fodrászati alapműveletekhez találhatók, kedvező áru, jó minőségű, nagy kiszerelésű professzionális hajápoló, hajfixáló termékek, a Baxter termék családból.</FONT></P>
<P style=\"MARGIN: 0cm 0cm 10pt\"><FONT face=Calibri>&nbsp;</FONT></P>
<P style=\"MARGIN: 0cm 0cm 10pt\"><FONT face=Calibri>1db Baxter &nbsp;Bamboo 1000ml hajtípusnak megfelelő sampon</FONT></P>
<P style=\"MARGIN: 0cm 0cm 10pt\"><FONT face=Calibri>1db Baxter &nbsp;Bamboo 1000ml hajtípusnak megfelelő hajpakolás</FONT></P>
<P style=\"MARGIN: 0cm 0cm 10pt\"><FONT face=Calibri>1db Baxter &nbsp;Bamboo 1000ml hajtípusnak megfelelő hajbalzsam</FONT></P>
<P style=\"MARGIN: 0cm 0cm 10pt\"><FONT face=Calibri>1db &nbsp;Draw vagy Nuance 300 vagy 400ml erős tartású hajfixáló hab</FONT></P>
<P style=\"MARGIN: 0cm 0cm 10pt\"><FONT face=Calibri>1db 100ml Draw hajwax</FONT></P>
<P style=\"MARGIN: 0cm 0cm 10pt\"><FONT face=Calibri>Ajándék: 1db 750ml Concerto erős hajspray</FONT></P>
<P style=\"MARGIN: 0cm 0cm 10pt\"><FONT face=Calibri>&nbsp;</FONT></P>
<P style=\"MARGIN: 0cm 0cm 10pt\"><FONT face=Calibri>A Baxter, Draw, Nuance termékek, és azok részletes leírása a webáruházban külön, a terméknél található!</FONT></P>
<P>&nbsp;</P>', '', 1606996274, '15405', '1', 0, 1, 49, '131', 'fodrasz-szalon-hajapolo-csomag-szaraz-hajra-ajandek-500ml-draw-eros-hajspray-vel', 'hajapolas/3-fodrasz-szalonkiszerelesu-hajapolok/fodrasz-szalon-hajapolo-csomag-szaraz-hajra-ajandek-500ml-draw-eros-hajspray-vel', '81', 1, '49,220')

[2020-12-03 12:51:14] UPDATE webshop_special_fields SET `value`='PDV Baxter-Nuance-Concerto' WHERE `key`='manufacturer' AND `product_id`=5091

[2020-12-03 12:51:14] UPDATE webshop_special_fields SET `value`='db' WHERE `key`='quantityunit' AND `product_id`=5091

[2020-12-03 12:51:14] UPDATE webshop_special_fields SET `value`='1' WHERE `key`='kiszereles' AND `product_id`=5091

[2020-12-03 12:51:14] INSERT INTO webshop_gallery (`id`, `product_id`, `original_name`, `new_name`, `date`) VALUES (15406, 5092, 'Fodrász szalon hajápoló csomag festett és normál hajra ajándék 500ml Draw erős hajspray-vel', '15406.jpg', 1606996274)

[2020-12-03 12:51:14] INSERT INTO webshop_products (`id`, `name_hun`, `name_eng`, `item_id`, `price`, `reduced_price`, `status`, `currency`, `content_short`, `content`, `details`, `date`, `default_pic`, `active`, `main`, `sort`, `category_id`, `root_category_id`, `seo_name`, `fullurl`, `websyx_id`, `quantity`, `other_categories`) VALUES ('5092', 'Fodrász szalon hajápoló csomag festett és normál hajra ajándék 500ml Draw erős hajspray-vel', 'Fodrász szalon hajápoló csomag festett és normál hajra ajándék 500ml Draw erős hajspray-vel', '0920-csomag-festetthaj', 0, 0, 1, 'Ft', 'Fodrász szalon hajápoló csomag festett és normál hajra, Ajándék! erős hajspray-vel
A fodrászoknak...', '<P><FONT face=Calibri>Fodrász szalon hajápoló csomag festett és normál hajra, <STRONG>Ajándék! erős hajspray-vel</STRONG></FONT></P>
<P style=\"MARGIN: 0cm 0cm 10pt\"><FONT face=Calibri>A fodrászoknak összeállított hajápoló csomagban, a fodrászatban előforduló minden napos fodrászati alapműveletekhez találhatók, kedvező áru, jó minőségű, nagy kiszerelésű professzionális hajápoló, hajfixáló termékek, a Baxter termék családból.</FONT></P>
<P style=\"MARGIN: 0cm 0cm 10pt\"><FONT face=Calibri>&nbsp;</FONT></P>
<P style=\"MARGIN: 0cm 0cm 10pt\"><FONT face=Calibri>1db Baxter&nbsp;&nbsp;Latte 1000ml hajtípusnak megfelelő sampon</FONT></P>
<P style=\"MARGIN: 0cm 0cm 10pt\"><FONT face=Calibri>1db Baxter &nbsp;Frutta 1000ml hajtípusnak megfelelő hajpakolás</FONT></P>
<P style=\"MARGIN: 0cm 0cm 10pt\"><FONT face=Calibri>1db Baxter &nbsp;Latte 1000ml hajtípusnak megfelelő hajbalzsam</FONT></P>
<P style=\"MARGIN: 0cm 0cm 10pt\"><FONT face=Calibri>1db &nbsp;Draw vagy Nuance 300 vagy 400ml erős tartású hajfixáló hab</FONT></P>
<P style=\"MARGIN: 0cm 0cm 10pt\"><FONT face=Calibri>1db 100ml Draw hajwax</FONT></P>
<P style=\"MARGIN: 0cm 0cm 10pt\"><FONT face=Calibri>Ajándék: 1db 750ml Concerto erős hajspray</FONT></P>
<P style=\"MARGIN: 0cm 0cm 10pt\"><FONT face=Calibri>&nbsp;</FONT></P>
<P style=\"MARGIN: 0cm 0cm 10pt\"><FONT face=Calibri>A Baxter, Draw, Nuance termékek, és azok részletes leírása a webáruházban külön, a terméknél található!</FONT></P>
<P>&nbsp;</P>', '', 1606996274, '15406', '1', 0, 1, 49, '131', 'fodrasz-szalon-hajapolo-csomag-festett-es-normal-hajra-ajandek-500ml-draw-eros-hajspray-vel', 'hajapolas/3-fodrasz-szalonkiszerelesu-hajapolok/fodrasz-szalon-hajapolo-csomag-festett-es-normal-hajra-ajandek-500ml-draw-eros-hajspray-vel', '84', 1, '49,220')

[2020-12-03 12:51:14] UPDATE webshop_special_fields SET `value`='PDV Baxter-Nuance-Concerto' WHERE `key`='manufacturer' AND `product_id`=5092

[2020-12-03 12:51:14] UPDATE webshop_special_fields SET `value`='db' WHERE `key`='quantityunit' AND `product_id`=5092

[2020-12-03 12:51:14] UPDATE webshop_special_fields SET `value`='1' WHERE `key`='kiszereles' AND `product_id`=5092

[2020-12-03 12:51:14] UPDATE webshop_gallery SET original_name='KIN Rózsa Arany Prémium fodrász hajvasaló és hajgöndörítő', date=1606996274 WHERE id=8411

[2020-12-03 12:51:14] UPDATE webshop_special_fields SET `value`='KIN Cosmetics' WHERE `key`='manufacturer' AND `product_id`=4400

[2020-12-03 12:51:14] UPDATE webshop_special_fields SET `value`='db' WHERE `key`='quantityunit' AND `product_id`=4400

[2020-12-03 12:51:14] UPDATE webshop_special_fields SET `value`='1' WHERE `key`='kiszereles' AND `product_id`=4400

[2020-12-03 12:51:15] UPDATE webshop_products SET `name_hun`='KIN Rózsa Arany Prémium fodrász hajvasaló és hajgöndörítő',`content_short`='Hajvasaló Exclusive kidolgozású, fekete -&nbsp;rózsaszín arany -&nbsp;színvilággal, 25mm&nbsp;széles, 100mm-es,...',`content`='<P style=\"TEXT-ALIGN: justify; MARGIN: 0cm 0cm 10pt; LINE-HEIGHT: normal; mso-margin-top-alt: auto; mso-margin-bottom-alt: auto\"><FONT face=Calibri>Hajvasaló Exclusive kidolgozású, fekete -&nbsp;rózsaszín arany -&nbsp;színvilággal, 25mm&nbsp;széles, 100mm-es, ( hosszú&nbsp;&nbsp;) Rose Gold Ion Kerámia hajvasaló lappal, hő védő utazó táskával. 110V-os és 220V-os hálózati feszültségű, világszerte használható működéssel.</FONT></P>
<P style=\"TEXT-ALIGN: justify; MARGIN: 0cm 0cm 10pt; LINE-HEIGHT: normal; mso-margin-top-alt: auto; mso-margin-bottom-alt: auto\"><FONT face=Calibri>A világon mindenhol, Amerikában és Európában is használható, 110V-os és 220V feszültséggel is működik!</FONT></P>
<P style=\"TEXT-ALIGN: justify; MARGIN: 0cm 0cm 10pt; LINE-HEIGHT: normal; mso-margin-top-alt: auto; mso-margin-bottom-alt: auto\"><FONT face=Calibri>A professzionális fodrász hajvasalók a KIN Cosmetics Prémium termékeihez illeszkednek megjelenésében és minőségében is. A művészien letisztult formához magas műszaki minőség is párosul. A különleges, fekete, rózsaszín &ndash; arany, szín összeállítású&nbsp;extrém kidolgozású, és professzionális Ionos hajvasalót a LIM HAIR professzionális hajformázó gép márkák gyártója készíti. A szetthez egy hő védelemmel ellátott hajvasaló tartó táska is tartozik, amelybe akár forrón is beletehetjük a hajvasalót.</FONT></P>
<P style=\"TEXT-ALIGN: justify; MARGIN: 0cm 0cm 10pt; LINE-HEIGHT: normal; mso-margin-top-alt: auto; mso-margin-bottom-alt: auto\"><B style=\"mso-bidi-font-weight: normal\"><U><FONT face=Calibri>A Professzionális,&nbsp;Luxus kivitelben&nbsp;készült fodrász hajvasaló használata.</FONT></U></B></P>
<P style=\"TEXT-ALIGN: justify; MARGIN: 0cm 0cm 10pt; LINE-HEIGHT: normal; mso-margin-top-alt: auto; mso-margin-bottom-alt: auto\"><FONT face=Calibri>Az Ion&nbsp;kerámia lapon nagyon könnyen, siklik a haj, ez segíti a gyors munkavégzést.&nbsp;</FONT><FONT face=Calibri>Digitálisan, 4 fokozatban, 160°C-tól 180 - 200 - &nbsp;230°C ig, állítható hőfokú, az ideális legjobb 4db hajvasaló fokozatban, így a nagyon erős hajak hajvasalásához is alkalmas!</FONT></P>
<P style=\"TEXT-ALIGN: justify; MARGIN: 0cm 0cm 10pt; LINE-HEIGHT: normal; mso-margin-top-alt: auto; mso-margin-bottom-alt: auto\"><FONT face=Calibri>A hajvasalóval, hajsimítóval a teljes hajegyenesítésig, az extra síkos hajvasaló felület kialakítása miatt, 1-2 alkalommal kell végig simítani a hajat, a tökéletesen egyenes haj eléréséhez, ezért a hajat kevés igénybevétel éri, nem károsodik, és gyorsan végzünk a hajegyenesítéssel. </FONT></P>
<P style=\"TEXT-ALIGN: justify; MARGIN: 0cm 0cm 10pt; LINE-HEIGHT: normal; mso-margin-top-alt: auto; mso-margin-bottom-alt: auto\"><FONT face=Calibri><B style=\"mso-bidi-font-weight: normal\">Ionos ápolás</B> az egészséges és fényes hajért: A hajvasaló lapok bevonatán keletkező negatív ionok,&nbsp; semlegesítik a haj pozitív feltöltődését, és lehetővé teszik, hogy a haj nedvességének egy részét a haj belsejébe juttassuk. A haj hidratált, fényes, egészséges marad a hajszárítás után!</FONT></P>
<P style=\"TEXT-ALIGN: justify; MARGIN: 0cm 0cm 10pt; LINE-HEIGHT: normal; mso-margin-top-alt: auto; mso-margin-bottom-alt: auto\"><FONT face=Calibri>Hajvasalásnál, hajgöndörítésnél, használjunk hő védő folyadékot, krémet! </FONT></P>
<P style=\"TEXT-ALIGN: justify; MARGIN: 0cm 0cm 10pt; LINE-HEIGHT: normal; mso-margin-top-alt: auto; mso-margin-bottom-alt: auto\"><FONT face=Calibri><U>Hajvasaló tartozékok, műszaki adatok,</U></FONT></P>
<UL type=disc>
<LI style=\"TEXT-ALIGN: justify; MARGIN: 0cm 0cm 10pt; LINE-HEIGHT: normal; mso-margin-top-alt: auto; mso-margin-bottom-alt: auto; mso-list: l0 level1 lfo1; tab-stops: list 36.0pt\"><FONT face=Calibri>A hajvasaló rugalmasan összezáró hajsimító lapokkal készül, amelyek fixen is összezárhatók, ez a fixálható hajvasaló lap zár. </FONT>
<LI style=\"TEXT-ALIGN: justify; MARGIN: 0cm 0cm 10pt; LINE-HEIGHT: normal; mso-margin-top-alt: auto; mso-margin-bottom-alt: auto; mso-list: l0 level1 lfo1; tab-stops: list 36.0pt\"><FONT face=Calibri>Hajvasaláskor a könnyű és ergonomikus géptest kialakítás nem veszi igénybe a kéz izmait. </FONT>
<LI style=\"TEXT-ALIGN: justify; MARGIN: 0cm 0cm 10pt; LINE-HEIGHT: normal; mso-margin-top-alt: auto; mso-margin-bottom-alt: auto; mso-list: l0 level1 lfo1; tab-stops: list 36.0pt\"><FONT face=Calibri>A fűtőlap extra gyors felmelegedési idővel rendelkezik,&nbsp; és felel a tökéletes hő elosztásért . A hajvasaló lap szélessége 25mm, hosszúsága kb. 100mm, a hajvasaló gép teljes hossza kb. 280mm. </FONT>
<LI style=\"TEXT-ALIGN: justify; MARGIN: 0cm 0cm 10pt; LINE-HEIGHT: normal; mso-margin-top-alt: auto; mso-margin-bottom-alt: auto; mso-list: l0 level1 lfo1; tab-stops: list 36.0pt\"><FONT face=Calibri>További paraméterek,&nbsp; -- Egygombos, digitális működtetés. A be és kikacsolás hőfok szabályozás egy gombbal történik. A hőfok kijelzése 4db leddel. Intelligens digitális hajvasaló lap hőmérsékletszabályzású, a legjobb hajformázási eredményért. Hajvasalás hőfoka: 160°C-tól 230°C-ig, az ideális legjobb 4db hajvasaló fokozatban. &nbsp;&nbsp;2,5 m-es, forgó kuplungos kábellel rendelkezik, a hajvasaló teljesítmény felvétele 110 - 220-240V&nbsp; 50/60Hz&nbsp;&nbsp; 45Watt, automatikus kikapcsolás 40 perc után. </FONT>
<LI style=\"TEXT-ALIGN: justify; MARGIN: 0cm 0cm 10pt; LINE-HEIGHT: normal; mso-margin-top-alt: auto; mso-margin-bottom-alt: auto; mso-list: l0 level1 lfo1; tab-stops: list 36.0pt\"><FONT face=Calibri>A hajvasalóval elérhető az ion-effekt hatás, mely simább hajstruktúrát, egészséges fényt és jobb formázhatóságot kölcsönöz a hajnak. </FONT></LI></UL>', `item_id`='0830-kin-310270', `default_pic`='8411', `active`='1', `category_id`='92', `root_category_id`='0', `seo_name`='kin-rozsa-arany-premium-fodrasz-hajvasalo-es-hajgondorito', `fullurl`='hajformazo-gepek/kin-rozsa-arany-premium-fodrasz-hajvasalo-es-hajgondorito', `other_categories`='92,99,104,415' WHERE id=4400

[2020-12-03 12:51:15] UPDATE webshop_gallery SET original_name='Bambusz vaddisznósörte hajkefe 7000760', date=1606996275 WHERE id=13123

[2020-12-03 12:51:15] UPDATE webshop_special_fields SET `value`='Comair fodrászkellék' WHERE `key`='manufacturer' AND `product_id`=4663

[2020-12-03 12:51:15] UPDATE webshop_special_fields SET `value`='db' WHERE `key`='quantityunit' AND `product_id`=4663

[2020-12-03 12:51:15] UPDATE webshop_special_fields SET `value`='1' WHERE `key`='kiszereles' AND `product_id`=4663

[2020-12-03 12:51:15] UPDATE webshop_products SET `name_hun`='Bambusz vaddisznósörte hajkefe 7000760',`content_short`='Vaddisznósörte Hajkefe Bambuszból. Prémium kategóriás vaddisznósörte hajkefék, pneumatikus párnával,...',`content`='<P>Vaddisznósörte Hajkefe Bambuszból. Prémium kategóriás vaddisznósörte hajkefék, pneumatikus párnával, kiálló Nylon tüskékkel. Kialakításánál fogva alkalmas gyors, könnyű hajkibontáshoz, kifésüléshez, és hosszabbított haj kíméletes ápolásához. A kiálló tüskék nagyon jól vezetik a kefét a hajban, segítik a haj kíméletes, könnyű, rángatás mentes kibontását.&nbsp;&nbsp;A hajkefék méretei: ovális kefe fej kiképzés, fejszélesség kb. 65mm, hosszúság kb. 220 mm</P>
<P style=\"TEXT-ALIGN: justify; MARGIN: 0cm 0cm 10pt\"><U>A hajkefe adatai:</U></P>
<P style=\"TEXT-ALIGN: justify; MARGIN: 0cm 0cm 10pt\">A hajkefe hossza: kb. 220mm</P>
<P style=\"TEXT-ALIGN: justify\">A hajkefe fejszélessége: kb. 65mm</P>
<P style=\"TEXT-ALIGN: justify; MARGIN: 0cm 0cm 10pt\">Hajkefe szőr anyaga: vaddisznósörte szőr,</P>
<P style=\"TEXT-ALIGN: justify; MARGIN: 0cm 0cm 10pt\">Hajkefe márka: Comair</P>
<P style=\"TEXT-ALIGN: justify; MARGIN: 0cm 0cm 10pt\">Hajkefe származási helye: Németország</P>', `item_id`='1727-7000760-220×65-ovális', `default_pic`='13123', `active`='1', `category_id`='117', `root_category_id`='104', `seo_name`='bambusz-vaddisznosorte-hajkefe-7000760', `fullurl`='fodraszkellek/hajkefe/lapos-hajkefe/bambusz-vaddisznosorte-hajkefe-7000760', `other_categories`='117,438' WHERE id=4663

[2020-12-03 12:51:15] INSERT INTO webshop_gallery (`id`, `product_id`, `original_name`, `new_name`, `date`) VALUES (15407, 5093, 'Fodrász szalon hajápoló csomag hosszú hajra ajándék 500ml Draw erős hajspray-vel', '15407.jpg', 1606996275)

[2020-12-03 12:51:15] INSERT INTO webshop_products (`id`, `name_hun`, `name_eng`, `item_id`, `price`, `reduced_price`, `status`, `currency`, `content_short`, `content`, `details`, `date`, `default_pic`, `active`, `main`, `sort`, `category_id`, `root_category_id`, `seo_name`, `fullurl`, `websyx_id`, `quantity`, `other_categories`) VALUES ('5093', 'Fodrász szalon hajápoló csomag hosszú hajra ajándék 500ml Draw erős hajspray-vel', 'Fodrász szalon hajápoló csomag hosszú hajra ajándék 500ml Draw erős hajspray-vel', '0920-csomag-hosszúhaj', 0, 0, 1, 'Ft', 'Fodrász szalon hajápoló csomag hosszú hajra,&nbsp;&nbsp;Ajándék! erős hajspray-vel
A fodrászoknak...', '<P style=\"MARGIN: 0cm 0cm 10pt\">Fodrász szalon hajápoló csomag hosszú hajra,&nbsp;&nbsp;<STRONG>Ajándék! erős hajspray-vel</STRONG></P>
<P style=\"MARGIN: 0cm 0cm 10pt\">A fodrászoknak összeállított hajápoló csomagban, a fodrászatban előforduló minden napos fodrászati alapműveletekhez találhatók, kedvező áru, jó minőségű, nagy kiszerelésű professzionális hajápoló, hajfixáló termékek, a Baxter termék családból.</P>
<P style=\"MARGIN: 0cm 0cm 10pt\">&nbsp;</P>
<P style=\"MARGIN: 0cm 0cm 10pt\">1db Baxter &nbsp;Apricot 1000ml hajtípusnak megfelelő sampon</P>
<P style=\"MARGIN: 0cm 0cm 10pt\">1db Baxter &nbsp;Herbs 1000ml hajtípusnak megfelelő hajpakolás</P>
<P style=\"MARGIN: 0cm 0cm 10pt\">1db Baxter &nbsp;Apricot 1000ml hajtípusnak megfelelő hajbalzsam</P>
<P style=\"MARGIN: 0cm 0cm 10pt\">1db &nbsp;Draw vagy Nuance 300 vagy 400ml erős tartású hajfixáló hab</P>
<P style=\"MARGIN: 0cm 0cm 10pt\">1db 100ml Draw hajwax</P>
<P style=\"MARGIN: 0cm 0cm 10pt\">Ajándék: 1db 750ml Concerto erős hajspray</P>
<P style=\"MARGIN: 0cm 0cm 10pt\">&nbsp;</P>
<P style=\"MARGIN: 0cm 0cm 10pt\">A Baxter, Draw, Nuance termékek, és azok részletes leírása a webáruházban külön, a terméknél található!</P>
<P>&nbsp;</P>', '', 1606996275, '15407', '1', 0, 1, 49, '131', 'fodrasz-szalon-hajapolo-csomag-hosszu-hajra-ajandek-500ml-draw-eros-hajspray-vel', 'hajapolas/3-fodrasz-szalonkiszerelesu-hajapolok/fodrasz-szalon-hajapolo-csomag-hosszu-hajra-ajandek-500ml-draw-eros-hajspray-vel', '277', 1, '49,220')

[2020-12-03 12:51:15] UPDATE webshop_special_fields SET `value`='PDV Baxter-Nuance-Concerto' WHERE `key`='manufacturer' AND `product_id`=5093

[2020-12-03 12:51:15] UPDATE webshop_special_fields SET `value`='db' WHERE `key`='quantityunit' AND `product_id`=5093

[2020-12-03 12:51:15] UPDATE webshop_special_fields SET `value`='1' WHERE `key`='kiszereles' AND `product_id`=5093

[2020-12-03 12:51:15] INSERT INTO webshop_gallery (`id`, `product_id`, `original_name`, `new_name`, `date`) VALUES (15408, 5094, 'Fodrász szalon hajápoló hajerősítő csomag Ajándék 500ml Draw erős hajspray-vel', '15408.jpg', 1606996275)

[2020-12-03 12:51:15] INSERT INTO webshop_products (`id`, `name_hun`, `name_eng`, `item_id`, `price`, `reduced_price`, `status`, `currency`, `content_short`, `content`, `details`, `date`, `default_pic`, `active`, `main`, `sort`, `category_id`, `root_category_id`, `seo_name`, `fullurl`, `websyx_id`, `quantity`, `other_categories`) VALUES ('5094', 'Fodrász szalon hajápoló hajerősítő csomag Ajándék 500ml Draw erős hajspray-vel', 'Fodrász szalon hajápoló hajerősítő csomag Ajándék 500ml Draw erős hajspray-vel', '0920-csomag-hajerősítő', 0, 0, 1, 'Ft', 'Fodrász szalon hajápoló hajerősítő csomag Ajándék erős hajspray-vel
A fodrászoknak összeállított...', '<P style=\"MARGIN: 0cm 0cm 10pt\"><FONT face=Calibri>Fodrász szalon hajápoló hajerősítő csomag <STRONG>Ajándék erős hajspray-vel</STRONG></FONT></P>
<P style=\"MARGIN: 0cm 0cm 10pt\"><FONT face=Calibri>A fodrászoknak összeállított hajápoló csomagban, a fodrászatban előforduló minden napos fodrászati alapműveletekhez találhatók, kedvező áru, jó minőségű, nagy kiszerelésű professzionális hajápoló, hajfixáló termékek, a Baxter termék családból.</FONT></P>
<P style=\"MARGIN: 0cm 0cm 10pt\"><FONT face=Calibri>&nbsp;</FONT></P>
<P style=\"MARGIN: 0cm 0cm 10pt\"><FONT face=Calibri>1db Baxter &nbsp;Apricot 1000ml hajtípusnak megfelelő sampon</FONT></P>
<P style=\"MARGIN: 0cm 0cm 10pt\"><FONT face=Calibri>1db Baxter &nbsp;Herbs 1000ml hajtípusnak megfelelő hajpakolás</FONT></P>
<P style=\"MARGIN: 0cm 0cm 10pt\"><FONT face=Calibri>1db Baxter &nbsp;Apricot 1000ml hajtípusnak megfelelő hajbalzsam</FONT></P>
<P style=\"MARGIN: 0cm 0cm 10pt\"><FONT face=Calibri>1db &nbsp;Draw vagy Nuance 300 vagy 400ml erős tartású hajfixáló hab</FONT></P>
<P style=\"MARGIN: 0cm 0cm 10pt\"><FONT face=Calibri>1db 100ml Draw hajwax</FONT></P>
<P style=\"MARGIN: 0cm 0cm 10pt\"><FONT face=Calibri>Ajándék: 1db 750ml Concerto erős hajspray</FONT></P>
<P style=\"MARGIN: 0cm 0cm 10pt\"><FONT face=Calibri>&nbsp;</FONT></P>
<P style=\"MARGIN: 0cm 0cm 10pt\"><FONT face=Calibri>A Baxter, Draw, Nuance termékek, és azok részletes leírása a webáruházban külön, a terméknél található!</FONT></P>
<P>&nbsp;</P>', '', 1606996275, '15408', '1', 0, 1, 49, '131', 'fodrasz-szalon-hajapolo-hajerosito-csomag-ajandek-500ml-draw-eros-hajspray-vel', 'hajapolas/3-fodrasz-szalonkiszerelesu-hajapolok/fodrasz-szalon-hajapolo-hajerosito-csomag-ajandek-500ml-draw-eros-hajspray-vel', '427', 1, '49,220')

[2020-12-03 12:51:15] UPDATE webshop_special_fields SET `value`='PDV Baxter-Nuance-Concerto' WHERE `key`='manufacturer' AND `product_id`=5094

[2020-12-03 12:51:15] UPDATE webshop_special_fields SET `value`='db' WHERE `key`='quantityunit' AND `product_id`=5094

[2020-12-03 12:51:15] UPDATE webshop_special_fields SET `value`='1' WHERE `key`='kiszereles' AND `product_id`=5094

[2020-12-03 12:51:15] UPDATE webshop_gallery SET original_name='Borotva pamacs stabil talpon álló exclusiv kivitellel 00645', date=1606996275 WHERE id=5085

[2020-12-03 12:51:15] UPDATE webshop_special_fields SET `value`='Euro fodrászkellék' WHERE `key`='manufacturer' AND `product_id`=3913

[2020-12-03 12:51:15] UPDATE webshop_special_fields SET `value`='db' WHERE `key`='quantityunit' AND `product_id`=3913

[2020-12-03 12:51:15] UPDATE webshop_special_fields SET `value`='1' WHERE `key`='kiszereles' AND `product_id`=3913

[2020-12-03 12:51:15] UPDATE webshop_products SET `name_hun`='Borotvapamacs stabil talpon álló exclusiv kivitellel 00645',`content_short`='
Borotvapamacs fa nyéllel, professzionális erős nagy pamaccsal, stabilan talpon tartó kiképzéssel, erős...',`content`='<FONT face=Calibri>
<P style=\"TEXT-ALIGN: justify; MARGIN: 0cm 0cm 10pt\">Borotvapamacs fa nyéllel, professzionális erős nagy pamaccsal, stabilan talpon tartó kiképzéssel, erős igénybevételre.&nbsp;A klasszikus Barber borotválkozás minőségi fodrászkelléke, nem dülöngél, így sok kellemetlenségtől mentesít. A borotválkozáshoz legideálisabb hosszúságú és erősségű szintetikus szőrzet egy speciális erős fém gyűrűbe ragasztották, így megelőzve a fánál fellelhető zsugorodás - tágulás okozta szőrzet veszteséget. A fémgyűrű ideális súlyánál fogva nagy stabilitást is ad borotvapamacsnak.</P>
<P style=\"TEXT-ALIGN: justify; MARGIN: 0cm 0cm 10pt\">A szintetikus szőrrel rendelkező, nagyméretű borotvapamaccsal gyorsan dolgozhatunk, nagymennyiségű borotvahab felvitelére alkalmas. A professzionális borotvapamacsok gyors, precíz munkát tesznek lehetővé.</P>
<P style=\"TEXT-ALIGN: justify; MARGIN: 0cm 0cm 10pt\">Borotvapamacs méretei: teljes hossza kb. 12cm&nbsp; -&nbsp; pamacs átmérő: kb 5cm</FONT></P>', `item_id`='3127-ebp-00645', `default_pic`='5085', `active`='1', `category_id`='104', `root_category_id`='0', `seo_name`='borotvapamacs-stabil-talpon-allo-exclusiv-kivitellel-00645', `fullurl`='fodraszkellek/borotvapamacs-stabil-talpon-allo-exclusiv-kivitellel-00645', `other_categories`='104,252,253,273,313,314,360,361,364,366' WHERE id=3913

[2020-12-03 12:51:15] INSERT INTO webshop_gallery (`id`, `product_id`, `original_name`, `new_name`, `date`) VALUES (15409, 5095, 'Fodrász szalon hajápoló csomag normál hajra ajándék 500ml Draw erős hajspray-vel', '15409.jpg', 1606996275)

[2020-12-03 12:51:15] INSERT INTO webshop_products (`id`, `name_hun`, `name_eng`, `item_id`, `price`, `reduced_price`, `status`, `currency`, `content_short`, `content`, `details`, `date`, `default_pic`, `active`, `main`, `sort`, `category_id`, `root_category_id`, `seo_name`, `fullurl`, `websyx_id`, `quantity`, `other_categories`) VALUES ('5095', 'Fodrász szalon hajápoló csomag normál hajra ajándék 500ml Draw erős hajspray-vel', 'Fodrász szalon hajápoló csomag normál hajra ajándék 500ml Draw erős hajspray-vel', '0920-csomag-normálhaj', 0, 0, 1, 'Ft', 'Fodrász szalon hajápoló csomag normál hajra, Ajándék! erős hajspray-vel
A fodrászoknak összeállított...', '<P><FONT face=Calibri>Fodrász szalon hajápoló csomag normál hajra, <STRONG>Ajándék! erős hajspray-vel</STRONG></FONT></P>
<P style=\"MARGIN: 0cm 0cm 10pt\"><FONT face=Calibri>A fodrászoknak összeállított hajápoló csomagban, a fodrászatban előforduló minden napos fodrászati alapműveletekhez találhatók, kedvező áru, jó minőségű, nagy kiszerelésű professzionális hajápoló, hajfixáló termékek, a Baxter termék családból.</FONT></P>
<P style=\"MARGIN: 0cm 0cm 10pt\"><FONT face=Calibri>&nbsp;</FONT></P>
<P style=\"MARGIN: 0cm 0cm 10pt\"><FONT face=Calibri>1db Baxter&nbsp;&nbsp;Latte 1000ml hajtípusnak megfelelő sampon</FONT></P>
<P style=\"MARGIN: 0cm 0cm 10pt\"><FONT face=Calibri>1db Baxter &nbsp;Frutta 1000ml hajtípusnak megfelelő hajpakolás</FONT></P>
<P style=\"MARGIN: 0cm 0cm 10pt\"><FONT face=Calibri>1db Baxter &nbsp;Latte 1000ml hajtípusnak megfelelő hajbalzsam</FONT></P>
<P style=\"MARGIN: 0cm 0cm 10pt\"><FONT face=Calibri>1db &nbsp;Draw vagy Nuance 300 vagy 400ml erős tartású hajfixáló hab</FONT></P>
<P style=\"MARGIN: 0cm 0cm 10pt\"><FONT face=Calibri>1db 100ml Draw hajwax</FONT></P>
<P style=\"MARGIN: 0cm 0cm 10pt\"><FONT face=Calibri>Ajándék: 1db 750ml Concerto erős hajspray</FONT></P>
<P style=\"MARGIN: 0cm 0cm 10pt\"><FONT face=Calibri>&nbsp;</FONT></P>
<P style=\"MARGIN: 0cm 0cm 10pt\"><FONT face=Calibri>A Baxter, Draw, Nuance termékek, és azok részletes leírása a webáruházban külön, a terméknél található!</FONT></P>', '', 1606996275, '15409', '1', 0, 1, 49, '131', 'fodrasz-szalon-hajapolo-csomag-normal-hajra-ajandek-500ml-draw-eros-hajspray-vel', 'hajapolas/3-fodrasz-szalonkiszerelesu-hajapolok/fodrasz-szalon-hajapolo-csomag-normal-hajra-ajandek-500ml-draw-eros-hajspray-vel', '524', 1, '49,220')

[2020-12-03 12:51:15] UPDATE webshop_special_fields SET `value`='PDV Baxter-Nuance-Concerto' WHERE `key`='manufacturer' AND `product_id`=5095

[2020-12-03 12:51:16] UPDATE webshop_special_fields SET `value`='db' WHERE `key`='quantityunit' AND `product_id`=5095

[2020-12-03 12:51:16] UPDATE webshop_special_fields SET `value`='1' WHERE `key`='kiszereles' AND `product_id`=5095

[2020-12-03 12:51:16] INSERT INTO webshop_gallery (`id`, `product_id`, `original_name`, `new_name`, `date`) VALUES (15410, 5096, 'Fodrász szalon hajápoló csomag vékony hajra Ajándék 500ml Draw erős hajspray-vel', '15410.jpg', 1606996276)

[2020-12-03 12:51:16] INSERT INTO webshop_products (`id`, `name_hun`, `name_eng`, `item_id`, `price`, `reduced_price`, `status`, `currency`, `content_short`, `content`, `details`, `date`, `default_pic`, `active`, `main`, `sort`, `category_id`, `root_category_id`, `seo_name`, `fullurl`, `websyx_id`, `quantity`, `other_categories`) VALUES ('5096', 'Fodrász szalon hajápoló csomag vékony hajra Ajándék 500ml Draw erős hajspray-vel', 'Fodrász szalon hajápoló csomag vékony hajra Ajándék 500ml Draw erős hajspray-vel', '0920-csomag-vékonyhaj', 0, 0, 1, 'Ft', 'Fodrász szalon hajápoló csomag vékony hajra, Ajándék! erős hajspray-vel
A fodrászoknak összeállított...', '<P style=\"MARGIN: 0cm 0cm 10pt\">Fodrász szalon hajápoló csomag vékony hajra, <STRONG>Ajándék! erős hajspray-vel</STRONG></P>
<P style=\"MARGIN: 0cm 0cm 10pt\">A fodrászoknak összeállított hajápoló csomagban, a fodrászatban előforduló minden napos fodrászati alapműveletekhez találhatók, kedvező áru, jó minőségű, nagy kiszerelésű professzionális hajápoló, hajfixáló termékek, a Baxter termék családból.</P>
<P style=\"MARGIN: 0cm 0cm 10pt\">&nbsp;</P>
<P style=\"MARGIN: 0cm 0cm 10pt\">1db Baxter &nbsp;Apricot 1000ml hajtípusnak megfelelő sampon</P>
<P style=\"MARGIN: 0cm 0cm 10pt\">1db Baxter &nbsp;Herbs 1000ml hajtípusnak megfelelő hajpakolás</P>
<P style=\"MARGIN: 0cm 0cm 10pt\">1db Baxter &nbsp;Apricot 1000ml hajtípusnak megfelelő hajbalzsam</P>
<P style=\"MARGIN: 0cm 0cm 10pt\">1db &nbsp;Draw vagy Nuance 300 vagy 400ml erős tartású hajfixáló hab</P>
<P style=\"MARGIN: 0cm 0cm 10pt\">1db 100ml Draw hajwax</P>
<P style=\"MARGIN: 0cm 0cm 10pt\">Ajándék: 1db 750ml Concerto erős hajspray</P>
<P style=\"MARGIN: 0cm 0cm 10pt\">&nbsp;</P>
<P style=\"MARGIN: 0cm 0cm 10pt\">A Baxter, Draw, Nuance termékek, és azok részletes leírása a webáruházban külön, a terméknél található!</P>
<P>&nbsp;</P>', '', 1606996276, '15410', '1', 0, 1, 49, '131', 'fodrasz-szalon-hajapolo-csomag-vekony-hajra-ajandek-500ml-draw-eros-hajspray-vel', 'hajapolas/3-fodrasz-szalonkiszerelesu-hajapolok/fodrasz-szalon-hajapolo-csomag-vekony-hajra-ajandek-500ml-draw-eros-hajspray-vel', '529', 1, '49,220')

[2020-12-03 12:51:16] INSERT INTO webshop_special_fields (`key`, `value`, `product_id`) VALUES ('manufacturer', 'PDV Baxter-Nuance-Concerto', 5096)

[2020-12-03 12:51:16] INSERT INTO webshop_special_fields (`key`, `value`, `product_id`) VALUES ('quantityunit', 'db', 5096)

[2020-12-03 12:51:16] INSERT INTO webshop_special_fields (`key`, `value`, `product_id`) VALUES ('kiszereles', '1', 5096)

[2020-12-03 12:51:16] UPDATE webshop_gallery SET original_name='Fodrász babafej tartó fodrászkellék 3010061d', date=1606996276 WHERE id=797

[2020-12-03 12:51:16] UPDATE webshop_special_fields SET `value`='Comair fodrászkellék' WHERE `key`='manufacturer' AND `product_id`=2793

[2020-12-03 12:51:16] UPDATE webshop_special_fields SET `value`='db' WHERE `key`='quantityunit' AND `product_id`=2793

[2020-12-03 12:51:16] UPDATE webshop_special_fields SET `value`='1' WHERE `key`='kiszereles' AND `product_id`=2793

[2020-12-03 12:51:16] UPDATE webshop_products SET `name_hun`='Fodrász babafej tartó - nagyon erős fodrászkellék 3010061d',`content_short`='Babafej tartó, fodrászoknak, nagyon erős műanyagból.&nbsp; A fodrászati műveletek gyakorláshoz, vizsgához,...',`content`='Babafej tartó, fodrászoknak, nagyon erős műanyagból.&nbsp; A fodrászati műveletek gyakorláshoz, vizsgához, erős babafejet tartó szerkezetre van szükség, erre a célra készült, asztal laphoz rögzíthető.', `item_id`='1734-cbf-3010061d', `default_pic`='797', `active`='1', `category_id`='104', `root_category_id`='0', `seo_name`='fodrasz-babafej-tarto-nagyon-eros-fodraszkellek-3010061d', `fullurl`='fodraszkellek/fodrasz-babafej-tarto-nagyon-eros-fodraszkellek-3010061d', `other_categories`='104,108,222' WHERE id=2793

[2020-12-03 12:51:16] UPDATE webshop_products SET sort=1 WHERE id=3326

[2020-12-03 12:51:16] UPDATE webshop_products SET sort=2 WHERE id=5096

[2020-12-03 12:51:16] UPDATE webshop_products SET sort=3 WHERE id=5093

[2020-12-03 12:51:16] UPDATE webshop_products SET sort=4 WHERE id=5095

[2020-12-03 12:51:16] UPDATE webshop_products SET sort=5 WHERE id=5094

[2020-12-03 12:51:16] UPDATE webshop_products SET sort=6 WHERE id=5092

[2020-12-03 12:51:16] UPDATE webshop_products SET sort=7 WHERE id=5091

[2020-12-03 12:51:17] UPDATE users SET lastlogin = NOW() WHERE id = '11'

[2020-12-03 12:51:18] INSERT INTO webshop_gallery (`id`, `product_id`, `original_name`, `new_name`, `date`) VALUES (15411, 5097, 'Nirvel Naturals természetes hajápoló csomag Ajándék neszeszerrel', '15411.jpg', 1606996278)

[2020-12-03 12:51:18] INSERT INTO webshop_products (`id`, `name_hun`, `name_eng`, `item_id`, `price`, `reduced_price`, `status`, `currency`, `content_short`, `content`, `details`, `date`, `default_pic`, `active`, `main`, `sort`, `category_id`, `root_category_id`, `seo_name`, `fullurl`, `websyx_id`, `quantity`, `other_categories`) VALUES ('5097', 'Nirvel Naturals természetes hajápoló csomag Ajándék neszeszerrel', 'Nirvel Naturals természetes hajápoló csomag Ajándék neszeszerrel', '0120-nn-6850-4dbtermék', 0, 0, 1, 'Ft', 'Naturals hajápoló csomag minden hajtípusra.&nbsp;Természetes összetevőkből álló hajápoló kezelés, amely...', '<P>Naturals hajápoló csomag minden hajtípusra.&nbsp;<FONT face=Calibri>Természetes összetevőkből álló hajápoló kezelés, amely kondicionálja és puhává, selymessé és fényessé teszi a hajat, Relaxáló aromával.</FONT></P>
<P><FONT face=Calibri></FONT><FONT face=Calibri>A csomag tartalma: </P>
<P style=\"MARGIN: 0cm 0cm 0pt\">&ndash; 1db Naturals Shampoo természetes sampon &ndash; 200 ml<BR>&ndash; 1db Naturals Conditioner&nbsp; természetes hajbalzsam &ndash; 200 ml<BR>&ndash; 1db Naturals Oil természetes hajolaj &ndash; 50 ml<BR>&ndash; 3db Naturals Mask természetes hajmaszk &ndash; 9 ml</P>
<P style=\"MARGIN: 0cm 0cm 10pt\">Ajándék! - &nbsp;1db neszeszer</P>
<P style=\"MARGIN: 0cm 0cm 10pt\"><B style=\"mso-bidi-font-weight: normal\">NATURALS természetes sampon minden hajtípusra, mindennapi használatra 200 ml</B></P>
<P style=\"MARGIN: 0cm 0cm 10pt\">90,4%-ban természetes összetevőkből álló sampon, mely finoman tisztít minden hajtípust, így a mindennapi használata is ajánlott. Összetevői között szerepel a vasfű, mely hidratálja és felfrissíti a hajat.</P>
<P style=\"MARGIN: 0cm 0cm 10pt\"><U>Használat</U>: vigyen fel egy diónyit a Naturals samponból a nedves hajra, alaposan masszírozza bele, majd öblítse ki. Szükség szerint ismételje meg.</P>
<P style=\"MARGIN: 0cm 0cm 10pt\">Az ISO 16128 szabványnak megfelelően a termék 90,4%-ban természetes összetevőket tartalmaz.</P>
<P style=\"MARGIN: 0cm 0cm 10pt\">&nbsp;</P>
<P style=\"MARGIN: 0cm 0cm 10pt\"><B style=\"mso-bidi-font-weight: normal\">NATURALS természetes hidratáló hajmaszk 9 ml</B></P>
<P style=\"MARGIN: 0cm 0cm 10pt\">96%-ban természetes összetevőkből álló hajmaszk, mely hidratálja és táplálja a hajat, így az lágy, selymes és fényes lesz. Kellemes illata relaxáló hatású. Összetevői között szerepel a vasfű és a méhpempő.</P>
<P style=\"MARGIN: 0cm 0cm 10pt\"><U>Használat</U>: vigye fel a Naturals hajmaszkot a nedves hajra, a haj középtől a végekig, fésülje bele, hagyja hatni 5-10 percig, majd öblítse ki. </P>
<P style=\"MARGIN: 0cm 0cm 10pt\">Az ISO 16128 szabványnak megfelelően a termék 96%-ban természetes összetevőket tartalmaz.</P>
<P style=\"MARGIN: 0cm 0cm 10pt\">&nbsp;</P>
<P style=\"MARGIN: 0cm 0cm 10pt\"><B style=\"mso-bidi-font-weight: normal\">NATURALS természetes kondícionáló hajbalzsam 200 ml</B></P>
<P style=\"MARGIN: 0cm 0cm 10pt\">97,9%-ban természetes összetevőkből álló, nem kiöblítendő hajbalzsam, mely finoman hidratálja és kondícionálja a hajat. Összetevői között szerepel a vasfű, szója és citromhéj kivonat, melyeknek kiváló frissítő és stimuláló hatásai vannak. Használata ajánlott minden napra, a Naturals samponnal együtt.</P>
<P style=\"MARGIN: 0cm 0cm 10pt\"><U>Használat</U>: vigye fel a Naturals hajbalzsamot a törölköző-száraz hajra, a haj középtől a végekig, fésülje bele, és NE öblítse ki. </P>
<P style=\"MARGIN: 0cm 0cm 10pt\">Az ISO 16128 szabványnak megfelelően a termék 97,9%-ban természetes összetevőket tartalmaz.</P>
<P style=\"MARGIN: 0cm 0cm 10pt\">&nbsp;</P>
<P style=\"MARGIN: 0cm 0cm 10pt\"><B style=\"mso-bidi-font-weight: normal\">NATURALS természetes hajolaj 50 ml</B></P>
<P style=\"MARGIN: 0cm 0cm 10pt\">99%-ban természetes összetevőkből álló, könnyű és regeneráló olaj, mely táplálja és hidratálja a hajszerkezetet, ezáltal a haj természetes fényt és lágyságot kap. Összetevői között szerepel a vasfű olaj kivonat és a tsubaki olaj, melyeknek köszönhetően az olaj textúrája selymes, és könnyen felszívódik.</P>
<P style=\"MARGIN: 0cm 0cm 10pt\"><U>Használat</U>: vigyen fel egy kis mennyiséget a Naturals hajolajból a száraz vagy nedves hajra, a haj középtől a végekig. </P>
<P style=\"MARGIN: 0cm 0cm 10pt\">Az ISO 16128 szabványnak megfelelően a termék 99%-ban természetes összetevőket tartalmaz.</FONT></P>', '', 1606996278, '15411', '1', 0, 1, 349, '131', 'nirvel-naturals-termeszetes-hajapolo-csomag-ajandek-neszeszerrel', 'hajapolas/2-haj-arc-test-apolo-termekcsalad-csomag/hajapolo-csomag/nirvel-naturals-termeszetes-hajapolo-csomag-ajandek-neszeszerrel', '777', 1, '349')

[2020-12-03 12:51:18] INSERT INTO webshop_special_fields (`key`, `value`, `product_id`) VALUES ('manufacturer', 'Nirvel', 5097)

[2020-12-03 12:51:18] INSERT INTO webshop_special_fields (`key`, `value`, `product_id`) VALUES ('quantityunit', 'db', 5097)

[2020-12-03 12:51:18] INSERT INTO webshop_special_fields (`key`, `value`, `product_id`) VALUES ('kiszereles', '1', 5097)

[2020-12-03 12:51:18] UPDATE webshop_gallery SET original_name='Hajfesték mérő keverő mixer séker fodrászkellék', date=1606996278 WHERE id=488

[2020-12-03 12:51:18] UPDATE webshop_special_fields SET `value`='Comair fodrászkellék' WHERE `key`='manufacturer' AND `product_id`=2484

[2020-12-03 12:51:18] UPDATE webshop_special_fields SET `value`='db' WHERE `key`='quantityunit' AND `product_id`=2484

[2020-12-03 12:51:18] UPDATE webshop_special_fields SET `value`='1' WHERE `key`='kiszereles' AND `product_id`=2484

[2020-12-03 12:51:18] UPDATE webshop_products SET `name_hun`='Hajfesték mérő keverő mixer séker fodrászkellék',`content_short`='Hajfesték mérő keverő mixer séker, ml&nbsp;literes beosztással
&nbsp;-- 460ml - Shaker, hajfesték keverő...',`content`='<P>Hajfesték mérő keverő mixer séker, ml&nbsp;literes beosztással</P>
<P>&nbsp;-- 460ml - Shaker, hajfesték keverő pohár, mixer....</P>', `item_id`='1724-3011717-460ml-füstszínű', `default_pic`='488', `active`='1', `category_id`='22', `root_category_id`='0', `seo_name`='hajfestek-mero-kevero-mixer-seker-fodraszkellek', `fullurl`='hajfestek/hajfestek-mero-kevero-mixer-seker-fodraszkellek', `other_categories`='22,34,104,113,222' WHERE id=2484

[2020-12-03 12:51:18] UPDATE webshop_gallery SET original_name='Bambusz vaddisznósörte hajkefe 7000764', date=1606996278 WHERE id=15112

[2020-12-03 12:51:18] UPDATE webshop_special_fields SET `value`='Comair fodrászkellék' WHERE `key`='manufacturer' AND `product_id`=2544

[2020-12-03 12:51:18] UPDATE webshop_special_fields SET `value`='db' WHERE `key`='quantityunit' AND `product_id`=2544

[2020-12-03 12:51:18] UPDATE webshop_special_fields SET `value`='1' WHERE `key`='kiszereles' AND `product_id`=2544

[2020-12-03 12:51:18] UPDATE webshop_products SET `name_hun`='Bambusz vaddisznósörte hajkefe 7000764',`content_short`='Vaddisznósörte hajkefe bambuszból. A Comair prémium kategóriás vaddisznósörte hajkefe, pneumatikus párnával,...',`content`='<P style=\"TEXT-ALIGN: justify; MARGIN: 0cm 0cm 10pt\">Vaddisznósörte hajkefe bambuszból. A Comair prémium kategóriás vaddisznósörte hajkefe, pneumatikus párnával, kiálló vezető nylon tüskékkel. Kialakításánál fogva alkalmas gyors, könnyű hajkibontáshoz, kifésüléshez, és hosszabbított haj kíméletes ápolásához. A kiálló vezető tüskék nagyon jól vezetik a kefét a hajban, segítik a haj kíméletes, könnyű, rángatás mentes kibontását.&nbsp;&nbsp;Comair hajkefe adatai: ovális kefe fej kiképzés, fejszélesség kb. 80mm, hosszúság kb. 260 mm</P>
<P style=\"TEXT-ALIGN: justify; MARGIN: 0cm 0cm 10pt\"><U>A hajkefe adatai:</U></P>
<P style=\"TEXT-ALIGN: justify; MARGIN: 0cm 0cm 10pt\">A hajkefe hossza: kb. 260mm</P>
<P style=\"TEXT-ALIGN: justify\">A hajkefe fejszélessége: kb. 90mm</P>
<P style=\"TEXT-ALIGN: justify; MARGIN: 0cm 0cm 10pt\">Hajkefe szőr anyaga: vaddisznósörte szőr,</P>
<P style=\"TEXT-ALIGN: justify; MARGIN: 0cm 0cm 10pt\">Hajkefe márka: Comair</P>
<P style=\"TEXT-ALIGN: justify; MARGIN: 0cm 0cm 10pt\">Hajkefe származási helye: Németország</P>
<P style=\"TEXT-ALIGN: justify; MARGIN: 0cm 0cm 10pt\">Ez a hajkefe Prémium minőségű fodrászkellék, fodrászcikk, használata hajbarát hajápolást tesz lehetővé. </P>
<P style=\"TEXT-ALIGN: justify; MARGIN: 0cm 0cm 10pt\"><FONT face=Calibri>A megfelelő hajkefe a hajápolás nélkülözhetetlen fodrászkelléke. Mindig válasszon a hajtípusnak megfelelő hajkefét!&nbsp; Széles választékunkban megtalálható a vaddisznósörte hajkefe, az Ion kerámia bevonatú kör hajkefék, a pneumatikus és merev párnájú hajkefék, a fából és műanyagból, karbonból és gumiból készült hajkefék.</FONT></P>', `item_id`='1727-7000764-260×90-téglafej', `default_pic`='15112', `active`='1', `category_id`='104', `root_category_id`='0', `seo_name`='bambusz-vaddisznosorte-hajkefe-7000764', `fullurl`='fodraszkellek/bambusz-vaddisznosorte-hajkefe-7000764', `other_categories`='104,117,222,438' WHERE id=2544

[2020-12-03 12:51:18] UPDATE webshop_gallery SET original_name='Bambusz vaddisznósörte hajkefe 7000761', date=1606996278 WHERE id=511

[2020-12-03 12:51:18] UPDATE webshop_special_fields SET `value`='Comair fodrászkellék' WHERE `key`='manufacturer' AND `product_id`=2507

[2020-12-03 12:51:18] UPDATE webshop_special_fields SET `value`='db' WHERE `key`='quantityunit' AND `product_id`=2507

[2020-12-03 12:51:18] UPDATE webshop_special_fields SET `value`='1' WHERE `key`='kiszereles' AND `product_id`=2507

[2020-12-03 12:51:18] UPDATE webshop_products SET `name_hun`='Bambusz vaddisznósörte hajkefe 7000761',`content_short`='
Vaddisznósörte Hajkefe Bambuszból. Comair prémium kategóriás vaddisznósörte hajkefe, pneumatikus párnával,...',`content`='<FONT face=Calibri>
<P style=\"TEXT-ALIGN: justify; MARGIN: 0cm 0cm 10pt\">Vaddisznósörte Hajkefe Bambuszból. Comair prémium kategóriás vaddisznósörte hajkefe, pneumatikus párnával, kiálló Nylon tüskékkel. Kialakításánál fogva alkalmas gyors, könnyű hajkibontáshoz, kifésüléshez, és hosszabbított haj kíméletes ápolásához. A kiálló tüskék nagyon jól vezetik a kefét a hajban, segítik a haj kíméletes, könnyű, rángatás mentes kibontását.&nbsp;&nbsp;Comair hajkefe adatai: ovális kefe fej kiképzés, fejszélesség kb. 80mm, hosszúság kb. 250 mm</P>
<P style=\"TEXT-ALIGN: justify; MARGIN: 0cm 0cm 10pt\"><U>A hajkefe adatai:</U></P>
<P style=\"TEXT-ALIGN: justify; MARGIN: 0cm 0cm 10pt\">A hajkefe hossza: kb. 250mm</P>
<P style=\"TEXT-ALIGN: justify\">A hajkefe fejszélessége: kb. 80mm</P>
<P style=\"TEXT-ALIGN: justify; MARGIN: 0cm 0cm 10pt\">Hajkefe szőr anyaga: vaddisznósörte szőr,</P>
<P style=\"TEXT-ALIGN: justify; MARGIN: 0cm 0cm 10pt\">Hajkefe márka: Comair</P>
<P style=\"TEXT-ALIGN: justify; MARGIN: 0cm 0cm 10pt\">Hajkefe származási helye: Németország</P>
<P style=\"TEXT-ALIGN: justify; MARGIN: 0cm 0cm 10pt\">Ez a hajkefe Prémium minőségű fodrászkellék, fodrászcikk, használata hajbarát hajápolást tesz lehetővé. </P>
<P style=\"TEXT-ALIGN: justify; MARGIN: 0cm 0cm 10pt\"></FONT></P>
<P style=\"TEXT-ALIGN: justify; MARGIN: 0cm 0cm 10pt\"><FONT face=Calibri>Rendkívül fontos, a megfelelő <B>hajkefe</B> használata, hiszen a szép és egészséges haj arról árulkodik hogy tulajdonosa remekül érzi magát a bőrében. <B>Professzionális hajkefék</B> <B>segítségével </B>és megfelelő ápolással fokozhatod hajkoronád szépségét. Hajtípustól, frizurától függ, hogy milyen fajta <B>hajkefére</B> van szükség, a megfelelő hajstílushoz válaszd a megfelelő <B>hajkefe típust</B>!</FONT></P>
<P></P>', `item_id`='1727-7000761-250×80-ovális', `default_pic`='511', `active`='1', `category_id`='104', `root_category_id`='0', `seo_name`='bambusz-vaddisznosorte-hajkefe-7000761', `fullurl`='fodraszkellek/bambusz-vaddisznosorte-hajkefe-7000761', `other_categories`='104,117,222,438' WHERE id=2507

[2020-12-03 12:51:18] INSERT INTO webshop_gallery (`id`, `product_id`, `original_name`, `new_name`, `date`) VALUES (15412, 5098, 'Kinmen borotvakrém', '15412.jpg', 1606996278)

[2020-12-03 12:51:18] INSERT INTO webshop_products (`id`, `name_hun`, `name_eng`, `item_id`, `price`, `reduced_price`, `status`, `currency`, `content_short`, `content`, `details`, `date`, `default_pic`, `active`, `main`, `sort`, `category_id`, `root_category_id`, `seo_name`, `fullurl`, `websyx_id`, `quantity`, `other_categories`) VALUES ('5098', 'Kinmen borotvakrém', 'Kinmen borotvakrém', '0814-kinman-550064-125ml', 0, 0, 1, 'Ft', 'Borotvakrém, borotvapamaccsal történő felvitelhez. Gazdaságos, nagyon kevés mennyiség,...', '<P style=\"TEXT-ALIGN: justify; MARGIN: 0cm 0cm 10pt\">Borotvakrém, borotvapamaccsal történő felvitelhez. Gazdaságos, nagyon kevés mennyiség, használata&nbsp;elegendő alkalmanként.&nbsp; Klasszikus pengés borotválkozáshoz készült, használata a bőrt nyugtatja, és bársonyos tapintásúvá teszi.&nbsp; </P>
<P style=\"TEXT-ALIGN: justify; MARGIN: 0cm 0cm 10pt\">A borotvakrémet úgy tervezték, hogy a hagyományos borotválkozási szokásoknak eleget tegyen. Természetesen kézzel is felvihető és többszöri elsimítás után elvégezhető a borotválkozás, de a borotvapamacs használatával, sokkal gyorsabb és hatásosabb&nbsp;a művelet.</P>
<P style=\"TEXT-ALIGN: justify; MARGIN: 6pt 0cm\">125ml &ndash; A borotvakrémmel gyorsan megpuhítjuk a szőrzetet, és ez ehetővé teszi a borotvapenge tökéletes siklását. - A Barber borotvakrémek, elsődlegesen borotválkozó pamacs használatához készülnek, a hagyományos férfi arcápolás fellendítésének céljából.</P>
<P style=\"TEXT-ALIGN: justify; MARGIN: 6pt 0cm\"><BR>A KINMAN professzionális termékcsalád, egy friss és izgalmas férfi illattal, a férfi szépségápoláshoz készült, a fodrászatokba, és otthoni használatra.&nbsp; Férfi haj és szakállápoló sampon, borotvakrém szalon és otthoni kiszerelésben, borotválkozás utáni balzsam, haj, bajusz és szakáll wax alkotja a termékcsaládot. A termékekben az Argan olaj, és Jojoba ápoló tulajdonságit használjuk a bőr, és a haj és arcszőrzet ápolására.</P>
<P style=\"TEXT-ALIGN: justify\"><B style=\"mso-bidi-font-weight: normal\"><U>A borotvakrémek használata.</U></B></P>
<P style=\"TEXT-ALIGN: justify; MARGIN: 0cm 0cm 10pt\">Nyomjon egy adag krémet egy tálba, majd a borotválkozó pamaccsal addig kevergesse a krémet, míg habos állaga nem lesz. Vigye fel a szakállra, bajuszra, és folytassa a borotválást. A borotválás befejezése után mossa le az arcbőrt, és ha szükséges, használja a borotválkozás utáni bőrnyugtató gélt.</P>
<P style=\"TEXT-ALIGN: justify; MARGIN: 0cm 0cm 6pt\">Vagy:</P>
<P style=\"TEXT-ALIGN: justify; MARGIN: 0cm 0cm 10pt\">Vigye fel a borotvához készült krémet a borotvapamacsra, majd a bőrre, és pamacsolja be a szükséges területet. Pár perc múlva végezze el a borotválkozást. A borotválás befejezése után mossa le az arcbőrt, és használja a borotválkozás utáni bőrnyugtató gélt. - <STRONG>Professzionális célra készült Barber fodrászcikk, fodrászkellék!</STRONG></P>', '', 1606996278, '15412', '1', 0, 1, 253, '191', 'kinmen-borotvakrem', 'arcapolas-testapolas/bajusz-szakall-apolas/kinmen-borotvakrem', '1157', 1, '253,360,364,409')

[2020-12-03 12:51:18] INSERT INTO webshop_special_fields (`key`, `value`, `product_id`) VALUES ('manufacturer', 'KIN Cosmetics', 5098)

[2020-12-03 12:51:18] INSERT INTO webshop_special_fields (`key`, `value`, `product_id`) VALUES ('quantityunit', 'ml', 5098)

[2020-12-03 12:51:18] INSERT INTO webshop_special_fields (`key`, `value`, `product_id`) VALUES ('kiszereles', '125', 5098)

[2020-12-03 12:51:18] UPDATE webshop_gallery SET original_name='Nirvel Barber balzsamos borotvakrém', date=1606996278 WHERE id=4093

[2020-12-03 12:51:18] UPDATE webshop_special_fields SET `value`='Nirvel' WHERE `key`='manufacturer' AND `product_id`=3671

[2020-12-03 12:51:18] UPDATE webshop_special_fields SET `value`='ml' WHERE `key`='quantityunit' AND `product_id`=3671

[2020-12-03 12:51:19] UPDATE webshop_special_fields SET `value`='250' WHERE `key`='kiszereles' AND `product_id`=3671

[2020-12-03 12:51:19] UPDATE webshop_products SET `name_hun`='Nirvel Barber balzsamos borotvakrém',`content_short`='Borotvakrém, borotvapamaccsal történő felvitelhez. Gazdaságos, nagyon kevés mennyiség,...',`content`='<P style=\"TEXT-ALIGN: justify; MARGIN: 0cm 0cm 10pt\">Borotvakrém, borotvapamaccsal történő felvitelhez. Gazdaságos, nagyon kevés mennyiség, használata&nbsp;elegendő alkalmanként.&nbsp; Klasszikus pengés borotválkozáshoz készült, használata a bőrt nyugtatja, és bársonyos tapintásúvá teszi.&nbsp; </P>
<P style=\"TEXT-ALIGN: justify; MARGIN: 0cm 0cm 10pt\">A borotvakrémet úgy tervezték, hogy a hagyományos borotválkozási szokásoknak eleget tegyen. Természetesen kézzel is felvihető és többszöri elsimítás után elvégezhető a borotválkozás, de a borotvapamacs használatával, sokkal gyorsabb és hatásosabb&nbsp;a művelet.</P>
<P style=\"TEXT-ALIGN: justify; MARGIN: 6pt 0cm\">250ml &ndash; A borotvakrémmel gyorsan megpuhítjuk a szőrzetet, és ez ehetővé teszi a borotvapenge tökéletes siklását. - A Nirvel Barber borotvakrémek, elsődlegesen borotválkozó pamacs használatához készülnek, a hagyományos férfi arcápolás fellendítésének céljából.</P>
<P style=\"TEXT-ALIGN: justify; MARGIN: 6pt 0cm\"><BR>A&nbsp;Nirvel Barber&nbsp;professzionális termékcsalád, egy friss és izgalmas férfi illattal, a férfi szépségápoláshoz készült, a fodrászatokba, és otthoni használatra.&nbsp; Férfi haj és szakállápoló sampon, borotvakrém szalon és otthoni kiszerelésben, borotválkozás utáni balzsam, haj, bajusz és szakáll wax alkotja a termékcsaládot. A termékekben az Argan olaj, és Jojoba ápoló tulajdonságit használjuk a bőr, és a haj és arcszőrzet ápolására.</P>
<P style=\"TEXT-ALIGN: justify\"><B style=\"mso-bidi-font-weight: normal\"><U>A borotvakrémek használata.</U></B></P>
<P style=\"TEXT-ALIGN: justify; MARGIN: 0cm 0cm 10pt\">Nyomjon egy adag krémet egy tálba, majd a borotválkozó pamaccsal addig kevergesse a krémet, míg habos állaga nem lesz. Vigye fel a szakállra, bajuszra, és folytassa a borotválást. A borotválás befejezése után mossa le az arcbőrt, és ha szükséges, használja a borotválkozás utáni bőrnyugtató gélt.</P>
<P style=\"TEXT-ALIGN: justify; MARGIN: 0cm 0cm 6pt\">Vagy:</P>
<P style=\"TEXT-ALIGN: justify; MARGIN: 0cm 0cm 10pt\">Vigye fel a borotvához készült krémet a borotvapamacsra, majd a bőrre, és pamacsolja be a szükséges területet. Pár perc múlva végezze el a borotválkozást. A borotválás befejezése után mossa le az arcbőrt, és használja a borotválkozás utáni bőrnyugtató gélt.</P>
<P style=\"TEXT-ALIGN: justify; MARGIN: 0cm 0cm 10pt\"><STRONG>Professzionális Barber fodrászcikk, fodrászkellék!</STRONG></P>', `item_id`='0114-nbarber-6544-250ml', `default_pic`='4093', `active`='1', `category_id`='131', `root_category_id`='0', `seo_name`='nirvel-barber-balzsamos-borotvakrem', `fullurl`='hajapolas/nirvel-barber-balzsamos-borotvakrem', `other_categories`='131,170,173,219,235,236,252,253,256,313,314,360,364,401,423' WHERE id=3671

[2020-12-03 12:51:19] UPDATE webshop_gallery SET original_name='Cerena Solingen olló és borotva szett táskával Cobra5.5 holster', date=1606996279 WHERE id=3147

[2020-12-03 12:51:19] UPDATE webshop_special_fields SET `value`='Solingen Olló' WHERE `key`='manufacturer' AND `product_id`=3482

[2020-12-03 12:51:19] UPDATE webshop_special_fields SET `value`='db' WHERE `key`='quantityunit' AND `product_id`=3482

[2020-12-03 12:51:19] UPDATE webshop_special_fields SET `value`='1' WHERE `key`='kiszereles' AND `product_id`=3482

[2020-12-03 12:51:19] UPDATE webshop_products SET `name_hun`='Cerena Solingen olló és borotva szett táskával Cobra5.5 holster',`content_short`='Fodrász olló és borotva szett, Cerena Solingen termékekkel. 
A szett tartalma:
1db Derékra csatolható műbőr...',`content`='<P style=\"TEXT-ALIGN: justify; MARGIN: 0cm 0cm 10pt; LINE-HEIGHT: normal; mso-margin-top-alt: auto; mso-margin-bottom-alt: auto\"><FONT face=Calibri>Fodrász olló és borotva szett, Cerena Solingen termékekkel. </FONT></P>
<P style=\"TEXT-ALIGN: justify; MARGIN: 0cm 0cm 10pt; LINE-HEIGHT: normal; mso-margin-top-alt: auto; mso-margin-bottom-alt: auto\"><FONT face=Calibri>A szett tartalma:</FONT></P>
<P style=\"TEXT-ALIGN: justify; MARGIN: 0cm 0cm 10pt; LINE-HEIGHT: normal; mso-margin-top-alt: auto; mso-margin-bottom-alt: auto\"><FONT face=Calibri>1db Derékra csatolható műbőr ollótartó táska.</FONT></P>
<P style=\"TEXT-ALIGN: justify; MARGIN: 0cm 0cm 10pt; LINE-HEIGHT: normal; mso-margin-top-alt: auto; mso-margin-bottom-alt: auto\"><FONT face=Calibri>1db Cobra 5,5\" acél <B>hajvágó olló</B>, mikro fogazású ( önélezős ) vágó&nbsp; éllel.</FONT></P>
<P style=\"TEXT-ALIGN: justify; MARGIN: 0cm 0cm 10pt; LINE-HEIGHT: normal; mso-margin-top-alt: auto; mso-margin-bottom-alt: auto\">1db Cobra 5,75\" <FONT face=Calibri>acél, egyoldalon fogazott&nbsp;texturizáló <B>hajvágó olló</B>, mikro fogazású ( önélezős ) vágó&nbsp; éllel.</FONT></P>
<P style=\"TEXT-ALIGN: justify; MARGIN: 0cm 0cm 10pt; LINE-HEIGHT: normal; mso-margin-top-alt: auto; mso-margin-bottom-alt: auto\"><FONT face=Calibri>1db Cerena Solningen Borotva, hajnyeső.&nbsp;</FONT></P>
<P style=\"TEXT-ALIGN: justify; MARGIN: 0cm 0cm 10pt; LINE-HEIGHT: normal; mso-margin-top-alt: auto; mso-margin-bottom-alt: auto\"><FONT face=Calibri>1cs (10db) középen kettétörhető borotva penge.</FONT></P>
<P style=\"TEXT-ALIGN: justify; MARGIN: 0cm 0cm 10pt; LINE-HEIGHT: normal; mso-margin-top-alt: auto; mso-margin-bottom-alt: auto\"><FONT face=Calibri>A részleteket a Cerena Solingen Cobra ollóknál nézze meg!</FONT></P>
<P style=\"MARGIN: 0cm 0cm 10pt; LINE-HEIGHT: normal; mso-margin-top-alt: auto; mso-margin-bottom-alt: auto\"><FONT face=Calibri><B style=\"mso-bidi-font-weight: normal\"><U>A&nbsp;Cobra olló&nbsp; főbb paraméterei:</U></B></FONT></P>
<UL type=disc>
<LI style=\"MARGIN: 0cm 0cm 10pt; LINE-HEIGHT: normal; mso-margin-top-alt: auto; mso-margin-bottom-alt: auto; mso-list: l0 level1 lfo1; tab-stops: list 36.0pt\"><FONT face=Calibri>Mikro fogazású,&nbsp; (önélezős) hajvágó olló. </FONT>
<LI style=\"MARGIN: 0cm 0cm 10pt; LINE-HEIGHT: normal; mso-margin-top-alt: auto; mso-margin-bottom-alt: auto; mso-list: l0 level1 lfo1; tab-stops: list 36.0pt\"><FONT face=Calibri>Solingen ollók hossza ujj támasszal, méretek szerint: kb.&nbsp;5&rdquo;-143mm, 5,5&rdquo; 153mm, 6&rdquo;-165mm </FONT>
<LI style=\"MARGIN: 0cm 0cm 10pt; LINE-HEIGHT: normal; mso-margin-top-alt: auto; mso-margin-bottom-alt: auto; mso-list: l0 level1 lfo1; tab-stops: list 36.0pt\"><FONT face=Calibri>Ovális lyuk az ujjaknak: kereszt méretei &nbsp;műanyag betét nélkül: kb.18/23mm</FONT></LI></UL>', `item_id`='2028-cso-9997-9955-5.5-holster', `default_pic`='3147', `active`='1', `category_id`='104', `root_category_id`='0', `seo_name`='cerena-solingen-ollo-es-borotva-szett-taskaval-cobra55-holster', `fullurl`='fodraszkellek/cerena-solingen-ollo-es-borotva-szett-taskaval-cobra55-holster', `other_categories`='104,122,125,126,127,128,311' WHERE id=3482

[2020-12-03 12:51:19] UPDATE webshop_gallery SET original_name='Koffeines férfi haj és szakáll ápoló regeneráló sampon Golden Green', date=1606996279 WHERE id=15176

[2020-12-03 12:51:19] UPDATE webshop_special_fields SET `value`='Egyéb fodrászkellék' WHERE `key`='manufacturer' AND `product_id`=5028

[2020-12-03 12:51:19] UPDATE webshop_special_fields SET `value`='ml' WHERE `key`='quantityunit' AND `product_id`=5028

[2020-12-03 12:51:19] UPDATE webshop_special_fields SET `value`='500' WHERE `key`='kiszereles' AND `product_id`=5028

[2020-12-03 12:51:19] UPDATE webshop_products SET `name_hun`='Koffeines férfi haj és szakállápoló regeneráló sampon Golden Green',`content_short`='A szakállápoló Koffein tartalmának és további értékes hatóanyagainak (Csalán, Urea, Panthenol, Borsmenta...',`content`='<P>A szakállápoló Koffein tartalmának és további értékes hatóanyagainak (Csalán, Urea, Panthenol, Borsmenta olaj, Zöldtea) köszönhetően táplálja, regenerálja a hajat-, és a szakáll szőrzetét, szabályozza a faggyútermelést, csökkenti a fejbőr zsírosodását, hajhullás, kopaszodás kezelésében is hatékony.</P>
<P>500ml - &nbsp;Hidratálja a bőrt, gyulladt, irritált bőrnek is elengedhetetlen ápolószere. Nedvesség megkötő, hatásával növeli a bőr rugalmasságát. Hűsítő, bőrnyugtató hatású,és selymessé teszi úgy a haj-, mint a szakáll szőrzetét is.</P>
<P><STRONG>HASZNÁLATA:</STRONG> Mindennapos használatra is javasolt. A tisztítandó felületre történő felvitel - úgy hajra-, mint szakállra -, és habosítás után 2 percig hagyjuk hatni, majd öblítsük le.</P>', `item_id`='0718-stella-3305100000-500ml', `default_pic`='15176', `active`='1', `category_id`='159', `root_category_id`='131', `seo_name`='koffeines-ferfi-haj-es-szakallapolo-regeneralo-sampon-golden-green', `fullurl`='hajapolas/sampon/ferfi-sampon/koffeines-ferfi-haj-es-szakallapolo-regeneralo-sampon-golden-green', `other_categories`='159,173,219,256,362,364,365' WHERE id=5028

[2020-12-03 12:51:19] UPDATE webshop_gallery SET original_name='KIN Haute Dry Száraz sampon és volumennövelő spray', date=1606996279 WHERE id=15351

[2020-12-03 12:51:19] UPDATE webshop_special_fields SET `value`='KIN Cosmetics' WHERE `key`='manufacturer' AND `product_id`=5075

[2020-12-03 12:51:19] UPDATE webshop_special_fields SET `value`='ml' WHERE `key`='quantityunit' AND `product_id`=5075

[2020-12-03 12:51:19] UPDATE webshop_special_fields SET `value`='300' WHERE `key`='kiszereles' AND `product_id`=5075

[2020-12-03 12:51:19] UPDATE webshop_products SET `name_hun`='KIN Haute Dry Száraz sampon és volumennövelő por spray',`content_short`='A száraz samponnal Szexi, matt hatású frizurát készíthetünk. Akár formázott, akár laza viselet, mindkettő...',`content`='<P style=\"TEXT-ALIGN: justify; MARGIN: 0cm 0cm 10pt\"><FONT face=Calibri>A száraz samponnal Szexi, matt hatású frizurát készíthetünk. Akár formázott, akár laza viselet, mindkettő variáció készítése lehetséges ezzel a 2 az 1-ben száraz samponnal és volumennövelő porral. Tökéletes több-funkciós spray a textúra megadásához, és a tökéletes frizura órákon át történő fenntartásához. Enyhe tartást ad.</FONT></P>
<P style=\"TEXT-ALIGN: justify; MARGIN: 0cm 0cm 10pt\"><FONT face=Calibri>Kinstyle Haute termékcsalád &ndash; Hajformázók fodrászoknak a legmagasabb igények kielégítésére. A cél hogy a vendégek úgy lépjenek ki a szalonból, mintha a kifutóról jönnének.</FONT></P>
<P style=\"TEXT-ALIGN: justify; MARGIN: 0cm 0cm 10pt\"><FONT face=Calibri>Az AIS (Aktív belső rendszer) technológiának köszönhetően hegyi kristály, fehér tea kivonat, E-vitamin, B5-vitamin és UV-szűrő került egy kapszulázott aktív rendszerbe, amely ha bekerül a hajba, felszabadul a kutikula belsejében, hogy lehetővé tegye a legjobb eredményt, miközben biztosítja a haj maximális egészségét és védelmét.</FONT></P>
<P style=\"TEXT-ALIGN: justify; MARGIN: 0cm 0cm 10pt\"><FONT face=Calibri><U>A száraz samponok használata:</U> Figyelem! Hajtó gázos termék! Rázza fel jól! Használat előtt addig rázza a flakont, amíg meg nem hallod a kis golyót mozogni a flakonban. Fújja a hajra 15-20 cm távolságból, először a hajtövekre, majd a haj további részeire. A kifújt sampon fehér színű!&nbsp; Addig fésülje, dolgozza be a kezével, masszírozza a hajba, amíg a fehérszín el nem tűnik!&nbsp;Várjon pár percet, majd fésülje át ismét!</FONT></P>
<P style=\"TEXT-ALIGN: justify; MARGIN: 0cm 0cm 10pt\"><FONT face=Calibri>Száraz samponban levő főbb összetevők:</FONT></P>
<P style=\"TEXT-ALIGN: justify; MARGIN: 0cm 0cm 10pt\"><FONT face=Calibri>Hidrofób kukoricakeményítő: felszívja az olajokat, zsírt a hajból, hatékony tisztító hatású, kellemetlen fehér lisztes hatás nélkül, hosszasan fenntartja a frissesség érzését </FONT></P>
<P style=\"TEXT-ALIGN: justify; MARGIN: 0cm 0cm 10pt\"><FONT face=Calibri>Hidrolizált keratin: A keratin a haj legfontosabb alkotóeleme.</FONT></P>
<P style=\"TEXT-ALIGN: justify; MARGIN: 0cm 0cm 10pt\"><FONT face=Calibri>Argán olaj: értékes olaj, gyakran használják hajápolásban, fényesít és puhít.</FONT></P>', `item_id`='0818-kds-520088-300ml', `default_pic`='15351', `active`='1', `category_id`='131', `root_category_id`='0', `seo_name`='kin-haute-dry-szaraz-sampon-es-volumennovelo-por-spray', `fullurl`='hajapolas/kin-haute-dry-szaraz-sampon-es-volumennovelo-por-spray', `other_categories`='131,168,222,225,231,233,346' WHERE id=5075

[2020-12-03 12:51:19] UPDATE webshop_gallery SET original_name='Kontyalátét szőke szivacs 8cm', date=1606996279 WHERE id=523

[2020-12-03 12:51:19] UPDATE webshop_special_fields SET `value`='Comair fodrászkellék' WHERE `key`='manufacturer' AND `product_id`=2519

[2020-12-03 12:51:19] UPDATE webshop_special_fields SET `value`='db' WHERE `key`='quantityunit' AND `product_id`=2519

[2020-12-03 12:51:19] UPDATE webshop_special_fields SET `value`='1' WHERE `key`='kiszereles' AND `product_id`=2519

[2020-12-03 12:51:19] UPDATE webshop_products SET `name_hun`='megszünt - Kontyalátét szőke szivacs 8cm',`content_short`='Haj konty és más extra frizura készítéséhez, szivacsból készült karika, konty alátét.
A haj konty alátét...',`content`='<P style=\"MARGIN: 0cm 0cm 10pt\"><FONT face=Calibri>Haj konty és más extra frizura készítéséhez, szivacsból készült karika, konty alátét.</FONT></P>
<P style=\"MARGIN: 0cm 0cm 10pt\"><U><FONT face=Calibri>A haj konty alátét méretei:</FONT></U></P>
<P style=\"MARGIN: 0cm 0cm 10pt\"><FONT face=Calibri>A konty karika legnagyobb, külső átmérője:80mm</FONT></P>
<P style=\"MARGIN: 0cm 0cm 10pt\"><FONT face=Calibri>A konty karika súlya:15gr</FONT></P>
<P style=\"MARGIN: 0cm 0cm 10pt\"><FONT face=Calibri>Comair fodrászcikk, fodrászkellék.</FONT></P>', `item_id`='1734-3040032-8cm', `default_pic`='523', `active`='1', `category_id`='104', `root_category_id`='0', `seo_name`='megszunt-kontyalatet-szoke-szivacs-8cm', `fullurl`='fodraszkellek/megszunt-kontyalatet-szoke-szivacs-8cm', `other_categories`='104,112,222' WHERE id=2519

[2020-12-03 12:51:19] UPDATE webshop_products SET sort=1 WHERE id=3326

[2020-12-03 12:51:19] UPDATE webshop_products SET sort=2 WHERE id=5097

[2020-12-03 12:51:19] UPDATE webshop_products SET sort=3 WHERE id=5098

[2020-12-03 12:51:32] UPDATE users SET lastlogin = NOW() WHERE id = '11'

[2020-12-03 12:51:34] UPDATE users SET lastlogin = NOW() WHERE id = '11'

[2020-12-03 12:51:34] UPDATE webshop_products SET `price1_name`='', `price1_currency`='', `price1_value`='0' WHERE id=2793

[2020-12-03 12:51:34] UPDATE webshop_products SET `price2_name`='Kereskedő -27,6%', `price2_currency`='HUF', `price2_value`='4111' WHERE id=2793

[2020-12-03 12:51:34] UPDATE webshop_products SET `price3_name`='Kereskedő -33,6%', `price3_currency`='HUF', `price3_value`='3771' WHERE id=2793

[2020-12-03 12:51:34] UPDATE webshop_products SET `price4_name`='Szakmai 1 ár -7%', `price4_currency`='HUF', `price4_value`='5281' WHERE id=2793

[2020-12-03 12:51:34] UPDATE webshop_products SET `price5_name`='Szakmai 2 ár -14%', `price5_currency`='HUF', `price5_value`='4883' WHERE id=2793

[2020-12-03 12:51:34] UPDATE webshop_products SET `price6_name`='Vásárló', `price6_currency`='HUF', `price6_value`='5678' WHERE id=2793

[2020-12-03 12:51:34] UPDATE webshop_products SET `price7_name`='W Lista ár', `price7_currency`='HUF', `price7_value`='5678' WHERE id=2793

[2020-12-03 12:51:34] UPDATE webshop_products SET `price`='5678', `reduced_price`=0 WHERE id=2793

[2020-12-03 12:51:34] UPDATE webshop_products SET `price1_name`='', `price1_currency`='', `price1_value`='0' WHERE id=5097

[2020-12-03 12:51:34] UPDATE webshop_products SET `price2_name`='Kereskedő -27,6%', `price2_currency`='HUF', `price2_value`='8810' WHERE id=5097

[2020-12-03 12:51:34] UPDATE webshop_products SET `price3_name`='Kereskedő -33,6%', `price3_currency`='HUF', `price3_value`='8080' WHERE id=5097

[2020-12-03 12:51:34] UPDATE webshop_products SET `price4_name`='Szakmai 1 ár -7%', `price4_currency`='HUF', `price4_value`='11316' WHERE id=5097

[2020-12-03 12:51:34] UPDATE webshop_products SET `price5_name`='Szakmai 2 ár -14%', `price5_currency`='HUF', `price5_value`='10465' WHERE id=5097

[2020-12-03 12:51:34] UPDATE webshop_products SET `price6_name`='Vásárló', `price6_currency`='HUF', `price6_value`='12168' WHERE id=5097

[2020-12-03 12:51:34] UPDATE webshop_products SET `price7_name`='W Lista ár', `price7_currency`='HUF', `price7_value`='12168' WHERE id=5097

[2020-12-03 12:51:34] UPDATE webshop_products SET `price`='12168', `reduced_price`=0 WHERE id=5097

[2020-12-03 12:51:34] UPDATE webshop_products SET `price1_name`='', `price1_currency`='', `price1_value`='0' WHERE id=2484

[2020-12-03 12:51:34] UPDATE webshop_products SET `price2_name`='Kereskedő -27,6%', `price2_currency`='HUF', `price2_value`='1222' WHERE id=2484

[2020-12-03 12:51:34] UPDATE webshop_products SET `price3_name`='Kereskedő -33,6%', `price3_currency`='HUF', `price3_value`='1120' WHERE id=2484

[2020-12-03 12:51:34] UPDATE webshop_products SET `price4_name`='Szakmai 1 ár -7%', `price4_currency`='HUF', `price4_value`='1570' WHERE id=2484

[2020-12-03 12:51:34] UPDATE webshop_products SET `price5_name`='Szakmai 2 ár -14%', `price5_currency`='HUF', `price5_value`='1452' WHERE id=2484

[2020-12-03 12:51:34] UPDATE webshop_products SET `price6_name`='Vásárló', `price6_currency`='HUF', `price6_value`='1688' WHERE id=2484

[2020-12-03 12:51:34] UPDATE webshop_products SET `price7_name`='W Lista ár', `price7_currency`='HUF', `price7_value`='1688' WHERE id=2484

[2020-12-03 12:51:34] UPDATE webshop_products SET `price`='1688', `reduced_price`=0 WHERE id=2484

[2020-12-03 12:51:34] UPDATE webshop_products SET `price1_name`='', `price1_currency`='', `price1_value`='0' WHERE id=5098

[2020-12-03 12:51:34] UPDATE webshop_products SET `price2_name`='Kereskedő -27,6%', `price2_currency`='HUF', `price2_value`='1750' WHERE id=5098

[2020-12-03 12:51:34] UPDATE webshop_products SET `price3_name`='Kereskedő -33,6%', `price3_currency`='HUF', `price3_value`='1605' WHERE id=5098

[2020-12-03 12:51:34] UPDATE webshop_products SET `price4_name`='Szakmai 1 ár -7%', `price4_currency`='HUF', `price4_value`='2249' WHERE id=5098

[2020-12-03 12:51:34] UPDATE webshop_products SET `price5_name`='Szakmai 2 ár -14%', `price5_currency`='HUF', `price5_value`='2079' WHERE id=5098

[2020-12-03 12:51:34] UPDATE webshop_products SET `price6_name`='Vásárló', `price6_currency`='HUF', `price6_value`='2418' WHERE id=5098

[2020-12-03 12:51:34] UPDATE webshop_products SET `price7_name`='W Lista ár', `price7_currency`='HUF', `price7_value`='2418' WHERE id=5098

[2020-12-03 12:51:34] UPDATE webshop_products SET `price`='2418', `reduced_price`=0 WHERE id=5098

[2020-12-03 12:51:34] UPDATE webshop_products SET `price1_name`='', `price1_currency`='', `price1_value`='0' WHERE id=4236

[2020-12-03 12:51:34] UPDATE webshop_products SET `price2_name`='Kereskedő -27,6%', `price2_currency`='HUF', `price2_value`='413' WHERE id=4236

[2020-12-03 12:51:34] UPDATE webshop_products SET `price3_name`='Kereskedő -33,6%', `price3_currency`='HUF', `price3_value`='413' WHERE id=4236

[2020-12-03 12:51:34] UPDATE webshop_products SET `price4_name`='Szakmai 1 ár -7%', `price4_currency`='HUF', `price4_value`='427' WHERE id=4236

[2020-12-03 12:51:34] UPDATE webshop_products SET `price5_name`='Szakmai 2 ár -14%', `price5_currency`='HUF', `price5_value`='427' WHERE id=4236

[2020-12-03 12:51:34] UPDATE webshop_products SET `price6_name`='Vásárló', `price6_currency`='HUF', `price6_value`='458' WHERE id=4236

[2020-12-03 12:51:34] UPDATE webshop_products SET `price7_name`='W Lista ár', `price7_currency`='HUF', `price7_value`='458' WHERE id=4236

[2020-12-03 12:51:34] UPDATE webshop_products SET `price`='458', `reduced_price`=0 WHERE id=4236

[2020-12-03 12:51:34] UPDATE webshop_products SET `price1_name`='', `price1_currency`='', `price1_value`='0' WHERE id=4408

[2020-12-03 12:51:34] UPDATE webshop_products SET `price2_name`='Kereskedő -27,6%', `price2_currency`='HUF', `price2_value`='991' WHERE id=4408

[2020-12-03 12:51:34] UPDATE webshop_products SET `price3_name`='Kereskedő -33,6%', `price3_currency`='HUF', `price3_value`='909' WHERE id=4408

[2020-12-03 12:51:34] UPDATE webshop_products SET `price4_name`='Szakmai 1 ár -7%', `price4_currency`='HUF', `price4_value`='1273' WHERE id=4408

[2020-12-03 12:51:34] UPDATE webshop_products SET `price5_name`='Szakmai 2 ár -14%', `price5_currency`='HUF', `price5_value`='1177' WHERE id=4408

[2020-12-03 12:51:34] UPDATE webshop_products SET `price6_name`='Vásárló', `price6_currency`='HUF', `price6_value`='1368' WHERE id=4408

[2020-12-03 12:51:34] UPDATE webshop_products SET `price7_name`='W Lista ár', `price7_currency`='HUF', `price7_value`='1368' WHERE id=4408

[2020-12-03 12:51:34] UPDATE webshop_products SET `price`='1368', `reduced_price`=0 WHERE id=4408

[2020-12-03 12:51:34] UPDATE webshop_products SET `price1_name`='', `price1_currency`='', `price1_value`='0' WHERE id=5090

[2020-12-03 12:51:34] UPDATE webshop_products SET `price2_name`='Kereskedő -27,6%', `price2_currency`='HUF', `price2_value`='1411' WHERE id=5090

[2020-12-03 12:51:34] UPDATE webshop_products SET `price3_name`='Kereskedő -33,6%', `price3_currency`='HUF', `price3_value`='1294' WHERE id=5090

[2020-12-03 12:51:34] UPDATE webshop_products SET `price4_name`='Szakmai 1 ár -7%', `price4_currency`='HUF', `price4_value`='1812' WHERE id=5090

[2020-12-03 12:51:34] UPDATE webshop_products SET `price5_name`='Szakmai 2 ár -14%', `price5_currency`='HUF', `price5_value`='1675' WHERE id=5090

[2020-12-03 12:51:34] UPDATE webshop_products SET `price6_name`='Vásárló', `price6_currency`='HUF', `price6_value`='1948' WHERE id=5090

[2020-12-03 12:51:34] UPDATE webshop_products SET `price7_name`='W Lista ár', `price7_currency`='HUF', `price7_value`='1948' WHERE id=5090

[2020-12-03 12:51:34] UPDATE webshop_products SET `price`='1948', `reduced_price`=0 WHERE id=5090

[2020-12-03 12:51:43] UPDATE users SET lastlogin = NOW() WHERE id = '11'

[2020-12-03 12:51:46] UPDATE users SET lastlogin = NOW() WHERE id = '11'

[2020-12-03 12:51:56] DELETE FROM webshop_gallery WHERE id=15402

[2020-12-03 12:52:06] INSERT INTO webshop_gallery (`id`, `product_id`, `original_name`, `new_name`, `date`) VALUES (15413, 5097, 'Nirvel Naturals természetes hajápoló csomag Ajándék neszeszerrel', '15413.jpg', 1606996326)

[2020-12-03 12:52:07] INSERT INTO webshop_gallery (`id`, `product_id`, `original_name`, `new_name`, `date`) VALUES (15414, 5098, 'Kinmen borotvakrém', '15414.jpg', 1606996327)

[2020-12-03 12:52:07] INSERT INTO webshop_gallery (`id`, `product_id`, `original_name`, `new_name`, `date`) VALUES (15415, 5090, 'Kinman After Shave borotválkozás utáni arcbő rnyugtató balzsam', '15415.jpg', 1606996327)

[2020-12-03 12:52:16] UPDATE users SET lastlogin = NOW() WHERE id = '11'

[2020-12-03 12:57:58] UPDATE users SET lastlogin = NOW() WHERE id = '11'

[2020-12-03 12:58:00] UPDATE users SET lastlogin = NOW() WHERE id = '11'

[2020-12-03 12:58:02] UPDATE users SET lastlogin = NOW() WHERE id = '11'

[2020-12-03 12:58:02] UPDATE webshop_gallery SET original_name='Szempilla-, szemöldökfesték Refectocil piros 4.1 Akciós!', date=1606996682 WHERE id=7725

[2020-12-03 12:58:02] UPDATE webshop_special_fields SET `value`='Comair fodrászkellék' WHERE `key`='manufacturer' AND `product_id`=4236

[2020-12-03 12:58:02] UPDATE webshop_special_fields SET `value`='db' WHERE `key`='quantityunit' AND `product_id`=4236

[2020-12-03 12:58:02] UPDATE webshop_special_fields SET `value`='1' WHERE `key`='kiszereles' AND `product_id`=4236

[2020-12-03 12:58:02] UPDATE webshop_products SET `name_hun`='Szempilla-, szemöldökfesték Refectocil piros 4.1 Akciós!',`content_short`='A Refectocil szempilla, szemöldök festék kozmetikai felhasználásra készült professzionális termék....',`content`='<P style=\"TEXT-ALIGN: justify; MARGIN: 0cm 0cm 10pt\"><FONT face=Calibri>A Refectocil szempilla, szemöldök festék kozmetikai felhasználásra készült professzionális termék. Használata, a szemöldök, szempilla festés kiemeli a kontúrokat. </FONT></P>
<P style=\"TEXT-ALIGN: justify; MARGIN: 0cm 0cm 10pt\"><FONT face=Calibri>A Refectocil szempillafesték márka tartós megoldást nyújt azok számára, akik szeretnék jobban kihangsúlyozni tekintetüket, nem kenődik el, tökéletesen vízálló, színét fokozatos kopással veszíti el.</FONT></P>
<P style=\"TEXT-ALIGN: justify; MARGIN: 0cm 0cm 10pt\"><FONT face=Calibri>A Refectocil szempillafesték könnyen és egyszerűen&nbsp;alkalmazható, rövid hatóidő,&nbsp;tökéletes színeredmény és hat hétig tartó hatás jellemzi, használatához 3%-os Oxidácios anyag szükséges. A legjobb festés eredményt a márka saját oxidálószerével érhetjük el!</FONT></P>
<P style=\"MARGIN: 0cm 0cm 10pt\"><FONT face=Calibri>A szempillafesték 15ml kiszerelésű, Kb. 30 alkalomra elegendő. Használata előtt javasolt a hajfestésnél is használt kontúr védő krém használata, így az esetlegesen bőrre került szempillafesték, egy szivaccsal könnyen eltávolítható. <BR style=\"mso-special-character: line-break\"><BR style=\"mso-special-character: line-break\"></FONT></P>
<P style=\"TEXT-ALIGN: justify; MARGIN: 0cm 0cm 10pt\"><B style=\"mso-bidi-font-weight: normal\"><U><FONT face=Calibri>A Refectocil szempillafesték, és oxidáló használata: </FONT></U></B></P>
<P style=\"TEXT-ALIGN: justify; MARGIN: 0cm 0cm 10pt\"><FONT face=Calibri>Közvetlenül a szempillafestés, szemöldökfestés előtt, a tubusból kinyomott 2cm festékhez keverjen 10 csepp 3%-os, szempillafesték oxidálót, és vigye fel a szemöldökre, szempillára. A kívánt intenzítástól függően, 10-15 perc hatóidő után mossa le.</FONT></P>
<P style=\"MARGIN: 0cm 0cm 10pt\"><U><FONT face=Calibri>A Refectocil Szempilla- és szemöldökfesték színek:</FONT></U></P>
<P style=\"MARGIN: 0cm 0cm 10pt\"><FONT face=Calibri>Refectocil szempilla-, szemöldökfesték fekete</FONT></P>
<P style=\"MARGIN: 0cm 0cm 10pt\"><FONT face=Calibri>Refectocil szempilla-, szemöldökfesték gesztenye</FONT></P>
<P style=\"MARGIN: 0cm 0cm 10pt\"><FONT face=Calibri>Refectocil szempilla-, szemöldökfesték grafit</FONT></P>
<P style=\"MARGIN: 0cm 0cm 10pt\"><FONT face=Calibri>Refectocil szempilla-, szemöldökfesték kékesfekete</FONT></P>
<P style=\"MARGIN: 0cm 0cm 10pt\"><FONT face=Calibri>Refectocil szempilla-, szemöldökfesték természetes barna</FONT></P>
<P style=\"MARGIN: 0cm 0cm 10pt\"><FONT face=Calibri>Refectocil szempilla-, szemöldökfesték világos barna</FONT></P>
<P style=\"MARGIN: 0cm 0cm 10pt\"><FONT face=Calibri>Refectocil szempilla-, szemöldökfesték vörös</FONT></P>
<P>&nbsp;</P>', `item_id`='1744-rsf-piros-15ml', `default_pic`='7725', `active`='1', `category_id`='30', `root_category_id`='22', `seo_name`='szempilla-szemoldokfestek-refectocil-piros-41-akcios', `fullurl`='hajfestek/szempillafestek-szemoldokfestek/szempilla-szemoldokfestek-refectocil-piros-41-akcios', `other_categories`='30,195,240' WHERE id=4236

[2020-12-03 12:58:03] UPDATE webshop_products SET sort=1 WHERE id=3326

[2020-12-03 12:58:06] UPDATE users SET lastlogin = NOW() WHERE id = '11'

[2020-12-03 12:58:08] UPDATE users SET lastlogin = NOW() WHERE id = '11'

[2020-12-03 12:58:10] UPDATE users SET lastlogin = NOW() WHERE id = '11'

