[2019-12-02 20:19:07] UPDATE users SET lastlogin = NOW() WHERE id = '11'

[2019-12-02 20:19:09] UPDATE users SET lastlogin = NOW() WHERE id = '11'

[2019-12-02 20:19:10] UPDATE users SET lastlogin = NOW() WHERE id = '11'

[2019-12-02 20:19:10] INSERT INTO webshop_gallery (`id`, `product_id`, `original_name`, `new_name`, `date`) VALUES (13003, 4609, '1.Kérjen ajándék hajszínskálát / hívja 20/3371605', '13003.jpg', 1575314350)

[2019-12-02 20:19:10] INSERT INTO webshop_products (`id`, `name_hun`, `name_eng`, `item_id`, `price`, `reduced_price`, `status`, `currency`, `content_short`, `content`, `details`, `date`, `default_pic`, `active`, `main`, `sort`, `category_id`, `root_category_id`, `seo_name`, `fullurl`, `websyx_id`, `quantity`, `other_categories`) VALUES ('4609', '1.Kérjen ajándék hajszínskálát / hívja 20/3371605', '1.Kérjen ajándék hajszínskálát / hívja 20/3371605', '0123-ajandekhajszinskala', 0, 0, 1, 'Ft', '...', '', '', 1575314350, '13003', '1', 0, 1, 33, '22', '1kerjen-ajandek-hajszinskalat-hivja-20-3371605', 'hajfestek/hajfestek-szinskala/1kerjen-ajandek-hajszinskalat-hivja-20-3371605', '1892', 1, '33')

[2019-12-02 20:19:11] INSERT INTO webshop_special_fields (`key`, `value`, `product_id`) VALUES ('manufacturer', 'Egyéb fodrászkellék', 4609)

[2019-12-02 20:19:11] INSERT INTO webshop_special_fields (`key`, `value`, `product_id`) VALUES ('quantityunit', 'db', 4609)

[2019-12-02 20:19:11] INSERT INTO webshop_special_fields (`key`, `value`, `product_id`) VALUES ('kiszereles', '1', 4609)

[2019-12-02 20:19:11] INSERT INTO webshop_gallery (`id`, `product_id`, `original_name`, `new_name`, `date`) VALUES (13004, 4610, '1.Nirvel referencia üzlet dekorációért / hívja 20/3371605', '13004.jpg', 1575314351)

[2019-12-02 20:19:11] INSERT INTO webshop_products (`id`, `name_hun`, `name_eng`, `item_id`, `price`, `reduced_price`, `status`, `currency`, `content_short`, `content`, `details`, `date`, `default_pic`, `active`, `main`, `sort`, `category_id`, `root_category_id`, `seo_name`, `fullurl`, `websyx_id`, `quantity`, `other_categories`) VALUES ('4610', '1.Nirvel referencia üzlet dekorációért / hívja 20/3371605', '1.Nirvel referencia üzlet dekorációért / hívja 20/3371605', '0135-referenciaüzletdekor', 0, 0, 1, 'Ft', '...', '', '', 1575314351, '13004', '1', 0, 1, 91, '86', '1nirvel-referencia-uzlet-dekoracioert-hivja-20-3371605', 'fodraszbutor/szalon-dekoracio-termek-allvany/1nirvel-referencia-uzlet-dekoracioert-hivja-20-3371605', '1965', 1, '91')

[2019-12-02 20:19:11] INSERT INTO webshop_special_fields (`key`, `value`, `product_id`) VALUES ('manufacturer', 'Nirvel', 4610)

[2019-12-02 20:19:11] INSERT INTO webshop_special_fields (`key`, `value`, `product_id`) VALUES ('quantityunit', 'db', 4610)

[2019-12-02 20:19:11] INSERT INTO webshop_special_fields (`key`, `value`, `product_id`) VALUES ('kiszereles', '1', 4610)

[2019-12-02 20:19:11] UPDATE webshop_gallery SET original_name='Levissime Lash Glue szempilla ragasztó', date=1575314351 WHERE id=5365

[2019-12-02 20:19:11] UPDATE webshop_special_fields SET `value`='Nirvel Levissime' WHERE `key`='manufacturer' AND `product_id`=3972

[2019-12-02 20:19:11] UPDATE webshop_special_fields SET `value`='ml' WHERE `key`='quantityunit' AND `product_id`=3972

[2019-12-02 20:19:11] UPDATE webshop_special_fields SET `value`='5' WHERE `key`='kiszereles' AND `product_id`=3972

[2019-12-02 20:19:11] UPDATE webshop_products SET `name_hun`='Levissime Lash Glue szempilla ragasztó',`content_short`='Szempilla ragasztó folyadék tartós szempilla göndörítéshez, melynek segítségével a szempillákat a formázó...',`content`='<P style=\"TEXT-ALIGN: justify; MARGIN: 0cm 0cm 10pt\"><FONT face=Calibri>Szempilla ragasztó folyadék tartós szempilla göndörítéshez, melynek segítségével a szempillákat a formázó szilikonformához rögzítheti. A Lash Perm tartós szempilla göndörítés alapvető eleme.</FONT></P>
<P style=\"TEXT-ALIGN: justify; MARGIN: 0cm 0cm 10pt\"><FONT face=Calibri>5 ml</FONT></P>
<P style=\"TEXT-ALIGN: justify; MARGIN: 0cm 0cm 10pt\"><FONT face=Calibri>Szempilla ragasztó használata: tisztítsa meg a szempillákat, távolítsa el a sminket, és fésülje át a pillákat. Vigyen fel egy kis ragasztót a felső szemhéjra, majd ragassza oda a szempilla formázó szilikonformát, olyan közel a szempillatövekhez, amennyire csak lehet. Vigye fel a ragasztót a szilikonformára, majd simítsa rá a szempillákat egy vékony kis pálcika segítségével. Miután a Lash Perm szempilla göndörítő folyamatot elvégezte, vizes vattával távolítsa el a szilikonformát.</FONT></P>
<P style=\"TEXT-ALIGN: justify; MARGIN: 0cm 0cm 10pt\"><FONT face=Calibri>Figyelem! Professzionális felhasználásra készült! Ne nyelje le a terméket, ne lélegezze be. Kesztyű használata ajánlott. Kerülje a termék szembe kerülését! Amennyiben mégis szembe került, bő vízzel mossa ki, és forduljon orvoshoz!</FONT></P>
<P style=\"MARGIN: 0cm 0cm 10pt\"><FONT face=Calibri>A Levissime arc és testápoló kozmetikumok állatkísérlet mentes, állatokon nem tesztelt, Professzionális célra készült kozmetikai termékek!</FONT></P>
<P style=\"TEXT-ALIGN: justify; MARGIN: 0cm 0cm 10pt\">&nbsp;</P>', `item_id`='0250-llpg-5290-glue-5ml', `default_pic`='5365', `active`='1', `category_id`='56', `root_category_id`='0', `seo_name`='levissime-lash-glue-szempilla-ragaszto', `fullurl`='dauer/levissime-lash-glue-szempilla-ragaszto', `other_categories`='56,191,195,242,325,326' WHERE id=3972

[2019-12-02 20:19:11] UPDATE webshop_gallery SET original_name='Levissime Sculptist Cream alakformáló narancsbőr elleni fogyasztó krém Akciós!', date=1575314351 WHERE id=110

[2019-12-02 20:19:11] UPDATE webshop_special_fields SET `value`='Masszázs' WHERE `key`='manufacturer' AND `product_id`=2105

[2019-12-02 20:19:11] UPDATE webshop_special_fields SET `value`='ml' WHERE `key`='quantityunit' AND `product_id`=2105

[2019-12-02 20:19:11] UPDATE webshop_special_fields SET `value`='1000' WHERE `key`='kiszereles' AND `product_id`=2105

[2019-12-02 20:19:11] UPDATE webshop_products SET `name_hun`='Levissime Sculptist Cream alakformáló narancsbőr elleni fogyasztó krém Akciós!',`content_short`='Levissime Sculptist alakformáló krém leírása a nem Akciós!&nbsp; terméknél...',`content`='<P style=\"TEXT-ALIGN: justify; MARGIN: 0cm 0cm 10pt\"><FONT face=Calibri>Levissime Sculptist alakformáló krém leírása a nem Akciós!&nbsp; terméknél van!</FONT></P>', `item_id`='0250-5254-1000ml-NEIDE', `default_pic`='110', `active`='1', `category_id`='191', `root_category_id`='0', `seo_name`='levissime-sculptist-cream-alakformalo-narancsbor-elleni-fogyaszto-krem-akcios', `fullurl`='arcapolas-testapolas/levissime-sculptist-cream-alakformalo-narancsbor-elleni-fogyaszto-krem-akcios', `other_categories`='191,197,211,213,222,240,403' WHERE id=2105

[2019-12-02 20:19:12] UPDATE webshop_gallery SET original_name='Levissime Marine Cleansermilk arctisztító tej zsíros és kevert bőrre', date=1575314352 WHERE id=821

[2019-12-02 20:19:12] UPDATE webshop_special_fields SET `value`='Nirvel Levissime' WHERE `key`='manufacturer' AND `product_id`=2817

[2019-12-02 20:19:12] UPDATE webshop_special_fields SET `value`='ml' WHERE `key`='quantityunit' AND `product_id`=2817

[2019-12-02 20:19:12] UPDATE webshop_special_fields SET `value`='500' WHERE `key`='kiszereles' AND `product_id`=2817

[2019-12-02 20:19:12] UPDATE webshop_products SET `name_hun`='Levissime Marine Cleansermilk arctisztító tej zsíros és kevert bőrre',`content_short`='Arctisztító tej, Make UP remover,&nbsp;sminkeltávolító,&nbsp;zsíros és kevert bőrre professzionális szalon,...',`content`='<P style=\"TEXT-ALIGN: justify; MARGIN: 0cm 0cm 10pt\"><FONT face=Calibri>Arctisztító tej, Make UP remover,&nbsp;sminkeltávolító,&nbsp;zsíros és kevert bőrre professzionális szalon, és otthoni használatra. A marine&nbsp;arctisztító tejek gazdag tengeri kivonatokkal zsíros bőrre készülnek. Az arctisztító tej finoman tisztítja a bőrt, alaposan, gondosan eltávolítja az összes szennyeződést, a kozmetikai termékek, és a make-up maradványit anélkül, hogy megváltoztatná a bőr \'s pH értékét.</FONT></P>
<P style=\"TEXT-ALIGN: justify; MARGIN: 0cm 0cm 10pt\"><FONT face=Calibri><STRONG>Figyelem!</STRONG> A Levissime arc és testápoló kozmetikumok állatkísérlet mentes, állatokon nem tesztelt, Professzionális szépségszalon és otthoni&nbsp;használatra készült kozmetikai termékek!&nbsp;</FONT></P>
<P style=\"MARGIN: 0cm 0cm 10pt\"><FONT face=Calibri>500ml &ndash; <STRONG><U>Arctisztító tej zsíros bőrre főbb összetevői:</U></STRONG> <BR>-Tárnics kivonat (anti-bakteriális és fanyar tevékenység) <BR>-H. G. Fucus kivonat (hidratálja és lágyítjaa bőrt)</FONT></P>
<P style=\"MARGIN: 0cm 0cm 10pt\"><FONT face=Calibri><B style=\"mso-bidi-font-weight: normal\"><U>Arctisztító tej használatának eredményei:</U></B> <BR>A bőr rugalmas, feszes és nagyon puha tapintású lesz.</FONT></P>
<P style=\"MARGIN: 0cm 0cm 10pt\"><FONT face=Calibri><B style=\"mso-bidi-font-weight: normal\"><U>Arctisztító tej használata:</U></B><BR>Vigye fel a terméket egy nedvszívó vatta korong segítségével az arc, nyak, test bőrre. Használható reggel és este. </FONT></P>
<P style=\"TEXT-ALIGN: justify; MARGIN: 0cm 0cm 10pt\"><FONT face=Calibri>Az arctisztító tej zsíros bőrre professzionális kozmetikum, kozmetikai arcápoló termék.</FONT></P>', `item_id`='0250-5360-500ml', `default_pic`='821', `active`='1', `category_id`='191', `root_category_id`='0', `seo_name`='levissime-marine-cleansermilk-arctisztito-tej-zsiros-es-kevert-borre', `fullurl`='arcapolas-testapolas/levissime-marine-cleansermilk-arctisztito-tej-zsiros-es-kevert-borre', `other_categories`='191,192,197,222,354,402' WHERE id=2817

[2019-12-02 20:19:12] UPDATE webshop_gallery SET original_name='Levissime Marine Astringent Tonic arctisztító tonic zsíros és kevert bőrre', date=1575314352 WHERE id=822

[2019-12-02 20:19:12] UPDATE webshop_special_fields SET `value`='Nirvel Levissime' WHERE `key`='manufacturer' AND `product_id`=2818

[2019-12-02 20:19:12] UPDATE webshop_special_fields SET `value`='ml' WHERE `key`='quantityunit' AND `product_id`=2818

[2019-12-02 20:19:12] UPDATE webshop_special_fields SET `value`='500' WHERE `key`='kiszereles' AND `product_id`=2818

[2019-12-02 20:19:12] UPDATE webshop_products SET `name_hun`='Levissime Marine Astringent Tonic arctisztító tonic zsíros és kevert bőrre',`content_short`='Arctisztító tonik, sminklemosó,&nbsp;zsíros és kevert bőrre, professzionális szalon, és otthoni használatra....',`content`='<P style=\"TEXT-ALIGN: justify; MARGIN: 0cm 0cm 10pt\"><FONT face=Calibri>Arctisztító tonik, sminklemosó,&nbsp;zsíros és kevert bőrre, professzionális szalon, és otthoni használatra. Vizes-alkoholos tonik zsíros bőrre. Az arctisztító tonik finoman tisztítja a bőrt, alaposan, gondosan eltávolítja még a maradék a szennyeződéseket is, a kozmetikai termékek, és a make-up maradványit anélkül, hogy megváltoztatná a bőr \'s pH értékét. Az arctisztító tonik használata kitágítja a bőr pórusait, előkészítve így a következő kezelés hatóanyagainak könnyebb, gyorsabb befogadására.</FONT></P><FONT face=Calibri>
<P style=\"TEXT-ALIGN: justify; MARGIN: 0cm 0cm 10pt\"><STRONG>Figyelem!</STRONG> A Levissime arc és testápoló kozmetikumok állatkísérlet mentes, állatokon nem tesztelt, Professzionális szépségszalon és otthoni&nbsp;használatra készült kozmetikai termékek!&nbsp;</P></FONT>
<P style=\"MARGIN: 0cm 0cm 10pt\"><FONT face=Calibri>500ml - <STRONG><U>Az arctisztító tonik főbb összetevők: </U></STRONG></FONT></P>
<P style=\"MARGIN: 0cm 0cm 10pt\"><FONT face=Calibri>- Witch Hazel kivonat (anti-bakteriális és decongestive tevékenység) </FONT></P>
<P style=\"MARGIN: 0cm 0cm 10pt\"><FONT face=Calibri>- H. G. Uborka kivonat (hidratáló és kiegyenlítő) </FONT></P>
<P style=\"MARGIN: 0cm 0cm 10pt\"><FONT face=Calibri>- H. G. tárnics kivonat (hidratáló és fanyar) </FONT></P>
<P style=\"MARGIN: 0cm 0cm 10pt\"><FONT face=Calibri>- Mentol és kámfor (frissítő)</FONT></P>
<P style=\"MARGIN: 0cm 0cm 10pt\"><B style=\"mso-bidi-font-weight: normal\"><U><FONT face=Calibri>AZ arctisztító tonik használatának eredményi:</FONT></U></B></P>
<P style=\"MARGIN: 0cm 0cm 10pt\"><FONT face=Calibri>Tisztítja, nyugtatja és hidratálja.</FONT></P>
<P style=\"MARGIN: 0cm 0cm 10pt\"><B style=\"mso-bidi-font-weight: normal\"><U><FONT face=Calibri>Az arctisztító tonik használata:</FONT></U></B></P>
<P style=\"MARGIN: 0cm 0cm 10pt\"><FONT face=Calibri>Vigye fel a terméket egy nedvszívó vatta korong segítségével az arc, nyak, test bőrre. Használható reggel és este.</FONT></P>
<P style=\"TEXT-ALIGN: justify; MARGIN: 0cm 0cm 10pt\"><FONT face=Calibri>Az arctisztító tonik professzionális kozmetikum, kozmetikai arcápoló termék.</FONT></P>', `item_id`='0250-5361-500ml', `default_pic`='822', `active`='1', `category_id`='191', `root_category_id`='0', `seo_name`='levissime-marine-astringent-tonic-arctisztito-tonic-zsiros-es-kevert-borre', `fullurl`='arcapolas-testapolas/levissime-marine-astringent-tonic-arctisztito-tonic-zsiros-es-kevert-borre', `other_categories`='191,192,197,222,354,402' WHERE id=2818

[2019-12-02 20:19:12] UPDATE webshop_gallery SET original_name='Levissime Sculptist Cover anticellulit testpakolás', date=1575314352 WHERE id=823

[2019-12-02 20:19:12] UPDATE webshop_special_fields SET `value`='Nirvel Levissime' WHERE `key`='manufacturer' AND `product_id`=2819

[2019-12-02 20:19:12] UPDATE webshop_special_fields SET `value`='ml' WHERE `key`='quantityunit' AND `product_id`=2819

[2019-12-02 20:19:12] UPDATE webshop_special_fields SET `value`='1000' WHERE `key`='kiszereles' AND `product_id`=2819

[2019-12-02 20:19:12] UPDATE webshop_products SET `name_hun`='Levissime Sculptist Cover anticellulit testpakolás',`content_short`='Anticellulit testpakolás. A&nbsp;Nirvel Sculptist Cover alakformáló kezelésének része, de használható...',`content`='<P style=\"TEXT-ALIGN: justify\">Anticellulit testpakolás. A&nbsp;Nirvel Sculptist Cover alakformáló kezelésének része, de használható önállóan masszázsokhoz is. A sculpts enzimnek köszönhetően tisztítja a bőrt, stimulálja a kollagén szintézisét, és aktiválja a vérkeringést. A koffein összetevőnek, van egy erős zsírégető hatása, és elősegíti a zsír és vízelvezetését.</P>
<P style=\"TEXT-ALIGN: justify\">1000ml - SCULPTIST COVER egy anticellulit testpakolás amely sculpts enzimnek köszönhetően tisztítja a bőrt, stimulálja a kollagén szintézisét, és aktiválja a vérkeringést. A koffein összetevőnek, van egy erős zsírégető hatása, és elősegíti a zsír és vízelvezetését.</P>
<P style=\"TEXT-ALIGN: justify\">Anti-cellulit testpakolás használatának eredményei: <BR>A bőr sima, rugalmas és új életre kelté válik.</P>
<P style=\"TEXT-ALIGN: justify\">Anti-cellulit testpakolás használata.</P>
<P style=\"TEXT-ALIGN: justify\">Vigye fel a bőrre egy rétegben a SCULPTIST COVER Anticellulit testpakolást, és fedje le anticellulit fóliával. Hagyja 20 percig hatni, majd finoman törölje le a krémet!, és frissítse az arctonikkal!</P>
<P style=\"TEXT-ALIGN: justify; MARGIN: 0cm 0cm 10pt\"><FONT face=Calibri>Figyelem! A Levissime arc és testápoló kozmetikumok állatkísérlet mentes, állatokon nem tesztelt, Professzionális célra készült kozmetikai termékek!</FONT></P>', `item_id`='0250-5253-1000ml', `default_pic`='823', `active`='1', `category_id`='191', `root_category_id`='0', `seo_name`='levissime-sculptist-cover-anticellulit-testpakolas', `fullurl`='arcapolas-testapolas/levissime-sculptist-cover-anticellulit-testpakolas', `other_categories`='191,197,213,222,403' WHERE id=2819

[2019-12-02 20:19:12] UPDATE webshop_gallery SET original_name='Levissime Sculptist Cream alakformáló narancsbőr elleni fogyasztó krém', date=1575314352 WHERE id=824

[2019-12-02 20:19:12] UPDATE webshop_special_fields SET `value`='Nirvel Levissime' WHERE `key`='manufacturer' AND `product_id`=2820

[2019-12-02 20:19:12] UPDATE webshop_special_fields SET `value`='ml' WHERE `key`='quantityunit' AND `product_id`=2820

[2019-12-02 20:19:12] UPDATE webshop_special_fields SET `value`='1000' WHERE `key`='kiszereles' AND `product_id`=2820

[2019-12-02 20:19:12] UPDATE webshop_products SET `name_hun`='Levissime Sculptist Cream alakformáló narancsbőr elleni fogyasztó krém',`content_short`='Alakformáló fogyasztó, Anticellulit, narancsbőr elleni&nbsp;alakformáló krém. Az alakformáló krém hatóanyaga...',`content`='<P style=\"TEXT-ALIGN: justify\">Alakformáló fogyasztó, Anticellulit, narancsbőr elleni&nbsp;alakformáló krém. Az alakformáló krém hatóanyaga a Sculptist, amely egy olyan enzim, amely kombinálva a koffeinnel, feloldja narancsbőrt, és segít eltüntetni a felesleges zsírt.</P>
<P style=\"TEXT-ALIGN: justify\">1000ml &ndash; Alakformáló, narancsbőr elleni&nbsp;&nbsp;krém használatának eredményei.</P>
<P style=\"TEXT-ALIGN: justify\">Az alakformáló krém használata csökkenti a narancsbőr hatást, és a csökken a test térfogata a kezelt területen. A bőr simává és egészségessé válik.</P>
<P style=\"TEXT-ALIGN: justify\">Az alakformáló krém használata. A narancsbőr elleni&nbsp;kezelés megkezdése előtt, először aktivizálja az akupresszúrás pontokat! A krém bevitelére használja a cellulit elleni masszírozó technikákat.</P>
<P style=\"TEXT-ALIGN: justify\">Tisztítsa meg a bőrt, nyissa meg a pólusokat a tonik használatával, majd vigye fel és masszírozza bele az alakformáló krémet a szükséges helyekre. Masszírozza amíg teljesen felszívódik, majd mossa le a bőrt vízzel.</P>
<P style=\"TEXT-ALIGN: justify; MARGIN: 0cm 0cm 10pt\"><FONT face=Calibri>Figyelem! A Levissime arc és testápoló kozmetikumok állatkísérlet mentes, állatokon nem tesztelt, Professzionális célra készült kozmetikai termékek!</FONT></P>
<P style=\"TEXT-ALIGN: justify\"><U><FONT face=Calibri>A teljes Sculptist Cover alakformáló csomag tartalma, használata.</FONT></U></P>
<P style=\"TEXT-ALIGN: justify\">A Sculptist program a leghatékonyabb professzionális alakformáló és narancsbőr megszüntető anticellulit rendszer, melyhez a szakmai felhasználók saját tudásukat hozzáadva, a leghatékonyabb testkezelő programot tudják nyújtani vendégeiknek. 5 hét alatt, 10 -12 kezelés után a kezelt testrész átmérője 5cm-el csökkenthető! Egy kezelés ideje 90 perc. A csomag nagyon sok kezelésre elegendő, mivel a kezelő krémek 1000gr kiszerelésűek. A programban található termékek csomagban és külön is megrendelhetők.</P>
<P style=\"TEXT-ALIGN: justify\">A Nirvel professzionális kozmetikai Levissime részlege kifejlesztette a Sculptist innovatív alakformáló programját. A professzionális szalonhasználatra készült, program újra formálja a test kontúrokat, javítja a vérkeringést, kisimítja a bőrt, megszünteti az összes cellulit fajtát, a test bármely részén. A narancsbőrt még a legnehezebben kezelhető részeken, mint a comb, a has, a csípő és a térd is megszünteti.<BR><BR>Az alakformáló program hatékonyságát növelte az exkluzív Levissime rendszer. Az alkalmazásnál javasolt a leghatékonyabb manuális cellulit elleni masszírozó technikák használata, amely feloldódja a cellulit részeket, és aktiválja a nyirok-és keringési rendszert. A munkát részletes oktató videó filmek is segítik, a melyek bemutatják a teljes programot, a termékek használatát és a masszírozási technikákat is. Oktató videó! - A filmek következő linken, és a Nirvel honlapján találhatók! Kattintson a következő linkre! <A href=\"https://www.youtube.com/watch?v=wvCTqXUlUJ8\">https://www.youtube.com/watch?v=wvCTqXUlUJ8</A></P>
<P style=\"TEXT-ALIGN: justify\">A csomag tartalma, a kezelés folyamata. A csomag tartalmazza a kezelő krémeket, és a bőrfelület tisztításához szükséges termékeket. A kozmetikai szalon kezelést mindig a bőrfelület tisztításával kezdje! Ha segítségre van szüksége, nézze meg az okatató videó felvételt!</P>
<P style=\"TEXT-ALIGN: justify\">1. Tisztítás: Arctisztító tej zsíros bőrre &ndash; Nirvel Marine Cleansermilk - finoman tisztítja a bőrt, alaposan, gondosan eltávolítja az összes szennyeződést.</P>
<P style=\"TEXT-ALIGN: justify\">2. Tisztítás, előkészítés: Arctisztító tonik zsíros bőrre &ndash; Nirvel Marine Astringent Tonic &nbsp; Az artisztító tonik használata kitágítja a bőr pórusait, előkísztve így a következő kezelés hatóanyagainak könnyebb, gyorsabb befogadására. Minden további krémhasználat előtt használja.</P>
<P style=\"TEXT-ALIGN: justify\">3. Kezelés 1 fázisa Alakformáló krém - Nirvel Sculptist Cream - A kezelés megkezdése előtt, először aktivizálja az akupresszúrás pontokat! A krém bevitelére használja a cellulit elleni masszírozó technikákat. </P>
<P style=\"TEXT-ALIGN: justify\">4. Kezelés 2 fázisa: Anticellulit testpakolás Nirvel Sculptist Cover -</P>
<P style=\"TEXT-ALIGN: justify\"><BR></P>
<P style=\"TEXT-ALIGN: justify\">5. Kezelés 3 fázisa: Anticellulit narancsbőr elleni gél &ndash; Nirvel Sculptist Gel - Otthoni utó kezelés, és megelőző kezelés.</P>
<P style=\"TEXT-ALIGN: justify\"><EM><U>A csomagban található termékek, és használatuk:</U></EM></P>
<P style=\"TEXT-ALIGN: justify\">1000ml &ndash; Alakformáló krém - Nirvel Sculptist Cream <BR><BR>Az alakformáló krém hatóanyag a Sculptist, amely egy olyan enzim, amely kombinálva a koffeinnel, feloldja narancsbőrt, és segít eltüntetni a felesleges zsírt.</P>
<P style=\"TEXT-ALIGN: justify\">Alakformáló krém használatának eredményei:<BR>Az alakformáló krém használata csökkenti a narancsbőr hatást, és csökken a test térfogata a kezelt területen. A bőr simává és egészségessé válik.</P>
<P style=\"TEXT-ALIGN: justify\"><BR>Az alakformáló krém használata:&nbsp; A kezelés megkezdése előtt, először aktivizálja az akupresszúrás pontokat! A krém bevitelére használja a cellulit elleni masszírozó technikákat. <BR></P>
<P style=\"TEXT-ALIGN: justify\">Tisztítsa meg a bőrt, nyissa meg a pólusokat a tonik használatával, majd vigye fel és masszírozza bele az alakformáló krémet a szükséges helyekre. Masszírozza amíg teljesen felszívódik, majd mossa le a bőrt vízzel.</P>
<P style=\"TEXT-ALIGN: justify\">&hellip;&hellip;&hellip;&hellip;&hellip;&hellip;&hellip;</P>
<P style=\"TEXT-ALIGN: justify\">1000ml - Anticellulit testpakolás Nirvel Sculptist Cover </P>
<P style=\"TEXT-ALIGN: justify\">SCULPTIST COVER egy anticellulit testpakolás amely sculpts enzimnek köszönhetően tisztítja a bőrt, stimulálja a kollagén szintézisét, és aktiválja a vérkeringést. A koffein összetevőnek, van egy erős zsírégető hatása, és elősegíti a zsír és vízelvezetését.</P>
<P style=\"TEXT-ALIGN: justify\">Anti-cellulit testpakolás használatának eredményei: <BR>A bőr sima, rugalmas és új életre kelté válik.</P>
<P style=\"TEXT-ALIGN: justify\">Anti-cellulit testpakolás használata:</P>
<P style=\"TEXT-ALIGN: justify\">Vigye fel a bőrre egy rétegben a SCULPTIST COVER Anticellulit testpakolást, és fedje le anticellulit fóliával. Hagyja 20 percig hatni, majd finoman törölje le a krémet!, és frissítse az arctonikkal!</P>
<P>&hellip;&hellip;&hellip;&hellip;.</P>
<P style=\"TEXT-ALIGN: justify\">250ml - Anticellulit narancsbőr elleni gél &ndash; Nirvel Sculptist Gel <BR><BR>Anticellulit narancsbőr elleni gél otthoni használatra. A narancsbőr elleni krém fő összetevője a Sculptist egy olyan aktív enzim, amely a koffeinnal együtt, rendkívül hatékonyan szünteti meg a cellulit csomókat, és tünteti el a felesleges zsírt. Része, és hatásos folytatása, a szalonban kapott narancsbőr elleni kezelésnek. Az anticellulit krém további, rendszeres használatával megelőzheti a narancsbőr kialakulását!</P>
<P style=\"TEXT-ALIGN: justify\">Anticellulit narancsbőr elleni gél használatának eredményei:<BR>Csökken a kezelt testrész átmérője, határozott test kontúrok alakulnak ki, és a bőr simává válik.<BR><BR>Anticellulit narancsbőr elleni gél használata:<BR>Minden reggel és este alkalmazza a szükséges test felületeken. Miután a bőrt megtisztította, masszírozza a bőrbe, amíg azt teljesen felszívódik. </P>
<P style=\"TEXT-ALIGN: justify\">&hellip;&hellip;&hellip;</P>
<P style=\"TEXT-ALIGN: justify\">500ml &ndash; Arctisztító tej zsíros bőrre &ndash; Nirvel Marine Cleansermilk<BR><BR>Arctisztító tej gazdag tengeri kivonatokkal zsíros bőrre. Az arctisztító tej finoman tisztítja a bőrt, alaposan, gondosan eltávolítja az összes szennyeződést, a kozmetikai termékek, és a make-up maradványit anélkül, hogy megváltoztatná a bőr \'s pH értékét.</P>
<P style=\"TEXT-ALIGN: justify\">Arctisztító tej zsíros bőrre főbb összetevői: <BR>- Tárnics kivonat (anti-bakteriális és fanyar tevékenység) <BR>- H. G. Fucus kivonat (hidratálja és lágyítjaa bőrt)</P>
<P style=\"TEXT-ALIGN: justify\">Arctisztító tej használatának eredményi: <BR>A bőr rugalmas, feszes és nagyon puha tapintású lesz.</P>
<P style=\"TEXT-ALIGN: justify\">Arctisztító tej használata:<BR>Vigye fel a terméket egy nedvszívó vatta korong segítségével az arc, nyak, test bőrre. Használható reggel és este. </P>
<P style=\"TEXT-ALIGN: justify\">&hellip;&hellip;&hellip;&hellip;&hellip;&hellip;&hellip;&hellip;&hellip;<BR>500ml - Arctisztító tonik zsíros bőrre &ndash; Nirvel Marine Astringent Tonic</P>
<P style=\"TEXT-ALIGN: justify\">Vizes-alkoholos tonik zsíros bőrre. Az arctisztító tonik finoman tisztítja a bőrt, alaposan, gondosan eltávolítja még a maradék a szennyeződéseket is, a kozmetikai termékek, és a make-up maradványit anélkül, hogy megváltoztatná a bőr \'s pH értékét. Az artisztító tonik használata kitágítja a bőr pórusait, előkísztve így a következő kezelés hatóanyagainak könnyebb, gyorsabb befogadására.<BR><BR>Arctisztító tonik főbb összetevők: <BR>- Witch Hazel kivonat (anti-bakteriális és decongestive tevékenység) <BR>- H. G. Uborka kivonat (hidratáló és kiegyenlítő) <BR>- H. G. tárnics kivonat (hidratáló és fanyar) <BR>- Mentol és kámfor (frissítő)</P>
<P style=\"TEXT-ALIGN: justify\">Arctisztító tonik használatának eredményi:<BR>Tisztítja, nyugtatja és hidratálja.</P>
<P style=\"TEXT-ALIGN: justify\">Arctisztító tonik használata:<BR>Vigye fel a terméket egy nedvszívó vatta korong segítségével az arc, nyak, test bőrre. Használható reggel és este.</P>', `item_id`='0250-5254-1000ml', `default_pic`='824', `active`='1', `category_id`='191', `root_category_id`='0', `seo_name`='levissime-sculptist-cream-alakformalo-narancsbor-elleni-fogyaszto-krem', `fullurl`='arcapolas-testapolas/levissime-sculptist-cream-alakformalo-narancsbor-elleni-fogyaszto-krem', `other_categories`='191,197,222,403' WHERE id=2820

[2019-12-02 20:19:12] UPDATE webshop_gallery SET original_name='Levissime Sculptist anticellulit narancsbőr elleni gél', date=1575314352 WHERE id=825

[2019-12-02 20:19:12] UPDATE webshop_special_fields SET `value`='Nirvel Levissime' WHERE `key`='manufacturer' AND `product_id`=2821

[2019-12-02 20:19:12] UPDATE webshop_special_fields SET `value`='ml' WHERE `key`='quantityunit' AND `product_id`=2821

[2019-12-02 20:19:12] UPDATE webshop_special_fields SET `value`='250' WHERE `key`='kiszereles' AND `product_id`=2821

[2019-12-02 20:19:12] UPDATE webshop_products SET `name_hun`='Levissime Sculptist anticellulit narancsbőr elleni gél',`content_short`='Narancsbőr elleni gél,&nbsp;Anticellulit testkezelés narancsbőrös&nbsp;bőrfelületek&nbsp;megszüntetésére,...',`content`='<P style=\"TEXT-ALIGN: justify\">Narancsbőr elleni gél,&nbsp;Anticellulit testkezelés narancsbőrös&nbsp;bőrfelületek&nbsp;megszüntetésére, kialakulásának megelőzésére, teljes kezelésére.</P>
<P style=\"TEXT-ALIGN: justify\">250ml - Anticellulit narancsbőr elleni gél otthoni használatra. A narancsbőr elleni krém fő összetevője a Sculptist egy olyan aktív enzim, amely a koffeinnal együtt, rendkívül hatékonyan szünteti meg a cellulit csomókat, és tünteti el a felesleges zsírt. Része, és hatásos folytatása, a szalonban kapott narancsbőr elleni kezelésnek. Az anticellulit krém további, rendszeres használatával megelőzheti a narancsbőr kialakulását!</P>
<P style=\"TEXT-ALIGN: justify\">Anticellulit narancsbőr elleni gél használatának eredményei:<BR>Csökken a kezelt testrész átmérője, határozott test kontúrok alakulnak ki, és a bőr simává válik.<BR><BR>Anticellulit narancsbőr elleni gél használata.<BR>Minden reggel és este alkalmazza a szükséges test felületeken. Miután a bőrt megtisztította, masszírozza a bőrbe, amíg azt teljesen felszívódik.</P>
<P style=\"MARGIN: 0cm 0cm 10pt; LINE-HEIGHT: normal\"><U><FONT face=Calibri><STRONG>A teljes Nirvel Sculptist Cover alakformáló csomag tartalmát és&nbsp;használatát a csomagnál találja!</STRONG></FONT></U></P><FONT face=Calibri>
<P style=\"TEXT-ALIGN: justify; MARGIN: 0cm 0cm 10pt\">Figyelem! A Levissime arc és testápoló kozmetikumok állatkísérlet mentes, állatokon nem tesztelt, Professzionális célra készült kozmetikai termékek!</P></FONT>', `item_id`='0250-5255-250ml', `default_pic`='825', `active`='1', `category_id`='191', `root_category_id`='0', `seo_name`='levissime-sculptist-anticellulit-narancsbor-elleni-gel', `fullurl`='arcapolas-testapolas/levissime-sculptist-anticellulit-narancsbor-elleni-gel', `other_categories`='191,197,222,403' WHERE id=2821

[2019-12-02 20:19:12] UPDATE webshop_products SET sort=1 WHERE id=3326

[2019-12-02 20:19:12] UPDATE webshop_products SET sort=2 WHERE id=4609

[2019-12-02 20:19:12] UPDATE webshop_products SET sort=3 WHERE id=4610

[2019-12-02 20:19:14] UPDATE users SET lastlogin = NOW() WHERE id = '11'

[2019-12-02 20:19:14] UPDATE webshop_gallery SET original_name='Levissime Delicate Cream hidratáló nyugtató arckrém érzékeny bőrre', date=1575314354 WHERE id=5391

[2019-12-02 20:19:14] UPDATE webshop_special_fields SET `value`='Nirvel Levissime' WHERE `key`='manufacturer' AND `product_id`=3985

[2019-12-02 20:19:14] UPDATE webshop_special_fields SET `value`='ml' WHERE `key`='quantityunit' AND `product_id`=3985

[2019-12-02 20:19:14] UPDATE webshop_special_fields SET `value`='200' WHERE `key`='kiszereles' AND `product_id`=3985

[2019-12-02 20:19:14] UPDATE webshop_products SET `name_hun`='Levissime Delicate Cream hidratáló nyugtató arckrém érzékeny bőrre',`content_short`='Arckrém érzékeny bőrre. Ultra hatékony Professzionális arckezelő, speciálisan az irritált, érzékeny bőrre...',`content`='<P style=\"TEXT-ALIGN: justify; MARGIN: 0cm 0cm 10pt\"><FONT face=Calibri>Arckrém érzékeny bőrre. Ultra hatékony Professzionális arckezelő, speciálisan az irritált, érzékeny bőrre lett kifejlesztve. Magában foglal egy új emulgáló rendszert, amelynek segítségével megnyugtatja a bőrt, és ellenállóvá teszi a durva időjárás változásokkal szemben. Az aktív összetevők (porcelánvirág és tövises kapri) tökéletes kombinációja segíti az érzékeny bőr javulását, helyreállását. Dermatológiailag tesztelt. </FONT></P>
<P style=\"TEXT-ALIGN: justify; MARGIN: 0cm 0cm 10pt\"><FONT face=Calibri>200 ml - Arckrém érzékeny bőrre használata: miután megtisztította a bőrt a Delicate Cleanser tonikkal, és felvitte a Delicate Serumot az arcbőrre, vigye fel a Delicate krémet, és addig masszírozza a bőrbe, amíg az teljesen fel nem szívódik. Használja reggel és este.</FONT><FONT face=Calibri></P>
<P style=\"MARGIN: 0cm 0cm 10pt\"><STRONG>Figyelem! A Levissime arc és testápoló kozmetikumok állatkísérlet mentes, állatokon nem tesztelt, </STRONG>Professzionális szépségszalon és otthoni&nbsp;használatra készült kozmetikai <STRONG>termékek!</STRONG><FONT face=\"Times New Roman\">&nbsp;</FONT></FONT>&nbsp;</P>
<P style=\"TEXT-ALIGN: justify; MARGIN: 0cm 0cm 10pt\"><FONT face=Calibri>A DELICATE arckezelés program termékeinek összetevői, a porcelánvirág (tisztítja és normalizálja a bőrt) és a tövises kapri (erőteljes gyulladáscsökkentő és enyhítő hatású), hozzájárulnak a seprűvéna, visszér, környezeti stressz által irritált bőr létfontosságú harmóniájának helyreállításához.</FONT></P>
<P style=\"TEXT-ALIGN: justify; MARGIN: 0cm 0cm 10pt\"><FONT face=Calibri>A kozmetikai termékek használata&nbsp;csökkenti a bőrirritációt, bőrpírt, viszketést és hámlást, ennek következtében a bőr sima, puha és rugalmasabb lesz, védve a külső agresszív hatásoktól. Utóbbi rendkívül fontos, mivel az érzékeny bőr vékonyabb, kevésbé ellenállóbb, így jobban ki van téve a külső hatásoknak.</FONT></P>
<P style=\"TEXT-ALIGN: justify; MARGIN: 0cm 0cm 10pt\"><FONT face=Calibri>A DELICATE arckezelés program termékeinek főbb összetevői:</FONT></P>
<P style=\"TEXT-ALIGN: justify; MARGIN: 0cm 0cm 10pt\"><FONT face=Calibri>Rózsaszín agyag: Az érzékeny és erősen dehidratált, vízhiányos bőr problémájára megoldás, a fehér és a vörös agyag keverékéből áll. Van benne többek közt szilícium, alumínium, vas, magnézium, szódium, foszfor és kálcium is. </FONT></P>
<P style=\"TEXT-ALIGN: justify; MARGIN: 0cm 0cm 10pt\"><FONT face=Calibri>Egyike a legősibb anyagoknak, amit külső és belső szépítkezésre is használunk. Méregtelenítő, semlegesítő, baktériumölő, sebösszehúzó valamint energetizáló hatása igen figyelemreméltó. A több vastartalom miatt jobb az összehúzó hatása, ezáltal kevert, tág pórusú bőrre különösen ajánlott.</FONT></P>
<P style=\"TEXT-ALIGN: justify; MARGIN: 0cm 0cm 10pt\"><FONT face=Calibri>Tövises kapri: Elsősorban étvágygerjesztő és vérnyomáscsökkentő. Hatóanyaga, a sárga rutinglikozid egy természetes flavonoid, ami a C-vitaminnal karöltve erősíti az immunrendszert. Ez a növény tartalmazza tömegarányosan a legtöbb kvercetint.</FONT></P>
<P style=\"TEXT-ALIGN: justify; MARGIN: 0cm 0cm 10pt\"><FONT face=Calibri>Porcelánvirág: úgy is ismert, mint viaszvirág, Délkelet-Ázsia trópusi erdőiben őshonos. Értékes hatóanyagainak bőrnyugtató tulajdonsága már régóta ismert.</FONT></P>
<P style=\"TEXT-ALIGN: justify; MARGIN: 0cm 0cm 10pt\"><FONT face=Calibri>A Delicate kozmetikai termékcsalád használatával a következő eredményeket érhetjük el:</FONT></P>
<P style=\"TEXT-ALIGN: justify; MARGIN: 0cm 0cm 10pt\"><FONT face=Calibri>-bőrirritáció és pirosság csökkenése</FONT></P>
<P style=\"TEXT-ALIGN: justify; MARGIN: 0cm 0cm 10pt\"><FONT face=Calibri>-tiszta és nyugodt bőr</FONT></P>
<P style=\"TEXT-ALIGN: justify; MARGIN: 0cm 0cm 10pt\"><FONT face=Calibri>-csökkenti a bőrviszketést</FONT></P>
<P style=\"TEXT-ALIGN: justify; MARGIN: 0cm 0cm 10pt\"><FONT face=Calibri>-rugalmasabb, simább arcbőr</FONT></P>
<P style=\"TEXT-ALIGN: justify; MARGIN: 0cm 0cm 10pt\"><FONT face=Calibri>-helyreállítja és védi a bőrt</FONT></P>
<P></P>', `item_id`='0250-ldp-4530-cream-200ml', `default_pic`='5391', `active`='1', `category_id`='137', `root_category_id`='131', `seo_name`='levissime-delicate-cream-hidratalo-nyugtato-arckrem-erzekeny-borre', `fullurl`='hajapolas/2-haj-arc-test-apolo-termekcsalad-csomag/levissime-delicate-cream-hidratalo-nyugtato-arckrem-erzekeny-borre', `other_categories`='137,191,192,402' WHERE id=3985

[2019-12-02 20:19:14] UPDATE webshop_gallery SET original_name='Levissime Delicate Serum bőrmegújító regeneráló érzékeny bőrre', date=1575314354 WHERE id=5368

[2019-12-02 20:19:14] UPDATE webshop_special_fields SET `value`='Nirvel Levissime' WHERE `key`='manufacturer' AND `product_id`=3975

[2019-12-02 20:19:14] UPDATE webshop_special_fields SET `value`='ml' WHERE `key`='quantityunit' AND `product_id`=3975

[2019-12-02 20:19:14] UPDATE webshop_special_fields SET `value`='50' WHERE `key`='kiszereles' AND `product_id`=3975

[2019-12-02 20:19:14] UPDATE webshop_products SET `name_hun`='Levissime Delicate Serum bőrmegújító regeneráló érzékeny bőrre',`content_short`='Szérum érzékeny bőrre. Ultra hatékony professzionális arckezelő&nbsp;szérum, mely normalizálja és táplálja...',`content`='<P style=\"TEXT-ALIGN: justify; MARGIN: 0cm 0cm 10pt\"><FONT face=Calibri>Szérum érzékeny bőrre. Ultra hatékony professzionális arckezelő</FONT><FONT face=Calibri>&nbsp;szérum, mely normalizálja és táplálja a bőrt, kellemes illatot hagy maga után, és nem zsírosít. Fő feladata a bőrmegújítás és helyreállítás. Csökkenti az irritált bőr tüneteit, mint a bőrpír, hámlás, égető, viszkető érzés vagy túlzott bőr szárazság, merevség. Dermatológiailag tesztelt.</FONT></P>
<P style=\"TEXT-ALIGN: justify; MARGIN: 0cm 0cm 10pt\"><FONT face=Calibri>50ml - Szérum érzékeny bőrre használata: miután a Delicate Cleanser tonikkal megtiszította az arcbőrt, vigyen fel egy kis mennyiséget a szérumból, és oszlassa el egyenletesen, amíg teljesen fel nem szívódik. Használja reggel és este.</FONT></P><FONT face=Calibri>
<P style=\"MARGIN: 0cm 0cm 10pt\"><STRONG>Figyelem!</STRONG> A Levissime arc és testápoló kozmetikumok állatkísérlet mentes, állatokon nem tesztelt, Professzionális szépségszalon és otthoni használatra készült kozmetikai termékek!</P></FONT>
<P style=\"TEXT-ALIGN: justify; MARGIN: 0cm 0cm 10pt\"><FONT face=Calibri>A DELICATE program termékeinek összetevői, a porcelánvirág (tisztítja és normalizálja a bőrt) és a tövises kapri (erőteljes gyulladáscsökkentő és enyhítő hatású), hozzájárulnak a seprűvéna, visszér, környezeti stressz által irritált bőr létfontosságú harmóniájának helyreállításához.</FONT></P><FONT face=Calibri>
<P style=\"MARGIN: 0cm 0cm 10pt\">A Delicate&nbsp;kozmetikai termékcsalád használata, csökkenti a bőrirritációt, bőrpírt, viszketést és hámlást, ennek következtében a bőr sima, puha és rugalmasabb lesz, védve a külső agresszív hatásoktól. Utóbbi rendkívül fontos, mivel az érzékeny bőr vékonyabb, kevésbé ellenállóbb, így jobban ki van téve a külső hatásoknak.</FONT></P>
<P style=\"TEXT-ALIGN: justify; MARGIN: 0cm 0cm 10pt\"><FONT face=Calibri>A&nbsp;kozmetikumok főbb összetevői.</FONT></P>
<P style=\"TEXT-ALIGN: justify; MARGIN: 0cm 0cm 10pt\"><FONT face=Calibri>Rózsaszín agyag: Az érzékeny és erősen dehidratált, vízhiányos bőr problémájára megoldás, a fehér és a vörös agyag keverékéből áll. Van benne többek közt szilícium, alumínium, vas, magnézium, szódium, foszfor és kálcium is. Egyike a legősibb anyagoknak, amit külső és belső szépítkezésre is használunk. Méregtelenítő, semlegesítő, baktériumölő, sebösszehúzó valamint energetizáló hatása igen figyelemreméltó. A több vastartalom miatt jobb az összehúzó hatása, ezáltal kevert, tág pórusú bőrre különösen ajánlott.</FONT></P>
<P style=\"TEXT-ALIGN: justify; MARGIN: 0cm 0cm 10pt\"><FONT face=Calibri>Tövises kapri: Elsősorban étvágygerjesztő és vérnyomáscsökkentő. Hatóanyaga, a sárga rutinglikozid egy természetes flavonoid, ami a C-vitaminnal karöltve erősíti az immunrendszert. Ez a növény tartalmazza tömegarányosan a legtöbb kvercetint.</FONT></P>
<P style=\"TEXT-ALIGN: justify; MARGIN: 0cm 0cm 10pt\"><FONT face=Calibri>Porcelánvirág: úgy is ismert, mint viaszvirág, Délkelet-Ázsia trópusi erdőiben őshonos. Értékes hatóanyagainak bőrnyugtató tulajdonsága már régóta ismert.</FONT></P>
<P style=\"TEXT-ALIGN: justify; MARGIN: 0cm 0cm 10pt\"><FONT face=Calibri>A Delicate kozmetikai termékek használatával a következő eredményeket érhetjük el:</FONT></P>
<P style=\"TEXT-ALIGN: justify; MARGIN: 0cm 0cm 10pt\"><FONT face=Calibri>-bőrirritáció és pirosság csökkenése</FONT></P>
<P style=\"TEXT-ALIGN: justify; MARGIN: 0cm 0cm 10pt\"><FONT face=Calibri>-tiszta és nyugodt bőr</FONT></P>
<P style=\"TEXT-ALIGN: justify; MARGIN: 0cm 0cm 10pt\"><FONT face=Calibri>-csökkenti a bőrviszketést</FONT></P>
<P style=\"TEXT-ALIGN: justify; MARGIN: 0cm 0cm 10pt\"><FONT face=Calibri>-rugalmasabb, simább arcbőr</FONT></P>
<P style=\"TEXT-ALIGN: justify; MARGIN: 0cm 0cm 10pt\"><FONT face=Calibri>-helyreállítja és védi a bőrt</FONT></P>
<P style=\"TEXT-ALIGN: justify; MARGIN: 0cm 0cm 10pt\"><FONT face=Calibri>&nbsp;</FONT></P>
<P>&nbsp;</P>
<P></P>', `item_id`='0250-ldp-4531-serum-50ml', `default_pic`='5368', `active`='1', `category_id`='137', `root_category_id`='131', `seo_name`='levissime-delicate-serum-bormegujito-regeneralo-erzekeny-borre', `fullurl`='hajapolas/2-haj-arc-test-apolo-termekcsalad-csomag/levissime-delicate-serum-bormegujito-regeneralo-erzekeny-borre', `other_categories`='137,191,192,402' WHERE id=3975

[2019-12-02 20:19:15] UPDATE webshop_gallery SET original_name='Levissime Delicate Mask hidratáló nyugtató arcmaszk rosacea kezelésére érzékeny bőrre', date=1575314355 WHERE id=5392

[2019-12-02 20:19:15] UPDATE webshop_special_fields SET `value`='Nirvel Levissime' WHERE `key`='manufacturer' AND `product_id`=3986

[2019-12-02 20:19:15] UPDATE webshop_special_fields SET `value`='ml' WHERE `key`='quantityunit' AND `product_id`=3986

[2019-12-02 20:19:15] UPDATE webshop_special_fields SET `value`='200' WHERE `key`='kiszereles' AND `product_id`=3986

[2019-12-02 20:19:15] UPDATE webshop_products SET `name_hun`='Levissime Delicate Mask hidratáló nyugtató arcmaszk rosacea kezelésére érzékeny bőrre',`content_short`='Arcmaszk érzékeny bőrre. Ultra hatékony professzionális Bőrnyugtató arcmaszk, mely ideális az érzékeny,...',`content`='<P style=\"TEXT-ALIGN: justify; MARGIN: 0cm 0cm 10pt\"><FONT face=Calibri>Arcmaszk érzékeny bőrre. Ultra hatékony professzionális Bőrnyugtató arcmaszk, mely ideális az érzékeny, rosaceás bőr irritációjának csökkentésére köszönhetően az erőteljes nyugtató aktív összetevők együttes hatásának, mint a porcelánvirág, rózsaszín agyag és tövises kapri kivonat.</FONT></P>
<P style=\"TEXT-ALIGN: justify; MARGIN: 0cm 0cm 10pt\"><FONT face=Calibri>200ml - A rosacea egy igen gyakori bőrbetegség, a népesség mintegy 5-10%-át érinti. Jellemzője az arcbőrön megjelenő fokozott értágulat. A betegség tünetei elsősorban az arcot érintik, ott is az orrot, az orcákat, a homlokot és az állat. Ez a termékcsalád pontosan ezeknek a tüneteknek az enyhítésére, csökkentésére készült.</FONT></P>
<P style=\"TEXT-ALIGN: justify; MARGIN: 0cm 0cm 10pt\"><FONT face=Calibri>Arcmaszk érzékeny bőrre használata: </FONT><FONT face=Calibri>Az előzőleg megtisztított arcbőrre vigyen fel egy réteget a krémből, oszlassa el egyenletesen, és hagyja hatni 20 percig. Vizes szivaccsal távolítsa el a maszkot az arcról. Használata hetente egyszer ajánlott.</FONT></P><FONT face=Calibri>
<P style=\"MARGIN: 0cm 0cm 10pt\"><STRONG>Figyelem! A Levissime arc és testápoló kozmetikumok állatkísérlet mentes, állatokon nem tesztelt, </STRONG>Professzionális szépségszalon és otthoni&nbsp;használatra készült kozmetikai <STRONG>termékek!</STRONG></FONT>&nbsp;</P>
<P style=\"TEXT-ALIGN: justify; MARGIN: 0cm 0cm 10pt\"><FONT face=Calibri>A DELICATE program kozmetikai termékeinek összetevői, a porcelánvirág (tisztítja és normalizálja a bőrt) és a tövises kapri (erőteljes&nbsp; gyulladáscsökkentő és enyhítő hatású), hozzájárulnak a seprűvéna, visszér, környezeti stressz által irritált bőr létfontosságú harmóniájának helyreállításához.</FONT></P><FONT face=Calibri>
<P style=\"MARGIN: 0cm 0cm 10pt\">A Delicate&nbsp;kozmetikai termékcsalád használata, csökkenti a bőrirritációt, bőrpírt, viszketést és hámlást, ennek következtében a bőr sima, puha és rugalmasabb lesz, védve a külső agresszív hatásoktól. Utóbbi rendkívül fontos, mivel az érzékeny bőr vékonyabb, kevésbé ellenállóbb, így jobban ki van téve a külső hatásoknak.</FONT></P>
<P style=\"TEXT-ALIGN: justify; MARGIN: 0cm 0cm 10pt\"><FONT face=Calibri>A&nbsp;kozmetikumok főbb összetevői:</FONT></P>
<P style=\"TEXT-ALIGN: justify; MARGIN: 0cm 0cm 10pt\"><FONT face=Calibri>Rózsaszín agyag: Az érzékeny és erősen dehidratált, vízhiányos bőr problémájára megoldás, a fehér és a vörös agyag keverékéből áll. Van benne többek közt szilícium, alumínium, vas, magnézium, szódium, foszfor és kálcium is. </FONT></P>
<P style=\"TEXT-ALIGN: justify; MARGIN: 0cm 0cm 10pt\"><FONT face=Calibri>Egyike a legősibb anyagoknak, amit külső és belső szépítkezésre is használunk. Méregtelenítő, semlegesítő, baktériumölő, sebösszehúzó valamint energetizáló hatása igen figyelemreméltó. A több vastartalom miatt jobb az összehúzó hatása, ezáltal kevert, tág pórusú bőrre különösen ajánlott.</FONT></P>
<P style=\"TEXT-ALIGN: justify; MARGIN: 0cm 0cm 10pt\"><FONT face=Calibri>Tövises kapri: Elsősorban étvágygerjesztő és vérnyomáscsökkentő. Hatóanyaga, a sárga rutinglikozid egy természetes flavonoid, ami a C-vitaminnal karöltve erősíti az immunrendszert. Ez a növény tartalmazza tömegarányosan a legtöbb kvercetint.</FONT></P>
<P style=\"TEXT-ALIGN: justify; MARGIN: 0cm 0cm 10pt\"><FONT face=Calibri>Porcelánvirág: úgy is ismert, mint viaszvirág, Délkelet-Ázsia trópusi erdőiben őshonos. Értékes hatóanyagainak bőrnyugtató tulajdonsága már régóta ismert.</FONT></P>
<P style=\"TEXT-ALIGN: justify; MARGIN: 0cm 0cm 10pt\"><FONT face=Calibri>A Delicate kozmetikai termékcsalád használatával a következő eredményeket érhetjük el:</FONT></P>
<P style=\"TEXT-ALIGN: justify; MARGIN: 0cm 0cm 10pt\"><FONT face=Calibri>-bőrirritáció és pirosság csökkenése</FONT></P>
<P style=\"TEXT-ALIGN: justify; MARGIN: 0cm 0cm 10pt\"><FONT face=Calibri>-tiszta és nyugodt bőr</FONT></P>
<P style=\"TEXT-ALIGN: justify; MARGIN: 0cm 0cm 10pt\"><FONT face=Calibri>-csökkenti a bőrviszketést</FONT></P>
<P style=\"TEXT-ALIGN: justify; MARGIN: 0cm 0cm 10pt\"><FONT face=Calibri>-rugalmasabb, simább arcbőr</FONT></P>
<P style=\"TEXT-ALIGN: justify; MARGIN: 0cm 0cm 10pt\"><FONT face=Calibri>-helyreállítja és védi a bőrt</FONT></P>
<P></P>', `item_id`='0250-ldp-4569-mask-200ml', `default_pic`='5392', `active`='1', `category_id`='137', `root_category_id`='131', `seo_name`='levissime-delicate-mask-hidratalo-nyugtato-arcmaszk-rosacea-kezelesere-erzekeny-borre', `fullurl`='hajapolas/2-haj-arc-test-apolo-termekcsalad-csomag/levissime-delicate-mask-hidratalo-nyugtato-arcmaszk-rosacea-kezelesere-erzekeny-borre', `other_categories`='137,191,192,402' WHERE id=3986

[2019-12-02 20:19:15] UPDATE webshop_gallery SET original_name='Levissime Delicate Cleanser micellás arctisztító víz', date=1575314355 WHERE id=5370

[2019-12-02 20:19:15] UPDATE webshop_special_fields SET `value`='Nirvel Levissime' WHERE `key`='manufacturer' AND `product_id`=3977

[2019-12-02 20:19:15] UPDATE webshop_special_fields SET `value`='ml' WHERE `key`='quantityunit' AND `product_id`=3977

[2019-12-02 20:19:15] UPDATE webshop_special_fields SET `value`='250' WHERE `key`='kiszereles' AND `product_id`=3977

[2019-12-02 20:19:15] UPDATE webshop_products SET `name_hun`='Levissime Delicate Cleanser micellás arctisztító víz',`content_short`='Micellás arctisztító víz érzékeny bőrre, és minden bőrtípusra, mely egyesíti magában egy tisztító tonik...',`content`='<P style=\"TEXT-ALIGN: justify; MARGIN: 0cm 0cm 10pt\"><FONT face=Calibri>Micellás arctisztító víz érzékeny bőrre, és minden bőrtípusra, mely egyesíti magában egy tisztító tonik és egy gyengéd sminklemosó hatásait. A porcelánvirág kivonatnak köszönhetően finoman tisztítja és segít normalizálni az érzékeny bőrt. Rendkívüli formulája nem szárítja vagy feszíti a bőrt, mélyen tisztítja azt. Komfort érzetet biztosít a megváltozott bőrnek. Kiváló sminkeltávolításra. Dermatológiailag tesztelt. Nem kell leöblíteni.</FONT></P>
<P style=\"TEXT-ALIGN: justify; MARGIN: 0cm 0cm 10pt\"><FONT face=Calibri>Micellákat tartalmaz, a melyek segítenek mágnesként vonzani és dörzsölés nélkül is eltávolítani a szennyeződéseket,&nbsp;és a sminket.</FONT></P>
<P style=\"TEXT-ALIGN: justify; MARGIN: 0cm 0cm 10pt\"><FONT face=Calibri>250ml - Micellás arctisztító víz érzékeny bőrre használata: egy vattakorong segítségével vigye fel a Delicate Cleanser micellás arctisztító vizet az arcbőrre, nyakra és dekoltázsra, masszírozza át vele ezeket a területeket. Ha szükséges, ismételje meg. Használata ajánlott reggel és este.</FONT></P>
<P style=\"TEXT-ALIGN: justify; MARGIN: 0cm 0cm 10pt\"><FONT face=Calibri><FONT face=Calibri><B style=\"mso-bidi-font-weight: normal\">Figyelem!</B> A Levissime arc és testápoló kozmetikumok állatkísérlet mentes, állatokon nem tesztelt, Professzionális szépségszalon és otthoni&nbsp;használatra készült kozmetikai termékek!&nbsp;</P></FONT>
<P style=\"TEXT-ALIGN: justify; MARGIN: 0cm 0cm 10pt\"></FONT></P>
<P style=\"TEXT-ALIGN: justify; MARGIN: 0cm 0cm 10pt\"><FONT face=Calibri>A DELICATE program kozmetikai termékeinek összetevői, a porcelánvirág (tisztítja és normalizálja a bőrt) és a tövises kapri (erőteljes gyulladáscsökkentő és enyhítő hatású), hozzájárulnak a seprűvéna, visszér, környezeti stressz által irritált bőr létfontosságú harmóniájának helyreállításához.</FONT></P>
<P style=\"TEXT-ALIGN: justify; MARGIN: 0cm 0cm 10pt\"><FONT face=Calibri>A Delicate&nbsp;kozmetikai termékcsalád használata csökkenti a bőrirritációt, bőrpírt, viszketést és hámlást, ennek következtében a bőr sima, puha és rugalmasabb lesz, védve a külső agresszív hatásoktól. Utóbbi rendkívül fontos, mivel az érzékeny bőr vékonyabb, kevésbé ellenállóbb, így jobban ki van téve a külső hatásoknak.</FONT></P>
<P style=\"TEXT-ALIGN: justify; MARGIN: 0cm 0cm 10pt\"><FONT face=Calibri>A kozmetikai termékcsalád főbb összetevői.</FONT></P>
<P style=\"TEXT-ALIGN: justify; MARGIN: 0cm 0cm 10pt\"><FONT face=Calibri>Rózsaszín agyag: Az érzékeny és erősen dehidratált, vízhiányos bőr problémájára megoldás, a fehér és a vörös agyag keverékéből áll. Van benne többek közt szilícium, alumínium, vas, magnézium, szódium, foszfor és kálcium is. </FONT></P>
<P style=\"TEXT-ALIGN: justify; MARGIN: 0cm 0cm 10pt\"><FONT face=Calibri>Egyike a legősibb anyagoknak, amit külső és belső szépítkezésre is használunk. Méregtelenítő, semlegesítő, baktériumölő, sebösszehúzó valamint energetizáló hatása igen figyelemreméltó. A több vastartalom miatt jobb az összehúzó hatása, ezáltal kevert, tág pórusú bőrre különösen ajánlott.</FONT></P>
<P style=\"TEXT-ALIGN: justify; MARGIN: 0cm 0cm 10pt\"><FONT face=Calibri>Tövises kapri: Elsősorban étvágygerjesztő és vérnyomáscsökkentő. Hatóanyaga, a sárga rutinglikozid egy természetes flavonoid, ami a C-vitaminnal karöltve erősíti az immunrendszert. Ez a növény tartalmazza tömegarányosan a legtöbb kvercetint.</FONT></P>
<P style=\"TEXT-ALIGN: justify; MARGIN: 0cm 0cm 10pt\"><FONT face=Calibri>Porcelánvirág: úgy is ismert, mint viaszvirág, Délkelet-Ázsia trópusi erdőiben őshonos. Értékes hatóanyagainak bőrnyugtató tulajdonsága már régóta ismert.</FONT></P>
<P style=\"TEXT-ALIGN: justify; MARGIN: 0cm 0cm 10pt\"><FONT face=Calibri>A Delicate kozmetikumok használatával a következő eredményeket érhetjük el:</FONT></P>
<P style=\"TEXT-ALIGN: justify; MARGIN: 0cm 0cm 10pt\"><FONT face=Calibri>-bőrirritáció és pirosság csökkenése</FONT></P>
<P style=\"TEXT-ALIGN: justify; MARGIN: 0cm 0cm 10pt\"><FONT face=Calibri>-tiszta és nyugodt bőr</FONT></P>
<P style=\"TEXT-ALIGN: justify; MARGIN: 0cm 0cm 10pt\"><FONT face=Calibri>-csökkenti a bőrviszketést</FONT></P>
<P style=\"TEXT-ALIGN: justify; MARGIN: 0cm 0cm 10pt\"><FONT face=Calibri>-rugalmasabb, simább arcbőr</FONT></P>
<P style=\"TEXT-ALIGN: justify; MARGIN: 0cm 0cm 10pt\"><FONT face=Calibri>-helyreállítja és védi a bőrt</FONT></P>', `item_id`='0250-ldp-4528-cleanser-250ml', `default_pic`='5370', `active`='1', `category_id`='137', `root_category_id`='131', `seo_name`='levissime-delicate-cleanser-micellas-arctisztito-viz', `fullurl`='hajapolas/2-haj-arc-test-apolo-termekcsalad-csomag/levissime-delicate-cleanser-micellas-arctisztito-viz', `other_categories`='137,191,192,402' WHERE id=3977

[2019-12-02 20:19:15] UPDATE webshop_gallery SET original_name='Levissime Lash Perm tartós szempilla göndörítő dauer szett', date=1575314355 WHERE id=5393

[2019-12-02 20:19:15] UPDATE webshop_special_fields SET `value`='Nirvel Levissime' WHERE `key`='manufacturer' AND `product_id`=3987

[2019-12-02 20:19:15] UPDATE webshop_special_fields SET `value`='db' WHERE `key`='quantityunit' AND `product_id`=3987

[2019-12-02 20:19:15] UPDATE webshop_special_fields SET `value`='1' WHERE `key`='kiszereles' AND `product_id`=3987

[2019-12-02 20:19:15] UPDATE webshop_products SET `name_hun`='Levissime Lash Perm tartós szempilla göndörítő dauer szett',`content_short`='Szempilla göndörítő dauer szett, tartós, 6-8 hétig tartó&nbsp;göndörítéshez.&nbsp;A Lash Perm szempilla...',`content`='<P style=\"TEXT-ALIGN: justify; MARGIN: 0cm 0cm 10pt; LINE-HEIGHT: normal; mso-margin-top-alt: auto\"><FONT face=Calibri>Szempilla göndörítő dauer szett, tartós, 6-8 hétig tartó&nbsp;göndörítéshez.&nbsp;A Lash Perm szempilla göndörítő dauer segítségével tartósan göndörítheti a természetes szempillákat. Hatása olyan, mint egy szempillaspirálé, csak sokkal tovább tart: a szempillák sokkal hosszabbnak, teltebbnek tűnnek, és íveltebbek lesznek.</FONT></P>
<P style=\"TEXT-ALIGN: justify; MARGIN: 0cm 0cm 6pt; LINE-HEIGHT: normal; mso-margin-top-alt: auto\" align=center><FONT face=Calibri><B>Új! - 2018-10-31 &ndash;től&nbsp; </B></FONT></P>
<P style=\"TEXT-ALIGN: justify; MARGIN: 0cm 0cm 6pt; LINE-HEIGHT: normal; mso-margin-top-alt: auto\" align=center><FONT face=Calibri><B></B></FONT><FONT face=Calibri>A Lash Perm szempilla göndörítő dauer segítségével tartósan göndörítheti a természetes szempillákat. Hatása olyan, mint egy szempillaspirálé, csak sokkal tovább tart: a szempillák sokkal hosszabbnak, teltebbnek tűnnek, és íveltebbek lesznek. </FONT></P>
<P style=\"TEXT-ALIGN: justify; MARGIN: 0cm 0cm 10pt; LINE-HEIGHT: normal; mso-margin-top-alt: auto\"><FONT face=Calibri>A&nbsp;Lash Perm tartós szempilla göndörítő dauer szett használata Intenzív, hangsúlyos tekintetet eredményez!</FONT></P>
<P style=\"TEXT-ALIGN: justify; MARGIN: 0cm 0cm 10pt; LINE-HEIGHT: normal; mso-margin-top-alt: auto\"><FONT face=Calibri><B>Figyelem!</B> A dauervíz , és&nbsp; a neutralizer fixáló kiszerelése,&nbsp; és ezek használata, <B>2018-10-31 &ndash;től,&nbsp; </B>az előző, barna dobozos sorozathoz képest <B>megváltozott!</B> Olvassa el figyelmesen a használati leírást és használja e szerint!</FONT></P>
<P style=\"TEXT-ALIGN: justify; MARGIN: 0cm 0cm 10pt; LINE-HEIGHT: normal; mso-margin-top-alt: auto\"><FONT face=Calibri>Kiszerelés: 15ml dauer&nbsp;+ 15ml fixáló, külön külön dobozban.&nbsp; kb.&nbsp;10-12&nbsp;szempilla dauerolásához&nbsp;elegendő,</FONT></P>
<P style=\"TEXT-ALIGN: justify; MARGIN: 0cm 0cm 10pt; LINE-HEIGHT: normal; mso-margin-top-alt: auto\"><FONT face=Calibri>A&nbsp;Lash Perm tartós szempillát göndörítő dauer szett 2 termékből áll,&nbsp; melyek a következők.</FONT></P>
<P style=\"TEXT-ALIGN: justify; MARGIN: 0cm 0cm 0pt 36pt; LINE-HEIGHT: normal; mso-margin-top-alt: auto\"><FONT face=Calibri>1.&nbsp;&nbsp;&nbsp;&nbsp;&nbsp;&nbsp; Lash Perm Gel (göndörítő dauer gél) 15 ml</FONT></P>
<P style=\"TEXT-ALIGN: justify; MARGIN: 0cm 0cm 10pt 36pt; LINE-HEIGHT: normal; mso-margin-top-alt: auto\"><FONT face=Calibri>2.&nbsp;&nbsp;&nbsp;&nbsp;&nbsp;&nbsp; Lash Perm Neutralizer (fixáló krém)&nbsp;&nbsp;15 ml</FONT></P>
<P style=\"TEXT-ALIGN: justify; MARGIN: 0cm 0cm 10pt; LINE-HEIGHT: normal; mso-margin-top-alt: auto\"><FONT face=Calibri>Hialuronsavat és pantenolt is tartalmaz, melyek hidratálják, nyugtatják és megvédik a szempillákat, és kíméletesek a szemkörnyéki bőrhöz.</FONT></P>
<P style=\"TEXT-ALIGN: justify; MARGIN: 0cm 0cm 10pt; LINE-HEIGHT: normal; mso-margin-top-alt: auto\"><FONT face=Calibri>A tartós szempilla göndörítő dauer hatása kb. 6-8 hétig tart!</FONT></P>
<P style=\"TEXT-ALIGN: justify; MARGIN: 0cm 0cm 10pt; LINE-HEIGHT: normal; mso-margin-top-alt: auto\"><FONT face=Calibri>Tartós szempilla göndörítő dauer használata lépésenként.</FONT></P>
<P style=\"TEXT-ALIGN: justify; MARGIN: 0cm 0cm 0pt 36pt; LINE-HEIGHT: normal; mso-margin-top-alt: auto\"><FONT face=Calibri>1.&nbsp;&nbsp;&nbsp;&nbsp;&nbsp;&nbsp; Tisztítsa meg a szempillákat, távolítsa el a sminket, és fésülje át a pillákat. </FONT></P>
<P style=\"TEXT-ALIGN: justify; MARGIN: 0cm 0cm 0pt 36pt; LINE-HEIGHT: normal; mso-margin-top-alt: auto\"><FONT face=Calibri>2.&nbsp;&nbsp;&nbsp;&nbsp;&nbsp;&nbsp; Vigyen fel egy kis Lash Glue ragasztót a felső szemhéjra, majd ragassza oda a Lash Mold szempilla formázó szilikonformát, olyan közel a szempillatövekhez, amennyire csak lehet. </FONT></P>
<P style=\"TEXT-ALIGN: justify; MARGIN: 0cm 0cm 0pt 36pt; LINE-HEIGHT: normal; mso-margin-top-alt: auto\"><FONT face=Calibri>3.&nbsp;&nbsp;&nbsp;&nbsp;&nbsp;&nbsp; Vigye fel a ragasztót a szilikonformára, majd simítsa rá a szempillákat egy vékony kis pálcika segítségével. </FONT></P>
<P style=\"TEXT-ALIGN: justify; MARGIN: 0cm 0cm 0pt 36pt; LINE-HEIGHT: normal; mso-margin-top-alt: auto\"><FONT face=Calibri>4.&nbsp;&nbsp;&nbsp;&nbsp;&nbsp;&nbsp; Vigye fel a Lash Perm Gel-t a szempillákra, a tövektől a végek felé a hogy jól elfedje a szempilla szálakat. Előfordulhat egy enyhe bizsergő érzés, mely rövid idő után elmúlik! A hatóidő 15-18 perc. A hatóidő lejárta után a megmaradt gélt törölje le egy zsebkendővel, majd törölje át vizes szivaccsal is.</FONT></P>
<P style=\"TEXT-ALIGN: justify; MARGIN: 0cm 0cm 0pt 36pt; LINE-HEIGHT: normal; mso-margin-top-alt: auto\"><FONT face=Calibri>5.&nbsp;&nbsp;&nbsp;&nbsp;&nbsp;&nbsp; Vigye fel a Lash Perm Neutralizer-t egyenletesen a szempillákra hogy jól elfedje a szempilla szálakat. A hatóidő 8 perc. A hatóidő lejárta után a megmaradt fixálót törölje le egy zsebkendővel, majd vizes szivaccsal, és távolítsa el a szilikonformát is.</FONT></P>
<P style=\"TEXT-ALIGN: justify; MARGIN: 0cm 0cm 10pt 36pt; LINE-HEIGHT: normal; mso-margin-top-alt: auto\"><FONT face=Calibri>6.&nbsp;&nbsp;&nbsp;&nbsp;&nbsp;&nbsp; Szárítsa meg a szempillákat, és fésülje át egy szempillafésűvel.</FONT></P>
<P style=\"TEXT-ALIGN: justify; MARGIN: 0cm 0cm 10pt; LINE-HEIGHT: normal; mso-margin-top-alt: auto; mso-margin-bottom-alt: auto\"><FONT face=Calibri>A szemilla dauerolás folyamata 25-30 percet vesz igénybe. </FONT></P>
<P style=\"TEXT-ALIGN: justify; MARGIN: 0cm 0cm 6pt; LINE-HEIGHT: normal; mso-margin-top-alt: auto\"><FONT face=Calibri>A Levissime arc és testápoló kozmetikumok állatkísérlet mentes termékek, &nbsp;állatokon nem tesztelt!</FONT></P>', `item_id`='0250-llp-5296-dauer15ml-5297-fixáló15ml', `default_pic`='5393', `active`='1', `category_id`='56', `root_category_id`='0', `seo_name`='levissime-lash-perm-tartos-szempilla-gondorito-dauer-szett', `fullurl`='dauer/levissime-lash-perm-tartos-szempilla-gondorito-dauer-szett', `other_categories`='56,191,195,315,325,326' WHERE id=3987

[2019-12-02 20:19:15] UPDATE webshop_gallery SET original_name='Levissime Lash Mold szempilla göndörítő forma', date=1575314355 WHERE id=11994

[2019-12-02 20:19:15] UPDATE webshop_special_fields SET `value`='Nirvel Levissime' WHERE `key`='manufacturer' AND `product_id`=3988

[2019-12-02 20:19:15] UPDATE webshop_special_fields SET `value`='db' WHERE `key`='quantityunit' AND `product_id`=3988

[2019-12-02 20:19:15] UPDATE webshop_special_fields SET `value`='1' WHERE `key`='kiszereles' AND `product_id`=3988

[2019-12-02 20:19:15] UPDATE webshop_products SET `name_hun`='Levissime Lash Mold szempilla göndörítő forma',`content_short`='Szempilla göndörítéshez szilikon forma,&nbsp;10 darab egy dobozban. A szempilla göndörítő forma segítségével...',`content`='<P style=\"TEXT-ALIGN: justify; MARGIN: 0cm 0cm 10pt\"><FONT face=Calibri>Szempilla göndörítéshez szilikon forma,&nbsp;10 darab egy dobozban. A szempilla göndörítő forma segítségével pontosabb és göndörebb szempillákat formázhatunk. Sterilizálható, így 3-szor is használhat egy formát.</FONT></P>
<P style=\"TEXT-ALIGN: justify; MARGIN: 0cm 0cm 10pt\"><FONT face=Calibri>Szempilla göndörítő forma használata: tisztítsa meg a szempillákat, távolítsa el a sminket, és fésülje át a pillákat. Vigyen fel egy kis Lash Glue szempilla ragasztót a felső szemhéjra, majd ragassza oda a szempilla formázó szilikonformát, olyan közel a szempillatövekhez, amennyire csak lehet. Vigye fel a ragasztót a szilikonformára, majd simítsa rá a szempillákat egy vékony kis pálcika segítségével. Miután a Lash Perm szempilla göndörítő folyamatot elvégezte, vizes vattával távolítsa el a szilikonformát.</FONT></P>
<P style=\"MARGIN: 0cm 0cm 10pt\"><FONT face=Calibri>Professzionális célra készült kozmetikai termék!</FONT></P>
<P>&nbsp;</P>', `item_id`='0250-llpm-5288-mold-10db', `default_pic`='11994', `active`='1', `category_id`='56', `root_category_id`='0', `seo_name`='levissime-lash-mold-szempilla-gondorito-forma', `fullurl`='dauer/levissime-lash-mold-szempilla-gondorito-forma', `other_categories`='56,191,195,203,242,315,325,326' WHERE id=3988

[2019-12-02 20:19:15] UPDATE webshop_gallery SET original_name='Levissime Argan Facial Argán olajos arckrém minden bőrtípusra', date=1575314355 WHERE id=555

[2019-12-02 20:19:15] UPDATE webshop_special_fields SET `value`='Nirvel Levissime' WHERE `key`='manufacturer' AND `product_id`=2551

[2019-12-02 20:19:15] UPDATE webshop_special_fields SET `value`='ml' WHERE `key`='quantityunit' AND `product_id`=2551

[2019-12-02 20:19:15] UPDATE webshop_special_fields SET `value`='50' WHERE `key`='kiszereles' AND `product_id`=2551

[2019-12-02 20:19:16] UPDATE webshop_products SET `name_hun`='Levissime Argan Facial Argán olajos arckrém minden bőrtípusra',`content_short`='
Hidratáló, regeneráló&nbsp;arckrém, professzionális szalon és otthoni használatra. Használata Ultra gyors...',`content`='<FONT face=Calibri>
<P style=\"TEXT-ALIGN: justify; MARGIN: 0cm 0cm 10pt\">Hidratáló, regeneráló&nbsp;arckrém, professzionális szalon és otthoni használatra. Használata Ultra gyors hatékony kezelést nyújt, minden típusú bőr ápolására alkalmas. Argánolajos arcápoló.&nbsp; A hidratáló arckrém használata bársonyos tapintású bőrt eredményez. A hyaluronsav javítja a bőr megjelenését és csökkenti a mimikai ráncokat. Az argán és a makadámia olaj biztosítja a bőr rugalmasságát és feszességét, simává, fényesebbé varázsolja arcunkat. Az argán arckrém alkalmas minden típusú bőrre.</P>
<P style=\"TEXT-ALIGN: justify; MARGIN: 0cm 0cm 10pt\"><B style=\"mso-bidi-font-weight: normal\">Figyelem!</B> A Levissime arc és testápoló kozmetikumok állatkísérlet mentes, állatokon nem tesztelt, Professzionális szépségszalon és otthoni&nbsp;használatra készült kozmetikai termékek!</P>
<P style=\"TEXT-ALIGN: justify; MARGIN: 0cm 0cm 10pt\"><B style=\"mso-bidi-font-weight: normal\"><U>50ml - Argánolajos arckrém használata.</U></B></P>
<P style=\"TEXT-ALIGN: justify; MARGIN: 0cm 0cm 10pt\">Az arckrémet használhatja egy arc kezelés részeként, vagy önállóan. Kenje az argánolajos krémet, tonikos tisztítás után, az arcára és mellkasára naponta kétszer, reggel és este.</FONT></P>
<P></P><STRONG><BR></STRONG>
<P></P>
<P></P>', `item_id`='0250-nlal-4509-50ml-', `default_pic`='555', `active`='1', `category_id`='191', `root_category_id`='0', `seo_name`='levissime-argan-facial-argan-olajos-arckrem-minden-bortipusra', `fullurl`='arcapolas-testapolas/levissime-argan-facial-argan-olajos-arckrem-minden-bortipusra', `other_categories`='191,192,222,402' WHERE id=2551

[2019-12-02 20:19:16] UPDATE webshop_gallery SET original_name='Levissime Argan Facial Exfoliant Gel argán olajos arcradír', date=1575314356 WHERE id=556

[2019-12-02 20:19:16] UPDATE webshop_special_fields SET `value`='Nirvel Levissime' WHERE `key`='manufacturer' AND `product_id`=2552

[2019-12-02 20:19:16] UPDATE webshop_special_fields SET `value`='ml' WHERE `key`='quantityunit' AND `product_id`=2552

[2019-12-02 20:19:16] UPDATE webshop_special_fields SET `value`='100' WHERE `key`='kiszereles' AND `product_id`=2552

[2019-12-02 20:19:16] UPDATE webshop_products SET `name_hun`='Levissime Argan Facial Exfoliant Gel argán olajos arcradír',`content_short`='
Arcradír természetes olajok, barna cukor összetevőkkel. Minden típusú bőr ápolására alkalmas Argánolajos...',`content`='<FONT face=Calibri>
<P style=\"TEXT-ALIGN: justify; MARGIN: 0cm 0cm 10pt\">Arcradír természetes olajok, barna cukor összetevőkkel. Minden típusú bőr ápolására alkalmas Argánolajos arcbőr tisztító gél&nbsp;(arcradír) professzionális szalon és otthoni használatra. Használatával a bőr hidratált, sima, oxigénnel táplálttá válik. Az argán olaj, makadámia olaj táplálják a bőrt, a barna cukor kristályok finoman eltávolítják&nbsp; a szennyeződéseket, és&nbsp;oxigénnel táplálják a bőrt. Hidratálják, kisimítják. A bőr fényesebbé és egészségesebbé válik a Argánolajos arcbőr tisztító gél (arcradír) termék használatával.</P>
<P style=\"TEXT-ALIGN: justify; MARGIN: 0cm 0cm 10pt\"><B style=\"mso-bidi-font-weight: normal\">Figyelem!</B> A Levissime arc és testápoló kozmetikumok állatkísérlet mentes, állatokon nem tesztelt, Professzionális szépségszalon és otthoni&nbsp;használatra készült kozmetikai termékek!&nbsp;</P>
<P style=\"MARGIN: 0cm 0cm 10pt\"><U>100ml - Az &nbsp;argánolajos arcbőr tisztító gél (arcradír) használata.</U></P>
<P style=\"TEXT-ALIGN: justify; MARGIN: 0cm 0cm 10pt\">Az arcradírból vigye fel a megfelelő mennyiséget a bőrre, majd nedves kézzel, körkörös mozdulatokkal finoman dörzsölje bele. A arcradír így eltávolítja a szennyeződéseket és a nem oda való, elhalt hámsejteket. Ne húzza a bőrt!&nbsp; Pár percig hagyja a bőrön. Mielőtt az arcradír felszívódik, használja az argán olajos arc tonikot, így a gél folyékony tejjé alakul és így az arcáról egy kendő segítségével el tudja távolítani a felvitt pakolást. Használja hetente egyszer vagy kétszer, szükség szerint! Erősen nem szabad az arcradírt dörzsölni!</P>
<P style=\"MARGIN: 0cm 0cm 10pt\"></FONT>&nbsp;</P>
<P style=\"TEXT-ALIGN: justify\">
<P>
<P><BR></P>
<P>&nbsp;</P>
<P><BR></P>
<P></P>
<P></P>', `item_id`='0250-nlalp-5334-100ml', `default_pic`='556', `active`='1', `category_id`='191', `root_category_id`='0', `seo_name`='levissime-argan-facial-exfoliant-gel-argan-olajos-arcradir', `fullurl`='arcapolas-testapolas/levissime-argan-facial-exfoliant-gel-argan-olajos-arcradir', `other_categories`='191,192,222,402' WHERE id=2552

[2019-12-02 20:19:16] UPDATE webshop_gallery SET original_name='Levissime Argan Peel Of Mask Argán olajos lehúzható arcmaszk', date=1575314356 WHERE id=558

[2019-12-02 20:19:16] UPDATE webshop_special_fields SET `value`='Nirvel Levissime' WHERE `key`='manufacturer' AND `product_id`=2554

[2019-12-02 20:19:16] UPDATE webshop_special_fields SET `value`='ml' WHERE `key`='quantityunit' AND `product_id`=2554

[2019-12-02 20:19:16] UPDATE webshop_special_fields SET `value`='100' WHERE `key`='kiszereles' AND `product_id`=2554

[2019-12-02 20:19:16] UPDATE webshop_products SET `name_hun`='Levissime Argan Peel Of Mask Argán olajos lehúzható arcmaszk',`content_short`='Lehúzható arcmaszk. Minden típusú bőr ápolására alkalmas, Ultra hatékony összetevőkkel készül....',`content`='<P style=\"TEXT-ALIGN: justify\">Lehúzható arcmaszk. Minden típusú bőr ápolására alkalmas, Ultra hatékony összetevőkkel készül. Az&nbsp;Argánolajos lehúzható (arc és test) bőr maszk, professzionális szépségszalon és otthoni használatra is ajánlott. A rendkívül hatékony maszk egy védő fóliát képez az arcbőrünkön, test bőrünkön, védi a külső légköri, mechanikai hatásoktól. Az argán olaj rendkívüli tulajdonságainak köszönhetően táplálja, regenerálja, fiatalítja a bőrt. A lehúzható arc és test bőr maszk használatával bőrünk tisztábbá és feszesebbé válik. Professzionális szalonoknak készült bőrápoló, javasolt az otthoni használatuk is!</P>
<P style=\"TEXT-ALIGN: justify\"><U>100ml - Argán olajos lehúzható arcmaszk használata.</U>&nbsp;</P>
<P style=\"TEXT-ALIGN: justify\">Egy spakli segítségével kenje fel az arcára és mellkasára az argánolajos maszkot, majd 20 perc elteltével, ha már teljesen megszáradt a pakolás, húzza le a bőréről. Használja hetente egyszer vagy kétszer, szükség szerint!</P><FONT face=Calibri>
<P style=\"TEXT-ALIGN: justify; MARGIN: 0cm 0cm 10pt\"><STRONG>Figyelem!</STRONG> A Levissime arc és testápoló kozmetikumok állatkísérlet mentes, állatokon nem tesztelt, Professzionális szépségszalon és otthoni&nbsp;használatra készült kozmetikai termékek!</FONT></P>', `item_id`='0250-nlalp-5336-100ml', `default_pic`='558', `active`='1', `category_id`='191', `root_category_id`='0', `seo_name`='levissime-argan-peel-of-mask-argan-olajos-lehuzhato-arcmaszk', `fullurl`='arcapolas-testapolas/levissime-argan-peel-of-mask-argan-olajos-lehuzhato-arcmaszk', `other_categories`='191,192,222,402' WHERE id=2554

[2019-12-02 20:19:16] UPDATE webshop_gallery SET original_name='Levissime Argan Tonic argánolajos arctonik', date=1575314356 WHERE id=559

[2019-12-02 20:19:16] UPDATE webshop_special_fields SET `value`='Nirvel Levissime' WHERE `key`='manufacturer' AND `product_id`=2555

[2019-12-02 20:19:16] UPDATE webshop_special_fields SET `value`='ml' WHERE `key`='quantityunit' AND `product_id`=2555

[2019-12-02 20:19:16] UPDATE webshop_special_fields SET `value`='250' WHERE `key`='kiszereles' AND `product_id`=2555

[2019-12-02 20:19:16] UPDATE webshop_products SET `name_hun`='Levissime Argan Tonic argánolajos arctonik',`content_short`='Arctonik, arcszesz, minden típusú bőr ápolására. Az Argánolajos arctonik, professzionális szalon, és otthoni...',`content`='<P style=\"TEXT-ALIGN: justify\">Arctonik, arcszesz, minden típusú bőr ápolására. Az Argánolajos arctonik, professzionális szalon, és otthoni használatra készült.&nbsp;Az argán olaj kivonat és a hidratáló összetevők megőrzik a bőr egész napos frissességét. Az arc tonic használatával a bőr rugalmassá és feszessé válik.</P>
<P style=\"TEXT-ALIGN: justify; MARGIN: 0cm 0cm 10pt\"><FONT face=Calibri><B style=\"mso-bidi-font-weight: normal\">Figyelem!</B> A Levissime arc és testápoló kozmetikumok állatkísérlet mentes, állatokon nem tesztelt, Professzionális szépségszalon és otthoni&nbsp;használatra készült kozmetikai termékek!&nbsp;</FONT></P>
<P style=\"TEXT-ALIGN: justify\"><B><U>250ml - Az argánolajos arcápoló tonik használata.</U></B></P>
<P style=\"TEXT-ALIGN: justify\">Az <B>argánolajos arc</B>tonikkal átitatott vattakorong segítségével körkörös mozdulatokkal tisztítsa meg az arcbőrt naponta kétszer, reggel és este. A kezelések, krémek használata előtt mindig használja!</P>
<P>
<P>
<P style=\"TEXT-ALIGN: justify\"><B><U>Az argánolaj jótékony hatásai:</U></B></P>
<P style=\"TEXT-ALIGN: justify\">Az argán fa &ndash;az élet fája- a Föld egyik legősibb fafajtája, amely Marokkó délnyugati részén él, ellentmondva a szélsőséges időjárásnak.</P>
<P style=\"TEXT-ALIGN: justify\">Illatos olaja Marokkó folyékony aranyának számít, gyümölcsének magvából nyerik az argán olajat, amelyet berber asszonyok hideg-sajtolással készítenek. 100 kg termésből mindössze 1 liter olaj nyerhető.</P>
<P style=\"TEXT-ALIGN: justify\">Az argán stabilizálja a kollagén rost hálózatot. Leglátványosabb eredménye, hogy bőre visszanyeri fiatalos frissességét, vitalitásást. Segít megőrizni a bőr nedvességtartalmát, rugalmasságát, lassítja az öregedési folyamatokat és a ráncképződést. Véd a természet károsító hatásai ellen (UV sugárzás, kiszáradás, szél, fagy). Használata után a bőr hosszú időn keresztül rendkívül selymes és lágy lesz.</P>
<P style=\"TEXT-ALIGN: justify\">A természetben előforduló növényi olajok közül leggazdagabb E vitaminban, ezért különösen ajánlott a száraz, illetve öregedő bőrre. Ugyanígy jótékony hatást fejt ki az aknés (acne), az ekcémás, a psoriasis-os bőrre. Értékes hatóanyagai révén revitalizálja a bőrt, terhesség alatt használva megakadályozza a terhességi ráncok kialakulását. Csodálatos hatást fejt ki a hajra és körmökre. Étkezési változata a szervezet számára fontos anyagokat tartalmaz.</P>
<P style=\"TEXT-ALIGN: justify\"><B>Argán olaj kozmetikai felhasználása</B></P>
<P style=\"TEXT-ALIGN: justify\">Nem véletlenül tisztelik folyékony kincsként az argán olajat. Felsorolni is sokáig tartana jótékony hatásait.<BR>A bőrt optimális működésre serkenti, biztosítja a megfelelő vízháztartást, jelentősen lassítja a sejtek, a bőr öregedését, fokozza rugalmasságát. Fájdalom-, és gyulladáscsökkentő hatású, így kiválóan alkalmazható kiütések, irritációk gyógyítására. A túl zsíros (aknés, pattanásos) és a túl száraz (ekcémás, pikkelysömörös) bőr optimális működését biztosítja. Pozitív hatását figyelték meg cellulit (narancsbőr) és terhességi csíkok esetében is. A terhesség ideje alatt rendszeresen használva megelőzhető vele a terhességi csíkok kialakulása.&nbsp;Masszőrök is egyre nagyobb számban ismerik fel az argánolaj pozitív hatásait és alkalmazzák munkájuk során vagy natúr formában, vagy keverve különböző más olajokkal, mint pl. a kókuszolaj.</P>
<P>&nbsp;</P>
<P></P>
<P></P>', `item_id`='0250-nlalp-5335-250ml', `default_pic`='559', `active`='1', `category_id`='191', `root_category_id`='0', `seo_name`='levissime-argan-tonic-arganolajos-arctonik', `fullurl`='arcapolas-testapolas/levissime-argan-tonic-arganolajos-arctonik', `other_categories`='191,192,222,402' WHERE id=2555

[2019-12-02 20:19:16] UPDATE webshop_products SET sort=1 WHERE id=3326

[2019-12-02 20:19:25] UPDATE users SET lastlogin = NOW() WHERE id = '11'

[2019-12-02 20:19:27] UPDATE users SET lastlogin = NOW() WHERE id = '11'

[2019-12-02 20:19:29] UPDATE users SET lastlogin = NOW() WHERE id = '11'

[2019-12-02 20:19:43] UPDATE users SET lastlogin = NOW() WHERE id = '11'

[2019-12-02 20:19:44] INSERT INTO webshop_gallery (`id`, `product_id`, `original_name`, `new_name`, `date`) VALUES (13005, 4610, '1.Nirvel referencia üzlet dekorációért / hívja 20/3371605', '13005.jpg', 1575314384)

[2019-12-02 20:19:46] UPDATE users SET lastlogin = NOW() WHERE id = '11'

[2019-12-02 20:19:51] DELETE FROM webshop_gallery WHERE id=13005

[2019-12-02 20:21:47] UPDATE users SET lastlogin = NOW() WHERE id = '11'

