[2019-11-28 18:18:31] UPDATE users SET lastlogin = NOW() WHERE id = '11'

[2019-11-28 18:18:34] UPDATE users SET lastlogin = NOW() WHERE id = '11'

[2019-11-28 18:18:37] UPDATE users SET lastlogin = NOW() WHERE id = '11'

[2019-11-28 18:18:38] UPDATE users SET lastlogin = NOW() WHERE id = '11'

[2019-11-28 18:18:39] UPDATE webshop_gallery SET original_name='Forgószék Classic', date=1574961519 WHERE id=886

[2019-11-28 18:18:39] UPDATE webshop_special_fields SET `value`='Comair fodrászkellék' WHERE `key`='manufacturer' AND `product_id`=2882

[2019-11-28 18:18:39] UPDATE webshop_special_fields SET `value`='db' WHERE `key`='quantityunit' AND `product_id`=2882

[2019-11-28 18:18:39] UPDATE webshop_special_fields SET `value`='1' WHERE `key`='kiszereles' AND `product_id`=2882

[2019-11-28 18:18:39] UPDATE webshop_products SET `name_hun`='Forgószék Classic',`content_short`='Forgószék, Pneumatikus fodrász munka szék, forgó ülőke, szék. Széles munkaterületen használható, fodrász,...',`content`='<P style=\"TEXT-ALIGN: justify; MARGIN: 0cm 0cm 10pt\"><FONT face=Calibri>Forgószék, Pneumatikus fodrász munka szék, forgó ülőke, szék. Széles munkaterületen használható, fodrász, kozmetikus, és&nbsp;irodai&nbsp;területen&nbsp;dolgozók is használhatják a klasszikus kialakítású forgószéket. A Fodrász bútorok, fodrász szalon berendezés, fodrászüzlet&nbsp;&nbsp;berendezés és egyéb fodrászbútor a Németországi cég termékei.</FONT>&nbsp;</P>
<P style=\"TEXT-ALIGN: justify\">A fodrász forgószék, ülőke, műbőrborítású ülő résszel rendelkezik, pneumatikus magasság állítással. A fodrász szék pneumatika, csak terheletlen állapotban emelkedik, és terhelés alatt süllyeszthető.</P><FONT face=Calibri>
<P style=\"TEXT-ALIGN: justify; MARGIN: 0cm 0cm 10pt\">Figyelem, az ingyenes szállítás erre a termékre nem vonatkozik! - A termék házhoz szállítás díja, a cikkszámban látható, + bruttó összeg!&nbsp;Ha az áruház rendszere a szállítási automatikusan nem kínálja fel, nem adja hozzá a rendeléséhez, csak a kézhez kapott számlán kerül majd felszámításra! Ebben az esetben telefonon hívjuk egyeztetés céljából, és kérjük, <B style=\"mso-bidi-font-weight: normal\">előre utalást csak az egyeztetés után indítson</B>!</P></FONT>
<P style=\"TEXT-ALIGN: justify\"><STRONG><U>A forgószék, &nbsp;fodrász szék,&nbsp; </U></STRONG><STRONG><U>fodrász munka szék,l </U></STRONG><STRONG><U>forgó ülőke paraméterei:</U></STRONG></P>
<P style=\"TEXT-ALIGN: justify\">* Emelési ülő magasság 54-74cm között</P>
<P style=\"TEXT-ALIGN: justify\">* A fodrász szék erősített, gurulós kerekekkel rendelkezik</P>
<P style=\"TEXT-ALIGN: justify\">* Pneumatikus magasság állítású</P>
<P style=\"TEXT-ALIGN: justify\">* Műbőr üléshuzat</P>
<P style=\"TEXT-ALIGN: justify\">* Fodrászszék származási hely, Németország.</P>
<P style=\"MARGIN: 0cm 0cm 10pt\"><FONT face=Calibri>A hajvágó szék, fodrászszék ára, a valuta árfolyamok ingadozásának függvényében változik!</FONT></P>', `item_id`='1839-hwfü-51885-a9-comfort-fehér+1480Fsz', `default_pic`='886', `active`='1', `category_id`='86', `root_category_id`='0', `seo_name`='forgoszek-classic', `fullurl`='fodraszbutor/forgoszek-classic', `other_categories`='86,89,222,339,343' WHERE id=2882

[2019-11-28 18:18:39] UPDATE webshop_gallery SET original_name='.Forgóülőke nyereggel Rodeo', date=1574961519 WHERE id=490

[2019-11-28 18:18:39] UPDATE webshop_special_fields SET `value`='Egyéb fodrászkellék' WHERE `key`='manufacturer' AND `product_id`=2486

[2019-11-28 18:18:39] UPDATE webshop_special_fields SET `value`='db' WHERE `key`='quantityunit' AND `product_id`=2486

[2019-11-28 18:18:39] UPDATE webshop_special_fields SET `value`='1' WHERE `key`='kiszereles' AND `product_id`=2486

[2019-11-28 18:18:39] UPDATE webshop_products SET `name_hun`='.Forgóülőke nyereggel Rodeo',`content_short`='Fodrász szék, forgószék, &nbsp;kozmetikai szék, Rodeo nyereg ülőkével, erős kerekekkel.&nbsp;A fodrász...',`content`='<P>Fodrász szék, forgószék, &nbsp;kozmetikai szék, Rodeo nyereg ülőkével, erős kerekekkel.&nbsp;A fodrász bútorok széles munkaterületen használhatók, fodrász, kozmetikus, és&nbsp;irodai&nbsp;területen&nbsp;dolgozók is használhatják.</P>
<P style=\"TEXT-ALIGN: justify\">A fodrász szék&nbsp;forgó ülőke része műbőrborítású, ergonómikus kényelmes&nbsp;ülő résszel rendelkezik, valamint pneumatikus magasság állítással. A fodrász szék pneumatika, csak terheletlen állapotban emelkedik, és terhelés alatt süllyeszthető!</P>
<P style=\"TEXT-ALIGN: justify; MARGIN: 0cm 0cm 10pt\"><FONT face=Calibri>Figyelem, az ingyenes szállítás erre a termékre nem vonatkozik! - A termék házhoz szállítás díja, a cikkszámban látható, + bruttó összeg!&nbsp;Ha az áruház rendszere a szállítási automatikusan nem kínálja fel, nem adja hozzá a rendeléséhez, csak a kézhez kapott számlán kerül majd felszámításra! Ebben az esetben telefonon hívjuk egyeztetés céljából, és kérjük, <B style=\"mso-bidi-font-weight: normal\">előre utalást csak az egyeztetés után indítson</B>!</FONT></P>
<P style=\"TEXT-ALIGN: justify\"><STRONG><U>A forgó fodrász szék, forgó ülőke, forgószék&nbsp;paraméterei:</U></STRONG></P>
<P style=\"TEXT-ALIGN: justify\">* Emelési ülő magasság 54-74cm között.&nbsp; </P>
<P style=\"TEXT-ALIGN: justify\">* A fodrász szék erősített, gurulós kerekekkel rendelkezik.</P>
<P style=\"TEXT-ALIGN: justify\">* Pneumatikus magasság állítású.</P>
<P style=\"TEXT-ALIGN: justify\">* Műbőr üléshuzat.</P>
<P style=\"TEXT-ALIGN: justify\">* Fodrász szék, forgószék&nbsp;származási hely: Németország</P>', `item_id`='1839-hw-profi-51890+1480Ftszállítás', `default_pic`='490', `active`='1', `category_id`='86', `root_category_id`='0', `seo_name`='forgouloke-nyereggel-rodeo', `fullurl`='fodraszbutor/forgouloke-nyereggel-rodeo', `other_categories`='86,89,222,339,343' WHERE id=2486

[2019-11-28 18:18:39] INSERT INTO webshop_gallery (`id`, `product_id`, `original_name`, `new_name`, `date`) VALUES (12978, 4601, 'Gurulós kozmetikai szék fehér 51885-2', '12978.jpg', 1574961519)

[2019-11-28 18:18:39] INSERT INTO webshop_products (`id`, `name_hun`, `name_eng`, `item_id`, `price`, `reduced_price`, `status`, `currency`, `content_short`, `content`, `details`, `date`, `default_pic`, `active`, `main`, `sort`, `category_id`, `root_category_id`, `seo_name`, `fullurl`, `websyx_id`, `quantity`, `other_categories`) VALUES ('4601', 'Gurulós kozmetikai szék fehér 51885-2', 'Gurulós kozmetikai szék fehér 51885-2', '1839-hwfü-51885-a9-comfort-fehér+1480Ft2', 0, 0, 1, 'Ft', 'Gurulós kozmetikai szék, Forgószék, erős kerekekkel. Pneumatikus fodrász munka szék, forgó ülőke, szék....', '<P style=\"TEXT-ALIGN: justify; MARGIN: 0cm 0cm 10pt\"><FONT face=Calibri>Gurulós kozmetikai szék, Forgószék, erős kerekekkel. Pneumatikus fodrász munka szék, forgó ülőke, szék. Széles munkaterületen használható, fodrász, kozmetikus, és&nbsp;irodai&nbsp;területen&nbsp;dolgozók is használhatják a klasszikus kialakítású forgószéket. A Fodrász bútorok, fodrász szalon berendezés, fodrászüzlet&nbsp;&nbsp;berendezés és egyéb fodrászbútor Németországi cég termékei.</FONT>&nbsp;</P>
<P style=\"TEXT-ALIGN: justify\">A fodrász forgószék, ülőke, műbőrborítású ülő résszel rendelkezik, pneumatikus magasság állítással. A fodrász szék pneumatika, csak terheletlen állapotban emelkedik, és terhelés alatt süllyeszthető.<FONT face=Calibri></P></FONT>
<P style=\"TEXT-ALIGN: justify\"><U>A forgószék, &nbsp;fodrász szék,&nbsp; fodrász munka szék, forgó ülőke paraméterei:</U></P>
<P style=\"TEXT-ALIGN: justify\">* Emelési ülő magasság 54-74cm között</P>
<P style=\"TEXT-ALIGN: justify\">* A fodrász szék erősített, gurulós kerekekkel rendelkezik</P>
<P style=\"TEXT-ALIGN: justify\">* Pneumatikus magasság állítású</P>
<P style=\"TEXT-ALIGN: justify\">* Műbőr üléshuzat</P>
<P style=\"TEXT-ALIGN: justify\">* Fodrászszék származási hely, Németország.</P>
<P style=\"MARGIN: 0cm 0cm 10pt\"><FONT face=Calibri>A hajvágó szék, fodrászszék ára, a valuta árfolyamok ingadozásának függvényében változik!</FONT></P>', '', 1574961519, '12978', '1', 0, 1, 203, '191', 'gurulos-kozmetikai-szek-feher-51885-2', 'arcapolas-testapolas/kozmetika-pedikur-manikur-eszkozok/kozmetika-pedikur-manikur-egyeb-eszkozok/gurulos-kozmetikai-szek-feher-51885-2', '1561', 1, '203')

[2019-11-28 18:18:39] INSERT INTO webshop_special_fields (`key`, `value`, `product_id`) VALUES ('manufacturer', 'Metalplast fodrászbútor', 4601)

[2019-11-28 18:18:40] INSERT INTO webshop_special_fields (`key`, `value`, `product_id`) VALUES ('quantityunit', 'db', 4601)

[2019-11-28 18:18:40] INSERT INTO webshop_special_fields (`key`, `value`, `product_id`) VALUES ('kiszereles', '1', 4601)

[2019-11-28 18:18:40] INSERT INTO webshop_gallery (`id`, `product_id`, `original_name`, `new_name`, `date`) VALUES (12979, 4602, 'Gurulós kozmetikai szék fekete 51885-2', '12979.jpg', 1574961520)

[2019-11-28 18:18:40] INSERT INTO webshop_products (`id`, `name_hun`, `name_eng`, `item_id`, `price`, `reduced_price`, `status`, `currency`, `content_short`, `content`, `details`, `date`, `default_pic`, `active`, `main`, `sort`, `category_id`, `root_category_id`, `seo_name`, `fullurl`, `websyx_id`, `quantity`, `other_categories`) VALUES ('4602', 'Gurulós kozmetikai szék fekete 51885-2', 'Gurulós kozmetikai szék fekete 51885-2', '1839-hwfü-51885-YD29-comf-fekek+1480Ft2', 0, 0, 1, 'Ft', 'Gurulós kozmetikai szék, erős kerekekkel. Forgószék, Pneumatikus fodrász szék, forgó ülőke. Széles...', '<P style=\"TEXT-ALIGN: justify\">Gurulós kozmetikai szék, <FONT face=Calibri>erős kerekekkel. </FONT>Forgószék, Pneumatikus fodrász szék, forgó ülőke. Széles munkaterületen használható, fodrász, kozmetikus, és&nbsp;irodai&nbsp;területen&nbsp;dolgozók is használhatják. - A Fodrász bútorok, fodrász szalon berendezés, fodrász üzlet&nbsp;&nbsp;berendezés és egyéb fodrászbútor kategória.&nbsp;</P>
<P style=\"TEXT-ALIGN: justify\">A fodrász forgószék, ülőke, műbőrborítású ülő résszel rendelkezik, pneumatikus magasság állítással. A fodrász szék pneumatika, csak terheletlen állapotban emelkedik, és terhelés alatt süllyeszthető.</P>
<P style=\"TEXT-ALIGN: justify\"><STRONG><U>A forgószék, &nbsp;fodrász szék, forgó ülőke paraméterei:</U></STRONG></P>
<P style=\"TEXT-ALIGN: justify\">* Emelési ülő magasság 54-74cm között.</P>
<P style=\"TEXT-ALIGN: justify\">* A fodrász szék erősített, gurulós kerekekkel rendelkezik.</P>
<P style=\"TEXT-ALIGN: justify\">* Pneumatikus magasság állítású.</P>
<P style=\"TEXT-ALIGN: justify\">* Műbőr üléshuzat.</P>
<P style=\"TEXT-ALIGN: justify\">* Fodrászszék származási hely: Németország</P>', '', 1574961520, '12979', '1', 0, 1, 203, '191', 'gurulos-kozmetikai-szek-fekete-51885-2', 'arcapolas-testapolas/kozmetika-pedikur-manikur-eszkozok/kozmetika-pedikur-manikur-egyeb-eszkozok/gurulos-kozmetikai-szek-fekete-51885-2', '1568', 1, '203')

[2019-11-28 18:18:40] INSERT INTO webshop_special_fields (`key`, `value`, `product_id`) VALUES ('manufacturer', 'Hajhosszabbítás', 4602)

[2019-11-28 18:18:40] INSERT INTO webshop_special_fields (`key`, `value`, `product_id`) VALUES ('quantityunit', 'db', 4602)

[2019-11-28 18:18:40] INSERT INTO webshop_special_fields (`key`, `value`, `product_id`) VALUES ('kiszereles', '1', 4602)

[2019-11-28 18:18:40] INSERT INTO webshop_gallery (`id`, `product_id`, `original_name`, `new_name`, `date`) VALUES (12980, 4603, 'Vaddisznósörte natúr fa körkefe 06093 32/72mm', '12980.jpg', 1574961520)

[2019-11-28 18:18:40] INSERT INTO webshop_products (`id`, `name_hun`, `name_eng`, `item_id`, `price`, `reduced_price`, `status`, `currency`, `content_short`, `content`, `details`, `date`, `default_pic`, `active`, `main`, `sort`, `category_id`, `root_category_id`, `seo_name`, `fullurl`, `websyx_id`, `quantity`, `other_categories`) VALUES ('4603', 'Vaddisznósörte natúr fa körkefe 06093 32/72mm', 'Vaddisznósörte natúr fa körkefe 06093 32/72mm', '1827-0092-06093-flexion-32/72mm', 0, 0, 1, 'Ft', 'Vaddisznósörte fa hajkefe.&nbsp;&nbsp;A fából készült, Luxus&nbsp;kivitelű vaddisznósörte&nbsp;kör alakú...', '<P style=\"TEXT-ALIGN: justify; MARGIN: 0cm 0cm 10pt\"><FONT face=Calibri>Vaddisznósörte fa hajkefe.&nbsp;&nbsp;A fából készült, Luxus&nbsp;kivitelű vaddisznósörte&nbsp;kör alakú hajkefe, professzionális fodrászkellék.&nbsp; A legjobb használat érdekében a hajkefe nyelét mintásra készítették, amely egyedi megjelenést, és csúszásmentes használatot eredményez. A körkefe hossza kb.240mm. A természetes vaddisznósörte és a különleges fa kombinációja rendkívül hajbarát hajápolást tesz lehetővé.</FONT></P>
<P style=\"TEXT-ALIGN: justify; MARGIN: 0cm 0cm 10pt\"><FONT face=Calibri>A vaddisznósörte&nbsp;fa körkefék adatai.</FONT></P>
<P style=\"TEXT-ALIGN: justify; MARGIN: 0cm 0cm 10pt\"><FONT face=Calibri>Körkefék hossza: kb. 240mm</FONT></P>
<P style=\"TEXT-ALIGN: justify; MARGIN: 0cm 0cm 10pt\"><FONT face=Calibri>A hajkefe méretének jelölése. &nbsp;Első mm szám = hajkefe mag átmérő / Második szám = &nbsp;tüskék külső átmérői</FONT></P>
<P style=\"TEXT-ALIGN: justify; MARGIN: 0cm 0cm 10pt\"><FONT face=Calibri>06092 -- 28mm/68mm</FONT></P>
<P style=\"TEXT-ALIGN: justify; MARGIN: 0cm 0cm 10pt\"><FONT face=Calibri>06093 -- 32mm/72mm</FONT></P>
<P style=\"TEXT-ALIGN: justify; MARGIN: 0cm 0cm 10pt\"><FONT face=Calibri>06094 -- 38mm/78mm</FONT></P>
<P style=\"TEXT-ALIGN: justify; MARGIN: 0cm 0cm 10pt\"><FONT face=Calibri>Akörkefe hajkefe szőr anyaga: vaddisznósörte </FONT></P>
<P style=\"TEXT-ALIGN: justify; MARGIN: 0cm 0cm 10pt\"><FONT face=Calibri>Körkefe márka: Flexi</FONT></P>
<P style=\"TEXT-ALIGN: justify; MARGIN: 0cm 0cm 10pt\"><FONT face=Calibri>Hajkefe származási helye: Németország</FONT></P>', '', 1574961520, '12980', '1', 0, 1, 104, '0', 'vaddisznosorte-natur-fa-korkefe-06093-32-72mm', 'fodraszkellek/vaddisznosorte-natur-fa-korkefe-06093-32-72mm', '1633', 1, '104,115,116')

[2019-11-28 18:18:40] INSERT INTO webshop_special_fields (`key`, `value`, `product_id`) VALUES ('manufacturer', 'Egyéb fodrászkellék', 4603)

[2019-11-28 18:18:40] INSERT INTO webshop_special_fields (`key`, `value`, `product_id`) VALUES ('quantityunit', 'db', 4603)

[2019-11-28 18:18:40] INSERT INTO webshop_special_fields (`key`, `value`, `product_id`) VALUES ('kiszereles', '1', 4603)

[2019-11-28 18:18:40] INSERT INTO webshop_gallery (`id`, `product_id`, `original_name`, `new_name`, `date`) VALUES (12981, 4604, 'Vaddisznósörte natúr fa körkefe 06092 28/68mm', '12981.jpg', 1574961520)

[2019-11-28 18:18:40] INSERT INTO webshop_products (`id`, `name_hun`, `name_eng`, `item_id`, `price`, `reduced_price`, `status`, `currency`, `content_short`, `content`, `details`, `date`, `default_pic`, `active`, `main`, `sort`, `category_id`, `root_category_id`, `seo_name`, `fullurl`, `websyx_id`, `quantity`, `other_categories`) VALUES ('4604', 'Vaddisznósörte natúr fa körkefe 06092 28/68mm', 'Vaddisznósörte natúr fa körkefe 06092 28/68mm', '1827-0092-06092-flexion-28/68mm', 0, 0, 1, 'Ft', 'Vaddisznósörte natúr fa hajkefe.&nbsp;&nbsp;A fából készült, Luxus&nbsp;kivitelű vaddisznósörte&nbsp;kör...', '<P style=\"TEXT-ALIGN: justify; MARGIN: 0cm 0cm 10pt\"><FONT face=Calibri>Vaddisznósörte natúr fa hajkefe.&nbsp;&nbsp;A fából készült, Luxus&nbsp;kivitelű vaddisznósörte&nbsp;kör alakú hajkefe, professzionális fodrászkellék.&nbsp; A legjobb használat érdekében a hajkefe nyelét mintásra készítették, amely egyedi megjelenést, és csúszásmentes használatot eredményez. A körkefe hossza kb.240mm. A természetes vaddisznósörte és a különleges fa kombinációja rendkívül hajbarát hajápolást tesz lehetővé.</FONT></P>
<P style=\"TEXT-ALIGN: justify; MARGIN: 0cm 0cm 10pt\"><FONT face=Calibri>A vaddisznósörte&nbsp;fa körkefék adatai.</FONT></P>
<P style=\"TEXT-ALIGN: justify; MARGIN: 0cm 0cm 10pt\"><FONT face=Calibri>Körkefék hossza: kb. 240mm</FONT></P>
<P style=\"TEXT-ALIGN: justify; MARGIN: 0cm 0cm 10pt\"><FONT face=Calibri>A hajkefe méretének jelölése. &nbsp;Első mm szám = hajkefe mag átmérő / Második szám = &nbsp;tüskék külső átmérői</FONT></P>
<P style=\"TEXT-ALIGN: justify; MARGIN: 0cm 0cm 10pt\"><FONT face=Calibri>06092 -- 28mm/68mm</FONT></P>
<P style=\"TEXT-ALIGN: justify; MARGIN: 0cm 0cm 10pt\"><FONT face=Calibri>06093 -- 32mm/72mm</FONT></P>
<P style=\"TEXT-ALIGN: justify; MARGIN: 0cm 0cm 10pt\"><FONT face=Calibri>06094 -- 38mm/78mm</FONT></P>
<P style=\"TEXT-ALIGN: justify; MARGIN: 0cm 0cm 10pt\"><FONT face=Calibri>Akörkefe hajkefe szőr anyaga: vaddisznósörte </FONT></P>
<P style=\"TEXT-ALIGN: justify; MARGIN: 0cm 0cm 10pt\"><FONT face=Calibri>Körkefe márka: Flexi</FONT></P>
<P style=\"TEXT-ALIGN: justify; MARGIN: 0cm 0cm 10pt\"><FONT face=Calibri>Hajkefe származási helye: Németország</FONT></P>
<P style=\"TEXT-ALIGN: justify\">&nbsp;</P>', '', 1574961520, '12981', '1', 0, 1, 104, '0', 'vaddisznosorte-natur-fa-korkefe-06092-28-68mm', 'fodraszkellek/vaddisznosorte-natur-fa-korkefe-06092-28-68mm', '1642', 1, '104,115,116')

[2019-11-28 18:18:40] INSERT INTO webshop_special_fields (`key`, `value`, `product_id`) VALUES ('manufacturer', 'Egyéb fodrászkellék', 4604)

[2019-11-28 18:18:40] INSERT INTO webshop_special_fields (`key`, `value`, `product_id`) VALUES ('quantityunit', 'db', 4604)

[2019-11-28 18:18:40] INSERT INTO webshop_special_fields (`key`, `value`, `product_id`) VALUES ('kiszereles', '1', 4604)

[2019-11-28 18:18:40] UPDATE webshop_gallery SET original_name='Forgószék fekete Classic', date=1574961520 WHERE id=79

[2019-11-28 18:18:40] UPDATE webshop_special_fields SET `value`='Egyéb fodrászkellék' WHERE `key`='manufacturer' AND `product_id`=2074

[2019-11-28 18:18:40] UPDATE webshop_special_fields SET `value`='db' WHERE `key`='quantityunit' AND `product_id`=2074

[2019-11-28 18:18:40] UPDATE webshop_special_fields SET `value`='1' WHERE `key`='kiszereles' AND `product_id`=2074

[2019-11-28 18:18:40] UPDATE webshop_products SET `name_hun`='Forgószék fekete Classic',`content_short`='Forgószék, Pneumatikus fodrász szék, forgó ülőke, szék. Széles munkaterületen használható, fodrász,...',`content`='<P style=\"TEXT-ALIGN: justify\">Forgószék, Pneumatikus fodrász szék, forgó ülőke, szék. Széles munkaterületen használható, fodrász, kozmetikus, és&nbsp;irodai&nbsp;területen&nbsp;dolgozók is használhatják. - A Fodrász bútorok, fodrász szalon berendezés, fodrász üzlet&nbsp;&nbsp;berendezés és egyéb fodrászbútor kategóriák terméke.&nbsp;</P>
<P style=\"TEXT-ALIGN: justify\">A fodrász forgószék, ülőke, műbőrborítású ülő résszel rendelkezik, pneumatikus magasság állítással. A fodrász szék pneumatika, csak terheletlen állapotban emelkedik, és terhelés alatt süllyeszthető.</P>
<P style=\"TEXT-ALIGN: justify\"><STRONG><U>A forgószék, &nbsp;fodrász szék, forgó ülőke paraméterei:</U></STRONG></P>
<P style=\"TEXT-ALIGN: justify\">* Emelési ülő magasság 54-74cm között.</P>
<P style=\"TEXT-ALIGN: justify\">* A fodrász szék erősített, gurulós kerekekkel rendelkezik.</P>
<P style=\"TEXT-ALIGN: justify\">* Pneumatikus magasság állítású.</P>
<P style=\"TEXT-ALIGN: justify\">* Műbőr üléshuzat.</P>
<P style=\"TEXT-ALIGN: justify\">* Fodrászszék származási hely: Németország</P>', `item_id`='1839-hwfü-51885-YD29-comf-fekek+1480Ftsz', `default_pic`='79', `active`='1', `category_id`='86', `root_category_id`='0', `seo_name`='forgoszek-fekete-classic', `fullurl`='fodraszbutor/forgoszek-fekete-classic', `other_categories`='86,89,222,339,343' WHERE id=2074

[2019-11-28 18:18:40] UPDATE webshop_gallery SET original_name='Fodrászkellék Fa Hajkefe Hw08186', date=1574961520 WHERE id=464

[2019-11-28 18:18:40] UPDATE webshop_special_fields SET `value`='Egyéb fodrászkellék' WHERE `key`='manufacturer' AND `product_id`=2460

[2019-11-28 18:18:40] UPDATE webshop_special_fields SET `value`='db' WHERE `key`='quantityunit' AND `product_id`=2460

[2019-11-28 18:18:40] UPDATE webshop_special_fields SET `value`='1' WHERE `key`='kiszereles' AND `product_id`=2460

[2019-11-28 18:18:40] UPDATE webshop_products SET `name_hun`='Vaddisznósörte Fa Hajkefe Hw08186 Fodrászkellék',`content_short`='
Fodrászkellék -&nbsp;Fa Hajkefe. Fából készült, luxus&nbsp;kivitelű bontó, wellness&nbsp;hajkefe,...',`content`='<FONT face=Calibri>
<P style=\"TEXT-ALIGN: justify; MARGIN: 0cm 0cm 10pt\">Fodrászkellék -&nbsp;Fa Hajkefe. Fából készült, luxus&nbsp;kivitelű bontó, wellness&nbsp;hajkefe, Vaddisznósörte szőrrel, pneumatikus csillapító párnával,&nbsp;ergonómikus kialakítású nyéllel. A hajkefe fejbőrt is masszírozó, gömbös&nbsp;tüskéi antisztatikus műanyagból készültek. A hajkefe hossza kb.220mm, fej szélessége kb. 40mm</P>
<P style=\"TEXT-ALIGN: justify; MARGIN: 0cm 0cm 10pt\"><U>A hajkefe adatai:</U></P>
<P style=\"TEXT-ALIGN: justify; MARGIN: 0cm 0cm 10pt\">A hajkefe hossza: kb. 220mm</P>
<P style=\"TEXT-ALIGN: justify\">A hajkefe fejszélessége: kb. 40mm</P>
<P style=\"TEXT-ALIGN: justify; MARGIN: 0cm 0cm 10pt\">Hajkefe szőr anyaga: Vaddisznósörte</P>
<P style=\"TEXT-ALIGN: justify; MARGIN: 0cm 0cm 10pt\">Hajkefe márka: Hairway</P>
<P style=\"TEXT-ALIGN: justify; MARGIN: 0cm 0cm 10pt\">Hajkefe származási helye: Németország</P>
<P style=\"TEXT-ALIGN: justify; MARGIN: 0cm 0cm 10pt\">Professzionális fodrászati fodrászkellék - fodrászcikk, a fodrászok minőségi elvárásainak figyelembevételével készült.</P></FONT>
<P></P>', `item_id`='1827-08186-40×220mm', `default_pic`='464', `active`='1', `category_id`='104', `root_category_id`='0', `seo_name`='vaddisznosorte-fa-hajkefe-hw08186-fodraszkellek', `fullurl`='fodraszkellek/vaddisznosorte-fa-hajkefe-hw08186-fodraszkellek', `other_categories`='104,115,117' WHERE id=2460

[2019-11-28 18:18:41] UPDATE webshop_gallery SET original_name='Fodrászkellék Fa Hajkefel Hw08187', date=1574961521 WHERE id=465

[2019-11-28 18:18:41] UPDATE webshop_special_fields SET `value`='Egyéb fodrászkellék' WHERE `key`='manufacturer' AND `product_id`=2461

[2019-11-28 18:18:41] UPDATE webshop_special_fields SET `value`='db' WHERE `key`='quantityunit' AND `product_id`=2461

[2019-11-28 18:18:41] UPDATE webshop_special_fields SET `value`='1' WHERE `key`='kiszereles' AND `product_id`=2461

[2019-11-28 18:18:41] UPDATE webshop_products SET `name_hun`='Vaddisznósörte Fa Hajkefe Hw08187 Fodrászkellék',`content_short`='
Fodrászkellék -&nbsp;Fa Hajkefe. hajkefe. Fából készült, luxus&nbsp;kivitelű bontó, wellness&nbsp;hajkefe,...',`content`='<FONT face=Calibri>
<P style=\"TEXT-ALIGN: justify; MARGIN: 0cm 0cm 10pt\">Fodrászkellék -&nbsp;Fa Hajkefe. hajkefe. Fából készült, luxus&nbsp;kivitelű bontó, wellness&nbsp;hajkefe, természetes szőrrel, pneumatikus csillapító párnával,&nbsp;ergonómikus kialakítású nyéllel. A hajkefe fejbőrt is masszírozó, gömbös&nbsp;tüskéi antisztatikus műanyagból készültek. A hajkefe hossza kb.220mm, fej szélessége kb. 65mm</P>
<P style=\"TEXT-ALIGN: justify; MARGIN: 0cm 0cm 10pt\"><U>A hajkefe adatai:</U></P>
<P style=\"TEXT-ALIGN: justify; MARGIN: 0cm 0cm 10pt\">A hajkefe hossza: kb. 220mm</P>
<P style=\"TEXT-ALIGN: justify\">A hajkefe fejszélessége: kb. 65mm</P>
<P style=\"TEXT-ALIGN: justify; MARGIN: 0cm 0cm 10pt\">Hajkefe szőr anyaga: természetes szőr,</P>
<P style=\"TEXT-ALIGN: justify; MARGIN: 0cm 0cm 10pt\">Hajkefe márka: Hairway</P>
<P style=\"TEXT-ALIGN: justify; MARGIN: 0cm 0cm 10pt\">Hajkefe származási helye: Németország</P>
<P style=\"TEXT-ALIGN: justify; MARGIN: 0cm 0cm 10pt\">Professzionális fodrászati fodrászkellék - fodrászcikk, a fodrászok minőségi elvárásainak figyelembevételével készült.</P></FONT>
<P></P>', `item_id`='1827-08187-65×230mm', `default_pic`='465', `active`='1', `category_id`='104', `root_category_id`='0', `seo_name`='vaddisznosorte-fa-hajkefe-hw08187-fodraszkellek', `fullurl`='fodraszkellek/vaddisznosorte-fa-hajkefe-hw08187-fodraszkellek', `other_categories`='104,115,117,222' WHERE id=2461

[2019-11-28 18:18:41] UPDATE webshop_gallery SET original_name='Fodrászkellék Fa Hajkefe Hw08181', date=1574961521 WHERE id=467

[2019-11-28 18:18:41] UPDATE webshop_special_fields SET `value`='Egyéb fodrászkellék' WHERE `key`='manufacturer' AND `product_id`=2463

[2019-11-28 18:18:41] UPDATE webshop_special_fields SET `value`='db' WHERE `key`='quantityunit' AND `product_id`=2463

[2019-11-28 18:18:41] UPDATE webshop_special_fields SET `value`='1' WHERE `key`='kiszereles' AND `product_id`=2463

[2019-11-28 18:18:41] UPDATE webshop_products SET `name_hun`='Vaddisznósörte fa hajkefe Hw08181 fodrászkellék',`content_short`='
Fodrászkellék -&nbsp;Fa Hajkefe. Fából készült, luxus&nbsp;kivitelű bontó, wellness&nbsp;hajkefe, természetes...',`content`='<FONT face=Calibri>
<P style=\"TEXT-ALIGN: justify; MARGIN: 0cm 0cm 10pt\">Fodrászkellék -&nbsp;Fa Hajkefe. Fából készült, luxus&nbsp;kivitelű bontó, wellness&nbsp;hajkefe, természetes szőrrel, pneumatikus csillapító párnával,&nbsp;ergonómikus kialakítású nyéllel. A hajkefe fejbőrt is masszírozó, gömbös&nbsp;tüskéi antisztatikus műanyagból készültek. A hajkefe hossza kb. 230mm, fej szélessége kb. 45mm</P>
<P style=\"TEXT-ALIGN: justify; MARGIN: 0cm 0cm 10pt\"><U>A hajkefe adatai:</U></P>
<P style=\"TEXT-ALIGN: justify; MARGIN: 0cm 0cm 10pt\">A hajkefe hossza: kb. 230mm</P>
<P style=\"TEXT-ALIGN: justify\">A hajkefe fejszélessége: kb. 45mm</P>
<P style=\"TEXT-ALIGN: justify; MARGIN: 0cm 0cm 10pt\">Hajkefe szőr anyaga: természetes szőr,</P>
<P style=\"TEXT-ALIGN: justify; MARGIN: 0cm 0cm 10pt\">Hajkefe márka: Hairway</P>
<P style=\"TEXT-ALIGN: justify; MARGIN: 0cm 0cm 10pt\">Hajkefe származási helye: Németország</P>
<P style=\"TEXT-ALIGN: justify; MARGIN: 0cm 0cm 10pt\"></FONT>&nbsp;</P>
<P style=\"TEXT-ALIGN: justify; MARGIN: 0cm 0cm 10pt\">Professzionális fodrászati fodrászkellék - fodrászcikk, a fodrászok minőségi elvárásainak figyelembevételével készült.</P>
<P></P>', `item_id`='1827-08181-45×230mm', `default_pic`='467', `active`='1', `category_id`='104', `root_category_id`='0', `seo_name`='vaddisznosorte-fa-hajkefe-hw08181-fodraszkellek', `fullurl`='fodraszkellek/vaddisznosorte-fa-hajkefe-hw08181-fodraszkellek', `other_categories`='104,115,117,222' WHERE id=2463

[2019-11-28 18:18:41] UPDATE webshop_products SET sort=1 WHERE id=3326

[2019-11-28 18:18:41] UPDATE webshop_products SET sort=2 WHERE id=4603

[2019-11-28 18:18:41] UPDATE webshop_products SET sort=3 WHERE id=4604

[2019-11-28 18:18:41] UPDATE webshop_products SET sort=4 WHERE id=4601

[2019-11-28 18:18:41] UPDATE webshop_products SET sort=5 WHERE id=4602

[2019-11-28 18:18:42] UPDATE users SET lastlogin = NOW() WHERE id = '11'

[2019-11-28 18:18:42] UPDATE webshop_gallery SET original_name='Fodrászkellék Fa Hajkefe Hw08177', date=1574961522 WHERE id=468

[2019-11-28 18:18:42] UPDATE webshop_special_fields SET `value`='Egyéb fodrászkellék' WHERE `key`='manufacturer' AND `product_id`=2464

[2019-11-28 18:18:43] UPDATE webshop_special_fields SET `value`='db' WHERE `key`='quantityunit' AND `product_id`=2464

[2019-11-28 18:18:43] UPDATE webshop_special_fields SET `value`='1' WHERE `key`='kiszereles' AND `product_id`=2464

[2019-11-28 18:18:43] UPDATE webshop_products SET `name_hun`='Vaddisznósörte fa hajkefe Hw08177 fodrászkellék',`content_short`='
Vaddisznósörte - Fodrászkellék - Fa Hajkefe. - Fából készült, luxus&nbsp;kivitelű bontó,...',`content`='<FONT face=Calibri>
<P style=\"TEXT-ALIGN: justify; MARGIN: 0cm 0cm 10pt\">Vaddisznósörte - Fodrászkellék - Fa Hajkefe. - Fából készült, luxus&nbsp;kivitelű bontó, wellness&nbsp;hajkefe, természetes szőrrel, pneumatikus csillapító párnával,&nbsp;ergonómikus kialakítású nyéllel. A hajkefe fejbőrt is masszírozó, gömbös&nbsp;tüskéi antisztatikus műanyagból készültek. A hajkefe hossza kb.240mm, fej szélessége kb. 75mm</P>
<P style=\"TEXT-ALIGN: justify; MARGIN: 0cm 0cm 10pt\"><U>A hajkefe adatai:</U></P>
<P style=\"TEXT-ALIGN: justify; MARGIN: 0cm 0cm 10pt\">A hajkefe hossza: kb. 240mm</P>
<P style=\"TEXT-ALIGN: justify\">A hajkefe fejszélessége: kb. 75mm</P>
<P style=\"TEXT-ALIGN: justify; MARGIN: 0cm 0cm 10pt\">Hajkefe szőr anyaga: természetes szőr,</P>
<P style=\"TEXT-ALIGN: justify; MARGIN: 0cm 0cm 10pt\">Hajkefe márka: Hairway</P>
<P style=\"TEXT-ALIGN: justify; MARGIN: 0cm 0cm 10pt\">Hajkefe származási helye: Németország</P>
<P style=\"TEXT-ALIGN: justify; MARGIN: 0cm 0cm 10pt\"></FONT><FONT face=Calibri>Professzionális fodrászati fodrászkellék - fodrászcikk, a fodrászok minőségi elvárásainak figyelembevételével készült.</FONT></P>
<P></P>', `item_id`='1827-08177-75×240mm', `default_pic`='468', `active`='1', `category_id`='104', `root_category_id`='0', `seo_name`='vaddisznosorte-fa-hajkefe-hw08177-fodraszkellek', `fullurl`='fodraszkellek/vaddisznosorte-fa-hajkefe-hw08177-fodraszkellek', `other_categories`='104,115,117,222' WHERE id=2464

[2019-11-28 18:18:43] UPDATE webshop_gallery SET original_name='Vaddisznósörte körkefe szett Flexion 3db', date=1574961523 WHERE id=4937

[2019-11-28 18:18:43] UPDATE webshop_special_fields SET `value`='Egyéb fodrászkellék' WHERE `key`='manufacturer' AND `product_id`=3858

[2019-11-28 18:18:43] UPDATE webshop_special_fields SET `value`='db' WHERE `key`='quantityunit' AND `product_id`=3858

[2019-11-28 18:18:43] UPDATE webshop_special_fields SET `value`='1' WHERE `key`='kiszereles' AND `product_id`=3858

[2019-11-28 18:18:43] UPDATE webshop_products SET `name_hun`='Vaddisznósörte natúr fa körkefe 06094 38/78mm',`content_short`='Vaddisznósörte natúr fa hajkefe.&nbsp;&nbsp;A fából készült, Luxus&nbsp;kivitelű vaddisznósörte&nbsp;kör...',`content`='<P style=\"TEXT-ALIGN: justify; MARGIN: 0cm 0cm 10pt\"><FONT face=Calibri>Vaddisznósörte natúr fa hajkefe.&nbsp;&nbsp;A fából készült, Luxus&nbsp;kivitelű vaddisznósörte&nbsp;kör alakú hajkefe, professzionális fodrászkellék.&nbsp; A legjobb használat érdekében a hajkefe nyelét mintásra készítették, amely egyedi megjelenést, és csúszásmentes használatot eredményez. A körkefe hossza kb.240mm. A természetes vaddisznósörte és a különleges fa kombinációja rendkívül hajbarát hajápolást tesz lehetővé.</FONT></P>
<P style=\"TEXT-ALIGN: justify; MARGIN: 0cm 0cm 10pt\"><FONT face=Calibri>A vaddisznósörte&nbsp;fa körkefék adatai.</FONT></P>
<P style=\"TEXT-ALIGN: justify; MARGIN: 0cm 0cm 10pt\"><FONT face=Calibri>Körkefék hossza: kb. 240mm</FONT></P>
<P style=\"TEXT-ALIGN: justify; MARGIN: 0cm 0cm 10pt\"><FONT face=Calibri>A hajkefe méretének jelölése. &nbsp;Első mm szám = hajkefe mag átmérő / Második szám = &nbsp;tüskék külső átmérői</FONT></P>
<P style=\"TEXT-ALIGN: justify; MARGIN: 0cm 0cm 10pt\"><FONT face=Calibri>06092 -- 28mm/68mm</FONT></P>
<P style=\"TEXT-ALIGN: justify; MARGIN: 0cm 0cm 10pt\"><FONT face=Calibri>06093 -- 32mm/72mm</FONT></P>
<P style=\"TEXT-ALIGN: justify; MARGIN: 0cm 0cm 10pt\"><FONT face=Calibri>06094 -- 38mm/78mm</FONT></P>
<P style=\"TEXT-ALIGN: justify; MARGIN: 0cm 0cm 10pt\"><FONT face=Calibri>Akörkefe hajkefe szőr anyaga: vaddisznósörte </FONT></P>
<P style=\"TEXT-ALIGN: justify; MARGIN: 0cm 0cm 10pt\"><FONT face=Calibri>Körkefe márka: Flexi</FONT></P>
<P style=\"TEXT-ALIGN: justify; MARGIN: 0cm 0cm 10pt\"><FONT face=Calibri>Hajkefe származási helye: Németország</FONT></P>', `item_id`='1827-0092-06094-flexion-38/78mm', `default_pic`='4937', `active`='1', `category_id`='104', `root_category_id`='0', `seo_name`='vaddisznosorte-natur-fa-korkefe-06094-38-78mm', `fullurl`='fodraszkellek/vaddisznosorte-natur-fa-korkefe-06094-38-78mm', `other_categories`='104,115,116' WHERE id=3858

[2019-11-28 18:18:43] INSERT INTO webshop_gallery (`id`, `product_id`, `original_name`, `new_name`, `date`) VALUES (12982, 4605, 'Gurulós kozmetikai szék nyerges 51890-2', '12982.jpg', 1574961523)

[2019-11-28 18:18:43] INSERT INTO webshop_products (`id`, `name_hun`, `name_eng`, `item_id`, `price`, `reduced_price`, `status`, `currency`, `content_short`, `content`, `details`, `date`, `default_pic`, `active`, `main`, `sort`, `category_id`, `root_category_id`, `seo_name`, `fullurl`, `websyx_id`, `quantity`, `other_categories`) VALUES ('4605', 'Gurulós kozmetikai szék nyerges 51890-2', 'Gurulós kozmetikai szék nyerges 51890-2', '1839-hw-profi-51890+1480Ftszállítás-2', 0, 0, 1, 'Ft', 'Gurulós kozmetikai szék nyerges. Rodeo nyereg ülőkével, erős kerekekkel.&nbsp;A fodrász bútorok széles...', '<P>Gurulós kozmetikai szék nyerges. Rodeo nyereg ülőkével, erős kerekekkel.&nbsp;A fodrász bútorok széles munkaterületen használhatók, fodrász, kozmetikus, és&nbsp;irodai&nbsp;területen&nbsp;dolgozók is használhatják.</P>
<P style=\"TEXT-ALIGN: justify\">A Gurulós kozmetikai szék nyerges, forgó ülőke, forgószék&nbsp;paraméterei:</P>
<P style=\"TEXT-ALIGN: justify\">* Emelési ülő magasság 54-74cm között.&nbsp; </P>
<P style=\"TEXT-ALIGN: justify\">* A fodrász szék erősített, gurulós kerekekkel rendelkezik.</P>
<P style=\"TEXT-ALIGN: justify\">* Pneumatikus magasság állítású.</P>
<P style=\"TEXT-ALIGN: justify\">* Műbőr üléshuzat.</P>
<P style=\"TEXT-ALIGN: justify\">* Fodrász szék, forgószék&nbsp;származási hely: Németország</P>', '', 1574961523, '12982', '1', 0, 1, 203, '191', 'gurulos-kozmetikai-szek-nyerges-51890-2', 'arcapolas-testapolas/kozmetika-pedikur-manikur-eszkozok/kozmetika-pedikur-manikur-egyeb-eszkozok/gurulos-kozmetikai-szek-nyerges-51890-2', '2537', 1, '203')

[2019-11-28 18:18:43] INSERT INTO webshop_special_fields (`key`, `value`, `product_id`) VALUES ('manufacturer', 'Metalplast fodrászbútor', 4605)

[2019-11-28 18:18:43] INSERT INTO webshop_special_fields (`key`, `value`, `product_id`) VALUES ('quantityunit', 'db', 4605)

[2019-11-28 18:18:43] INSERT INTO webshop_special_fields (`key`, `value`, `product_id`) VALUES ('kiszereles', '1', 4605)

[2019-11-28 18:18:43] UPDATE webshop_products SET sort=1 WHERE id=3326

[2019-11-28 18:18:43] UPDATE webshop_products SET sort=2 WHERE id=4605

[2019-11-28 18:18:49] UPDATE users SET lastlogin = NOW() WHERE id = '11'

[2019-11-28 18:18:52] UPDATE users SET lastlogin = NOW() WHERE id = '11'

[2019-11-28 18:18:52] UPDATE webshop_products SET `price1_name`='Beszerzési ár', `price1_currency`='HUF', `price1_value`='12709' WHERE id=2882

[2019-11-28 18:18:52] UPDATE webshop_products SET `price2_name`='Kereskedő -27,6%', `price2_currency`='HUF', `price2_value`='23181' WHERE id=2882

[2019-11-28 18:18:52] UPDATE webshop_products SET `price3_name`='Kereskedő -33,6%', `price3_currency`='HUF', `price3_value`='23181' WHERE id=2882

[2019-11-28 18:18:52] UPDATE webshop_products SET `price4_name`='Szakmai 1 ár -7%', `price4_currency`='HUF', `price4_value`='28976' WHERE id=2882

[2019-11-28 18:18:52] UPDATE webshop_products SET `price5_name`='Szakmai 2 ár -14%', `price5_currency`='HUF', `price5_value`='28976' WHERE id=2882

[2019-11-28 18:18:52] UPDATE webshop_products SET `price6_name`='Vásárló', `price6_currency`='HUF', `price6_value`='28976' WHERE id=2882

[2019-11-28 18:18:52] UPDATE webshop_products SET `price7_name`='W Lista ár', `price7_currency`='HUF', `price7_value`='28976' WHERE id=2882

[2019-11-28 18:18:52] UPDATE webshop_products SET `price`='28976', `reduced_price`=0 WHERE id=2882

[2019-11-28 18:18:52] UPDATE webshop_products SET `price1_name`='Beszerzési ár', `price1_currency`='HUF', `price1_value`='13148' WHERE id=2486

[2019-11-28 18:18:52] UPDATE webshop_products SET `price2_name`='Kereskedő -27,6%', `price2_currency`='HUF', `price2_value`='23983' WHERE id=2486

[2019-11-28 18:18:52] UPDATE webshop_products SET `price3_name`='Kereskedő -33,6%', `price3_currency`='HUF', `price3_value`='23983' WHERE id=2486

[2019-11-28 18:18:52] UPDATE webshop_products SET `price4_name`='Szakmai 1 ár -7%', `price4_currency`='HUF', `price4_value`='29978' WHERE id=2486

[2019-11-28 18:18:52] UPDATE webshop_products SET `price5_name`='Szakmai 2 ár -14%', `price5_currency`='HUF', `price5_value`='29978' WHERE id=2486

[2019-11-28 18:18:52] UPDATE webshop_products SET `price6_name`='Vásárló', `price6_currency`='HUF', `price6_value`='29978' WHERE id=2486

[2019-11-28 18:18:52] UPDATE webshop_products SET `price7_name`='W Lista ár', `price7_currency`='HUF', `price7_value`='29978' WHERE id=2486

[2019-11-28 18:18:52] UPDATE webshop_products SET `price`='29978', `reduced_price`=0 WHERE id=2486

[2019-11-28 18:18:52] UPDATE webshop_products SET `price1_name`='Beszerzési ár', `price1_currency`='HUF', `price1_value`='12709' WHERE id=4601

[2019-11-28 18:18:52] UPDATE webshop_products SET `price2_name`='Kereskedő -27,6%', `price2_currency`='HUF', `price2_value`='21900' WHERE id=4601

[2019-11-28 18:18:52] UPDATE webshop_products SET `price3_name`='Kereskedő -33,6%', `price3_currency`='HUF', `price3_value`='20084' WHERE id=4601

[2019-11-28 18:18:52] UPDATE webshop_products SET `price4_name`='Szakmai 1 ár -7%', `price4_currency`='HUF', `price4_value`='28131' WHERE id=4601

[2019-11-28 18:18:52] UPDATE webshop_products SET `price5_name`='Szakmai 2 ár -14%', `price5_currency`='HUF', `price5_value`='26013' WHERE id=4601

[2019-11-28 18:18:52] UPDATE webshop_products SET `price6_name`='Vásárló', `price6_currency`='HUF', `price6_value`='30248' WHERE id=4601

[2019-11-28 18:18:52] UPDATE webshop_products SET `price7_name`='W Lista ár', `price7_currency`='HUF', `price7_value`='30248' WHERE id=4601

[2019-11-28 18:18:52] UPDATE webshop_products SET `price`='30248', `reduced_price`=0 WHERE id=4601

[2019-11-28 18:18:52] UPDATE webshop_products SET `price1_name`='Beszerzési ár', `price1_currency`='HUF', `price1_value`='12718' WHERE id=4602

[2019-11-28 18:18:52] UPDATE webshop_products SET `price2_name`='Kereskedő -27,6%', `price2_currency`='HUF', `price2_value`='21914' WHERE id=4602

[2019-11-28 18:18:52] UPDATE webshop_products SET `price3_name`='Kereskedő -33,6%', `price3_currency`='HUF', `price3_value`='20098' WHERE id=4602

[2019-11-28 18:18:52] UPDATE webshop_products SET `price4_name`='Szakmai 1 ár -7%', `price4_currency`='HUF', `price4_value`='28150' WHERE id=4602

[2019-11-28 18:18:52] UPDATE webshop_products SET `price5_name`='Szakmai 2 ár -14%', `price5_currency`='HUF', `price5_value`='26030' WHERE id=4602

[2019-11-28 18:18:52] UPDATE webshop_products SET `price6_name`='Vásárló', `price6_currency`='HUF', `price6_value`='30268' WHERE id=4602

[2019-11-28 18:18:52] UPDATE webshop_products SET `price7_name`='W Lista ár', `price7_currency`='HUF', `price7_value`='30268' WHERE id=4602

[2019-11-28 18:18:52] UPDATE webshop_products SET `price`='30268', `reduced_price`=0 WHERE id=4602

[2019-11-28 18:18:52] UPDATE webshop_products SET `price1_name`='Beszerzési ár', `price1_currency`='HUF', `price1_value`='1205' WHERE id=4603

[2019-11-28 18:18:52] UPDATE webshop_products SET `price2_name`='Kereskedő -27,6%', `price2_currency`='HUF', `price2_value`='1990' WHERE id=4603

[2019-11-28 18:18:52] UPDATE webshop_products SET `price3_name`='Kereskedő -33,6%', `price3_currency`='HUF', `price3_value`='1825' WHERE id=4603

[2019-11-28 18:18:52] UPDATE webshop_products SET `price4_name`='Szakmai 1 ár -7%', `price4_currency`='HUF', `price4_value`='2557' WHERE id=4603

[2019-11-28 18:18:52] UPDATE webshop_products SET `price5_name`='Szakmai 2 ár -14%', `price5_currency`='HUF', `price5_value`='2363' WHERE id=4603

[2019-11-28 18:18:52] UPDATE webshop_products SET `price6_name`='Vásárló', `price6_currency`='HUF', `price6_value`='2748' WHERE id=4603

[2019-11-28 18:18:52] UPDATE webshop_products SET `price7_name`='W Lista ár', `price7_currency`='HUF', `price7_value`='2748' WHERE id=4603

[2019-11-28 18:18:52] UPDATE webshop_products SET `price`='2748', `reduced_price`=0 WHERE id=4603

[2019-11-28 18:18:52] UPDATE webshop_products SET `price1_name`='Beszerzési ár', `price1_currency`='HUF', `price1_value`='1082' WHERE id=4604

[2019-11-28 18:18:52] UPDATE webshop_products SET `price2_name`='Kereskedő -27,6%', `price2_currency`='HUF', `price2_value`='1787' WHERE id=4604

[2019-11-28 18:18:52] UPDATE webshop_products SET `price3_name`='Kereskedő -33,6%', `price3_currency`='HUF', `price3_value`='1638' WHERE id=4604

[2019-11-28 18:18:52] UPDATE webshop_products SET `price4_name`='Szakmai 1 ár -7%', `price4_currency`='HUF', `price4_value`='2295' WHERE id=4604

[2019-11-28 18:18:52] UPDATE webshop_products SET `price5_name`='Szakmai 2 ár -14%', `price5_currency`='HUF', `price5_value`='2122' WHERE id=4604

[2019-11-28 18:18:52] UPDATE webshop_products SET `price6_name`='Vásárló', `price6_currency`='HUF', `price6_value`='2468' WHERE id=4604

[2019-11-28 18:18:52] UPDATE webshop_products SET `price7_name`='W Lista ár', `price7_currency`='HUF', `price7_value`='2468' WHERE id=4604

[2019-11-28 18:18:52] UPDATE webshop_products SET `price`='2468', `reduced_price`=0 WHERE id=4604

[2019-11-28 18:18:52] UPDATE webshop_products SET `price1_name`='Beszerzési ár', `price1_currency`='HUF', `price1_value`='12714' WHERE id=2074

[2019-11-28 18:18:52] UPDATE webshop_products SET `price2_name`='Kereskedő -27,6%', `price2_currency`='HUF', `price2_value`='23190' WHERE id=2074

[2019-11-28 18:18:52] UPDATE webshop_products SET `price3_name`='Kereskedő -33,6%', `price3_currency`='HUF', `price3_value`='23190' WHERE id=2074

[2019-11-28 18:18:52] UPDATE webshop_products SET `price4_name`='Szakmai 1 ár -7%', `price4_currency`='HUF', `price4_value`='28988' WHERE id=2074

[2019-11-28 18:18:52] UPDATE webshop_products SET `price5_name`='Szakmai 2 ár -14%', `price5_currency`='HUF', `price5_value`='28988' WHERE id=2074

[2019-11-28 18:18:52] UPDATE webshop_products SET `price6_name`='Vásárló', `price6_currency`='HUF', `price6_value`='28988' WHERE id=2074

[2019-11-28 18:18:52] UPDATE webshop_products SET `price7_name`='W Lista ár', `price7_currency`='HUF', `price7_value`='28988' WHERE id=2074

[2019-11-28 18:18:52] UPDATE webshop_products SET `price`='28988', `reduced_price`=0 WHERE id=2074

[2019-11-28 18:18:52] UPDATE webshop_products SET `price1_name`='Beszerzési ár', `price1_currency`='HUF', `price1_value`='855' WHERE id=2460

[2019-11-28 18:18:52] UPDATE webshop_products SET `price2_name`='Kereskedő -27,6%', `price2_currency`='HUF', `price2_value`='1411' WHERE id=2460

[2019-11-28 18:18:52] UPDATE webshop_products SET `price3_name`='Kereskedő -33,6%', `price3_currency`='HUF', `price3_value`='1294' WHERE id=2460

[2019-11-28 18:18:52] UPDATE webshop_products SET `price4_name`='Szakmai 1 ár -7%', `price4_currency`='HUF', `price4_value`='1812' WHERE id=2460

[2019-11-28 18:18:52] UPDATE webshop_products SET `price5_name`='Szakmai 2 ár -14%', `price5_currency`='HUF', `price5_value`='1675' WHERE id=2460

[2019-11-28 18:18:52] UPDATE webshop_products SET `price6_name`='Vásárló', `price6_currency`='HUF', `price6_value`='1948' WHERE id=2460

[2019-11-28 18:18:52] UPDATE webshop_products SET `price7_name`='W Lista ár', `price7_currency`='HUF', `price7_value`='1948' WHERE id=2460

[2019-11-28 18:18:52] UPDATE webshop_products SET `price`='1948', `reduced_price`=0 WHERE id=2460

[2019-11-28 18:18:52] UPDATE webshop_products SET `price1_name`='Beszerzési ár', `price1_currency`='HUF', `price1_value`='955' WHERE id=2461

[2019-11-28 18:18:52] UPDATE webshop_products SET `price2_name`='Kereskedő -27,6%', `price2_currency`='HUF', `price2_value`='1577' WHERE id=2461

[2019-11-28 18:18:52] UPDATE webshop_products SET `price3_name`='Kereskedő -33,6%', `price3_currency`='HUF', `price3_value`='1447' WHERE id=2461

[2019-11-28 18:18:52] UPDATE webshop_products SET `price4_name`='Szakmai 1 ár -7%', `price4_currency`='HUF', `price4_value`='2026' WHERE id=2461

[2019-11-28 18:18:52] UPDATE webshop_products SET `price5_name`='Szakmai 2 ár -14%', `price5_currency`='HUF', `price5_value`='1873' WHERE id=2461

[2019-11-28 18:18:52] UPDATE webshop_products SET `price6_name`='Vásárló', `price6_currency`='HUF', `price6_value`='2178' WHERE id=2461

[2019-11-28 18:18:52] UPDATE webshop_products SET `price7_name`='W Lista ár', `price7_currency`='HUF', `price7_value`='2178' WHERE id=2461

[2019-11-28 18:18:52] UPDATE webshop_products SET `price`='2178', `reduced_price`=0 WHERE id=2461

[2019-11-28 18:18:52] UPDATE webshop_products SET `price1_name`='Beszerzési ár', `price1_currency`='HUF', `price1_value`='855' WHERE id=2464

[2019-11-28 18:18:52] UPDATE webshop_products SET `price2_name`='Kereskedő -27,6%', `price2_currency`='HUF', `price2_value`='1411' WHERE id=2464

[2019-11-28 18:18:52] UPDATE webshop_products SET `price3_name`='Kereskedő -33,6%', `price3_currency`='HUF', `price3_value`='1294' WHERE id=2464

[2019-11-28 18:18:52] UPDATE webshop_products SET `price4_name`='Szakmai 1 ár -7%', `price4_currency`='HUF', `price4_value`='1812' WHERE id=2464

[2019-11-28 18:18:52] UPDATE webshop_products SET `price5_name`='Szakmai 2 ár -14%', `price5_currency`='HUF', `price5_value`='1675' WHERE id=2464

[2019-11-28 18:18:52] UPDATE webshop_products SET `price6_name`='Vásárló', `price6_currency`='HUF', `price6_value`='1948' WHERE id=2464

[2019-11-28 18:18:52] UPDATE webshop_products SET `price7_name`='W Lista ár', `price7_currency`='HUF', `price7_value`='1948' WHERE id=2464

[2019-11-28 18:18:52] UPDATE webshop_products SET `price`='1948', `reduced_price`=0 WHERE id=2464

[2019-11-28 18:18:52] UPDATE webshop_products SET `price1_name`='Beszerzési ár', `price1_currency`='HUF', `price1_value`='1335' WHERE id=3858

[2019-11-28 18:18:52] UPDATE webshop_products SET `price2_name`='Kereskedő -27,6%', `price2_currency`='HUF', `price2_value`='2591' WHERE id=3858

[2019-11-28 18:18:52] UPDATE webshop_products SET `price3_name`='Kereskedő -33,6%', `price3_currency`='HUF', `price3_value`='2375' WHERE id=3858

[2019-11-28 18:18:52] UPDATE webshop_products SET `price4_name`='Szakmai 1 ár -7%', `price4_currency`='HUF', `price4_value`='3327' WHERE id=3858

[2019-11-28 18:18:52] UPDATE webshop_products SET `price5_name`='Szakmai 2 ár -14%', `price5_currency`='HUF', `price5_value`='3077' WHERE id=3858

[2019-11-28 18:18:52] UPDATE webshop_products SET `price6_name`='Vásárló', `price6_currency`='HUF', `price6_value`='3578' WHERE id=3858

[2019-11-28 18:18:52] UPDATE webshop_products SET `price7_name`='W Lista ár', `price7_currency`='HUF', `price7_value`='3578' WHERE id=3858

[2019-11-28 18:18:52] UPDATE webshop_products SET `price`='3578', `reduced_price`=0 WHERE id=3858

[2019-11-28 18:18:52] UPDATE webshop_products SET `price1_name`='Beszerzési ár', `price1_currency`='HUF', `price1_value`='13184' WHERE id=4605

[2019-11-28 18:18:52] UPDATE webshop_products SET `price2_name`='Kereskedő -27,6%', `price2_currency`='HUF', `price2_value`='22718' WHERE id=4605

[2019-11-28 18:18:52] UPDATE webshop_products SET `price3_name`='Kereskedő -33,6%', `price3_currency`='HUF', `price3_value`='20834' WHERE id=4605

[2019-11-28 18:18:52] UPDATE webshop_products SET `price4_name`='Szakmai 1 ár -7%', `price4_currency`='HUF', `price4_value`='29182' WHERE id=4605

[2019-11-28 18:18:52] UPDATE webshop_products SET `price5_name`='Szakmai 2 ár -14%', `price5_currency`='HUF', `price5_value`='26985' WHERE id=4605

[2019-11-28 18:18:52] UPDATE webshop_products SET `price6_name`='Vásárló', `price6_currency`='HUF', `price6_value`='31378' WHERE id=4605

[2019-11-28 18:18:52] UPDATE webshop_products SET `price7_name`='W Lista ár', `price7_currency`='HUF', `price7_value`='31378' WHERE id=4605

[2019-11-28 18:18:52] UPDATE webshop_products SET `price`='31378', `reduced_price`=0 WHERE id=4605

[2019-11-28 18:18:59] UPDATE users SET lastlogin = NOW() WHERE id = '11'

[2019-11-28 18:19:05] UPDATE users SET lastlogin = NOW() WHERE id = '11'

[2019-11-28 18:19:19] DELETE FROM webshop_gallery WHERE id='12012'

[2019-11-28 18:19:19] INSERT INTO webshop_gallery (`id`, `product_id`, `original_name`, `new_name`, `date`) VALUES (12983, 2882, 'Forgószék Classic', '12983.jpg', 1574961559)

[2019-11-28 18:19:20] UPDATE users SET lastlogin = NOW() WHERE id = '11'

[2019-11-28 18:19:22] DELETE FROM webshop_gallery WHERE id=12983

[2019-11-28 18:19:33] INSERT INTO webshop_gallery (`id`, `product_id`, `original_name`, `new_name`, `date`) VALUES (12983, 2463, 'Vaddisznósörte fa hajkefe Hw08181 fodrászkellék', '12983.jpg', 1574961573)

[2019-11-28 18:19:35] UPDATE users SET lastlogin = NOW() WHERE id = '11'

[2019-11-28 18:19:48] INSERT INTO webshop_gallery (`id`, `product_id`, `original_name`, `new_name`, `date`) VALUES (12984, 2460, 'Vaddisznósörte Fa Hajkefe Hw08186 Fodrászkellék', '12984.jpg', 1574961588)

[2019-11-28 18:19:50] UPDATE users SET lastlogin = NOW() WHERE id = '11'

[2019-11-28 18:20:05] INSERT INTO webshop_gallery (`id`, `product_id`, `original_name`, `new_name`, `date`) VALUES (12985, 4603, 'Vaddisznósörte natúr fa körkefe 06093 32/72mm', '12985.jpg', 1574961605)

[2019-11-28 18:20:08] UPDATE users SET lastlogin = NOW() WHERE id = '11'

[2019-11-28 18:20:17] DELETE FROM webshop_gallery WHERE id=12985

[2019-11-28 18:20:23] DELETE FROM webshop_gallery WHERE id='11471'

[2019-11-28 18:20:23] INSERT INTO webshop_gallery (`id`, `product_id`, `original_name`, `new_name`, `date`) VALUES (12985, 2074, 'Forgószék fekete Classic', '12985.jpg', 1574961623)

[2019-11-28 18:20:25] UPDATE users SET lastlogin = NOW() WHERE id = '11'

[2019-11-28 18:20:26] DELETE FROM webshop_gallery WHERE id=12985

[2019-11-28 18:20:37] INSERT INTO webshop_gallery (`id`, `product_id`, `original_name`, `new_name`, `date`) VALUES (12985, 4604, 'Vaddisznósörte natúr fa körkefe 06092 28/68mm', '12985.jpg', 1574961637)

[2019-11-28 18:20:39] UPDATE users SET lastlogin = NOW() WHERE id = '11'

[2019-11-28 18:20:40] DELETE FROM webshop_gallery WHERE id=12985

[2019-11-28 18:20:51] DELETE FROM webshop_gallery WHERE id='12268'

[2019-11-28 18:20:52] INSERT INTO webshop_gallery (`id`, `product_id`, `original_name`, `new_name`, `date`) VALUES (12985, 3858, 'Vaddisznósörte fa körkefe 06094 38/78mm', '12985.jpg', 1574961652)

[2019-11-28 18:20:53] UPDATE users SET lastlogin = NOW() WHERE id = '11'

[2019-11-28 18:21:07] DELETE FROM webshop_gallery WHERE id='11207'

[2019-11-28 18:21:08] INSERT INTO webshop_gallery (`id`, `product_id`, `original_name`, `new_name`, `date`) VALUES (12986, 2461, 'Vaddisznósörte Fa Hajkefe Hw08187 Fodrászkellék', '12986.jpg', 1574961668)

[2019-11-28 18:21:09] UPDATE users SET lastlogin = NOW() WHERE id = '11'

[2019-11-28 18:21:23] INSERT INTO webshop_gallery (`id`, `product_id`, `original_name`, `new_name`, `date`) VALUES (12987, 4601, 'Gurulós kozmetikai szék fehér 51885-2', '12987.jpg', 1574961683)

[2019-11-28 18:21:24] UPDATE users SET lastlogin = NOW() WHERE id = '11'

[2019-11-28 18:21:32] DELETE FROM webshop_gallery WHERE id=12987

[2019-11-28 18:21:38] INSERT INTO webshop_gallery (`id`, `product_id`, `original_name`, `new_name`, `date`) VALUES (12987, 4602, 'Gurulós kozmetikai szék fekete 51885-2', '12987.jpg', 1574961698)

[2019-11-28 18:21:40] UPDATE users SET lastlogin = NOW() WHERE id = '11'

[2019-11-28 18:21:47] DELETE FROM webshop_gallery WHERE id=12987

[2019-11-28 18:21:53] INSERT INTO webshop_gallery (`id`, `product_id`, `original_name`, `new_name`, `date`) VALUES (12987, 4605, 'Gurulós kozmetikai szék nyerges 51890', '12987.jpg', 1574961713)

[2019-11-28 18:22:31] UPDATE users SET lastlogin = NOW() WHERE id = '11'

[2019-11-28 18:59:04] UPDATE users SET lastlogin = NOW() WHERE id = '11'

[2019-11-28 18:59:06] UPDATE users SET lastlogin = NOW() WHERE id = '11'

[2019-11-28 18:59:07] UPDATE users SET lastlogin = NOW() WHERE id = '11'

[2019-11-28 18:59:07] UPDATE webshop_gallery SET original_name='Erős forgószék fém kerekekkel 3070936', date=1574963947 WHERE id=6834

[2019-11-28 18:59:07] UPDATE webshop_special_fields SET `value`='Comair fodrászkellék' WHERE `key`='manufacturer' AND `product_id`=4121

[2019-11-28 18:59:07] UPDATE webshop_special_fields SET `value`='db' WHERE `key`='quantityunit' AND `product_id`=4121

[2019-11-28 18:59:08] UPDATE webshop_special_fields SET `value`='1' WHERE `key`='kiszereles' AND `product_id`=4121

[2019-11-28 18:59:08] UPDATE webshop_products SET `name_hun`='Nyereg szék - gurulós kozmetikai forgószék erősített kerékkel 3070936',`content_short`='Erős forgószék, erős alumínium talpakkal és erősített fémbetétes kerekekkel, nyereg ülőkével&nbsp;A...',`content`='<P style=\"TEXT-ALIGN: justify; MARGIN: 0cm 0cm 10pt\"><FONT face=Calibri>Erős forgószék, erős alumínium talpakkal és erősített fémbetétes kerekekkel, nyereg ülőkével&nbsp;A forgószéknek pneumatikus állítási rendszere van, mely 57,5 és 76,5 cm között állítható.</FONT></P>
<P style=\"TEXT-ALIGN: justify; MARGIN: 0cm 0cm 10pt\"><FONT face=Calibri>Származási hely: Németország</FONT></P>
<P>&nbsp;</P>', `item_id`='1739-cm-3070936-jockey', `default_pic`='6834', `active`='1', `category_id`='339', `root_category_id`='86', `seo_name`='nyereg-szek-gurulos-kozmetikai-forgoszek-erositett-kerekkel-3070936', `fullurl`='fodraszbutor/fodrasz-szek/forgoszek/nyereg-szek-gurulos-kozmetikai-forgoszek-erositett-kerekkel-3070936', `other_categories`='339' WHERE id=4121

[2019-11-28 18:59:08] UPDATE webshop_gallery SET original_name='Erős forgószék 3070935', date=1574963948 WHERE id=6835

[2019-11-28 18:59:08] UPDATE webshop_special_fields SET `value`='Comair fodrászkellék' WHERE `key`='manufacturer' AND `product_id`=4123

[2019-11-28 18:59:08] UPDATE webshop_special_fields SET `value`='db' WHERE `key`='quantityunit' AND `product_id`=4123

[2019-11-28 18:59:08] UPDATE webshop_special_fields SET `value`='1' WHERE `key`='kiszereles' AND `product_id`=4123

[2019-11-28 18:59:08] UPDATE webshop_products SET `name_hun`='Gurulós kozmetikai forgószék erősített kerékkel 3070935',`content_short`='Erős forgószék, erős alumínium talpakkal és erősített fémbetétes kerekekkel. A forgószéknek pneumatikus...',`content`='<P style=\"TEXT-ALIGN: justify; MARGIN: 0cm 0cm 10pt\"><FONT face=Calibri>Erős forgószék, erős alumínium talpakkal és erősített fémbetétes kerekekkel. A forgószéknek pneumatikus állítási rendszere van, mely 54 és 72 cm között állítható.</FONT></P>
<P style=\"TEXT-ALIGN: justify; MARGIN: 0cm 0cm 10pt\"><FONT face=Calibri>Származási hely: Németország</FONT></P>', `item_id`='1739-cm-3070935-crystal-2', `default_pic`='6835', `active`='1', `category_id`='203', `root_category_id`='191', `seo_name`='gurulos-kozmetikai-forgoszek-erositett-kerekkel-3070935', `fullurl`='arcapolas-testapolas/kozmetika-pedikur-manikur-eszkozok/kozmetika-pedikur-manikur-egyeb-eszkozok/gurulos-kozmetikai-forgoszek-erositett-kerekkel-3070935', `other_categories`='203' WHERE id=4123

[2019-11-28 18:59:08] UPDATE webshop_gallery SET original_name='Gurulós kozmetikai szék nyerges 51890-2', date=1574963948 WHERE id=12982

[2019-11-28 18:59:08] UPDATE webshop_special_fields SET `value`='Metalplast fodrászbútor' WHERE `key`='manufacturer' AND `product_id`=4605

[2019-11-28 18:59:08] UPDATE webshop_special_fields SET `value`='db' WHERE `key`='quantityunit' AND `product_id`=4605

[2019-11-28 18:59:08] UPDATE webshop_special_fields SET `value`='1' WHERE `key`='kiszereles' AND `product_id`=4605

[2019-11-28 18:59:08] UPDATE webshop_products SET `name_hun`='Gurulós kozmetikai nyereg szék 51890-2',`content_short`='Gurulós kozmetikai szék nyerges. Rodeo nyereg ülőkével, erős kerekekkel.&nbsp;A fodrász bútorok széles...',`content`='<P>Gurulós kozmetikai szék nyerges. Rodeo nyereg ülőkével, erős kerekekkel.&nbsp;A fodrász bútorok széles munkaterületen használhatók, fodrász, kozmetikus, és&nbsp;irodai&nbsp;területen&nbsp;dolgozók is használhatják.</P>
<P style=\"TEXT-ALIGN: justify\">A Gurulós kozmetikai szék nyerges, forgó ülőke, forgószék&nbsp;paraméterei:</P>
<P style=\"TEXT-ALIGN: justify\">* Emelési ülő magasság 54-74cm között.&nbsp; </P>
<P style=\"TEXT-ALIGN: justify\">* A fodrász szék erősített, gurulós kerekekkel rendelkezik.</P>
<P style=\"TEXT-ALIGN: justify\">* Pneumatikus magasság állítású.</P>
<P style=\"TEXT-ALIGN: justify\">* Műbőr üléshuzat.</P>
<P style=\"TEXT-ALIGN: justify\">* Fodrász szék, forgószék&nbsp;származási hely: Németország</P>', `item_id`='1839-hw-profi-51890+1480Ftszállítás-2', `default_pic`='12982', `active`='1', `category_id`='203', `root_category_id`='191', `seo_name`='gurulos-kozmetikai-nyereg-szek-51890-2', `fullurl`='arcapolas-testapolas/kozmetika-pedikur-manikur-eszkozok/kozmetika-pedikur-manikur-egyeb-eszkozok/gurulos-kozmetikai-nyereg-szek-51890-2', `other_categories`='203' WHERE id=4605

[2019-11-28 18:59:08] INSERT INTO webshop_gallery (`id`, `product_id`, `original_name`, `new_name`, `date`) VALUES (12988, 4606, 'Fodrász forgószék 3070935', '12988.jpg', 1574963948)

[2019-11-28 18:59:08] INSERT INTO webshop_products (`id`, `name_hun`, `name_eng`, `item_id`, `price`, `reduced_price`, `status`, `currency`, `content_short`, `content`, `details`, `date`, `default_pic`, `active`, `main`, `sort`, `category_id`, `root_category_id`, `seo_name`, `fullurl`, `websyx_id`, `quantity`, `other_categories`) VALUES ('4606', 'Fodrász forgószék 3070935', 'Fodrász forgószék 3070935', '1739-cm-3070935-crystal', 0, 0, 1, 'Ft', 'forgószék, Fodrász szék, forgó ülőke, pneumatikus pumpával, és erősített fémbetétes...', '<P style=\"TEXT-ALIGN: justify\">forgószék, Fodrász szék, forgó ülőke, pneumatikus pumpával,<FONT face=Calibri> és erősített fémbetétes kerekekkel.</FONT>&nbsp;Széles munkaterületen használható, fodrász, kozmetikus, és&nbsp;irodai&nbsp;területen&nbsp;dolgozók is használhatják.</P>
<P style=\"MARGIN: 0cm 0cm 10pt\">Modern&nbsp;design és kivitelezés.</P>
<P style=\"TEXT-ALIGN: justify\">A fodrász forgószék, ülőke, műbőrborítású ülő résszel rendelkezik, pneumatikus magasság állítással. A fodrász szék pneumatika, csak terheletlen állapotban emelkedik, és terhelés alatt süllyeszthető.</P>
<P style=\"TEXT-ALIGN: justify\"><STRONG><U>A forgószék, &nbsp;fodrász szék, forgó ülőke paraméterei.</U></STRONG></P>
<P style=\"TEXT-ALIGN: justify\">* ülő magasság 54-72cm között állítható.</P>
<P style=\"TEXT-ALIGN: justify\">* Pneumatikus magasság állítású</P>
<P style=\"TEXT-ALIGN: justify\">* Műbőr üléshuzat</P>
<P style=\"TEXT-ALIGN: justify\">* Fodrászszék származási hely: Németország</P>', '', 1574963948, '12988', '1', 0, 1, 89, '86', 'fodrasz-forgoszek-3070935', 'fodraszbutor/fodrasz-szek/fodrasz-forgoszek-3070935', '2684', 1, '89,339')

[2019-11-28 18:59:08] INSERT INTO webshop_special_fields (`key`, `value`, `product_id`) VALUES ('manufacturer', 'Comair fodrászkellék', 4606)

[2019-11-28 18:59:08] INSERT INTO webshop_special_fields (`key`, `value`, `product_id`) VALUES ('quantityunit', 'db', 4606)

[2019-11-28 18:59:08] INSERT INTO webshop_special_fields (`key`, `value`, `product_id`) VALUES ('kiszereles', '1', 4606)

[2019-11-28 18:59:08] UPDATE webshop_products SET sort=1 WHERE id=3326

[2019-11-28 18:59:08] UPDATE webshop_products SET sort=2 WHERE id=4606

[2019-11-28 18:59:12] UPDATE users SET lastlogin = NOW() WHERE id = '11'

[2019-11-28 18:59:14] UPDATE users SET lastlogin = NOW() WHERE id = '11'

[2019-11-28 18:59:15] UPDATE users SET lastlogin = NOW() WHERE id = '11'

