[2020-11-22 15:06:21] UPDATE users SET lastlogin = NOW() WHERE id = '11'

[2020-11-22 15:06:23] UPDATE users SET lastlogin = NOW() WHERE id = '11'

[2020-11-22 15:06:23] UPDATE webshop_category SET `name_hun`='Hajgyógyászat', `active`=1, `level`=0, `parent_id`=0, `root_parent_id`=0, `seo_name`='hajgyogyaszat', `fullurl`='hajgyogyaszat' WHERE `websyx_id`=284

[2020-11-22 15:06:23] UPDATE webshop_category SET `name_hun`='HAJHULLÁS', `active`=1, `level`=1, `parent_id`=284, `root_parent_id`=284, `seo_name`='hajhullas', `fullurl`='hajgyogyaszat/hajhullas' WHERE `websyx_id`=285

[2020-11-22 15:06:23] UPDATE webshop_category SET `name_hun`='KORPÁS HAJ', `active`=1, `level`=1, `parent_id`=284, `root_parent_id`=284, `seo_name`='korpas-haj', `fullurl`='hajgyogyaszat/korpas-haj' WHERE `websyx_id`=286

[2020-11-22 15:06:23] UPDATE webshop_category SET `name_hun`='ZSÍROS HAJ', `active`=1, `level`=1, `parent_id`=284, `root_parent_id`=284, `seo_name`='zsiros-haj', `fullurl`='hajgyogyaszat/zsiros-haj' WHERE `websyx_id`=287

[2020-11-22 15:06:23] UPDATE webshop_category SET `name_hun`='Pikkelysömör', `active`=1, `level`=1, `parent_id`=284, `root_parent_id`=284, `seo_name`='pikkelysomor', `fullurl`='hajgyogyaszat/pikkelysomor' WHERE `websyx_id`=288

[2020-11-22 15:06:23] UPDATE webshop_category SET `name_hun`='Fejbőr viszketés', `active`=1, `level`=1, `parent_id`=284, `root_parent_id`=284, `seo_name`='fejbor-viszketes', `fullurl`='hajgyogyaszat/fejbor-viszketes' WHERE `websyx_id`=289

[2020-11-22 15:06:23] UPDATE webshop_category SET `name_hun`='Érzékeny fejbőr kezelése', `active`=1, `level`=1, `parent_id`=284, `root_parent_id`=284, `seo_name`='erzekeny-fejbor-kezelese', `fullurl`='hajgyogyaszat/erzekeny-fejbor-kezelese' WHERE `websyx_id`=290

[2020-11-22 15:06:23] UPDATE webshop_category SET `name_hun`='Hajfiatalító kezelés', `active`=1, `level`=1, `parent_id`=284, `root_parent_id`=284, `seo_name`='hajfiatalito-kezeles', `fullurl`='hajgyogyaszat/hajfiatalito-kezeles' WHERE `websyx_id`=292

[2020-11-22 15:06:23] UPDATE webshop_category SET `name_hun`='Fejbőr tisztítás méregtelenítés', `active`=1, `level`=1, `parent_id`=284, `root_parent_id`=284, `seo_name`='fejbor-tisztitas-meregtelenites', `fullurl`='hajgyogyaszat/fejbor-tisztitas-meregtelenites' WHERE `websyx_id`=293

[2020-11-22 15:06:23] UPDATE webshop_category SET `name_hun`='Hajerősítés', `active`=1, `level`=1, `parent_id`=284, `root_parent_id`=284, `seo_name`='hajerosites', `fullurl`='hajgyogyaszat/hajerosites' WHERE `websyx_id`=294

[2020-11-22 15:06:23] UPDATE webshop_category SET `name_hun`='Argánolajos hajkezelés', `active`=1, `level`=1, `parent_id`=284, `root_parent_id`=284, `seo_name`='arganolajos-hajkezeles', `fullurl`='hajgyogyaszat/arganolajos-hajkezeles' WHERE `websyx_id`=296

[2020-11-22 15:06:23] UPDATE webshop_category SET `name_hun`='Keratinos hajkezelés', `active`=1, `level`=1, `parent_id`=284, `root_parent_id`=284, `seo_name`='keratinos-hajkezeles', `fullurl`='hajgyogyaszat/keratinos-hajkezeles' WHERE `websyx_id`=297

[2020-11-22 15:06:23] UPDATE webshop_category SET `name_hun`='Száraz törékeny haj kezelés', `active`=1, `level`=1, `parent_id`=284, `root_parent_id`=284, `seo_name`='szaraz-torekeny-haj-kezeles', `fullurl`='hajgyogyaszat/szaraz-torekeny-haj-kezeles' WHERE `websyx_id`=298

[2020-11-22 15:06:23] UPDATE webshop_category SET `name_hun`='Szőke haj kezelése', `active`=1, `level`=1, `parent_id`=284, `root_parent_id`=284, `seo_name`='szoke-haj-kezelese', `fullurl`='hajgyogyaszat/szoke-haj-kezelese' WHERE `websyx_id`=299

[2020-11-22 15:06:23] UPDATE webshop_category SET `name_hun`='Festett haj kezelése', `active`=1, `level`=1, `parent_id`=284, `root_parent_id`=284, `seo_name`='festett-haj-kezelese', `fullurl`='hajgyogyaszat/festett-haj-kezelese' WHERE `websyx_id`=300

[2020-11-22 15:06:23] UPDATE webshop_category SET `name_hun`='Göndör haj kezelése', `active`=1, `level`=1, `parent_id`=284, `root_parent_id`=284, `seo_name`='gondor-haj-kezelese', `fullurl`='hajgyogyaszat/gondor-haj-kezelese' WHERE `websyx_id`=301

[2020-11-22 15:06:23] UPDATE webshop_category SET `name_hun`='Komplett hajkezelések', `active`=1, `level`=1, `parent_id`=284, `root_parent_id`=284, `seo_name`='komplett-hajkezelesek', `fullurl`='hajgyogyaszat/komplett-hajkezelesek' WHERE `websyx_id`=302

[2020-11-22 15:06:23] UPDATE webshop_category SET `name_hun`='Barber Shop', `active`=1, `level`=0, `parent_id`=0, `root_parent_id`=0, `seo_name`='barber-shop', `fullurl`='barber-shop' WHERE `websyx_id`=314

[2020-11-22 15:06:25] UPDATE users SET lastlogin = NOW() WHERE id = '11'

[2020-11-22 15:06:25] UPDATE webshop_category SET `name_hun`='Ajándékötletek', `active`=1, `level`=0, `parent_id`=0, `root_parent_id`=0, `seo_name`='ajandekotletek', `fullurl`='ajandekotletek' WHERE `websyx_id`=415

[2020-11-22 15:06:25] UPDATE webshop_category SET `name_hun`='Háztartási cikk', `active`=1, `level`=0, `parent_id`=0, `root_parent_id`=0, `seo_name`='haztartasi-cikk', `fullurl`='haztartasi-cikk' WHERE `websyx_id`=416

[2020-11-22 15:06:25] UPDATE webshop_category SET `name_hun`='Illatosító', `active`=1, `level`=1, `parent_id`=416, `root_parent_id`=416, `seo_name`='illatosito', `fullurl`='haztartasi-cikk/illatosito' WHERE `websyx_id`=418

[2020-11-22 15:06:25] UPDATE webshop_category SET `name_hun`='Papírtörlő', `active`=1, `level`=1, `parent_id`=416, `root_parent_id`=416, `seo_name`='papirtorlo', `fullurl`='haztartasi-cikk/papirtorlo' WHERE `websyx_id`=419

[2020-11-22 15:06:25] UPDATE webshop_category SET `name_hun`='Kellék', `active`=1, `level`=1, `parent_id`=416, `root_parent_id`=416, `seo_name`='kellek', `fullurl`='haztartasi-cikk/kellek' WHERE `websyx_id`=420

[2020-11-22 15:06:25] UPDATE webshop_category SET `name_hun`='Higiéniai termékek', `active`=1, `level`=1, `parent_id`=416, `root_parent_id`=416, `seo_name`='higieniai-termekek', `fullurl`='haztartasi-cikk/higieniai-termekek' WHERE `websyx_id`=437

[2020-11-22 15:06:25] UPDATE webshop_category SET `name_hun`='Drogéria', `active`=1, `level`=0, `parent_id`=0, `root_parent_id`=0, `seo_name`='drogeria', `fullurl`='drogeria' WHERE `websyx_id`=417

[2020-11-22 15:06:25] UPDATE webshop_category SET `name_hun`='Smink lemosó', `active`=1, `level`=1, `parent_id`=417, `root_parent_id`=417, `seo_name`='smink-lemoso', `fullurl`='drogeria/smink-lemoso' WHERE `websyx_id`=421

[2020-11-22 15:06:25] UPDATE webshop_category SET `name_hun`='Kéz és lábápolás', `active`=1, `level`=1, `parent_id`=417, `root_parent_id`=417, `seo_name`='kez-es-labapolas', `fullurl`='drogeria/kez-es-labapolas' WHERE `websyx_id`=422

[2020-11-22 15:06:25] UPDATE webshop_category SET `name_hun`='Borotválkozás', `active`=1, `level`=1, `parent_id`=417, `root_parent_id`=417, `seo_name`='borotvalkozas', `fullurl`='drogeria/borotvalkozas' WHERE `websyx_id`=423

[2020-11-22 15:06:25] UPDATE webshop_category SET `name_hun`='Dezodor', `active`=1, `level`=1, `parent_id`=417, `root_parent_id`=417, `seo_name`='dezodor', `fullurl`='drogeria/dezodor' WHERE `websyx_id`=424

[2020-11-22 15:06:25] UPDATE webshop_category SET `name_hun`='Tusfürdő', `active`=1, `level`=1, `parent_id`=417, `root_parent_id`=417, `seo_name`='tusfurdo', `fullurl`='drogeria/tusfurdo' WHERE `websyx_id`=426

[2020-11-22 15:06:25] UPDATE webshop_category SET `name_hun`='Arcápolók', `active`=1, `level`=1, `parent_id`=417, `root_parent_id`=417, `seo_name`='arcapolok', `fullurl`='drogeria/arcapolok' WHERE `websyx_id`=427

[2020-11-22 15:06:25] UPDATE webshop_category SET `name_hun`='Szemöldök Szempilla', `active`=1, `level`=1, `parent_id`=417, `root_parent_id`=417, `seo_name`='szemoldok-szempilla', `fullurl`='drogeria/szemoldok-szempilla' WHERE `websyx_id`=428

[2020-11-22 15:06:25] UPDATE webshop_category SET `name_hun`='Testápolók', `active`=1, `level`=1, `parent_id`=417, `root_parent_id`=417, `seo_name`='testapolok', `fullurl`='drogeria/testapolok' WHERE `websyx_id`=429

[2020-11-22 15:06:25] UPDATE webshop_category SET `name_hun`='Körömápoló és Körömlakk', `active`=1, `level`=1, `parent_id`=417, `root_parent_id`=417, `seo_name`='koromapolo-es-koromlakk', `fullurl`='drogeria/koromapolo-es-koromlakk' WHERE `websyx_id`=430

[2020-11-22 15:06:25] UPDATE webshop_category SET `name_hun`='Szappan', `active`=1, `level`=1, `parent_id`=417, `root_parent_id`=417, `seo_name`='szappan', `fullurl`='drogeria/szappan' WHERE `websyx_id`=431

[2020-11-22 15:06:25] UPDATE webshop_category SET `name_hun`='Szőrtelenítő gyanták', `active`=1, `level`=1, `parent_id`=417, `root_parent_id`=417, `seo_name`='szortelenito-gyantak', `fullurl`='drogeria/szortelenito-gyantak' WHERE `websyx_id`=432

[2020-11-22 15:06:25] UPDATE webshop_category SET `name_hun`='Hajápolók', `active`=1, `level`=1, `parent_id`=417, `root_parent_id`=417, `seo_name`='hajapolok', `fullurl`='drogeria/hajapolok' WHERE `websyx_id`=435

[2020-11-22 15:06:25] UPDATE webshop_category SET `name_hun`='Organikus fésű hajkefe', `active`=1, `level`=1, `parent_id`=417, `root_parent_id`=417, `seo_name`='organikus-fesu-hajkefe', `fullurl`='drogeria/organikus-fesu-hajkefe' WHERE `websyx_id`=438

[2020-11-22 15:06:27] UPDATE users SET lastlogin = NOW() WHERE id = '11'

[2020-11-22 15:06:27] UPDATE webshop_category SET `name_hun`='Hajfesték', `active`=1, `level`=0, `parent_id`=0, `root_parent_id`=0, `seo_name`='hajfestek', `fullurl`='hajfestek' WHERE `websyx_id`=22

[2020-11-22 15:06:27] UPDATE webshop_category SET `name_hun`='Hajfesték csomagok fodrászoknak', `active`=1, `level`=1, `parent_id`=22, `root_parent_id`=22, `seo_name`='hajfestek-csomagok-fodraszoknak', `fullurl`='hajfestek/hajfestek-csomagok-fodraszoknak' WHERE `websyx_id`=23

[2020-11-22 15:06:27] UPDATE webshop_category SET `name_hun`='Hajszín és fejbőr védelem előkezelés', `active`=1, `level`=1, `parent_id`=22, `root_parent_id`=22, `seo_name`='hajszin-es-fejbor-vedelem-elokezeles', `fullurl`='hajfestek/hajszin-es-fejbor-vedelem-elokezeles' WHERE `websyx_id`=29

[2020-11-22 15:06:27] UPDATE webshop_category SET `name_hun`='Szempillafesték - Szemöldökfesték', `active`=1, `level`=1, `parent_id`=22, `root_parent_id`=22, `seo_name`='szempillafestek-szemoldokfestek', `fullurl`='hajfestek/szempillafestek-szemoldokfestek' WHERE `websyx_id`=30

[2020-11-22 15:06:27] UPDATE webshop_category SET `name_hun`='Hajfesték Oxigenta', `active`=1, `level`=1, `parent_id`=22, `root_parent_id`=22, `seo_name`='hajfestek-oxigenta', `fullurl`='hajfestek/hajfestek-oxigenta' WHERE `websyx_id`=31

[2020-11-22 15:06:27] UPDATE webshop_category SET `name_hun`='Színelőhívó Ammóniamentes hajfestékhez', `active`=1, `level`=1, `parent_id`=22, `root_parent_id`=22, `seo_name`='szinelohivo-ammoniamentes-hajfestekhez', `fullurl`='hajfestek/szinelohivo-ammoniamentes-hajfestekhez' WHERE `websyx_id`=32

[2020-11-22 15:06:27] UPDATE webshop_category SET `name_hun`='Hajfesték színskála', `active`=1, `level`=1, `parent_id`=22, `root_parent_id`=22, `seo_name`='hajfestek-szinskala', `fullurl`='hajfestek/hajfestek-szinskala' WHERE `websyx_id`=33

[2020-11-22 15:06:27] UPDATE webshop_category SET `name_hun`='Hajfestés fodrászkellékei', `active`=1, `level`=1, `parent_id`=22, `root_parent_id`=22, `seo_name`='hajfestes-fodraszkellekei', `fullurl`='hajfestek/hajfestes-fodraszkellekei' WHERE `websyx_id`=34

[2020-11-22 15:06:27] UPDATE webshop_category SET `name_hun`='Hajfesték eltávolító', `active`=1, `level`=1, `parent_id`=22, `root_parent_id`=22, `seo_name`='hajfestek-eltavolito', `fullurl`='hajfestek/hajfestek-eltavolito' WHERE `websyx_id`=42

[2020-11-22 15:06:27] UPDATE webshop_category SET `name_hun`='Hajfesték eltávolító hajról', `active`=1, `level`=2, `parent_id`=42, `root_parent_id`=22, `seo_name`='hajfestek-eltavolito-hajrol', `fullurl`='hajfestek/hajfestek-eltavolito/hajfestek-eltavolito-hajrol' WHERE `websyx_id`=43

[2020-11-22 15:06:27] UPDATE webshop_category SET `name_hun`='Hajfesték eltávolító bőrről', `active`=1, `level`=2, `parent_id`=42, `root_parent_id`=22, `seo_name`='hajfestek-eltavolito-borrol', `fullurl`='hajfestek/hajfestek-eltavolito/hajfestek-eltavolito-borrol' WHERE `websyx_id`=44

[2020-11-22 15:06:27] UPDATE webshop_category SET `name_hun`='Hajfesték', `active`=1, `level`=1, `parent_id`=22, `root_parent_id`=22, `seo_name`='hajfestek', `fullurl`='hajfestek/hajfestek' WHERE `websyx_id`=84

[2020-11-22 15:06:27] UPDATE webshop_category SET `name_hun`='Hajfesték márkák', `active`=1, `level`=2, `parent_id`=84, `root_parent_id`=22, `seo_name`='hajfestek-markak', `fullurl`='hajfestek/hajfestek/hajfestek-markak' WHERE `websyx_id`=24

[2020-11-22 15:06:27] UPDATE webshop_category SET `name_hun`='Ammóniamentes hajfesték', `active`=1, `level`=2, `parent_id`=84, `root_parent_id`=22, `seo_name`='ammoniamentes-hajfestek', `fullurl`='hajfestek/hajfestek/ammoniamentes-hajfestek' WHERE `websyx_id`=25

[2020-11-22 15:06:27] UPDATE webshop_category SET `name_hun`='PPD mentes hajfesték', `active`=1, `level`=2, `parent_id`=84, `root_parent_id`=22, `seo_name`='ppd-mentes-hajfestek', `fullurl`='hajfestek/hajfestek/ppd-mentes-hajfestek' WHERE `websyx_id`=26

[2020-11-22 15:06:27] UPDATE webshop_category SET `name_hun`='Férfi hajfesték', `active`=1, `level`=2, `parent_id`=84, `root_parent_id`=22, `seo_name`='ferfi-hajfestek', `fullurl`='hajfestek/hajfestek/ferfi-hajfestek' WHERE `websyx_id`=27

[2020-11-22 15:06:27] UPDATE webshop_category SET `name_hun`='Extrém hajszínek', `active`=1, `level`=2, `parent_id`=84, `root_parent_id`=22, `seo_name`='extrem-hajszinek', `fullurl`='hajfestek/hajfestek/extrem-hajszinek' WHERE `websyx_id`=28

[2020-11-22 15:06:27] UPDATE webshop_category SET `name_hun`='Szőke hajfesték', `active`=1, `level`=2, `parent_id`=84, `root_parent_id`=22, `seo_name`='szoke-hajfestek', `fullurl`='hajfestek/hajfestek/szoke-hajfestek' WHERE `websyx_id`=83

[2020-11-22 15:06:27] UPDATE webshop_category SET `name_hun`='Hajszínező', `active`=1, `level`=0, `parent_id`=0, `root_parent_id`=0, `seo_name`='hajszinezo', `fullurl`='hajszinezo' WHERE `websyx_id`=35

[2020-11-22 15:06:27] UPDATE webshop_category SET `name_hun`='Tartós hajszínező', `active`=1, `level`=1, `parent_id`=35, `root_parent_id`=35, `seo_name`='tartos-hajszinezo', `fullurl`='hajszinezo/tartos-hajszinezo' WHERE `websyx_id`=36

[2020-11-22 15:06:27] UPDATE webshop_category SET `name_hun`='Hajszínezés összes terméke', `active`=1, `level`=1, `parent_id`=35, `root_parent_id`=35, `seo_name`='hajszinezes-osszes-termeke', `fullurl`='hajszinezo/hajszinezes-osszes-termeke' WHERE `websyx_id`=39

[2020-11-22 15:06:27] UPDATE webshop_category SET `name_hun`='Hajszőkítés', `active`=1, `level`=0, `parent_id`=0, `root_parent_id`=0, `seo_name`='hajszokites', `fullurl`='hajszokites' WHERE `websyx_id`=45

[2020-11-22 15:06:27] UPDATE webshop_category SET `name_hun`='Szőkítőpor', `active`=1, `level`=1, `parent_id`=45, `root_parent_id`=45, `seo_name`='szokitopor', `fullurl`='hajszokites/szokitopor' WHERE `websyx_id`=46

[2020-11-22 15:06:27] UPDATE webshop_category SET `name_hun`='Szőkítő krém', `active`=1, `level`=1, `parent_id`=45, `root_parent_id`=45, `seo_name`='szokito-krem', `fullurl`='hajszokites/szokito-krem' WHERE `websyx_id`=47

[2020-11-22 15:06:27] UPDATE webshop_category SET `name_hun`='Intelligens szőkítőpor', `active`=1, `level`=1, `parent_id`=45, `root_parent_id`=45, `seo_name`='intelligens-szokitopor', `fullurl`='hajszokites/intelligens-szokitopor' WHERE `websyx_id`=48

[2020-11-22 15:06:27] UPDATE webshop_category SET `name_hun`='Hajegyenesítés', `active`=1, `level`=0, `parent_id`=0, `root_parent_id`=0, `seo_name`='hajegyenesites', `fullurl`='hajegyenesites' WHERE `websyx_id`=50

[2020-11-22 15:06:27] UPDATE webshop_category SET `name_hun`='Hajkiegyenesítő termékek', `active`=1, `level`=1, `parent_id`=50, `root_parent_id`=50, `seo_name`='hajkiegyenesito-termekek', `fullurl`='hajegyenesites/hajkiegyenesito-termekek' WHERE `websyx_id`=51

[2020-11-22 15:06:27] UPDATE webshop_category SET `name_hun`='Tartós hajegyenesítés', `active`=1, `level`=1, `parent_id`=50, `root_parent_id`=50, `seo_name`='tartos-hajegyenesites', `fullurl`='hajegyenesites/tartos-hajegyenesites' WHERE `websyx_id`=52

[2020-11-22 15:06:27] UPDATE webshop_category SET `name_hun`='Nirvel LLiss hajkiegyenesítő', `active`=1, `level`=2, `parent_id`=52, `root_parent_id`=50, `seo_name`='nirvel-lliss-hajkiegyenesito', `fullurl`='hajegyenesites/tartos-hajegyenesites/nirvel-lliss-hajkiegyenesito' WHERE `websyx_id`=54

[2020-11-22 15:06:27] UPDATE webshop_category SET `name_hun`='Nirvel Liss keratinos hajegyenesítés', `active`=1, `level`=2, `parent_id`=52, `root_parent_id`=50, `seo_name`='nirvel-liss-keratinos-hajegyenesites', `fullurl`='hajegyenesites/tartos-hajegyenesites/nirvel-liss-keratinos-hajegyenesites' WHERE `websyx_id`=55

[2020-11-22 15:06:27] UPDATE webshop_category SET `name_hun`='Hajegyenesítő hajápolók', `active`=1, `level`=1, `parent_id`=50, `root_parent_id`=50, `seo_name`='hajegyenesito-hajapolok', `fullurl`='hajegyenesites/hajegyenesito-hajapolok' WHERE `websyx_id`=53

[2020-11-22 15:06:27] UPDATE webshop_category SET `name_hun`='Dauer', `active`=1, `level`=0, `parent_id`=0, `root_parent_id`=0, `seo_name`='dauer', `fullurl`='dauer' WHERE `websyx_id`=56

[2020-11-22 15:06:27] UPDATE webshop_category SET `name_hun`='Dauervíz', `active`=1, `level`=1, `parent_id`=56, `root_parent_id`=56, `seo_name`='dauerviz', `fullurl`='dauer/dauerviz' WHERE `websyx_id`=57

[2020-11-22 15:06:27] UPDATE webshop_category SET `name_hun`='Dauer fodrászkellék', `active`=1, `level`=1, `parent_id`=56, `root_parent_id`=56, `seo_name`='dauer-fodraszkellek', `fullurl`='dauer/dauer-fodraszkellek' WHERE `websyx_id`=58

[2020-11-22 15:06:27] UPDATE webshop_category SET `name_hun`='Tartós Volumennövelő', `active`=1, `level`=1, `parent_id`=56, `root_parent_id`=56, `seo_name`='tartos-volumennovelo', `fullurl`='dauer/tartos-volumennovelo' WHERE `websyx_id`=59

[2020-11-22 15:06:27] UPDATE webshop_category SET `name_hun`='Hajfixáló Hajformázó', `active`=1, `level`=0, `parent_id`=0, `root_parent_id`=0, `seo_name`='hajfixalo-hajformazo', `fullurl`='hajfixalo-hajformazo' WHERE `websyx_id`=73

[2020-11-22 15:06:27] UPDATE webshop_category SET `name_hun`='Hajlakk', `active`=1, `level`=1, `parent_id`=73, `root_parent_id`=73, `seo_name`='hajlakk', `fullurl`='hajfixalo-hajformazo/hajlakk' WHERE `websyx_id`=60

[2020-11-22 15:06:27] UPDATE webshop_category SET `name_hun`='Erős hajlakk', `active`=1, `level`=2, `parent_id`=60, `root_parent_id`=73, `seo_name`='eros-hajlakk', `fullurl`='hajfixalo-hajformazo/hajlakk/eros-hajlakk' WHERE `websyx_id`=61

[2020-11-22 15:06:27] UPDATE webshop_category SET `name_hun`='Extra erős hajlakk', `active`=1, `level`=2, `parent_id`=60, `root_parent_id`=73, `seo_name`='extra-eros-hajlakk', `fullurl`='hajfixalo-hajformazo/hajlakk/extra-eros-hajlakk' WHERE `websyx_id`=62

[2020-11-22 15:06:27] UPDATE webshop_category SET `name_hun`='Normál hajlakk', `active`=1, `level`=2, `parent_id`=60, `root_parent_id`=73, `seo_name`='normal-hajlakk', `fullurl`='hajfixalo-hajformazo/hajlakk/normal-hajlakk' WHERE `websyx_id`=63

[2020-11-22 15:06:27] UPDATE webshop_category SET `name_hun`='Hajtőemelő lakk', `active`=1, `level`=2, `parent_id`=60, `root_parent_id`=73, `seo_name`='hajtoemelo-lakk', `fullurl`='hajfixalo-hajformazo/hajlakk/hajtoemelo-lakk' WHERE `websyx_id`=64

[2020-11-22 15:06:27] UPDATE webshop_category SET `name_hun`='Volumennövelő lakk', `active`=1, `level`=2, `parent_id`=60, `root_parent_id`=73, `seo_name`='volumennovelo-lakk', `fullurl`='hajfixalo-hajformazo/hajlakk/volumennovelo-lakk' WHERE `websyx_id`=65

[2020-11-22 15:06:27] UPDATE webshop_category SET `name_hun`='Hajszínező és csillám lakk', `active`=1, `level`=2, `parent_id`=60, `root_parent_id`=73, `seo_name`='hajszinezo-es-csillam-lakk', `fullurl`='hajfixalo-hajformazo/hajlakk/hajszinezo-es-csillam-lakk' WHERE `websyx_id`=74

[2020-11-22 15:06:27] UPDATE webshop_category SET `name_hun`='Hajhab', `active`=1, `level`=1, `parent_id`=73, `root_parent_id`=73, `seo_name`='hajhab', `fullurl`='hajfixalo-hajformazo/hajhab' WHERE `websyx_id`=66

[2020-11-22 15:06:27] UPDATE webshop_category SET `name_hun`='Hajgöndörítő hab', `active`=1, `level`=2, `parent_id`=66, `root_parent_id`=73, `seo_name`='hajgondorito-hab', `fullurl`='hajfixalo-hajformazo/hajhab/hajgondorito-hab' WHERE `websyx_id`=67

[2020-11-22 15:06:27] UPDATE webshop_category SET `name_hun`='Erős hajhab', `active`=1, `level`=2, `parent_id`=66, `root_parent_id`=73, `seo_name`='eros-hajhab', `fullurl`='hajfixalo-hajformazo/hajhab/eros-hajhab' WHERE `websyx_id`=68

[2020-11-22 15:06:27] UPDATE webshop_category SET `name_hun`='Extra erős hajhab', `active`=1, `level`=2, `parent_id`=66, `root_parent_id`=73, `seo_name`='extra-eros-hajhab', `fullurl`='hajfixalo-hajformazo/hajhab/extra-eros-hajhab' WHERE `websyx_id`=69

[2020-11-22 15:06:27] UPDATE webshop_category SET `name_hun`='Normál hajhab', `active`=1, `level`=2, `parent_id`=66, `root_parent_id`=73, `seo_name`='normal-hajhab', `fullurl`='hajfixalo-hajformazo/hajhab/normal-hajhab' WHERE `websyx_id`=70

[2020-11-22 15:06:27] UPDATE webshop_category SET `name_hun`='Volumennövelő hajhab', `active`=1, `level`=2, `parent_id`=66, `root_parent_id`=73, `seo_name`='volumennovelo-hajhab', `fullurl`='hajfixalo-hajformazo/hajhab/volumennovelo-hajhab' WHERE `websyx_id`=71

[2020-11-22 15:06:27] UPDATE webshop_category SET `name_hun`='Volumennövelő', `active`=1, `level`=1, `parent_id`=73, `root_parent_id`=73, `seo_name`='volumennovelo', `fullurl`='hajfixalo-hajformazo/volumennovelo' WHERE `websyx_id`=75

[2020-11-22 15:06:27] UPDATE webshop_category SET `name_hun`='Hajformázó Krém-Gél-Hajwax', `active`=1, `level`=1, `parent_id`=73, `root_parent_id`=73, `seo_name`='hajformazo-krem-gel-hajwax', `fullurl`='hajfixalo-hajformazo/hajformazo-krem-gel-hajwax' WHERE `websyx_id`=76

[2020-11-22 15:06:27] UPDATE webshop_category SET `name_hun`='Hajwax', `active`=1, `level`=2, `parent_id`=76, `root_parent_id`=73, `seo_name`='hajwax', `fullurl`='hajfixalo-hajformazo/hajformazo-krem-gel-hajwax/hajwax' WHERE `websyx_id`=77

[2020-11-22 15:06:27] UPDATE webshop_category SET `name_hun`='Hajformázó paszta', `active`=1, `level`=2, `parent_id`=76, `root_parent_id`=73, `seo_name`='hajformazo-paszta', `fullurl`='hajfixalo-hajformazo/hajformazo-krem-gel-hajwax/hajformazo-paszta' WHERE `websyx_id`=78

[2020-11-22 15:06:27] UPDATE webshop_category SET `name_hun`='Hajgöndörítő krém', `active`=1, `level`=2, `parent_id`=76, `root_parent_id`=73, `seo_name`='hajgondorito-krem', `fullurl`='hajfixalo-hajformazo/hajformazo-krem-gel-hajwax/hajgondorito-krem' WHERE `websyx_id`=79

[2020-11-22 15:06:27] UPDATE webshop_category SET `name_hun`='Hajzselé', `active`=1, `level`=2, `parent_id`=76, `root_parent_id`=73, `seo_name`='hajzsele', `fullurl`='hajfixalo-hajformazo/hajformazo-krem-gel-hajwax/hajzsele' WHERE `websyx_id`=80

[2020-11-22 15:06:27] UPDATE webshop_category SET `name_hun`='Hajtő emelő', `active`=1, `level`=1, `parent_id`=73, `root_parent_id`=73, `seo_name`='hajto-emelo', `fullurl`='hajfixalo-hajformazo/hajto-emelo' WHERE `websyx_id`=81

[2020-11-22 15:06:27] UPDATE webshop_category SET `name_hun`='Parfümös hajfixáló', `active`=1, `level`=1, `parent_id`=73, `root_parent_id`=73, `seo_name`='parfumos-hajfixalo', `fullurl`='hajfixalo-hajformazo/parfumos-hajfixalo' WHERE `websyx_id`=82

[2020-11-22 15:06:27] UPDATE webshop_category SET `name_hun`='Fodrászbútor', `active`=1, `level`=0, `parent_id`=0, `root_parent_id`=0, `seo_name`='fodraszbutor', `fullurl`='fodraszbutor' WHERE `websyx_id`=86

[2020-11-22 15:06:27] UPDATE webshop_category SET `name_hun`='Hajmosó - Fejmosó', `active`=1, `level`=1, `parent_id`=86, `root_parent_id`=86, `seo_name`='hajmoso-fejmoso', `fullurl`='fodraszbutor/hajmoso-fejmoso' WHERE `websyx_id`=87

[2020-11-22 15:06:27] UPDATE webshop_category SET `name_hun`='Fejmosó csaptelep-Zuhany', `active`=1, `level`=1, `parent_id`=86, `root_parent_id`=86, `seo_name`='fejmoso-csaptelep-zuhany', `fullurl`='fodraszbutor/fejmoso-csaptelep-zuhany' WHERE `websyx_id`=88

[2020-11-22 15:06:27] UPDATE webshop_category SET `name_hun`='Fodrász szék', `active`=1, `level`=1, `parent_id`=86, `root_parent_id`=86, `seo_name`='fodrasz-szek', `fullurl`='fodraszbutor/fodrasz-szek' WHERE `websyx_id`=89

[2020-11-22 15:06:27] UPDATE webshop_category SET `name_hun`='Fodrász bútorok', `active`=1, `level`=1, `parent_id`=86, `root_parent_id`=86, `seo_name`='fodrasz-butorok', `fullurl`='fodraszbutor/fodrasz-butorok' WHERE `websyx_id`=90

[2020-11-22 15:06:27] UPDATE webshop_category SET `name_hun`='Szalon dekoráció-Termék állvány', `active`=1, `level`=1, `parent_id`=86, `root_parent_id`=86, `seo_name`='szalon-dekoracio-termek-allvany', `fullurl`='fodraszbutor/szalon-dekoracio-termek-allvany' WHERE `websyx_id`=91

[2020-11-22 15:06:27] UPDATE webshop_category SET `name_hun`='Hajformázó gépek', `active`=1, `level`=0, `parent_id`=0, `root_parent_id`=0, `seo_name`='hajformazo-gepek', `fullurl`='hajformazo-gepek' WHERE `websyx_id`=92

[2020-11-22 15:06:27] UPDATE webshop_category SET `name_hun`='Szakállvágó', `active`=1, `level`=1, `parent_id`=92, `root_parent_id`=92, `seo_name`='szakallvago', `fullurl`='hajformazo-gepek/szakallvago' WHERE `websyx_id`=93

[2020-11-22 15:06:27] UPDATE webshop_category SET `name_hun`='Hajsütővas', `active`=1, `level`=1, `parent_id`=92, `root_parent_id`=92, `seo_name`='hajsutovas', `fullurl`='hajformazo-gepek/hajsutovas' WHERE `websyx_id`=94

[2020-11-22 15:06:27] UPDATE webshop_category SET `name_hun`='Gőzbúra', `active`=1, `level`=1, `parent_id`=92, `root_parent_id`=92, `seo_name`='gozbura', `fullurl`='hajformazo-gepek/gozbura' WHERE `websyx_id`=95

[2020-11-22 15:06:27] UPDATE webshop_category SET `name_hun`='Hajszárító', `active`=1, `level`=1, `parent_id`=92, `root_parent_id`=92, `seo_name`='hajszarito', `fullurl`='hajformazo-gepek/hajszarito' WHERE `websyx_id`=96

[2020-11-22 15:06:27] UPDATE webshop_category SET `name_hun`='Hajszárító búra', `active`=1, `level`=1, `parent_id`=92, `root_parent_id`=92, `seo_name`='hajszarito-bura', `fullurl`='hajformazo-gepek/hajszarito-bura' WHERE `websyx_id`=97

[2020-11-22 15:06:27] UPDATE webshop_category SET `name_hun`='Hajvágógép', `active`=1, `level`=1, `parent_id`=92, `root_parent_id`=92, `seo_name`='hajvagogep', `fullurl`='hajformazo-gepek/hajvagogep' WHERE `websyx_id`=98

[2020-11-22 15:06:27] UPDATE webshop_category SET `name_hun`='Hajvasaló', `active`=1, `level`=1, `parent_id`=92, `root_parent_id`=92, `seo_name`='hajvasalo', `fullurl`='hajformazo-gepek/hajvasalo' WHERE `websyx_id`=99

[2020-11-22 15:06:27] UPDATE webshop_category SET `name_hun`='Kutyanyíró', `active`=1, `level`=1, `parent_id`=92, `root_parent_id`=92, `seo_name`='kutyanyiro', `fullurl`='hajformazo-gepek/kutyanyiro' WHERE `websyx_id`=100

[2020-11-22 15:06:27] UPDATE webshop_category SET `name_hun`='Sterilizátor', `active`=1, `level`=1, `parent_id`=92, `root_parent_id`=92, `seo_name`='sterilizator', `fullurl`='hajformazo-gepek/sterilizator' WHERE `websyx_id`=101

[2020-11-22 15:06:27] UPDATE webshop_category SET `name_hun`='Fodrászkellék', `active`=1, `level`=0, `parent_id`=0, `root_parent_id`=0, `seo_name`='fodraszkellek', `fullurl`='fodraszkellek' WHERE `websyx_id`=104

[2020-11-22 15:06:27] UPDATE webshop_category SET `name_hun`='Fodrász táska', `active`=1, `level`=1, `parent_id`=104, `root_parent_id`=104, `seo_name`='fodrasz-taska', `fullurl`='fodraszkellek/fodrasz-taska' WHERE `websyx_id`=105

[2020-11-22 15:06:27] UPDATE webshop_category SET `name_hun`='Beterítő kendő és Törölköző', `active`=1, `level`=1, `parent_id`=104, `root_parent_id`=104, `seo_name`='beterito-kendo-es-torolkozo', `fullurl`='fodraszkellek/beterito-kendo-es-torolkozo' WHERE `websyx_id`=106

[2020-11-22 15:06:27] UPDATE webshop_category SET `name_hun`='Dauerolás fodrászkellékei', `active`=1, `level`=1, `parent_id`=104, `root_parent_id`=104, `seo_name`='dauerolas-fodraszkellekei', `fullurl`='fodraszkellek/dauerolas-fodraszkellekei' WHERE `websyx_id`=107

[2020-11-22 15:06:27] UPDATE webshop_category SET `name_hun`='Fodrász Babafej és Egyéb fodrászkellék', `active`=1, `level`=1, `parent_id`=104, `root_parent_id`=104, `seo_name`='fodrasz-babafej-es-egyeb-fodraszkellek', `fullurl`='fodraszkellek/fodrasz-babafej-es-egyeb-fodraszkellek' WHERE `websyx_id`=108

[2020-11-22 15:06:27] UPDATE webshop_category SET `name_hun`='Fésű', `active`=1, `level`=1, `parent_id`=104, `root_parent_id`=104, `seo_name`='fesu', `fullurl`='fodraszkellek/fesu' WHERE `websyx_id`=109

[2020-11-22 15:06:27] UPDATE webshop_category SET `name_hun`='Fodrász Munkaruha Kötény fodrászkellék', `active`=1, `level`=1, `parent_id`=104, `root_parent_id`=104, `seo_name`='fodrasz-munkaruha-koteny-fodraszkellek', `fullurl`='fodraszkellek/fodrasz-munkaruha-koteny-fodraszkellek' WHERE `websyx_id`=110

[2020-11-22 15:06:27] UPDATE webshop_category SET `name_hun`='Hajcsavaró fodrászkellék', `active`=1, `level`=1, `parent_id`=104, `root_parent_id`=104, `seo_name`='hajcsavaro-fodraszkellek', `fullurl`='fodraszkellek/hajcsavaro-fodraszkellek' WHERE `websyx_id`=111

[2020-11-22 15:06:27] UPDATE webshop_category SET `name_hun`='Frizura és Konykészítéshez fodrászkellékek', `active`=1, `level`=1, `parent_id`=104, `root_parent_id`=104, `seo_name`='frizura-es-konykesziteshez-fodraszkellekek', `fullurl`='fodraszkellek/frizura-es-konykesziteshez-fodraszkellekek' WHERE `websyx_id`=112

[2020-11-22 15:06:27] UPDATE webshop_category SET `name_hun`='Hajfestő fodrászkellékek', `active`=1, `level`=1, `parent_id`=104, `root_parent_id`=104, `seo_name`='hajfesto-fodraszkellekek', `fullurl`='fodraszkellek/hajfesto-fodraszkellekek' WHERE `websyx_id`=113

[2020-11-22 15:06:27] UPDATE webshop_category SET `name_hun`='Hajcsat-Hajcsipesz-Hajtű', `active`=1, `level`=1, `parent_id`=104, `root_parent_id`=104, `seo_name`='hajcsat-hajcsipesz-hajtu', `fullurl`='fodraszkellek/hajcsat-hajcsipesz-hajtu' WHERE `websyx_id`=114

[2020-11-22 15:06:27] UPDATE webshop_category SET `name_hun`='Hajkefe', `active`=1, `level`=1, `parent_id`=104, `root_parent_id`=104, `seo_name`='hajkefe', `fullurl`='fodraszkellek/hajkefe' WHERE `websyx_id`=115

[2020-11-22 15:06:27] UPDATE webshop_category SET `name_hun`='Körkefe', `active`=1, `level`=2, `parent_id`=115, `root_parent_id`=104, `seo_name`='korkefe', `fullurl`='fodraszkellek/hajkefe/korkefe' WHERE `websyx_id`=116

[2020-11-22 15:06:27] UPDATE webshop_category SET `name_hun`='Lapos hajkefe', `active`=1, `level`=2, `parent_id`=115, `root_parent_id`=104, `seo_name`='lapos-hajkefe', `fullurl`='fodraszkellek/hajkefe/lapos-hajkefe' WHERE `websyx_id`=117

[2020-11-22 15:06:27] UPDATE webshop_category SET `name_hun`='Nyakszirtkefe', `active`=1, `level`=2, `parent_id`=115, `root_parent_id`=104, `seo_name`='nyakszirtkefe', `fullurl`='fodraszkellek/hajkefe/nyakszirtkefe' WHERE `websyx_id`=118

[2020-11-22 15:06:27] UPDATE webshop_category SET `name_hun`='Hajkefe tartóval', `active`=1, `level`=2, `parent_id`=115, `root_parent_id`=104, `seo_name`='hajkefe-tartoval', `fullurl`='fodraszkellek/hajkefe/hajkefe-tartoval' WHERE `websyx_id`=119

[2020-11-22 15:06:27] UPDATE webshop_category SET `name_hun`='Hajkibontó Detangler hajkefe', `active`=1, `level`=2, `parent_id`=115, `root_parent_id`=104, `seo_name`='hajkibonto-detangler-hajkefe', `fullurl`='fodraszkellek/hajkefe/hajkibonto-detangler-hajkefe' WHERE `websyx_id`=120

[2020-11-22 15:06:27] UPDATE webshop_category SET `name_hun`='Hajvágó Olló - Borotva', `active`=1, `level`=1, `parent_id`=104, `root_parent_id`=104, `seo_name`='hajvago-ollo-borotva', `fullurl`='fodraszkellek/hajvago-ollo-borotva' WHERE `websyx_id`=121

[2020-11-22 15:06:27] UPDATE webshop_category SET `name_hun`='Hajnyeső és fodrász borotva', `active`=1, `level`=2, `parent_id`=121, `root_parent_id`=104, `seo_name`='hajnyeso-es-fodrasz-borotva', `fullurl`='fodraszkellek/hajvago-ollo-borotva/hajnyeso-es-fodrasz-borotva' WHERE `websyx_id`=122

[2020-11-22 15:06:27] UPDATE webshop_category SET `name_hun`='Jaguár olló', `active`=1, `level`=2, `parent_id`=121, `root_parent_id`=104, `seo_name`='jaguar-ollo', `fullurl`='fodraszkellek/hajvago-ollo-borotva/jaguar-ollo' WHERE `websyx_id`=123

[2020-11-22 15:06:27] UPDATE webshop_category SET `name_hun`='Kutyanyíró olló', `active`=1, `level`=2, `parent_id`=121, `root_parent_id`=104, `seo_name`='kutyanyiro-ollo', `fullurl`='fodraszkellek/hajvago-ollo-borotva/kutyanyiro-ollo' WHERE `websyx_id`=124

[2020-11-22 15:06:27] UPDATE webshop_category SET `name_hun`='Ollótartó', `active`=1, `level`=2, `parent_id`=121, `root_parent_id`=104, `seo_name`='ollotarto', `fullurl`='fodraszkellek/hajvago-ollo-borotva/ollotarto' WHERE `websyx_id`=125

[2020-11-22 15:06:27] UPDATE webshop_category SET `name_hun`='Ritkító olló', `active`=1, `level`=2, `parent_id`=121, `root_parent_id`=104, `seo_name`='ritkito-ollo', `fullurl`='fodraszkellek/hajvago-ollo-borotva/ritkito-ollo' WHERE `websyx_id`=126

[2020-11-22 15:06:27] UPDATE webshop_category SET `name_hun`='Solingen hajvágó olló', `active`=1, `level`=2, `parent_id`=121, `root_parent_id`=104, `seo_name`='solingen-hajvago-ollo', `fullurl`='fodraszkellek/hajvago-ollo-borotva/solingen-hajvago-ollo' WHERE `websyx_id`=127

[2020-11-22 15:06:27] UPDATE webshop_category SET `name_hun`='Fodrász olló', `active`=1, `level`=2, `parent_id`=121, `root_parent_id`=104, `seo_name`='fodrasz-ollo', `fullurl`='fodraszkellek/hajvago-ollo-borotva/fodrasz-ollo' WHERE `websyx_id`=128

[2020-11-22 15:06:27] UPDATE webshop_category SET `name_hun`='Papírtörölköző - Nyakpapír - Spitzenpapír', `active`=1, `level`=1, `parent_id`=104, `root_parent_id`=104, `seo_name`='papirtorolkozo-nyakpapir-spitzenpapir', `fullurl`='fodraszkellek/papirtorolkozo-nyakpapir-spitzenpapir' WHERE `websyx_id`=129

[2020-11-22 15:06:29] UPDATE users SET lastlogin = NOW() WHERE id = '11'

[2020-11-22 15:06:29] UPDATE webshop_category SET `name_hun`='Hajápolás', `active`=1, `level`=0, `parent_id`=0, `root_parent_id`=0, `seo_name`='hajapolas', `fullurl`='hajapolas' WHERE `websyx_id`=131

[2020-11-22 15:06:29] UPDATE webshop_category SET `name_hun`='Argánolaj hajra', `active`=1, `level`=1, `parent_id`=131, `root_parent_id`=131, `seo_name`='arganolaj-hajra', `fullurl`='hajapolas/arganolaj-hajra' WHERE `websyx_id`=132

[2020-11-22 15:06:29] UPDATE webshop_category SET `name_hun`='Azonnali hajregenerálás - olaplex', `active`=1, `level`=1, `parent_id`=131, `root_parent_id`=131, `seo_name`='azonnali-hajregeneralas-olaplex', `fullurl`='hajapolas/azonnali-hajregeneralas-olaplex' WHERE `websyx_id`=133

[2020-11-22 15:06:29] UPDATE webshop_category SET `name_hun`='Argán olajos hajápolás', `active`=1, `level`=1, `parent_id`=131, `root_parent_id`=131, `seo_name`='argan-olajos-hajapolas', `fullurl`='hajapolas/argan-olajos-hajapolas' WHERE `websyx_id`=134

[2020-11-22 15:06:29] UPDATE webshop_category SET `name_hun`='Haj Botox - Kollagénes hajerősítés', `active`=1, `level`=1, `parent_id`=131, `root_parent_id`=131, `seo_name`='haj-botox-kollagenes-hajerosites', `fullurl`='hajapolas/haj-botox-kollagenes-hajerosites' WHERE `websyx_id`=135

[2020-11-22 15:06:29] UPDATE webshop_category SET `name_hun`='Nyári hajápolás', `active`=1, `level`=1, `parent_id`=131, `root_parent_id`=131, `seo_name`='nyari-hajapolas', `fullurl`='hajapolas/nyari-hajapolas' WHERE `websyx_id`=136

[2020-11-22 15:06:29] UPDATE webshop_category SET `name_hun`='2. Haj-Arc-Test-ápoló Termékcsalád-Csomag', `active`=1, `level`=1, `parent_id`=131, `root_parent_id`=131, `seo_name`='2-haj-arc-test-apolo-termekcsalad-csomag', `fullurl`='hajapolas/2-haj-arc-test-apolo-termekcsalad-csomag' WHERE `websyx_id`=137

[2020-11-22 15:06:29] UPDATE webshop_category SET `name_hun`='Hajbalzsam', `active`=1, `level`=1, `parent_id`=131, `root_parent_id`=131, `seo_name`='hajbalzsam', `fullurl`='hajapolas/hajbalzsam' WHERE `websyx_id`=138

[2020-11-22 15:06:29] UPDATE webshop_category SET `name_hun`='Hajfény', `active`=1, `level`=1, `parent_id`=131, `root_parent_id`=131, `seo_name`='hajfeny', `fullurl`='hajapolas/hajfeny' WHERE `websyx_id`=139

[2020-11-22 15:06:29] UPDATE webshop_category SET `name_hun`='Hajnövesztő', `active`=1, `level`=1, `parent_id`=131, `root_parent_id`=131, `seo_name`='hajnoveszto', `fullurl`='hajapolas/hajnoveszto' WHERE `websyx_id`=141

[2020-11-22 15:06:29] UPDATE webshop_category SET `name_hun`='Hajpakolás', `active`=1, `level`=1, `parent_id`=131, `root_parent_id`=131, `seo_name`='hajpakolas', `fullurl`='hajapolas/hajpakolas' WHERE `websyx_id`=142

[2020-11-22 15:06:29] UPDATE webshop_category SET `name_hun`='Hajpakolás egyenes hajra', `active`=1, `level`=2, `parent_id`=142, `root_parent_id`=131, `seo_name`='hajpakolas-egyenes-hajra', `fullurl`='hajapolas/hajpakolas/hajpakolas-egyenes-hajra' WHERE `websyx_id`=143

[2020-11-22 15:06:29] UPDATE webshop_category SET `name_hun`='Hajpakolás festett hajra', `active`=1, `level`=2, `parent_id`=142, `root_parent_id`=131, `seo_name`='hajpakolas-festett-hajra', `fullurl`='hajapolas/hajpakolas/hajpakolas-festett-hajra' WHERE `websyx_id`=144

[2020-11-22 15:06:29] UPDATE webshop_category SET `name_hun`='Hajpakolás göndör hajra', `active`=1, `level`=2, `parent_id`=142, `root_parent_id`=131, `seo_name`='hajpakolas-gondor-hajra', `fullurl`='hajapolas/hajpakolas/hajpakolas-gondor-hajra' WHERE `websyx_id`=145

[2020-11-22 15:06:29] UPDATE webshop_category SET `name_hun`='Hajpakolás normál hajra', `active`=1, `level`=2, `parent_id`=142, `root_parent_id`=131, `seo_name`='hajpakolas-normal-hajra', `fullurl`='hajapolas/hajpakolas/hajpakolas-normal-hajra' WHERE `websyx_id`=146

[2020-11-22 15:06:29] UPDATE webshop_category SET `name_hun`='Hajpakolás száraz hajra', `active`=1, `level`=2, `parent_id`=142, `root_parent_id`=131, `seo_name`='hajpakolas-szaraz-hajra', `fullurl`='hajapolas/hajpakolas/hajpakolas-szaraz-hajra' WHERE `websyx_id`=147

[2020-11-22 15:06:29] UPDATE webshop_category SET `name_hun`='Hajpakolás szőke és ősz hajra', `active`=1, `level`=2, `parent_id`=142, `root_parent_id`=131, `seo_name`='hajpakolas-szoke-es-osz-hajra', `fullurl`='hajapolas/hajpakolas/hajpakolas-szoke-es-osz-hajra' WHERE `websyx_id`=148

[2020-11-22 15:06:29] UPDATE webshop_category SET `name_hun`='Hajpakolás töredezett hajra', `active`=1, `level`=2, `parent_id`=142, `root_parent_id`=131, `seo_name`='hajpakolas-toredezett-hajra', `fullurl`='hajapolas/hajpakolas/hajpakolas-toredezett-hajra' WHERE `websyx_id`=149

[2020-11-22 15:06:29] UPDATE webshop_category SET `name_hun`='Hajpakolás vékony hajra', `active`=1, `level`=2, `parent_id`=142, `root_parent_id`=131, `seo_name`='hajpakolas-vekony-hajra', `fullurl`='hajapolas/hajpakolas/hajpakolas-vekony-hajra' WHERE `websyx_id`=150

[2020-11-22 15:06:29] UPDATE webshop_category SET `name_hun`='Hajpakolás zsíros hajra', `active`=1, `level`=2, `parent_id`=142, `root_parent_id`=131, `seo_name`='hajpakolas-zsiros-hajra', `fullurl`='hajapolas/hajpakolas/hajpakolas-zsiros-hajra' WHERE `websyx_id`=151

[2020-11-22 15:06:29] UPDATE webshop_category SET `name_hun`='Hajpakolás minden hajra', `active`=1, `level`=2, `parent_id`=142, `root_parent_id`=131, `seo_name`='hajpakolas-minden-hajra', `fullurl`='hajapolas/hajpakolas/hajpakolas-minden-hajra' WHERE `websyx_id`=226

[2020-11-22 15:06:29] UPDATE webshop_category SET `name_hun`='Hajszesz', `active`=1, `level`=1, `parent_id`=131, `root_parent_id`=131, `seo_name`='hajszesz', `fullurl`='hajapolas/hajszesz' WHERE `websyx_id`=152

[2020-11-22 15:06:29] UPDATE webshop_category SET `name_hun`='Hajszérum', `active`=1, `level`=1, `parent_id`=131, `root_parent_id`=131, `seo_name`='hajszerum', `fullurl`='hajapolas/hajszerum' WHERE `websyx_id`=153

[2020-11-22 15:06:29] UPDATE webshop_category SET `name_hun`='Hajvég ápoló olaj', `active`=1, `level`=1, `parent_id`=131, `root_parent_id`=131, `seo_name`='hajveg-apolo-olaj', `fullurl`='hajapolas/hajveg-apolo-olaj' WHERE `websyx_id`=154

[2020-11-22 15:06:29] UPDATE webshop_category SET `name_hun`='Hővédő hajra', `active`=1, `level`=1, `parent_id`=131, `root_parent_id`=131, `seo_name`='hovedo-hajra', `fullurl`='hajapolas/hovedo-hajra' WHERE `websyx_id`=155

[2020-11-22 15:06:29] UPDATE webshop_category SET `name_hun`='Keratinos hajápolás', `active`=1, `level`=1, `parent_id`=131, `root_parent_id`=131, `seo_name`='keratinos-hajapolas', `fullurl`='hajapolas/keratinos-hajapolas' WHERE `websyx_id`=156

[2020-11-22 15:06:29] UPDATE webshop_category SET `name_hun`='Sampon', `active`=1, `level`=1, `parent_id`=131, `root_parent_id`=131, `seo_name`='sampon', `fullurl`='hajapolas/sampon' WHERE `websyx_id`=157

[2020-11-22 15:06:29] UPDATE webshop_category SET `name_hun`='Sampon egyenes hajra', `active`=1, `level`=2, `parent_id`=157, `root_parent_id`=131, `seo_name`='sampon-egyenes-hajra', `fullurl`='hajapolas/sampon/sampon-egyenes-hajra' WHERE `websyx_id`=158

[2020-11-22 15:06:29] UPDATE webshop_category SET `name_hun`='Férfi sampon', `active`=1, `level`=2, `parent_id`=157, `root_parent_id`=131, `seo_name`='ferfi-sampon', `fullurl`='hajapolas/sampon/ferfi-sampon' WHERE `websyx_id`=159

[2020-11-22 15:06:29] UPDATE webshop_category SET `name_hun`='Sampon festett hajra', `active`=1, `level`=2, `parent_id`=157, `root_parent_id`=131, `seo_name`='sampon-festett-hajra', `fullurl`='hajapolas/sampon/sampon-festett-hajra' WHERE `websyx_id`=160

[2020-11-22 15:06:29] UPDATE webshop_category SET `name_hun`='Sampon göndör hajra', `active`=1, `level`=2, `parent_id`=157, `root_parent_id`=131, `seo_name`='sampon-gondor-hajra', `fullurl`='hajapolas/sampon/sampon-gondor-hajra' WHERE `websyx_id`=161

[2020-11-22 15:06:29] UPDATE webshop_category SET `name_hun`='Sampon hajhullás ellen', `active`=1, `level`=2, `parent_id`=157, `root_parent_id`=131, `seo_name`='sampon-hajhullas-ellen', `fullurl`='hajapolas/sampon/sampon-hajhullas-ellen' WHERE `websyx_id`=162

[2020-11-22 15:06:29] UPDATE webshop_category SET `name_hun`='Sampon korpás hajra', `active`=1, `level`=2, `parent_id`=157, `root_parent_id`=131, `seo_name`='sampon-korpas-hajra', `fullurl`='hajapolas/sampon/sampon-korpas-hajra' WHERE `websyx_id`=163

[2020-11-22 15:06:29] UPDATE webshop_category SET `name_hun`='Sampon normál hajra', `active`=1, `level`=2, `parent_id`=157, `root_parent_id`=131, `seo_name`='sampon-normal-hajra', `fullurl`='hajapolas/sampon/sampon-normal-hajra' WHERE `websyx_id`=164

[2020-11-22 15:06:29] UPDATE webshop_category SET `name_hun`='Sampon száraz hajra', `active`=1, `level`=2, `parent_id`=157, `root_parent_id`=131, `seo_name`='sampon-szaraz-hajra', `fullurl`='hajapolas/sampon/sampon-szaraz-hajra' WHERE `websyx_id`=165

[2020-11-22 15:06:29] UPDATE webshop_category SET `name_hun`='Sampon töredezett hajra', `active`=1, `level`=2, `parent_id`=157, `root_parent_id`=131, `seo_name`='sampon-toredezett-hajra', `fullurl`='hajapolas/sampon/sampon-toredezett-hajra' WHERE `websyx_id`=166

[2020-11-22 15:06:29] UPDATE webshop_category SET `name_hun`='Sampon zsíros hajra', `active`=1, `level`=2, `parent_id`=157, `root_parent_id`=131, `seo_name`='sampon-zsiros-hajra', `fullurl`='hajapolas/sampon/sampon-zsiros-hajra' WHERE `websyx_id`=167

[2020-11-22 15:06:29] UPDATE webshop_category SET `name_hun`='Sampon minden hajra', `active`=1, `level`=2, `parent_id`=157, `root_parent_id`=131, `seo_name`='sampon-minden-hajra', `fullurl`='hajapolas/sampon/sampon-minden-hajra' WHERE `websyx_id`=168

[2020-11-22 15:06:29] UPDATE webshop_category SET `name_hun`='Sampon vékony gyenge hajra', `active`=1, `level`=2, `parent_id`=157, `root_parent_id`=131, `seo_name`='sampon-vekony-gyenge-hajra', `fullurl`='hajapolas/sampon/sampon-vekony-gyenge-hajra' WHERE `websyx_id`=230

[2020-11-22 15:06:29] UPDATE webshop_category SET `name_hun`='Szulfátmentes sampon', `active`=1, `level`=2, `parent_id`=157, `root_parent_id`=131, `seo_name`='szulfatmentes-sampon', `fullurl`='hajapolas/sampon/szulfatmentes-sampon' WHERE `websyx_id`=231

[2020-11-22 15:06:29] UPDATE webshop_category SET `name_hun`='Hamvasító sampon', `active`=1, `level`=2, `parent_id`=157, `root_parent_id`=131, `seo_name`='hamvasito-sampon', `fullurl`='hajapolas/sampon/hamvasito-sampon' WHERE `websyx_id`=232

[2020-11-22 15:06:29] UPDATE webshop_category SET `name_hun`='Száraz sampon', `active`=1, `level`=2, `parent_id`=157, `root_parent_id`=131, `seo_name`='szaraz-sampon', `fullurl`='hajapolas/sampon/szaraz-sampon' WHERE `websyx_id`=233

[2020-11-22 15:06:29] UPDATE webshop_category SET `name_hun`='Nagy kiszerelésű samponok', `active`=1, `level`=2, `parent_id`=157, `root_parent_id`=131, `seo_name`='nagy-kiszerelesu-samponok', `fullurl`='hajapolas/sampon/nagy-kiszerelesu-samponok' WHERE `websyx_id`=234

[2020-11-22 15:06:29] UPDATE webshop_category SET `name_hun`='1. Hajápoló hajtípusok szerint', `active`=1, `level`=1, `parent_id`=131, `root_parent_id`=131, `seo_name`='1-hajapolo-hajtipusok-szerint', `fullurl`='hajapolas/1-hajapolo-hajtipusok-szerint' WHERE `websyx_id`=170

[2020-11-22 15:06:29] UPDATE webshop_category SET `name_hun`='Allergiás-Érzékeny-Beteg fejbőr', `active`=1, `level`=2, `parent_id`=170, `root_parent_id`=131, `seo_name`='allergias-erzekeny-beteg-fejbor', `fullurl`='hajapolas/1-hajapolo-hajtipusok-szerint/allergias-erzekeny-beteg-fejbor' WHERE `websyx_id`=171

[2020-11-22 15:06:29] UPDATE webshop_category SET `name_hun`='Egyenes haj', `active`=1, `level`=2, `parent_id`=170, `root_parent_id`=131, `seo_name`='egyenes-haj', `fullurl`='hajapolas/1-hajapolo-hajtipusok-szerint/egyenes-haj' WHERE `websyx_id`=172

[2020-11-22 15:06:29] UPDATE webshop_category SET `name_hun`='Férfi haj', `active`=1, `level`=2, `parent_id`=170, `root_parent_id`=131, `seo_name`='ferfi-haj', `fullurl`='hajapolas/1-hajapolo-hajtipusok-szerint/ferfi-haj' WHERE `websyx_id`=173

[2020-11-22 15:06:29] UPDATE webshop_category SET `name_hun`='Festett haj', `active`=1, `level`=2, `parent_id`=170, `root_parent_id`=131, `seo_name`='festett-haj', `fullurl`='hajapolas/1-hajapolo-hajtipusok-szerint/festett-haj' WHERE `websyx_id`=174

[2020-11-22 15:06:29] UPDATE webshop_category SET `name_hun`='Göndör haj', `active`=1, `level`=2, `parent_id`=170, `root_parent_id`=131, `seo_name`='gondor-haj', `fullurl`='hajapolas/1-hajapolo-hajtipusok-szerint/gondor-haj' WHERE `websyx_id`=175

[2020-11-22 15:06:29] UPDATE webshop_category SET `name_hun`='Hajhullás', `active`=1, `level`=2, `parent_id`=170, `root_parent_id`=131, `seo_name`='hajhullas', `fullurl`='hajapolas/1-hajapolo-hajtipusok-szerint/hajhullas' WHERE `websyx_id`=176

[2020-11-22 15:06:29] UPDATE webshop_category SET `name_hun`='Korpás haj', `active`=1, `level`=2, `parent_id`=170, `root_parent_id`=131, `seo_name`='korpas-haj', `fullurl`='hajapolas/1-hajapolo-hajtipusok-szerint/korpas-haj' WHERE `websyx_id`=177

[2020-11-22 15:06:29] UPDATE webshop_category SET `name_hun`='Normál haj', `active`=1, `level`=2, `parent_id`=170, `root_parent_id`=131, `seo_name`='normal-haj', `fullurl`='hajapolas/1-hajapolo-hajtipusok-szerint/normal-haj' WHERE `websyx_id`=178

[2020-11-22 15:06:29] UPDATE webshop_category SET `name_hun`='Ősz haj', `active`=1, `level`=2, `parent_id`=170, `root_parent_id`=131, `seo_name`='osz-haj', `fullurl`='hajapolas/1-hajapolo-hajtipusok-szerint/osz-haj' WHERE `websyx_id`=179

[2020-11-22 15:06:29] UPDATE webshop_category SET `name_hun`='Száraz haj', `active`=1, `level`=2, `parent_id`=170, `root_parent_id`=131, `seo_name`='szaraz-haj', `fullurl`='hajapolas/1-hajapolo-hajtipusok-szerint/szaraz-haj' WHERE `websyx_id`=180

[2020-11-22 15:06:29] UPDATE webshop_category SET `name_hun`='Szőke haj', `active`=1, `level`=2, `parent_id`=170, `root_parent_id`=131, `seo_name`='szoke-haj', `fullurl`='hajapolas/1-hajapolo-hajtipusok-szerint/szoke-haj' WHERE `websyx_id`=181

[2020-11-22 15:06:29] UPDATE webshop_category SET `name_hun`='Töredezett haj', `active`=1, `level`=2, `parent_id`=170, `root_parent_id`=131, `seo_name`='toredezett-haj', `fullurl`='hajapolas/1-hajapolo-hajtipusok-szerint/toredezett-haj' WHERE `websyx_id`=182

[2020-11-22 15:06:29] UPDATE webshop_category SET `name_hun`='Vékony haj', `active`=1, `level`=2, `parent_id`=170, `root_parent_id`=131, `seo_name`='vekony-haj', `fullurl`='hajapolas/1-hajapolo-hajtipusok-szerint/vekony-haj' WHERE `websyx_id`=183

[2020-11-22 15:06:29] UPDATE webshop_category SET `name_hun`='Zsíros haj', `active`=1, `level`=2, `parent_id`=170, `root_parent_id`=131, `seo_name`='zsiros-haj', `fullurl`='hajapolas/1-hajapolo-hajtipusok-szerint/zsiros-haj' WHERE `websyx_id`=184

[2020-11-22 15:06:29] UPDATE webshop_category SET `name_hun`='Hajápoló minden hajra', `active`=1, `level`=2, `parent_id`=170, `root_parent_id`=131, `seo_name`='hajapolo-minden-hajra', `fullurl`='hajapolas/1-hajapolo-hajtipusok-szerint/hajapolo-minden-hajra' WHERE `websyx_id`=225

[2020-11-22 15:06:29] UPDATE webshop_category SET `name_hun`='Természetes hajápolás', `active`=1, `level`=1, `parent_id`=131, `root_parent_id`=131, `seo_name`='termeszetes-hajapolas', `fullurl`='hajapolas/termeszetes-hajapolas' WHERE `websyx_id`=216

[2020-11-22 15:06:29] UPDATE webshop_category SET `name_hun`='Férfi hajak', `active`=1, `level`=1, `parent_id`=131, `root_parent_id`=131, `seo_name`='ferfi-hajak', `fullurl`='hajapolas/ferfi-hajak' WHERE `websyx_id`=219

[2020-11-22 15:06:29] UPDATE webshop_category SET `name_hun`='Volumennövelés-Hajdúsítás', `active`=1, `level`=1, `parent_id`=131, `root_parent_id`=131, `seo_name`='volumennoveles-hajdusitas', `fullurl`='hajapolas/volumennoveles-hajdusitas' WHERE `websyx_id`=223

[2020-11-22 15:06:29] UPDATE webshop_category SET `name_hun`='Organikus hajápolás', `active`=1, `level`=1, `parent_id`=131, `root_parent_id`=131, `seo_name`='organikus-hajapolas', `fullurl`='hajapolas/organikus-hajapolas' WHERE `websyx_id`=227

[2020-11-22 15:06:29] UPDATE webshop_category SET `name_hun`='Hajgöndörítő', `active`=1, `level`=0, `parent_id`=0, `root_parent_id`=0, `seo_name`='hajgondorito', `fullurl`='hajgondorito' WHERE `websyx_id`=185

[2020-11-22 15:06:29] UPDATE webshop_category SET `name_hun`='Hajhosszabbítás', `active`=1, `level`=0, `parent_id`=0, `root_parent_id`=0, `seo_name`='hajhosszabbitas', `fullurl`='hajhosszabbitas' WHERE `websyx_id`=186

[2020-11-22 15:06:29] UPDATE webshop_category SET `name_hun`='Hajhosszabbítás kellék', `active`=1, `level`=1, `parent_id`=186, `root_parent_id`=186, `seo_name`='hajhosszabbitas-kellek', `fullurl`='hajhosszabbitas/hajhosszabbitas-kellek' WHERE `websyx_id`=187

[2020-11-22 15:06:29] UPDATE webshop_category SET `name_hun`='Parókák', `active`=1, `level`=1, `parent_id`=186, `root_parent_id`=186, `seo_name`='parokak', `fullurl`='hajhosszabbitas/parokak' WHERE `websyx_id`=188

[2020-11-22 15:06:29] UPDATE webshop_category SET `name_hun`='Póthaj ápolása', `active`=1, `level`=1, `parent_id`=186, `root_parent_id`=186, `seo_name`='pothaj-apolasa', `fullurl`='hajhosszabbitas/pothaj-apolasa' WHERE `websyx_id`=189

[2020-11-22 15:06:29] UPDATE webshop_category SET `name_hun`='Arcápolás - Testápolás', `active`=1, `level`=0, `parent_id`=0, `root_parent_id`=0, `seo_name`='arcapolas-testapolas', `fullurl`='arcapolas-testapolas' WHERE `websyx_id`=191

[2020-11-22 15:06:29] UPDATE webshop_category SET `name_hun`='Arcápolás', `active`=1, `level`=1, `parent_id`=191, `root_parent_id`=191, `seo_name`='arcapolas', `fullurl`='arcapolas-testapolas/arcapolas' WHERE `websyx_id`=192

[2020-11-22 15:06:29] UPDATE webshop_category SET `name_hun`='Papírlepedő és papír termék', `active`=1, `level`=1, `parent_id`=191, `root_parent_id`=191, `seo_name`='papirlepedo-es-papir-termek', `fullurl`='arcapolas-testapolas/papirlepedo-es-papir-termek' WHERE `websyx_id`=194

[2020-11-22 15:06:29] UPDATE webshop_category SET `name_hun`='Szemöldök szempilla festés', `active`=1, `level`=1, `parent_id`=191, `root_parent_id`=191, `seo_name`='szemoldok-szempilla-festes', `fullurl`='arcapolas-testapolas/szemoldok-szempilla-festes' WHERE `websyx_id`=195

[2020-11-22 15:06:29] UPDATE webshop_category SET `name_hun`='Szőrtelenítés', `active`=1, `level`=1, `parent_id`=191, `root_parent_id`=191, `seo_name`='szortelenites', `fullurl`='arcapolas-testapolas/szortelenites' WHERE `websyx_id`=196

[2020-11-22 15:06:29] UPDATE webshop_category SET `name_hun`='Gyantázás utáni termékek', `active`=1, `level`=2, `parent_id`=196, `root_parent_id`=191, `seo_name`='gyantazas-utani-termekek', `fullurl`='arcapolas-testapolas/szortelenites/gyantazas-utani-termekek' WHERE `websyx_id`=193

[2020-11-22 15:06:29] UPDATE webshop_category SET `name_hun`='Szőrtelenítő gyantapatron', `active`=1, `level`=2, `parent_id`=196, `root_parent_id`=191, `seo_name`='szortelenito-gyantapatron', `fullurl`='arcapolas-testapolas/szortelenites/szortelenito-gyantapatron' WHERE `websyx_id`=235

[2020-11-22 15:06:29] UPDATE webshop_category SET `name_hun`='Testápoló', `active`=1, `level`=1, `parent_id`=191, `root_parent_id`=191, `seo_name`='testapolo', `fullurl`='arcapolas-testapolas/testapolo' WHERE `websyx_id`=197

[2020-11-22 15:06:29] UPDATE webshop_category SET `name_hun`='Kozmetika-Pedikűr-Manikűr eszközök', `active`=1, `level`=1, `parent_id`=191, `root_parent_id`=191, `seo_name`='kozmetika-pedikur-manikur-eszkozok', `fullurl`='arcapolas-testapolas/kozmetika-pedikur-manikur-eszkozok' WHERE `websyx_id`=199

[2020-11-22 15:06:29] UPDATE webshop_category SET `name_hun`='Körömvágó, bőrvágó olló', `active`=1, `level`=2, `parent_id`=199, `root_parent_id`=191, `seo_name`='koromvago-borvago-ollo', `fullurl`='arcapolas-testapolas/kozmetika-pedikur-manikur-eszkozok/koromvago-borvago-ollo' WHERE `websyx_id`=200

[2020-11-22 15:06:29] UPDATE webshop_category SET `name_hun`='Köröm csípő', `active`=1, `level`=2, `parent_id`=199, `root_parent_id`=191, `seo_name`='korom-csipo', `fullurl`='arcapolas-testapolas/kozmetika-pedikur-manikur-eszkozok/korom-csipo' WHERE `websyx_id`=201

[2020-11-22 15:06:29] UPDATE webshop_category SET `name_hun`='Körömreszelő', `active`=1, `level`=2, `parent_id`=199, `root_parent_id`=191, `seo_name`='koromreszelo', `fullurl`='arcapolas-testapolas/kozmetika-pedikur-manikur-eszkozok/koromreszelo' WHERE `websyx_id`=202

[2020-11-22 15:06:29] UPDATE webshop_category SET `name_hun`='Kozmetika-Pedikűr-Manikűr egyéb eszközök', `active`=1, `level`=2, `parent_id`=199, `root_parent_id`=191, `seo_name`='kozmetika-pedikur-manikur-egyeb-eszkozok', `fullurl`='arcapolas-testapolas/kozmetika-pedikur-manikur-eszkozok/kozmetika-pedikur-manikur-egyeb-eszkozok' WHERE `websyx_id`=203

[2020-11-22 15:06:29] UPDATE webshop_category SET `name_hun`='Kozmetikai-Pedikűr-Manikűr gépek', `active`=1, `level`=2, `parent_id`=199, `root_parent_id`=191, `seo_name`='kozmetikai-pedikur-manikur-gepek', `fullurl`='arcapolas-testapolas/kozmetika-pedikur-manikur-eszkozok/kozmetikai-pedikur-manikur-gepek' WHERE `websyx_id`=204

[2020-11-22 15:06:29] UPDATE webshop_category SET `name_hun`='Manikűr Pedikűr készlet', `active`=1, `level`=2, `parent_id`=199, `root_parent_id`=191, `seo_name`='manikur-pedikur-keszlet', `fullurl`='arcapolas-testapolas/kozmetika-pedikur-manikur-eszkozok/manikur-pedikur-keszlet' WHERE `websyx_id`=205

[2020-11-22 15:06:29] UPDATE webshop_category SET `name_hun`='Papírlepedő', `active`=1, `level`=2, `parent_id`=199, `root_parent_id`=191, `seo_name`='papirlepedo', `fullurl`='arcapolas-testapolas/kozmetika-pedikur-manikur-eszkozok/papirlepedo' WHERE `websyx_id`=206

[2020-11-22 15:06:29] UPDATE webshop_category SET `name_hun`='Szemöldök csipesz', `active`=1, `level`=2, `parent_id`=199, `root_parent_id`=191, `seo_name`='szemoldok-csipesz', `fullurl`='arcapolas-testapolas/kozmetika-pedikur-manikur-eszkozok/szemoldok-csipesz' WHERE `websyx_id`=207

[2020-11-22 15:06:29] UPDATE webshop_category SET `name_hun`='Szikepenge', `active`=1, `level`=2, `parent_id`=199, `root_parent_id`=191, `seo_name`='szikepenge', `fullurl`='arcapolas-testapolas/kozmetika-pedikur-manikur-eszkozok/szikepenge' WHERE `websyx_id`=208

[2020-11-22 15:06:29] UPDATE webshop_category SET `name_hun`='Talp reszelő', `active`=1, `level`=2, `parent_id`=199, `root_parent_id`=191, `seo_name`='talp-reszelo', `fullurl`='arcapolas-testapolas/kozmetika-pedikur-manikur-eszkozok/talp-reszelo' WHERE `websyx_id`=209

[2020-11-22 15:06:29] UPDATE webshop_category SET `name_hun`='Masszázs - Pedikűr', `active`=1, `level`=1, `parent_id`=191, `root_parent_id`=191, `seo_name`='masszazs-pedikur', `fullurl`='arcapolas-testapolas/masszazs-pedikur' WHERE `websyx_id`=211

[2020-11-22 15:06:29] UPDATE webshop_category SET `name_hun`='Papírtekercs masszázshoz', `active`=1, `level`=2, `parent_id`=211, `root_parent_id`=191, `seo_name`='papirtekercs-masszazshoz', `fullurl`='arcapolas-testapolas/masszazs-pedikur/papirtekercs-masszazshoz' WHERE `websyx_id`=212

[2020-11-22 15:06:29] UPDATE webshop_category SET `name_hun`='Masszírozó olaj, krém', `active`=1, `level`=2, `parent_id`=211, `root_parent_id`=191, `seo_name`='masszirozo-olaj-krem', `fullurl`='arcapolas-testapolas/masszazs-pedikur/masszirozo-olaj-krem' WHERE `websyx_id`=213

[2020-11-22 15:06:29] UPDATE webshop_category SET `name_hun`='Kézápolás - Lábápolás', `active`=1, `level`=2, `parent_id`=211, `root_parent_id`=191, `seo_name`='kezapolas-labapolas', `fullurl`='arcapolas-testapolas/masszazs-pedikur/kezapolas-labapolas' WHERE `websyx_id`=215

[2020-11-22 15:06:29] UPDATE webshop_category SET `name_hun`='Arcápoló Testápoló csomag-Kezelés', `active`=1, `level`=1, `parent_id`=191, `root_parent_id`=191, `seo_name`='arcapolo-testapolo-csomag-kezeles', `fullurl`='arcapolas-testapolas/arcapolo-testapolo-csomag-kezeles' WHERE `websyx_id`=214

[2020-11-22 15:06:35] UPDATE users SET lastlogin = NOW() WHERE id = '11'

[2020-11-22 15:06:38] UPDATE users SET lastlogin = NOW() WHERE id = '11'

[2020-11-22 15:06:38] UPDATE webshop_gallery SET original_name='Grip+Silc Cerena Solingen Kombinált élű hajvágó olló tépett hatáshoz 6.5', date=1606053998 WHERE id=962

[2020-11-22 15:06:38] UPDATE webshop_special_fields SET `value`='Solingen Olló' WHERE `key`='manufacturer' AND `product_id`=2958

[2020-11-22 15:06:38] UPDATE webshop_special_fields SET `value`='db' WHERE `key`='quantityunit' AND `product_id`=2958

[2020-11-22 15:06:38] UPDATE webshop_special_fields SET `value`='1' WHERE `key`='kiszereles' AND `product_id`=2958

[2020-11-22 15:06:38] UPDATE webshop_products SET `name_hun`='Grip+Silc Cerena Solingen Kombinált élű hajvágó olló tépett hatáshoz 6.5',`content_short`='Solingeni acél hajvágó olló, kombinál vágó éllel, tépett formák kialakításához, és normál használathoz....',`content`='<P style=\"TEXT-ALIGN: justify; MARGIN: 0cm 0cm 10pt\"><FONT face=Calibri>Solingeni acél hajvágó olló, kombinál vágó éllel, tépett formák kialakításához, és normál használathoz. Az olló pengéjének eleje 1/3 részen mikro fogazású, a további 2/3 rész teljesen simára és borotva élesre köszörült, polírozott vágó él. Ez a hajvágó penge kialakítás lehetővé tesz mindenfajta hajvágási technika, a tépett, és normál hajvágási műveletek megvalósítását.</FONT></P>
<P style=\"TEXT-ALIGN: justify; MARGIN: 0cm 0cm 10pt\"><FONT face=Calibri>A Cerena Solingen hajvágó olló paraméterei:</FONT></P>
<P style=\"TEXT-ALIGN: justify; MARGIN: 0cm 0cm 10pt\"><FONT face=Calibri>Tökéletes mindenfajta hajvágó technikához (tépett, vágó és puhító). </FONT></P>
<P style=\"TEXT-ALIGN: justify; MARGIN: 0cm 0cm 10pt\"><FONT face=Calibri>Solingen acélból készült kombinált vágó él. </FONT></P>
<P style=\"TEXT-ALIGN: justify; MARGIN: 0cm 0cm 10pt\"><FONT face=Calibri>Tökéletes vágási képesség. </FONT></P>
<P style=\"TEXT-ALIGN: justify; MARGIN: 0cm 0cm 10pt\"><FONT face=Calibri>Ovális lyuk az ujjaknak: kereszt méretei műanyag betét nélkül: kb.18/23mm &nbsp;&nbsp; </FONT></P>
<P style=\"TEXT-ALIGN: justify; MARGIN: 0cm 0cm 10pt\"><FONT face=Calibri>Klasszikus de modern&nbsp;olló forma&nbsp;kialakítás, megjelenés. </FONT></P>
<P style=\"TEXT-ALIGN: justify; MARGIN: 0cm 0cm 10pt\"><FONT face=Calibri>dHg-köszörülés a sima vágási felületért. </FONT></P>
<P style=\"TEXT-ALIGN: justify; MARGIN: 0cm 0cm 10pt\"><FONT face=Calibri>Ollóból kiszerelhető csavaros új támasz.&nbsp; </FONT></P>
<P style=\"TEXT-ALIGN: justify; MARGIN: 0cm 0cm 10pt\"><FONT face=Calibri>Puha ütköző. </FONT></P>
<P style=\"TEXT-ALIGN: justify; MARGIN: 0cm 0cm 10pt\"><FONT face=Calibri>Tökéletesen kiegyensúlyozott súlyeloszlás. </FONT></P>
<P style=\"TEXT-ALIGN: justify; MARGIN: 0cm 0cm 10pt\"><FONT face=Calibri>Olló márkák gyártója: Cerena Solingen </FONT></P>
<P style=\"TEXT-ALIGN: justify; MARGIN: 0cm 0cm 10pt\"><FONT face=Calibri>Származási helye: Németország, Solingen </FONT></P>', `item_id`='2028-cso-24650001-gent-6.5', `default_pic`='962', `active`='1', `category_id`='104', `root_category_id`='0', `seo_name`='grip-silc-cerena-solingen-kombinalt-elu-hajvago-ollo-tepett-hatashoz-65', `fullurl`='fodraszkellek/grip-silc-cerena-solingen-kombinalt-elu-hajvago-ollo-tepett-hatashoz-65', `other_categories`='104,121,127,128,222' WHERE id=2958

[2020-11-22 15:06:38] UPDATE webshop_gallery SET original_name='Gőzölős hajvasaló - Professzionális Mellow Care + Ajándék Kinessences Hajregeneráló olaj', date=1606053998 WHERE id=3313

[2020-11-22 15:06:38] UPDATE webshop_special_fields SET `value`='LIM HAIR hajformázók' WHERE `key`='manufacturer' AND `product_id`=3561

[2020-11-22 15:06:38] UPDATE webshop_special_fields SET `value`='db' WHERE `key`='quantityunit' AND `product_id`=3561

[2020-11-22 15:06:38] UPDATE webshop_special_fields SET `value`='1' WHERE `key`='kiszereles' AND `product_id`=3561

[2020-11-22 15:06:38] UPDATE webshop_products SET `name_hun`='Gőzölős hajvasaló - Professzionális Mellow Care 04121',`content_short`='Gőzölős hajvasaló, hajsimító,&nbsp;nyomógombos szabályozóval, ledes hőfok kijelzőkkel,&nbsp;beépített víz...',`content`='<P style=\"TEXT-ALIGN: justify; MARGIN: 0cm 0cm 10pt; LINE-HEIGHT: normal; mso-margin-top-alt: auto; mso-margin-bottom-alt: auto\"><FONT face=Calibri>Gőzölős hajvasaló, hajsimító,&nbsp;nyomógombos szabályozóval, ledes hőfok kijelzőkkel,&nbsp;beépített víz tartállyal, extra hosszú vasalólappal.&nbsp;&nbsp;</FONT>A&nbsp;<B>hajvasalóval gyors, hidratáló&nbsp;hajvasalást végezhetünk.&nbsp;A</B>&nbsp;kerámia lapon nagyon könnyen, szinte siklik a haj, miközben az adagolt vízzel gyors, hidratált hajegyenesítést&nbsp;végezhetünk.&nbsp;A <B>Nano Silber Tourmalin</B> a technikának köszönhetően,&nbsp; a hajvasalót fertőtlenítő hatású kerámia bevonattal készítik.&nbsp; A Nano - Ezüst technológia célirányosan viszi fel az ezüstrészecskéket a kerámialapra, ez lehetővé teszi, hogy az első kontaktustól a haj antibakteriális és mélyrehatóan tiszta legyen. A finom ezüst csökkenti súrlódást és garantálja a tökéletes hajformázást.</P>
<P style=\"TEXT-ALIGN: justify; MARGIN: 0cm 0cm 10pt; LINE-HEIGHT: normal; mso-margin-top-alt: auto; mso-margin-bottom-alt: auto\"><FONT face=Calibri>Az 5db beállítható &nbsp;hőfokot&nbsp;ledes kijelzővel kontrolálhatjuk. A hajvasalóval, hajsimítóval a teljes hajegyenesítésig, az extra síkos hajvasaló felület kialakítása miatt, csak 1-2 alkalommal kell végig simítani a hajat, a tökéletesen egyenes haj eléréséhez, ezért a hajat kevés igénybevétel éri, nem károsodik, és gyorsan végzünk a hajegyenesítéssel. </FONT></P>
<P style=\"TEXT-ALIGN: justify; MARGIN: 0cm 0cm 10pt; LINE-HEIGHT: normal; mso-margin-top-alt: auto; mso-margin-bottom-alt: auto\"><FONT face=Calibri>Ionos ápolás az <B>egészséges és fényes hajért</B>: A hajvasaló lapok bevonatán keletkező negatív ionok,&nbsp; semlegesítik a haj pozitív feltöltődését, és lehetővé teszik, hogy a haj nedvességének egy részét a haj belsejébe juttassuk. A haj hidratált, fényes, egészséges marad a hajszárítás után.</FONT></P>
<P style=\"MARGIN: 0cm 0cm 10pt; LINE-HEIGHT: normal; mso-margin-top-alt: auto; mso-margin-bottom-alt: auto\"><U><FONT face=Calibri>Hajvasaló, hajsimító tartozékok, műszaki adatok:</FONT></U></P>
<UL type=disc>
<LI style=\"MARGIN: 0cm 0cm 10pt; LINE-HEIGHT: normal; mso-margin-top-alt: auto; mso-margin-bottom-alt: auto; mso-list: l0 level1 lfo1; tab-stops: list 36.0pt\"><FONT face=Calibri>gőzőlős funkció, beépített kivehető 5ml víztartállyal, víz töltő pipettával, </FONT>&nbsp; 
<LI style=\"MARGIN: 0cm 0cm 10pt; LINE-HEIGHT: normal; mso-margin-top-alt: auto; mso-margin-bottom-alt: auto; mso-list: l0 level1 lfo1; tab-stops: list 36.0pt\"><FONT face=Calibri>Funkciók: hajsimítás, hajvasalás, hajgöndörítés, </FONT>
<LI style=\"MARGIN: 0cm 0cm 10pt; LINE-HEIGHT: normal; mso-margin-top-alt: auto; mso-margin-bottom-alt: auto; mso-list: l0 level1 lfo1; tab-stops: list 36.0pt\"><FONT face=Calibri>rugalmas simító lapok</FONT> 
<LI style=\"MARGIN: 0cm 0cm 10pt; LINE-HEIGHT: normal; mso-margin-top-alt: auto; mso-margin-bottom-alt: auto; mso-list: l0 level1 lfo1; tab-stops: list 36.0pt\"><FONT face=Calibri>tömör Ion kerámia fűtőlap a tökéletes hő elosztásért</FONT> 
<LI style=\"MARGIN: 0cm 0cm 10pt; LINE-HEIGHT: normal; mso-margin-top-alt: auto; mso-margin-bottom-alt: auto; mso-list: l0 level1 lfo1; tab-stops: list 36.0pt\"><FONT face=Calibri>hajvasaló lap szélessége 32mm,</FONT> 
<LI style=\"MARGIN: 0cm 0cm 10pt; LINE-HEIGHT: normal; mso-margin-top-alt: auto; mso-margin-bottom-alt: auto; mso-list: l0 level1 lfo1; tab-stops: list 36.0pt\"><FONT face=Calibri>hajvasaló lap lap hosszúsága 110mm</FONT> 
<LI style=\"MARGIN: 0cm 0cm 10pt; LINE-HEIGHT: normal; mso-margin-top-alt: auto; mso-margin-bottom-alt: auto; mso-list: l0 level1 lfo1; tab-stops: list 36.0pt\"><FONT face=Calibri>hajvasaló gép teljes hossza kb. 300mm</FONT> 
<LI style=\"MARGIN: 0cm 0cm 10pt; LINE-HEIGHT: normal; mso-margin-top-alt: auto; mso-margin-bottom-alt: auto; mso-list: l0 level1 lfo1; tab-stops: list 36.0pt\"><FONT face=Calibri>extra gyors felmelegedési idő</FONT> 
<LI style=\"MARGIN: 0cm 0cm 10pt; LINE-HEIGHT: normal; mso-margin-top-alt: auto; mso-margin-bottom-alt: auto; mso-list: l0 level1 lfo1; tab-stops: list 36.0pt\"><FONT face=Calibri>nyomógombos vezérlés </FONT>
<LI style=\"MARGIN: 0cm 0cm 10pt; LINE-HEIGHT: normal; mso-margin-top-alt: auto; mso-margin-bottom-alt: auto; mso-list: l0 level1 lfo1; tab-stops: list 36.0pt\"><FONT face=Calibri>hőfok kijelzése:&nbsp; 5db leddel</FONT> 
<LI style=\"MARGIN: 0cm 0cm 10pt; LINE-HEIGHT: normal; mso-margin-top-alt: auto; mso-margin-bottom-alt: auto; mso-list: l0 level1 lfo1; tab-stops: list 36.0pt\"><FONT face=Calibri>intelligens digitális vasalólap hőmérsékletszabályzása a jobb formázási eredményért</FONT> 
<LI style=\"MARGIN: 0cm 0cm 10pt; LINE-HEIGHT: normal; mso-margin-top-alt: auto; mso-margin-bottom-alt: auto; mso-list: l0 level1 lfo1; tab-stops: list 36.0pt\"><FONT face=Calibri>az ion-effekt egy simább hajstruktúrát, egészséges fényt és jobb formázhatóságot kölcsönöz a hajnak</FONT> 
<LI style=\"MARGIN: 0cm 0cm 10pt; LINE-HEIGHT: normal; mso-margin-top-alt: auto; mso-margin-bottom-alt: auto; mso-list: l0 level1 lfo1; tab-stops: list 36.0pt\"><FONT face=Calibri>hajvasaló hőfok 150°C-tól 230°C ig állítható</FONT> 5 fokozatban, 150-170-190-210-230&nbsp;<FONT face=Calibri>°C</FONT> 
<LI style=\"MARGIN: 0cm 0cm 10pt; LINE-HEIGHT: normal; mso-margin-top-alt: auto; mso-margin-bottom-alt: auto; mso-list: l0 level1 lfo1; tab-stops: list 36.0pt\"><FONT face=Calibri>2,7&nbsp;m-es, forgó kuplungos kábellel</FONT> 
<LI style=\"MARGIN: 0cm 0cm 10pt; LINE-HEIGHT: normal; mso-margin-top-alt: auto; mso-margin-bottom-alt: auto; mso-list: l0 level1 lfo1; tab-stops: list 36.0pt\"><FONT face=Calibri>hajvasaló teljesítmény 220-240V&nbsp; 50/60Hz&nbsp;&nbsp; 55Watt</FONT> 
<LI style=\"MARGIN: 0cm 0cm 10pt; LINE-HEIGHT: normal; mso-margin-top-alt: auto; mso-margin-bottom-alt: auto; mso-list: l0 level1 lfo1; tab-stops: list 36.0pt\"><FONT face=Calibri>automatikus kikapcsolás 40 perc után</FONT> 
<LI style=\"MARGIN: 0cm 0cm 10pt; LINE-HEIGHT: normal; mso-margin-top-alt: auto; mso-margin-bottom-alt: auto; mso-list: l0 level1 lfo1; tab-stops: list 36.0pt\"><FONT face=Calibri>Hajvasaló, hajsimító származási hely: Németország</FONT></LI></UL>', `item_id`='1830-hw-04121', `default_pic`='3313', `active`='1', `category_id`='99', `root_category_id`='92', `seo_name`='gozolos-hajvasalo-professzionalis-mellow-care-04121', `fullurl`='hajformazo-gepek/hajvasalo/gozolos-hajvasalo-professzionalis-mellow-care-04121', `other_categories`='99,222,250,315,415' WHERE id=3561

[2020-11-22 15:06:39] INSERT INTO webshop_gallery (`id`, `product_id`, `original_name`, `new_name`, `date`) VALUES (15333, 5058, 'Hajfestő beterítő fólia kendő 50db fehér 02456/58 fodrászkellék', '15333.jpg', 1606053999)

[2020-11-22 15:06:39] INSERT INTO webshop_products (`id`, `name_hun`, `name_eng`, `item_id`, `price`, `reduced_price`, `status`, `currency`, `content_short`, `content`, `details`, `date`, `default_pic`, `active`, `main`, `sort`, `category_id`, `root_category_id`, `seo_name`, `fullurl`, `websyx_id`, `quantity`, `other_categories`) VALUES ('5058', 'Hajfestő beterítő fólia kendő 50db fehér 02456/58 fodrászkellék', 'Hajfestő beterítő fólia kendő 50db fehér 02456/58 fodrászkellék', '3132-es-02456/58-50db', 0, 0, 1, 'Ft', 'Hajfestő beterítő fólia kendő csomag,&nbsp;fehér színben. Többször is használható nagyméretű, erős...', '<P>Hajfestő beterítő fólia kendő csomag,&nbsp;fehér színben. Többször is használható nagyméretű, erős műanyag fóliából készült&nbsp;hajfestő fodrászkellék. </P>
<P>A&nbsp;hajfestőkendő méretei: 100×105cm</P>
<P style=\"TEXT-ALIGN: center; MARGIN: 0cm 0cm 10pt\" align=center>&nbsp;</P>', '', 1606053999, '15333', '1', 0, 1, 106, '104', 'hajfesto-beterito-folia-kendo-50db-feher-02456-58-fodraszkellek', 'fodraszkellek/beterito-kendo-es-torolkozo/hajfesto-beterito-folia-kendo-50db-feher-02456-58-fodraszkellek', '1520', 1, '106')

[2020-11-22 15:06:39] INSERT INTO webshop_special_fields (`key`, `value`, `product_id`) VALUES ('manufacturer', 'Euro fodrászkellék', 5058)

[2020-11-22 15:06:39] INSERT INTO webshop_special_fields (`key`, `value`, `product_id`) VALUES ('quantityunit', 'db', 5058)

[2020-11-22 15:06:39] INSERT INTO webshop_special_fields (`key`, `value`, `product_id`) VALUES ('kiszereles', '50', 5058)

[2020-11-22 15:06:39] INSERT INTO webshop_gallery (`id`, `product_id`, `original_name`, `new_name`, `date`) VALUES (15334, 5059, 'Pollié Coral Prios körömlakk 03510', '15334.jpg', 1606053999)

[2020-11-22 15:06:39] INSERT INTO webshop_products (`id`, `name_hun`, `name_eng`, `item_id`, `price`, `reduced_price`, `status`, `currency`, `content_short`, `content`, `details`, `date`, `default_pic`, `active`, `main`, `sort`, `category_id`, `root_category_id`, `seo_name`, `fullurl`, `websyx_id`, `quantity`, `other_categories`) VALUES ('5059', 'Pollié Coral Prios körömlakk 03510', 'Pollié Coral Prios körömlakk 03510', '3170-esp-03510-12ml', 0, 0, 1, 'Ft', 'Körömlakk a lehető legjobb eredmény eléréséhez. A Professzionális körömlakkok Spanyolországban...', '<P style=\"TEXT-ALIGN: justify; MARGIN: 0cm 0cm 0pt\">Körömlakk a lehető legjobb eredmény eléréséhez. A Professzionális körömlakkok Spanyolországban készülnek.&nbsp;</P>
<P style=\"TEXT-ALIGN: justify; MARGIN: 0cm 0cm 0pt\">12ml<BR>&nbsp;</P>
<P></P>', '', 1606053999, '15334', '1', 0, 1, 430, '417', 'pollie-coral-prios-koromlakk-03510', 'drogeria/koromapolo-es-koromlakk/pollie-coral-prios-koromlakk-03510', '1537', 1, '430')

[2020-11-22 15:06:39] INSERT INTO webshop_special_fields (`key`, `value`, `product_id`) VALUES ('manufacturer', 'Manikűr Pedikűr', 5059)

[2020-11-22 15:06:39] INSERT INTO webshop_special_fields (`key`, `value`, `product_id`) VALUES ('quantityunit', 'db', 5059)

[2020-11-22 15:06:39] INSERT INTO webshop_special_fields (`key`, `value`, `product_id`) VALUES ('kiszereles', '1', 5059)

[2020-11-22 15:06:39] INSERT INTO webshop_gallery (`id`, `product_id`, `original_name`, `new_name`, `date`) VALUES (15335, 5060, 'megszünt - Fodrász eszközkocsi olcsón fekete színben Petra/s Akciós', '15335.jpg', 1606053999)

[2020-11-22 15:06:39] INSERT INTO webshop_products (`id`, `name_hun`, `name_eng`, `item_id`, `price`, `reduced_price`, `status`, `currency`, `content_short`, `content`, `details`, `date`, `default_pic`, `active`, `main`, `sort`, `category_id`, `root_category_id`, `seo_name`, `fullurl`, `websyx_id`, `quantity`, `other_categories`) VALUES ('5060', 'megszünt - Fodrász eszközkocsi olcsón fekete színben Petra/s Akciós', 'megszünt - Fodrász eszközkocsi olcsón fekete színben Petra/s Akciós', '2239-tro671ne-petra/s-fekete+2510Ft-akci', 0, 0, 1, 'Ft', 'Fodrász eszközkocsi rugalmas műanyag vázszerkezettel,&nbsp; műanyag kerekekkel rendelkező fodrász eszközkocsi....', '<P style=\"TEXT-ALIGN: justify\">Fodrász eszközkocsi rugalmas műanyag vázszerkezettel,&nbsp; műanyag kerekekkel rendelkező fodrász eszközkocsi. Az eszközkocsi alkalmas munkaeszköz a fodrász, de más szakemberek, kozmetikus, masszőr &hellip;.. számára is.</P>
<P style=\"TEXT-ALIGN: justify; MARGIN: 0cm 0cm 10pt; LINE-HEIGHT: normal; mso-margin-top-alt: auto; mso-margin-bottom-alt: auto\"><FONT face=Calibri><B><U>A fodrász eszközkocsi&nbsp; paraméterei:</U></B></FONT></P>
<P style=\"TEXT-ALIGN: justify\">&bull; eszközkocsi szélesség &nbsp;&nbsp;&nbsp;34cm</P>
<P style=\"TEXT-ALIGN: justify\">&bull; eszközkocsi hosszúság&nbsp; 40cm</P>
<P style=\"TEXT-ALIGN: justify\">&bull; eszközkocsi magasság&nbsp; &nbsp;90cm</P>
<P style=\"TEXT-ALIGN: justify\">&bull; Erős műanyag munkaszekrény</P>
<P style=\"TEXT-ALIGN: justify\">&bull; 5 egymás alatti munkafiók</P>
<P style=\"TEXT-ALIGN: justify\">&bull; Integrált hajszárító tartó</P>
<P style=\"MARGIN: 0cm 0cm 10pt\"><FONT face=Calibri>&bull;Integrált kefe tartó</FONT></P>
<P style=\"MARGIN: 0cm 0cm 10pt\"><FONT face=Calibri>&bull;Integrált festőedény tartó </FONT></P>
<P style=\"TEXT-ALIGN: justify\">&bull; Eszközkocsi származási hely: Olaszország</P>', '', 1606053999, '15335', '1', 0, 1, 265, '104', 'megszunt-fodrasz-eszkozkocsi-olcson-fekete-szinben-petra-s-akcios', 'fodraszkellek/hajkefe/keramia-korkefe/megszunt-fodrasz-eszkozkocsi-olcson-fekete-szinben-petra-s-akcios', '1712', 1, '')

[2020-11-22 15:06:39] INSERT INTO webshop_special_fields (`key`, `value`, `product_id`) VALUES ('manufacturer', 'Metalplast fodrászbútor', 5060)

[2020-11-22 15:06:39] INSERT INTO webshop_special_fields (`key`, `value`, `product_id`) VALUES ('quantityunit', 'db', 5060)

[2020-11-22 15:06:39] INSERT INTO webshop_special_fields (`key`, `value`, `product_id`) VALUES ('kiszereles', '1', 5060)

[2020-11-22 15:06:39] UPDATE webshop_products SET sort=1 WHERE id=3326

[2020-11-22 15:06:39] UPDATE webshop_products SET sort=2 WHERE id=5059

[2020-11-22 15:06:39] UPDATE webshop_products SET sort=3 WHERE id=5060

[2020-11-22 15:06:39] UPDATE webshop_products SET sort=4 WHERE id=5058

[2020-11-22 15:06:41] UPDATE users SET lastlogin = NOW() WHERE id = '11'

[2020-11-22 15:06:41] INSERT INTO webshop_gallery (`id`, `product_id`, `original_name`, `new_name`, `date`) VALUES (15336, 5061, 'Pollié Sand homok színű körömlakk 03513', '15336.jpg', 1606054001)

[2020-11-22 15:06:41] INSERT INTO webshop_products (`id`, `name_hun`, `name_eng`, `item_id`, `price`, `reduced_price`, `status`, `currency`, `content_short`, `content`, `details`, `date`, `default_pic`, `active`, `main`, `sort`, `category_id`, `root_category_id`, `seo_name`, `fullurl`, `websyx_id`, `quantity`, `other_categories`) VALUES ('5061', 'Pollié Sand homok színű körömlakk 03513', 'Pollié Sand homok színű körömlakk 03513', '3170-esp-03513-12ml', 0, 0, 1, 'Ft', '
Körömlakk a lehető legjobb eredmény eléréséhez. A Professzionális körömlakkok Spanyolországban...', '<FONT face=Calibri>
<P style=\"TEXT-ALIGN: justify; MARGIN: 0cm 0cm 0pt\"><FONT face=\"Times New Roman\">Körömlakk a lehető legjobb eredmény eléréséhez. A Professzionális körömlakkok Spanyolországban készülnek.&nbsp;</FONT></P>
<P style=\"TEXT-ALIGN: justify; MARGIN: 0cm 0cm 0pt\"><FONT face=\"Times New Roman\">12ml</FONT></FONT>&nbsp;</P>
<P style=\"MARGIN: 0cm 0cm 10pt\">
<P style=\"TEXT-ALIGN: justify; MARGIN: 0cm 0cm 0pt\"><FONT face=Calibri></FONT>&nbsp;</P>
<P style=\"TEXT-ALIGN: justify; MARGIN: 0cm 0cm 0pt\">&nbsp;</P>
<P></P>', '', 1606054001, '15336', '1', 0, 1, 430, '417', 'pollie-sand-homok-szinu-koromlakk-03513', 'drogeria/koromapolo-es-koromlakk/pollie-sand-homok-szinu-koromlakk-03513', '2795', 1, '430')

[2020-11-22 15:06:41] INSERT INTO webshop_special_fields (`key`, `value`, `product_id`) VALUES ('manufacturer', 'Manikűr Pedikűr', 5061)

[2020-11-22 15:06:41] INSERT INTO webshop_special_fields (`key`, `value`, `product_id`) VALUES ('quantityunit', 'db', 5061)

[2020-11-22 15:06:41] INSERT INTO webshop_special_fields (`key`, `value`, `product_id`) VALUES ('kiszereles', '1', 5061)

[2020-11-22 15:06:41] INSERT INTO webshop_gallery (`id`, `product_id`, `original_name`, `new_name`, `date`) VALUES (15337, 5062, 'Keratin formázó fogó 5mm SO.CAP', '15337.jpg', 1606054001)

[2020-11-22 15:06:41] INSERT INTO webshop_products (`id`, `name_hun`, `name_eng`, `item_id`, `price`, `reduced_price`, `status`, `currency`, `content_short`, `content`, `details`, `date`, `default_pic`, `active`, `main`, `sort`, `category_id`, `root_category_id`, `seo_name`, `fullurl`, `websyx_id`, `quantity`, `other_categories`) VALUES ('5062', 'Keratin formázó fogó 5mm SO.CAP', 'Keratin formázó fogó 5mm SO.CAP', '2536-socap-pm01-5mm', 0, 0, 1, 'Ft', 'Keratin formázó fogó 5mm széles keratin lap készítéséhez.&nbsp;- Az Olasz EURO SO.CAP. laprugós keratin...', '<P>Keratin formázó fogó 5mm széles keratin lap készítéséhez.&nbsp;- Az Olasz EURO SO.CAP. laprugós keratin formázó&nbsp;fogó hossza 140mmm.</P>
<P>A fogóval 5mm széles keratin lapkákat készíthetünk.</P>', '', 1606054001, '15337', '1', 0, 1, 186, '0', 'keratin-formazo-fogo-5mm-socap', 'hajhosszabbitas/keratin-formazo-fogo-5mm-socap', '2846', 1, '186,187,222')

[2020-11-22 15:06:41] INSERT INTO webshop_special_fields (`key`, `value`, `product_id`) VALUES ('manufacturer', 'EURO SO.CAP. póthaj', 5062)

[2020-11-22 15:06:41] INSERT INTO webshop_special_fields (`key`, `value`, `product_id`) VALUES ('quantityunit', 'db', 5062)

[2020-11-22 15:06:41] INSERT INTO webshop_special_fields (`key`, `value`, `product_id`) VALUES ('kiszereles', '1', 5062)

[2020-11-22 15:06:41] INSERT INTO webshop_gallery (`id`, `product_id`, `original_name`, `new_name`, `date`) VALUES (15338, 5063, 'megszünt - Keratin formázó fogó 3,5mm SO.CAP', '15338.jpg', 1606054001)

[2020-11-22 15:06:41] INSERT INTO webshop_products (`id`, `name_hun`, `name_eng`, `item_id`, `price`, `reduced_price`, `status`, `currency`, `content_short`, `content`, `details`, `date`, `default_pic`, `active`, `main`, `sort`, `category_id`, `root_category_id`, `seo_name`, `fullurl`, `websyx_id`, `quantity`, `other_categories`) VALUES ('5063', 'megszünt - Keratin formázó fogó 3,5mm SO.CAP', 'megszünt - Keratin formázó fogó 3,5mm SO.CAP', '2536-socap-pm04-3,5mm', 0, 0, 1, 'Ft', 'Keratin formázó fogó 3,5mm széles keratin lap készítéséhez.&nbsp;- Az Olasz EURO SO.CAP. laprugós keratin...', '<P>Keratin formázó fogó 3,5mm széles keratin lap készítéséhez.&nbsp;- Az Olasz EURO SO.CAP. laprugós keratin formázó&nbsp;fogó hossza 140mmm.</P>
<P>A fogóval 3,5mm széles keratin lapkákat készíthetünk.</P>', '', 1606054001, '15338', '1', 0, 1, 265, '104', 'megszunt-keratin-formazo-fogo-3-5mm-socap', 'fodraszkellek/hajkefe/keramia-korkefe/megszunt-keratin-formazo-fogo-3-5mm-socap', '2847', 1, '')

[2020-11-22 15:06:41] INSERT INTO webshop_special_fields (`key`, `value`, `product_id`) VALUES ('manufacturer', 'EURO SO.CAP. póthaj', 5063)

[2020-11-22 15:06:41] INSERT INTO webshop_special_fields (`key`, `value`, `product_id`) VALUES ('quantityunit', 'db', 5063)

[2020-11-22 15:06:41] INSERT INTO webshop_special_fields (`key`, `value`, `product_id`) VALUES ('kiszereles', '1', 5063)

[2020-11-22 15:06:41] INSERT INTO webshop_gallery (`id`, `product_id`, `original_name`, `new_name`, `date`) VALUES (15339, 5064, 'Pollié fekete körömlakk 03492', '15339.jpg', 1606054001)

[2020-11-22 15:06:41] INSERT INTO webshop_products (`id`, `name_hun`, `name_eng`, `item_id`, `price`, `reduced_price`, `status`, `currency`, `content_short`, `content`, `details`, `date`, `default_pic`, `active`, `main`, `sort`, `category_id`, `root_category_id`, `seo_name`, `fullurl`, `websyx_id`, `quantity`, `other_categories`) VALUES ('5064', 'Pollié fekete körömlakk 03492', 'Pollié fekete körömlakk 03492', '3170-esp-03492-12ml', 0, 0, 1, 'Ft', 'Körömlakk a lehető legjobb eredmény eléréséhez. A Professzionális körömlakkok Spanyolországban...', '<P style=\"TEXT-ALIGN: justify; MARGIN: 0cm 0cm 0pt\">Körömlakk a lehető legjobb eredmény eléréséhez. A Professzionális körömlakkok Spanyolországban készülnek.&nbsp;</P>
<P style=\"TEXT-ALIGN: justify; MARGIN: 0cm 0cm 0pt\">12ml</P>', '', 1606054001, '15339', '1', 0, 1, 430, '417', 'pollie-fekete-koromlakk-03492', 'drogeria/koromapolo-es-koromlakk/pollie-fekete-koromlakk-03492', '2950', 1, '430')

[2020-11-22 15:06:41] INSERT INTO webshop_special_fields (`key`, `value`, `product_id`) VALUES ('manufacturer', 'Manikűr Pedikűr', 5064)

[2020-11-22 15:06:41] INSERT INTO webshop_special_fields (`key`, `value`, `product_id`) VALUES ('quantityunit', 'db', 5064)

[2020-11-22 15:06:41] INSERT INTO webshop_special_fields (`key`, `value`, `product_id`) VALUES ('kiszereles', '1', 5064)

[2020-11-22 15:06:41] UPDATE webshop_gallery SET original_name='Euro SO.CAP. csatos póthaj 50/55cm×14cm - világos szőke/20', date=1606054001 WHERE id=13101

[2020-11-22 15:06:41] UPDATE webshop_special_fields SET `value`='' WHERE `key`='manufacturer' AND `product_id`=4653

[2020-11-22 15:06:41] UPDATE webshop_special_fields SET `value`='db' WHERE `key`='quantityunit' AND `product_id`=4653

[2020-11-22 15:06:41] UPDATE webshop_special_fields SET `value`='1' WHERE `key`='kiszereles' AND `product_id`=4653

[2020-11-22 15:06:41] UPDATE webshop_products SET `name_hun`='Euro SO.CAP. csatos póthaj csomag - 3db 14cm széles 50/55cm hosszú csík- világos szőke/20',`content_short`='Csatos póthaj csíkok. 3db 14cm széles hajcsík, egyenként 4db csaton, 50/55cm hosszú hajból.&nbsp;A haj súlya...',`content`='<P style=\"TEXT-ALIGN: justify; MARGIN: 0cm 0cm 10pt\"><FONT face=Calibri>Csatos póthaj csíkok. 3db 14cm széles hajcsík, egyenként 4db csaton, 50/55cm hosszú hajból.&nbsp;A haj súlya csat nélkül kb. 24gr. A hajtincsek 100%&nbsp;természetes,&nbsp;magas minőségű&nbsp;emberi &nbsp;Euro SO.CAP. olasz póthajból készülnek, ezáltal szinte észrevehetetlenül illeszthetők a hajba. A póthaj hajszínek bármelyik hajfesték színskála azonos kódszámú, nevű színeivel megegyeznek, a pontos beazonosításhoz a legalkalmasabbak. </FONT></P>
<P style=\"TEXT-ALIGN: justify; MARGIN: 0cm 0cm 10pt\"><FONT face=Calibri>Ha&nbsp; szükséges, egyeztessen telefonon!&nbsp; +36/20/9422753 </FONT></P>
<P style=\"TEXT-ALIGN: justify; MARGIN: 0cm 0cm 10pt\"><U><FONT face=Calibri>A&nbsp;csatos póthaj használata.</FONT></U></P>
<P style=\"TEXT-ALIGN: justify; MARGIN: 0cm 0cm 10pt\"><FONT face=Calibri>A póthaj egy élettelen eszköz! Ahhoz hogy a póthajak frizura készítéshez használva minél hosszabb életűek legyenek a következőket vegye figyelembe! A póthajakkal a következő frizurakészítési műveletek valósíthatók meg, a feltüntetett szabályok betartása mellett!</FONT></P>
<P style=\"TEXT-ALIGN: justify; MARGIN: 0cm 0cm 10pt\"><FONT face=Calibri>·&nbsp;&nbsp;&nbsp;&nbsp;&nbsp;&nbsp;&nbsp;&nbsp; hajszárítás, hajvasalás, hajgöndörítés hajsütővassal max.150̊ C hőmérsékleten &ndash; Figyelem! - a keratinos, és ragasztott póthaj hajtövét nem érheti 100̊C-nál magasabb hő ezért hajszárítóval megfelelő (ajánlott 50cm nél nagyobb) távolságból szárítható.</FONT></P>
<P style=\"TEXT-ALIGN: justify; MARGIN: 0cm 0cm 10pt\"><FONT face=Calibri>·&nbsp;&nbsp;&nbsp;&nbsp;&nbsp;&nbsp;&nbsp;&nbsp; hajfestés: a póthaj festése &ndash; max. 20vol-6% - oxidálószerrel történhet!</FONT></P>
<P style=\"TEXT-ALIGN: justify; MARGIN: 0cm 0cm 10pt\"><FONT face=Calibri>·&nbsp;&nbsp;&nbsp;&nbsp;&nbsp;&nbsp;&nbsp;&nbsp; dauer, tartós hajkiegyenesítés és egyéb olyan műveletek, amelyek a hajszerkezet megbontásával járnak, nem alkalmazhatók!</FONT></P>
<P style=\"TEXT-ALIGN: justify; MARGIN: 0cm 0cm 10pt\"><FONT face=Calibri>·&nbsp;&nbsp;&nbsp;&nbsp;&nbsp;&nbsp;&nbsp;&nbsp; a póthaj fokozott ápolást igényel, ezért csak magas minőségű ápló anyagokat tartalmazó, pl. keratint, természetes olajokat (argán, kukui, szőlőmag&hellip;.olaj) tartalmazó hajápolók használata javasolt!</FONT></P>
<P style=\"TEXT-ALIGN: justify; MARGIN: 0cm 0cm 10pt\"><FONT face=Calibri>·&nbsp;&nbsp;&nbsp;&nbsp;&nbsp;&nbsp;&nbsp;&nbsp; Az elkészült frizura ápolásához kérjen a felrakó szakembertől hajápolási utasítást, tanácsot, vagy olvasson utána a webáruházban a (póthaj ápolása) terméknél, az interneten ahol számos cikk található erről!</FONT></P>', `item_id`='2536-socap-csat-easy21-50/55cm×14cm/3db', `default_pic`='13101', `active`='1', `category_id`='320', `root_category_id`='186', `seo_name`='euro-socap-csatos-pothaj-csomag-3db-14cm-szeles-50-55cm-hosszu-csik-vilagos-szoke-20', `fullurl`='hajhosszabbitas/csatos-pothaj/euro-socap-csatos-pothaj-csomag-3db-14cm-szeles-50-55cm-hosszu-csik-vilagos-szoke-20', `other_categories`='320' WHERE id=4653

[2020-11-22 15:06:41] UPDATE webshop_products SET sort=1 WHERE id=3326

[2020-11-22 15:06:41] UPDATE webshop_products SET sort=2 WHERE id=5064

[2020-11-22 15:06:41] UPDATE webshop_products SET sort=3 WHERE id=5062

[2020-11-22 15:06:41] UPDATE webshop_products SET sort=4 WHERE id=5063

[2020-11-22 15:06:41] UPDATE webshop_products SET sort=5 WHERE id=5061

[2020-11-22 15:06:43] UPDATE users SET lastlogin = NOW() WHERE id = '11'

[2020-11-22 15:06:43] INSERT INTO webshop_gallery (`id`, `product_id`, `original_name`, `new_name`, `date`) VALUES (15340, 5065, 'megszünt - Gyantázás utáni olaj Hw Dopo Care Oil', '15340.jpg', 1606054003)

[2020-11-22 15:06:43] INSERT INTO webshop_products (`id`, `name_hun`, `name_eng`, `item_id`, `price`, `reduced_price`, `status`, `currency`, `content_short`, `content`, `details`, `date`, `default_pic`, `active`, `main`, `sort`, `category_id`, `root_category_id`, `seo_name`, `fullurl`, `websyx_id`, `quantity`, `other_categories`) VALUES ('5065', 'megszünt - Gyantázás utáni olaj Hw Dopo Care Oil', 'megszünt - Gyantázás utáni olaj Hw Dopo Care Oil', '1843-hwguo-1000ml-kamilla-menthol', 0, 0, 1, 'Ft', 'Gyantázás utáni, és testápló&nbsp;olaj kamillával&nbsp;és menthollal, alkalmas masszírozáshoz...', '<P style=\"TEXT-ALIGN: justify\">Gyantázás utáni, és testápló&nbsp;olaj kamillával&nbsp;és menthollal, alkalmas masszírozáshoz is.&nbsp;Kellemes illatú természetes olajszármazék, gyantázás utáni használata nyugtatja,&nbsp;bársonyossá teszi&nbsp;a bőrt,&nbsp;megszünteti az irritációt.&nbsp;Használható a száraz bőr kezelésére is, testápolóként.&nbsp;&nbsp;A gyantázás utáni olaj hatékonyan eltávolítja a bőrre került gyantamaradványokat is, megtisztítja a bőrfelületet. Csak bőrfelületre használjuk, a gyantázó gép és gyantázó eszközök tisztítására, a géptisztító folyadék alkalmas!</P>
<P><STRONG><U>1000ml Gyantázás utáni olaj használata.</U></STRONG></P>
<P>Gyantázás, szőrtelenítés után bőrnyugtatásra, kondícionálásra, száraz bőr ápolására:</P>
<P style=\"MARGIN-LEFT: 36pt; TEXT-INDENT: -18pt; mso-list: l0 level1 lfo2\">·&nbsp;&nbsp;&nbsp;&nbsp;&nbsp;&nbsp;&nbsp;&nbsp; Vigye fel az olajat vékonyan egy vatta korong segítségével a kívánt bőrfelületre.</P>
<P>Szőrtelenítő gyanta maradványok eltávolítása:</P>
<P style=\"MARGIN-LEFT: 36pt; TEXT-INDENT: -18pt; mso-list: l1 level1 lfo1\">·&nbsp;&nbsp;&nbsp;&nbsp;&nbsp;&nbsp;&nbsp;&nbsp; Vigye fel a gyantázás utáni olajat vastagon egy vatta korong segítségével a kívánt bőrfelületre. Óvatosan dörzsölje amíg a gyanta fel nem oldódik. Ezután törölje át a bőr felületet egy friss olajos vatta koronggal. </P>
<P style=\"MARGIN-LEFT: 36pt; TEXT-INDENT: -18pt; mso-list: l1 level1 lfo1\">Testápolás és masszírozás: vigye fel a bőrre, masszírozza bele.</P>', '', 1606054003, '15340', '1', 0, 1, 265, '104', 'megszunt-gyantazas-utani-olaj-hw-dopo-care-oil', 'fodraszkellek/hajkefe/keramia-korkefe/megszunt-gyantazas-utani-olaj-hw-dopo-care-oil', '1157', 1, '')

[2020-11-22 15:06:43] INSERT INTO webshop_special_fields (`key`, `value`, `product_id`) VALUES ('manufacturer', 'Egyéb fodrászkellék', 5065)

[2020-11-22 15:06:43] INSERT INTO webshop_special_fields (`key`, `value`, `product_id`) VALUES ('quantityunit', 'ml', 5065)

[2020-11-22 15:06:43] INSERT INTO webshop_special_fields (`key`, `value`, `product_id`) VALUES ('kiszereles', '1000', 5065)

[2020-11-22 15:06:43] UPDATE webshop_gallery SET original_name='.Hajszárító búra fehér IM101', date=1606054003 WHERE id=631

[2020-11-22 15:06:43] UPDATE webshop_special_fields SET `value`='Elektromos hajformázó gép' WHERE `key`='manufacturer' AND `product_id`=2627

[2020-11-22 15:06:43] UPDATE webshop_special_fields SET `value`='db' WHERE `key`='quantityunit' AND `product_id`=2627

[2020-11-22 15:06:43] UPDATE webshop_special_fields SET `value`='1' WHERE `key`='kiszereles' AND `product_id`=2627

[2020-11-22 15:06:43] UPDATE webshop_products SET `name_hun`='.Hajszárító búra fehér IM101',`content_short`='Professzionális fodrász hajszárító búra, gurulós lábbal. Rendelhető falikaros változatban is, de a falikaros...',`content`='<P style=\"TEXT-ALIGN: justify; MARGIN: 0cm 0cm 10pt\"><FONT face=Calibri>Professzionális fodrász hajszárító búra, gurulós lábbal. Rendelhető falikaros változatban is, de a falikaros változat rendeléséhez telefonos egyeztetés szükséges! A hajszárító búra magassága, a teleszkópos tartószárral állítható, rögzíthető.&nbsp; Gurulós talppal kerül szállításra, melyből a görgők eltávolíthatók, így egy fix hajszárító állomást hozhatunk létre.</FONT></P>
<P style=\"TEXT-ALIGN: justify; MARGIN: 0cm 0cm 10pt\"><FONT face=Calibri>A hajszárító búrák gyártója&nbsp;az Olaszországi székhelyű&nbsp;Metalplast. 1969 óta&nbsp;a Bolognai&nbsp;gyárban készítik termékeiket, melyeket nagy megbízhatóságra, és hosszú élettartamra terveztek. - A Metalplastnál gyártott gépeknek hosszú éveken keresztül, hibamentesen kell üzemelniük.</FONT></P>
<P style=\"TEXT-ALIGN: justify; MARGIN: 0cm 0cm 10pt\"><B style=\"mso-bidi-font-weight: normal\"><U><FONT face=Calibri>IM101-Hajszárító búra márkák egyéb paraméterei:</FONT></U></B></P>
<P style=\"TEXT-ALIGN: justify; MARGIN: 0cm 0cm 10pt\"><FONT face=Calibri>·&nbsp;&nbsp;&nbsp;&nbsp;&nbsp;&nbsp;&nbsp;&nbsp; A hajszárítási teljesítmény: 1100W / 220-240V / 50 Hz</FONT></P>
<P style=\"TEXT-ALIGN: justify; MARGIN: 0cm 0cm 10pt\"><FONT face=Calibri>·&nbsp;&nbsp;&nbsp;&nbsp;&nbsp;&nbsp;&nbsp;&nbsp; A búrában automatikus, termosztátos hőfokkapcsoló található. </FONT></P>
<P style=\"TEXT-ALIGN: justify; MARGIN: 0cm 0cm 10pt\"><FONT face=Calibri>·&nbsp;&nbsp;&nbsp;&nbsp;&nbsp;&nbsp;&nbsp;&nbsp; 1 sebességfokozatú ventilátor </FONT></P>
<P style=\"TEXT-ALIGN: justify; MARGIN: 0cm 0cm 10pt\"><FONT face=Calibri>·&nbsp;&nbsp;&nbsp;&nbsp;&nbsp;&nbsp;&nbsp;&nbsp; elektronikus zavarszűrő </FONT></P>
<P style=\"TEXT-ALIGN: justify; MARGIN: 0cm 0cm 10pt\"><FONT face=Calibri>·&nbsp;&nbsp;&nbsp;&nbsp;&nbsp;&nbsp;&nbsp;&nbsp; folyamatosan állítható hőfokszabályozó</FONT></P>
<P style=\"TEXT-ALIGN: justify; MARGIN: 0cm 0cm 10pt\"><FONT face=Calibri>·&nbsp;&nbsp;&nbsp;&nbsp;&nbsp;&nbsp;&nbsp;&nbsp; 2 körös rozsdamentes acélburkolatú fűtőtest </FONT></P>
<P style=\"TEXT-ALIGN: justify; MARGIN: 0cm 0cm 10pt\"><FONT face=Calibri>·&nbsp;&nbsp;&nbsp;&nbsp;&nbsp;&nbsp;&nbsp;&nbsp; Időkapcsoló: 0-60 perces időzítő </FONT></P>
<P style=\"TEXT-ALIGN: justify; MARGIN: 0cm 0cm 10pt\"><FONT face=Calibri>·&nbsp;&nbsp;&nbsp;&nbsp;&nbsp;&nbsp;&nbsp;&nbsp; A búrát állítható magasságú gurulós lábbal szállítjuk. </FONT></P>
<P style=\"TEXT-ALIGN: justify; MARGIN: 0cm 0cm 10pt\"><FONT face=Calibri>·&nbsp;&nbsp;&nbsp;&nbsp;&nbsp;&nbsp;&nbsp;&nbsp; 20&nbsp;000-szer felnyitható első ajtóval rendelkezik.</FONT></P>
<P style=\"TEXT-ALIGN: justify; MARGIN: 0cm 0cm 10pt\"><FONT face=Calibri>·&nbsp;&nbsp;&nbsp;&nbsp;&nbsp;&nbsp;&nbsp;&nbsp; Hajszárító gyártó- márka:&nbsp; Metalplast Draghetti</FONT></P>
<P style=\"TEXT-ALIGN: justify; MARGIN: 0cm 0cm 10pt\"><FONT face=Calibri>·&nbsp;&nbsp;&nbsp;&nbsp;&nbsp;&nbsp;&nbsp;&nbsp; Származási hely: Olaszország </FONT></P>
<P style=\"TEXT-ALIGN: justify; MARGIN: 0cm 0cm 10pt\"><FONT face=Calibri>A hajszárító búrákat, fekete és fehér alapszínekben tartjuk raktáron. Az ettől eltérő színek felárasak, és csak rendelést tudunk felvenni rájuk, egy előzetes telefonos egyeztetés alapján. </FONT></P>
<P style=\"TEXT-ALIGN: justify; MARGIN: 0cm 0cm 10pt\"><FONT face=Calibri>A következő színekben is rendelhető, a következő felárral. 17 168Ft</FONT></P>
<P style=\"MARGIN: 0cm 0cm 10pt\"><FONT face=Calibri>Plasztikus színek: piros, ezüst, barna, citromsárga, sötétkék,<BR><BR>Metál színek: metálkék, metálezüst, metálfekete</FONT></P>
<P style=\"MARGIN: 0cm 0cm 10pt\"><FONT face=Calibri>Professzionális fodrász számára, munkaeszközként való használt céljából készült.</FONT></P>', `item_id`='2238-hdr101s22bi2sc22-mhb-feher+3160Ftsz', `default_pic`='631', `active`='1', `category_id`='97', `root_category_id`='92', `seo_name`='hajszarito-bura-feher-im101', `fullurl`='hajformazo-gepek/hajszarito-bura/hajszarito-bura-feher-im101', `other_categories`='97,222' WHERE id=2627

[2020-11-22 15:06:43] UPDATE webshop_gallery SET original_name='.Hajszárító búra fekete IM101', date=1606054003 WHERE id=15126

[2020-11-22 15:06:43] UPDATE webshop_special_fields SET `value`='Elektromos hajformázó gép' WHERE `key`='manufacturer' AND `product_id`=2628

[2020-11-22 15:06:43] UPDATE webshop_special_fields SET `value`='db' WHERE `key`='quantityunit' AND `product_id`=2628

[2020-11-22 15:06:43] UPDATE webshop_special_fields SET `value`='1' WHERE `key`='kiszereles' AND `product_id`=2628

[2020-11-22 15:06:43] UPDATE webshop_products SET `name_hun`='.Hajszárító búra fekete IM101',`content_short`='Professzionális fodrász hajszárító búra, gurulós lábbal. Rendelhető falikaros változatban is, de a falikaros...',`content`='<P style=\"TEXT-ALIGN: justify; MARGIN: 0cm 0cm 10pt\"><FONT face=Calibri>Professzionális fodrász hajszárító búra, gurulós lábbal. Rendelhető falikaros változatban is, de a falikaros változat rendeléséhez telefonos egyeztetés szükséges! A hajszárító búra magassága, a teleszkópos tartószárral állítható, rögzíthető.&nbsp; Gurulós talppal kerül szállításra, melyből a görgők eltávolíthatók, így egy fix hajszárító állomást hozhatunk létre.</FONT></P>
<P style=\"TEXT-ALIGN: justify; MARGIN: 0cm 0cm 10pt\"><FONT face=Calibri>A hajszárító búrák gyártója&nbsp;az Olaszországi székhelyű&nbsp;Metalplast. 1969 óta&nbsp;a Bolognai&nbsp;gyárban készítik termékeiket, melyeket nagy megbízhatóságra, és hosszú élettartamra terveztek. - A Metalplastnál gyártott gépeknek hosszú éveken keresztül, hibamentesen kell üzemelniük.</FONT></P>
<P style=\"TEXT-ALIGN: justify; MARGIN: 0cm 0cm 10pt\"><B style=\"mso-bidi-font-weight: normal\"><U><FONT face=Calibri>IM101-Hajszárító búra márkák egyéb paraméterei:</FONT></U></B></P>
<P style=\"TEXT-ALIGN: justify; MARGIN: 0cm 0cm 10pt\"><FONT face=Calibri>·&nbsp;&nbsp;&nbsp;&nbsp;&nbsp;&nbsp;&nbsp;&nbsp; A hajszárítási teljesítmény: 1100W / 220-240V / 50 Hz</FONT></P>
<P style=\"TEXT-ALIGN: justify; MARGIN: 0cm 0cm 10pt\"><FONT face=Calibri>·&nbsp;&nbsp;&nbsp;&nbsp;&nbsp;&nbsp;&nbsp;&nbsp; A búrában automatikus, termosztátos hőfokkapcsoló található. </FONT></P>
<P style=\"TEXT-ALIGN: justify; MARGIN: 0cm 0cm 10pt\"><FONT face=Calibri>·&nbsp;&nbsp;&nbsp;&nbsp;&nbsp;&nbsp;&nbsp;&nbsp; 1 sebességfokozatú ventilátor </FONT></P>
<P style=\"TEXT-ALIGN: justify; MARGIN: 0cm 0cm 10pt\"><FONT face=Calibri>·&nbsp;&nbsp;&nbsp;&nbsp;&nbsp;&nbsp;&nbsp;&nbsp; elektronikus zavarszűrő </FONT></P>
<P style=\"TEXT-ALIGN: justify; MARGIN: 0cm 0cm 10pt\"><FONT face=Calibri>·&nbsp;&nbsp;&nbsp;&nbsp;&nbsp;&nbsp;&nbsp;&nbsp; folyamatosan állítható hőfokszabályozó</FONT></P>
<P style=\"TEXT-ALIGN: justify; MARGIN: 0cm 0cm 10pt\"><FONT face=Calibri>·&nbsp;&nbsp;&nbsp;&nbsp;&nbsp;&nbsp;&nbsp;&nbsp; 2 körös rozsdamentes acélburkolatú fűtőtest </FONT></P>
<P style=\"TEXT-ALIGN: justify; MARGIN: 0cm 0cm 10pt\"><FONT face=Calibri>·&nbsp;&nbsp;&nbsp;&nbsp;&nbsp;&nbsp;&nbsp;&nbsp; Időkapcsoló: 0-60 perces időzítő </FONT></P>
<P style=\"TEXT-ALIGN: justify; MARGIN: 0cm 0cm 10pt\"><FONT face=Calibri>·&nbsp;&nbsp;&nbsp;&nbsp;&nbsp;&nbsp;&nbsp;&nbsp; A búrát állítható magasságú gurulós lábbal szállítjuk. </FONT></P>
<P style=\"TEXT-ALIGN: justify; MARGIN: 0cm 0cm 10pt\"><FONT face=Calibri>·&nbsp;&nbsp;&nbsp;&nbsp;&nbsp;&nbsp;&nbsp;&nbsp; 20&nbsp;000-szer felnyitható első ajtóval rendelkezik.</FONT></P>
<P style=\"TEXT-ALIGN: justify; MARGIN: 0cm 0cm 10pt\"><FONT face=Calibri>·&nbsp;&nbsp;&nbsp;&nbsp;&nbsp;&nbsp;&nbsp;&nbsp; Hajszárító gyártó- márka:&nbsp; Metalplast Draghetti</FONT></P>
<P style=\"TEXT-ALIGN: justify; MARGIN: 0cm 0cm 10pt\"><FONT face=Calibri>·&nbsp;&nbsp;&nbsp;&nbsp;&nbsp;&nbsp;&nbsp;&nbsp; Származási hely: Olaszország </FONT></P>
<P style=\"TEXT-ALIGN: justify; MARGIN: 0cm 0cm 10pt\"><FONT face=Calibri>A hajszárító búrákat, fekete és fehér alapszínekben tartjuk raktáron. Az ettől eltérő színek felárasak, és csak rendelést tudunk felvenni rájuk, egy előzetes telefonos egyeztetés alapján. </FONT></P>
<P style=\"TEXT-ALIGN: justify; MARGIN: 0cm 0cm 10pt\"><FONT face=Calibri>A következő színekben is rendelhető, a következő felárral. 17 168Ft</FONT></P>
<P style=\"MARGIN: 0cm 0cm 10pt\"><FONT face=Calibri>Plasztikus színek: piros, ezüst, barna, citromsárga, sötétkék,<BR><BR>Metál színek: metálkék, metálezüst, metálfekete</FONT></P>
<P style=\"MARGIN: 0cm 0cm 10pt\"><FONT face=Calibri>Professzionális fodrász számára, munkaeszközként való használt céljából készült.</FONT></P>', `item_id`='2238-hdr101s22ne2sc-fekete+3160Ftszállít', `default_pic`='15126', `active`='1', `category_id`='97', `root_category_id`='92', `seo_name`='hajszarito-bura-fekete-im101', `fullurl`='hajformazo-gepek/hajszarito-bura/hajszarito-bura-fekete-im101', `other_categories`='97,222' WHERE id=2628

[2020-11-22 15:06:43] INSERT INTO webshop_gallery (`id`, `product_id`, `original_name`, `new_name`, `date`) VALUES (15341, 5066, 'megszünt - Hajszárító Sanmarino HW03047', '15341.jpg', 1606054003)

[2020-11-22 15:06:43] INSERT INTO webshop_products (`id`, `name_hun`, `name_eng`, `item_id`, `price`, `reduced_price`, `status`, `currency`, `content_short`, `content`, `details`, `date`, `default_pic`, `active`, `main`, `sort`, `category_id`, `root_category_id`, `seo_name`, `fullurl`, `websyx_id`, `quantity`, `other_categories`) VALUES ('5066', 'megszünt - Hajszárító Sanmarino HW03047', 'megszünt - Hajszárító Sanmarino HW03047', '1829-hwh-hw03047', 0, 0, 1, 'Ft', 'Hajszárító gép Ingyenes szállítással! &ndash; Ionos technikával rendelkező professzionális hajszárító...', '<P style=\"TEXT-ALIGN: justify; MARGIN: 0cm 0cm 10pt; LINE-HEIGHT: normal; mso-margin-top-alt: auto; mso-margin-bottom-alt: auto\"><FONT face=Calibri>Hajszárító gép Ingyenes szállítással! &ndash; Ionos technikával rendelkező professzionális hajszárító gép. Alkalmas munkaeszköz fodrászok számára, és otthoni használatra is. </FONT></P>
<P style=\"TEXT-ALIGN: justify; MARGIN: 0cm 0cm 10pt; LINE-HEIGHT: normal; mso-margin-top-alt: auto; mso-margin-bottom-alt: auto\"><FONT face=Calibri>Ez a professzionális ( fodrász számára, munkaeszközként való használt céljából készült )&nbsp; hajszárító gép típus, kizárólag fodrászkellék kereskedelemre szakosodott forgalmazóknál kapható. Gyártása, a fodrászüzletben felmerülő elvárások alapján, erősített, tartós igénybevételt bíró alkatrészekkel, történik. A hajszárító gép a legjobb használa érdekében teljesíti a munkaeszközként való használathoz a következőket:</FONT></P>
<P style=\"MARGIN: 0cm 0cm 0pt 36pt; LINE-HEIGHT: normal; TEXT-INDENT: -18pt; mso-margin-top-alt: auto; mso-margin-bottom-alt: auto; mso-add-space: auto; mso-list: l0 level1 lfo2\">·&nbsp;&nbsp;&nbsp;&nbsp;&nbsp;&nbsp;&nbsp;&nbsp; <FONT face=Calibri>A hajszárító megfelel az EU érintésvédelmi előírásainak.</FONT></P>
<P style=\"MARGIN: 0cm 0cm 0pt 36pt; LINE-HEIGHT: normal; TEXT-INDENT: -18pt; mso-margin-top-alt: auto; mso-margin-bottom-alt: auto; mso-add-space: auto; mso-list: l0 level1 lfo2\">·&nbsp;&nbsp;&nbsp;&nbsp;&nbsp;&nbsp;&nbsp;&nbsp; <FONT face=Calibri>A hajszárító ütés álló burkolattal, ergonómikus kialakítással rendelkezik.</FONT></P>
<P style=\"MARGIN: 0cm 0cm 10pt 36pt; LINE-HEIGHT: normal; TEXT-INDENT: -18pt; mso-margin-top-alt: auto; mso-margin-bottom-alt: auto; mso-add-space: auto; mso-list: l0 level1 lfo2\">·&nbsp;&nbsp;&nbsp;&nbsp;&nbsp;&nbsp;&nbsp;&nbsp; <FONT face=Calibri>2,7 vagy 3m-es, erős szakító szilárdságú hálózati kábellel rendelkezik.</FONT></P>
<P><B>Hajszárító gép, típusok, márkák otthoni használata:</B></P>
<P>Ez a típusú hajszárító műszaki paraméterei alapján alkalmas az otthoni hajszárításra, és a kis állatok szőrének megszárítására is.</P>
<P style=\"TEXT-ALIGN: justify; MARGIN: 0cm 0cm 10pt; LINE-HEIGHT: normal; mso-margin-top-alt: auto; mso-margin-bottom-alt: auto\"><FONT face=Calibri>Ionos ápolás az <B>egészséges és fényes hajért</B>: A hajszárító gép fűtőszál bevonatán keletkező negatív ionok,&nbsp; semlegesítik a haj pozitív feltöltődését, és lehetővé teszik, hogy a haj nedvességének egy részét a haj belsejébe juttassuk. A haj hidratált, fényes, egészséges marad a hajszárítás után!</FONT></P>
<P style=\"TEXT-ALIGN: justify; MARGIN: 0cm 0cm 10pt; LINE-HEIGHT: normal; mso-margin-top-alt: auto; mso-margin-bottom-alt: auto\"><FONT face=Calibri><B><U>Ion 03047 Hairway Sanmarino hajszárító gép műszaki adatok, tartozékok:</U></B></FONT></P>
<UL type=disc>
<LI style=\"TEXT-ALIGN: justify; MARGIN: 0cm 0cm 10pt; LINE-HEIGHT: normal; mso-margin-top-alt: auto; mso-margin-bottom-alt: auto; mso-list: l1 level1 lfo1; tab-stops: list 36.0pt\"><FONT face=Calibri>normál kiképzésű a hossza kb.250mm </FONT>
<LI style=\"TEXT-ALIGN: justify; MARGIN: 0cm 0cm 10pt; LINE-HEIGHT: normal; mso-margin-top-alt: auto; mso-margin-bottom-alt: auto; mso-list: l1 level1 lfo1; tab-stops: list 36.0pt\"><FONT face=Calibri>tökéletes kiegyensúlyozás, a könnyű tartás érdekében </FONT>
<LI style=\"TEXT-ALIGN: justify; MARGIN: 0cm 0cm 10pt; LINE-HEIGHT: normal; mso-margin-top-alt: auto; mso-margin-bottom-alt: auto; mso-list: l1 level1 lfo1; tab-stops: list 36.0pt\"><FONT face=Calibri>Ionos hajápolás </FONT>
<LI style=\"TEXT-ALIGN: justify; MARGIN: 0cm 0cm 10pt; LINE-HEIGHT: normal; mso-margin-top-alt: auto; mso-margin-bottom-alt: auto; mso-list: l1 level1 lfo1; tab-stops: list 36.0pt\"><FONT face=Calibri>2 sebesség fokozat,&nbsp;4 hő fokozat </FONT>
<LI style=\"TEXT-ALIGN: justify; MARGIN: 0cm 0cm 10pt; LINE-HEIGHT: normal; mso-margin-top-alt: auto; mso-margin-bottom-alt: auto; mso-list: l1 level1 lfo1; tab-stops: list 36.0pt\"><FONT face=Calibri>hosszú élettartamú long life motor </FONT>
<LI style=\"TEXT-ALIGN: justify; MARGIN: 0cm 0cm 10pt; LINE-HEIGHT: normal; mso-margin-top-alt: auto; mso-margin-bottom-alt: auto; mso-list: l1 level1 lfo1; tab-stops: list 36.0pt\"><FONT face=Calibri>különálló hűtőgomb </FONT>
<LI style=\"TEXT-ALIGN: justify; MARGIN: 0cm 0cm 10pt; LINE-HEIGHT: normal; mso-margin-top-alt: auto; mso-margin-bottom-alt: auto; mso-list: l1 level1 lfo1; tab-stops: list 36.0pt\"><FONT face=Calibri>2db levehető szűkítő, a nyílás szélessége 4-5mm </FONT>
<LI style=\"TEXT-ALIGN: justify; MARGIN: 0cm 0cm 10pt; LINE-HEIGHT: normal; mso-margin-top-alt: auto; mso-margin-bottom-alt: auto; mso-list: l1 level1 lfo1; tab-stops: list 36.0pt\"><FONT face=Calibri>levehető szűrő </FONT>
<LI style=\"TEXT-ALIGN: justify; MARGIN: 0cm 0cm 10pt; LINE-HEIGHT: normal; mso-margin-top-alt: auto; mso-margin-bottom-alt: auto; mso-list: l1 level1 lfo1; tab-stops: list 36.0pt\"><FONT face=Calibri>
<P style=\"MARGIN: 0cm 0cm 10pt\">220-240V&nbsp; 50/60Hz&nbsp;&nbsp; 2200Watt </FONT></P>
<LI style=\"TEXT-ALIGN: justify; MARGIN: 0cm 0cm 10pt; LINE-HEIGHT: normal; mso-margin-top-alt: auto; mso-margin-bottom-alt: auto; mso-list: l1 level1 lfo1; tab-stops: list 36.0pt\"><FONT face=Calibri>professzionális hálózati kábel: 3 m </FONT>
<LI style=\"TEXT-ALIGN: justify; MARGIN: 0cm 0cm 10pt; LINE-HEIGHT: normal; mso-margin-top-alt: auto; mso-margin-bottom-alt: auto; mso-list: l1 level1 lfo1; tab-stops: list 36.0pt\"><FONT face=Calibri>felakasztható </FONT>
<LI style=\"TEXT-ALIGN: justify; MARGIN: 0cm 0cm 10pt; LINE-HEIGHT: normal; mso-margin-top-alt: auto; mso-margin-bottom-alt: auto; mso-list: l1 level1 lfo1; tab-stops: list 36.0pt\"><FONT face=Calibri>Súlya: kb. 580gr kábel nélkül </FONT>
<LI style=\"TEXT-ALIGN: justify; MARGIN: 0cm 0cm 10pt; LINE-HEIGHT: normal; mso-margin-top-alt: auto; mso-margin-bottom-alt: auto; mso-list: l1 level1 lfo1; tab-stops: list 36.0pt\"><FONT face=Calibri>hajszárító származási hely: Németország</FONT> </LI></UL>', '', 1606054003, '15341', '1', 0, 1, 265, '104', 'megszunt-hajszarito-sanmarino-hw03047', 'fodraszkellek/hajkefe/keramia-korkefe/megszunt-hajszarito-sanmarino-hw03047', '1292', 1, '')

[2020-11-22 15:06:43] INSERT INTO webshop_special_fields (`key`, `value`, `product_id`) VALUES ('manufacturer', 'Egyéb fodrászkellék', 5066)

[2020-11-22 15:06:43] INSERT INTO webshop_special_fields (`key`, `value`, `product_id`) VALUES ('quantityunit', 'db', 5066)

[2020-11-22 15:06:43] INSERT INTO webshop_special_fields (`key`, `value`, `product_id`) VALUES ('kiszereles', '1', 5066)

[2020-11-22 15:06:43] UPDATE webshop_gallery SET original_name='Euro SO.CAP Keratinos póthaj 40-45cm 10db világos szőke', date=1606054003 WHERE id=5065

[2020-11-22 15:06:43] UPDATE webshop_special_fields SET `value`='EURO SO.CAP. póthaj' WHERE `key`='manufacturer' AND `product_id`=3893

[2020-11-22 15:06:44] UPDATE webshop_special_fields SET `value`='db' WHERE `key`='quantityunit' AND `product_id`=3893

[2020-11-22 15:06:44] UPDATE webshop_special_fields SET `value`='10' WHERE `key`='kiszereles' AND `product_id`=3893

[2020-11-22 15:06:44] UPDATE webshop_products SET `name_hun`='megszünt - Euro SO.CAP Keratinos póthaj 40-45cm 10db világos szőke',`content_short`='Póthaj keratinos hajhosszabbításhoz. 10db keratinos EURO SO.CAP. hajtincs/csomag &ndash; Az Olaszországi EURO...',`content`='<P style=\"TEXT-ALIGN: justify; MARGIN: 0cm 0cm 10pt\"><FONT face=Calibri>Póthaj keratinos hajhosszabbításhoz. 10</FONT>db keratinos EURO SO.CAP. hajtincs/csomag &ndash; Az Olaszországi EURO SO.CAP. póthaj tincsek jó minőségű, 100% humán természetes emberi hajból készülnek. A póthajak egyenletes jó minőségét az EURO SO.CAP. által kidolgozott, és használt technológia garantálja, és biztosítja. A póthajak hő illesztés, hajgyűrűzés, hajragasztás, hajfelvarrás, csatos, hajhosszabbítás technikákhoz készülnek.</P>
<P style=\"TEXT-ALIGN: justify; MARGIN: 0cm 0cm 10pt\">A póthajakról készült fényképes színskálák, hajszínek vagy a termék képben, vagy termék leírás melletti&nbsp;fülnél a hajszínskálák, vagy hajfesték színek és használatuk menüpontnál, vagy önmagában a termék leírásban, lejjebb gördítve az oldalt, vagy mind három módon megtalálhatók!</P>
<P style=\"TEXT-ALIGN: justify; MARGIN: 0cm 0cm 10pt\"><FONT face=\"Times New Roman\">A póthaj tincsek jó minőségű, 100% emberi hajakból készülnek, ezáltal szinte észrevehetetlenül illeszthetők a hajba.&nbsp; Minden póthaj és színes hajtincs, &nbsp;U&nbsp;alakú keratin tippel van ellátva. A felrakásnál ezt a keratint jól dolgozza bele a hő illesztő pisztollyal a hajtincsekbe. Ha szükséges, plusz keratin felvitelével növelje a keratin mennyiségét.&nbsp; A póthajak általában 10-20-25db/csomagban, vagy &nbsp;1db/tincs kiszerelésben rendelhetőek! Az árak minden esetben a póthajaknál értelemszerűen, Ft/csomagban, vagy hajtincs Ft/db-ban vannak feltüntetve.</FONT></P>
<P style=\"TEXT-ALIGN: justify; MARGIN: 0cm 0cm 10pt\"><U><FONT face=\"Times New Roman\">Vásárlás előtt olvassa el! - A keratinos póthaj használata, hajhosszabbítás.</FONT></U></P>
<P style=\"TEXT-ALIGN: justify\"><FONT face=\"Times New Roman\">Figyelem! A póthaj egy élettelen eszköz! Ahhoz hogy a póthajak frizura készítéshez használva minél hosszabb életűek legyenek a következőket vegye figyelembe! A póthajakkal a következő frizurakészítési műveletek valósíthatók meg, a feltüntetett szabályok betartása mellett!</FONT></P>
<P style=\"TEXT-ALIGN: justify; MARGIN-LEFT: 36pt; TEXT-INDENT: -18pt; mso-list: l0 level1 lfo1\">·&nbsp;&nbsp;&nbsp;&nbsp;&nbsp;&nbsp;&nbsp;&nbsp; <FONT face=\"Times New Roman\">hajszárítás, hajvasalás, hajgöndörítés hajsütővassal max.150̊ C hőmérsékleten &ndash; Figyelem! - a hajtövét nem érheti 100̊C-nál magasabb hő ezért hajszárítóval megfelelő (ajánlott 50cm nél nagyobb) távolságból szárítható.</FONT></P>
<P style=\"TEXT-ALIGN: justify; MARGIN-LEFT: 36pt; TEXT-INDENT: -18pt; mso-list: l0 level1 lfo1\">·&nbsp;&nbsp;&nbsp;&nbsp;&nbsp;&nbsp;&nbsp;&nbsp; <FONT face=\"Times New Roman\">hajfestés: a póthaj festése &ndash; max. 20vol-6% erősségű - oxidálószerrel történhet!</FONT></P>
<P style=\"TEXT-ALIGN: justify; MARGIN-LEFT: 36pt; TEXT-INDENT: -18pt; mso-list: l0 level1 lfo1\">·&nbsp;&nbsp;&nbsp;&nbsp;&nbsp;&nbsp;&nbsp;&nbsp; szőkítés, <FONT face=\"Times New Roman\">dauer, tartós hajkiegyenesítés és egyéb olyan műveletek, amelyek a hajszerkezet megbontásával járnak, nem alkalmazhatók!</FONT></P>
<P style=\"TEXT-ALIGN: justify; MARGIN-LEFT: 36pt; TEXT-INDENT: -18pt; mso-list: l0 level1 lfo1\">·&nbsp;&nbsp;&nbsp;&nbsp;&nbsp;&nbsp;&nbsp;&nbsp; <FONT face=\"Times New Roman\">a póthaj fokozott ápolást igényel, ezért csak magas minőségű ápló anyagokat tartalmazó, pl. keratint, természetes olajokat (argán, kukui, szőlőmag&hellip;.olaj) tartalmazó hajápolók használata javasolt!</FONT></P>
<P style=\"TEXT-ALIGN: justify; MARGIN-LEFT: 36pt; TEXT-INDENT: -18pt; mso-list: l0 level1 lfo1\">·&nbsp;&nbsp;&nbsp;&nbsp;&nbsp;&nbsp;&nbsp;&nbsp; <FONT face=\"Times New Roman\">Az elkészült frizura ápolásához kérjen a felrakó szakembertől hajápolási utasítást, tanácsot, vagy olvasson utána a webáruházban a (póthaj ápolása) terméknél, az interneten ahol számos cikk található erről, és vezessen hajápolási naplót!</FONT></P>
<P style=\"TEXT-ALIGN: justify\"><FONT face=\"Times New Roman\">Figyelem! Használatba vétel előtt ellenőrizze a haj állagát! Ha nem felel meg elvárásinak, jelezze és küldje vissza! A póthaj nem hajápolási, és nem tartós fogyasztási termék! A póthaj egy élettelen, fodrászati kiegészítő eszköz, ezért sem szavatossági, sem minőség megőrzési ideje nincs, ezért a használatba vett hajakra garancia nem jár! Használhatóságának ideje nagyon nagymértékben függ a felhasználás, viselés, ápolás módjától, ezért a bármilyen módon használatba vett póthajakat semmilyen felmerülő ok miatt nem vesszük vissza, és&nbsp;<FONT face=Calibri>semmilyen&nbsp;hajjal kapcsolatos&nbsp;kárigényt nem fogadunk el</FONT>!&nbsp;&nbsp;Indoklás: A póthajak&nbsp;részletes napi, megfelelő használatáról, hiteles információt részünkről lehetetlen beszerezni, és a visszaéléseket csak így tudjuk elkerülni.&nbsp;</FONT></P>', `item_id`='2536-socap-c-40-45cm-10db-14-világosszők', `default_pic`='5065', `active`='1', `category_id`='265', `root_category_id`='104', `seo_name`='megszunt-euro-socap-keratinos-pothaj-40-45cm-10db-vilagos-szoke', `fullurl`='fodraszkellek/hajkefe/keramia-korkefe/megszunt-euro-socap-keratinos-pothaj-40-45cm-10db-vilagos-szoke', `other_categories`='' WHERE id=3893

[2020-11-22 15:06:44] UPDATE webshop_products SET sort=1 WHERE id=3326

[2020-11-22 15:06:44] UPDATE webshop_products SET sort=2 WHERE id=5066

[2020-11-22 15:06:44] UPDATE webshop_products SET sort=3 WHERE id=5065

[2020-11-22 15:06:45] UPDATE users SET lastlogin = NOW() WHERE id = '11'

[2020-11-22 15:06:45] UPDATE webshop_gallery SET original_name='Silent csendes professzionális hajszárító C03013', date=1606054005 WHERE id=8620

[2020-11-22 15:06:45] UPDATE webshop_special_fields SET `value`='Elektromos hajformázó gép' WHERE `key`='manufacturer' AND `product_id`=4493

[2020-11-22 15:06:45] UPDATE webshop_special_fields SET `value`='db' WHERE `key`='quantityunit' AND `product_id`=4493

[2020-11-22 15:06:45] UPDATE webshop_special_fields SET `value`='1' WHERE `key`='kiszereles' AND `product_id`=4493

[2020-11-22 15:06:45] UPDATE webshop_products SET `name_hun`='Silent csendes professzionális hajszárító C03013',`content_short`='Csendes, halk, ultra könnyű, Ion generátoros&nbsp;hajszárító. Ultragyors, emellett energiatakarékos,...',`content`='<P style=\"TEXT-ALIGN: justify\">Csendes, halk, ultra könnyű, Ion generátoros&nbsp;hajszárító. Ultragyors, emellett energiatakarékos, és&nbsp;hosszú élettartamúra tervezték. Az ultramodern, újgenerációs HIGH-TEC professzionális hajszárító a&nbsp;rendkívüli eredményeket a hagyományos hajszárítóktól eltérő, szénkefe nélküli, digitálisan vezérelt DC motorral, és speciális légterelési technikával&nbsp;éri el,&nbsp;mely jelentősen hozzá járult a könnyű hajszárító modell megalkotásához. A Digit hajszárítók motorjának élettartamát, rendkívül hosszúra, normál használat mellett,&nbsp;5000 üzemóra tervezték. A technika fejlődésének, és az&nbsp;új anyagoknak köszönhetően, a hajápoló eszközeink is jelentős változáson mennek át a jövőben.</P>
<P style=\"TEXT-ALIGN: justify; MARGIN: 0cm 0cm 10pt\">Professzionális használathoz 2db, cserélhető, extra vékony és extra széles fúvóka is tartozék. 1db ferde kifúvó nyílású&nbsp;(fúvóka átjáró 73 x 6 mm), 1db egyenes kifúvó nyílású&nbsp;86 x 6 mm (fúvóka átjáró 84 x 4 mm)</P>
<P style=\"TEXT-ALIGN: justify; MARGIN: 0cm 0cm 10pt\">A \"Smart Airflow\" hajszárító gép technológia csökkenti a zajszintet és javítja a hajszárítók teljesítményét. Az új rendszerű, digitálisan vezérelt, szénkefe nélküli, egyenáramú motor csendes, jobb teljesítményt nyújt alacsonyabb energiafogyasztás mellett, és rendkívül hosszú élettartamot érhet el. A hagyományos, könnyű&nbsp;professzionális hajszárítók long - life- motorjainak az élet tartamát &nbsp;1000 üzemórában adják meg a gyártók. A&nbsp;\"Smart Airflow\" hajszárító gép technológiával készült gépek&nbsp; motorjainak tervezett élettartama&nbsp;otthoni használatban kb. 5000 üzemórára.</P>
<P style=\"TEXT-ALIGN: justify; MARGIN: 0cm 0cm 10pt\">A hajszárító használata bal és jobbkezes személyek számára is ideális. </P>
<P style=\"TEXT-ALIGN: justify; MARGIN: 0cm 0cm 10pt\">A haj 50% -kal gyorsabb szárítása lehetséges.</P>
<P style=\"TEXT-ALIGN: justify; MARGIN: 0cm 0cm 10pt\">Hajszárító gép technikai adatok:</P>
<P style=\"TEXT-ALIGN: justify; MARGIN: 0cm 0cm 10pt\">·&nbsp;&nbsp;&nbsp;&nbsp;&nbsp;&nbsp;&nbsp;&nbsp; Külön iongenerátor, a sima és fényes hajért.</P>
<P style=\"TEXT-ALIGN: justify; MARGIN: 0cm 0cm 10pt\">·&nbsp;&nbsp;&nbsp;&nbsp;&nbsp;&nbsp;&nbsp;&nbsp; az elülső rács kerámia bevonata az egyenletes levegő hőért</P>
<P style=\"TEXT-ALIGN: justify; MARGIN: 0cm 0cm 10pt\">·&nbsp;&nbsp;&nbsp;&nbsp;&nbsp;&nbsp;&nbsp;&nbsp; 2 sebességfokozat, 2 fűtési szint és külön hideg gomb</P>
<P style=\"TEXT-ALIGN: justify; MARGIN: 0cm 0cm 10pt\">·&nbsp;&nbsp;&nbsp;&nbsp;&nbsp;&nbsp;&nbsp;&nbsp; 2db cserélhető extra vékony és széles fúvóka (beépített funkcióval): ferde kifúvó nyílású&nbsp;76 x 9 mm (fúvóka átjáró 73 x 6 mm), egyenes kifúvó nyílású 86 x 6 mm (fúvóka átjáró 84 x 4 mm)</P>
<P style=\"TEXT-ALIGN: justify; MARGIN: 0cm 0cm 10pt\">·&nbsp;&nbsp;&nbsp;&nbsp;&nbsp;&nbsp;&nbsp;&nbsp; eltávolítható szűrő</P>
<P style=\"TEXT-ALIGN: justify; MARGIN: 0cm 0cm 10pt\">·&nbsp;&nbsp;&nbsp;&nbsp;&nbsp;&nbsp;&nbsp;&nbsp; professzionális tápkábel 2,9 m</P>
<P style=\"TEXT-ALIGN: justify; MARGIN: 0cm 0cm 10pt\">·&nbsp;&nbsp;&nbsp;&nbsp;&nbsp;&nbsp;&nbsp;&nbsp; max. légsebesség 190 km / h</P>
<P style=\"TEXT-ALIGN: justify; MARGIN: 0cm 0cm 10pt\">·&nbsp;&nbsp;&nbsp;&nbsp;&nbsp;&nbsp;&nbsp;&nbsp; légáram 90 m3 / h</P>
<P style=\"TEXT-ALIGN: justify; MARGIN: 0cm 0cm 10pt\">·&nbsp;&nbsp;&nbsp;&nbsp;&nbsp;&nbsp;&nbsp;&nbsp; szénkefe nélküli, digitálisan vezérelt DC motor &nbsp;- fordulatszáma 19000 ford / perc</P>
<P style=\"TEXT-ALIGN: justify; MARGIN: 0cm 0cm 10pt\">·&nbsp;&nbsp;&nbsp;&nbsp;&nbsp;&nbsp;&nbsp;&nbsp; teljesítmény 1800-2000 W</P>
<P style=\"TEXT-ALIGN: justify; MARGIN: 0cm 0cm 10pt\">·&nbsp;&nbsp;&nbsp;&nbsp;&nbsp;&nbsp;&nbsp;&nbsp; Ultra könnyű hajszárító géptest &nbsp;- súlya 420 g</P>
<P style=\"TEXT-ALIGN: justify; MARGIN: 0cm 0cm 10pt\">Származási hely: Németország</P>', `item_id`='1829-hw-03013-NEIDE', `default_pic`='8620', `active`='1', `category_id`='92', `root_category_id`='0', `seo_name`='silent-csendes-professzionalis-hajszarito-c03013', `fullurl`='hajformazo-gepek/silent-csendes-professzionalis-hajszarito-c03013', `other_categories`='92,96,104,222' WHERE id=4493

[2020-11-22 15:06:45] INSERT INTO webshop_gallery (`id`, `product_id`, `original_name`, `new_name`, `date`) VALUES (15342, 5067, 'megszünt - Kinmen Energy sampon és tusfürdő - új termék...olvassa el', '15342.jpg', 1606054005)

[2020-11-22 15:06:45] INSERT INTO webshop_products (`id`, `name_hun`, `name_eng`, `item_id`, `price`, `reduced_price`, `status`, `currency`, `content_short`, `content`, `details`, `date`, `default_pic`, `active`, `main`, `sort`, `category_id`, `root_category_id`, `seo_name`, `fullurl`, `websyx_id`, `quantity`, `other_categories`) VALUES ('5067', 'megszünt - Kinmen Energy sampon és tusfürdő - új termék...olvassa el', 'megszünt - Kinmen Energy sampon és tusfürdő - új termék...olvassa el', '0818-km-550001-250ml', 0, 0, 1, 'Ft', 'sampon és tusfürdő férfiaknak&nbsp; -- leváltó új termék -&nbsp; Kinmen 3 in 1 férfi sampon balzsam tusfürdő...', '<P style=\"TEXT-ALIGN: justify\">sampon és tusfürdő férfiaknak&nbsp; -- leváltó új termék -&nbsp; Kinmen 3 in 1 férfi sampon balzsam tusfürdő - </P>
<P style=\"TEXT-ALIGN: justify\">Férfias illatú élénkítő sampon és tusfürdő mindennapi használatra, mely&nbsp;a férfi haj sajátosságainak és illatvilágának megfelelően készült. A sampon használata felfrissíti és hidratálja mind a hajat, mind a bőrt, életet és fényt ad a hajnak.&nbsp; A férfi hajra készült samont naponta is használhatja, kellemes érzetet biztosít, élénkíti a hajat és a fejbőrt.</P>
<P style=\"TEXT-ALIGN: justify\"><U><STRONG>250ml - Kinmen Energy Sampon aktív összetevők.</STRONG></U><BR>-Guarana kivonat<BR>-Hínár kivonat<BR>-Hidratáló aktív összetevők<BR><U><STRONG></STRONG></U></P>
<P style=\"TEXT-ALIGN: justify\"><U><STRONG>Kinmen Energy Férfi sampon és tusfürdő használata.</STRONG></U></P>
<P style=\"TEXT-ALIGN: justify\">Hajmosás. - Mossa meg a hajat kétszer a samponnal! - Vigye fel az energizáló&nbsp;sampont a benedvesített hajra, habosítsa fel, majd&nbsp; pár&nbsp; percig hagyja állni, majd&nbsp;alaposan öblítse le. Ezután ismételje meg a samponozást, hajmosást! </P>
<P style=\"TEXT-ALIGN: justify\">Testápolás. Vigye fel a bőrre, habosítsa fel, majd öblítse le.</P>', '', 1606054005, '15342', '1', 0, 1, 265, '104', 'megszunt-kinmen-energy-sampon-es-tusfurdo-uj-termekolvassa-el', 'fodraszkellek/hajkefe/keramia-korkefe/megszunt-kinmen-energy-sampon-es-tusfurdo-uj-termekolvassa-el', '1808', 1, '')

[2020-11-22 15:06:45] INSERT INTO webshop_special_fields (`key`, `value`, `product_id`) VALUES ('manufacturer', 'KIN Cosmetics', 5067)

[2020-11-22 15:06:45] INSERT INTO webshop_special_fields (`key`, `value`, `product_id`) VALUES ('quantityunit', 'ml', 5067)

[2020-11-22 15:06:45] INSERT INTO webshop_special_fields (`key`, `value`, `product_id`) VALUES ('kiszereles', '250', 5067)

[2020-11-22 15:06:46] INSERT INTO webshop_gallery (`id`, `product_id`, `original_name`, `new_name`, `date`) VALUES (15343, 5068, 'megszünt - Kincrem Equilibrant hajfestés hajszínezés utáni lezáráró sampon - irány az új termékhez', '15343.jpg', 1606054006)

[2020-11-22 15:06:46] INSERT INTO webshop_products (`id`, `name_hun`, `name_eng`, `item_id`, `price`, `reduced_price`, `status`, `currency`, `content_short`, `content`, `details`, `date`, `default_pic`, `active`, `main`, `sort`, `category_id`, `root_category_id`, `seo_name`, `fullurl`, `websyx_id`, `quantity`, `other_categories`) VALUES ('5068', 'megszünt - Kincrem Equilibrant hajfestés hajszínezés utáni lezáráró sampon - irány az új termékhez', 'megszünt - Kincrem Equilibrant hajfestés hajszínezés utáni lezáráró sampon - irány az új termékhez', '0818-kce-500380-1000ml', 0, 0, 1, 'Ft', 'Sampon hajfestés hajszínezés lezárására. Hajszínlezáró pH5 sampon. Hajfestés, hajszínezés után azonnal ezt...', '<P style=\"TEXT-ALIGN: justify\">Sampon hajfestés hajszínezés lezárására. <FONT face=Calibri>Hajszínlezáró pH5 sampon. Hajfestés, hajszínezés után azonnal ezt a sampont használja! Lezárja a hajszerkezetét, beállítja a haj pH5 értékét, ezáltal a haj szín azonnal rögzül, nem károsodik, a festett haj színének élet tartama jelentősen nő. </FONT></P>
<P style=\"TEXT-ALIGN: justify\">2019.01.-&nbsp; megszűnt! Keresse az új leváltó terméket -- Kinmaster Equilibrant hajfestés hajszínezés utáni lezáráró sampon</P>
<P style=\"TEXT-ALIGN: justify; MARGIN: 0cm 0cm 10pt\"><FONT face=Calibri>1000ml - A hosszantartó hajszín, és az egészséges festett haj hosszú távú megőrzésének&nbsp; legfontosabb fázisa az első hajmosáshoz használt sampon minősége. A nem megfelelő PH-jú, összetételű samponnal azonnal kilúgozhatjuk, kifakíthatjuk a festett hajszínt, és egy sokkal kevésbé intenzív, megfakult hajszínt kapunk, mint amilyet a hajfestés után elérhettünk volna. &nbsp;Erre a célra ajánlott, csak professzionális, speciálisan erre a célra készült samponokat használni!</FONT></P>
<P style=\"TEXT-ALIGN: justify; MARGIN: 0cm 0cm 10pt\"><FONT face=Calibri>A hajszínlezáró sampon használatával visszaállítja a haj természetes pH5 egyensúlyát minden esetben, vékony vagy száraz hajnál, érzékeny fejbőrnél, kémiai kezelések után. Ideális hajfestés és hajszínezés után azonnal, hogy rögzítsük a hajszínt és megőrizzük annak tartósságát. Rendkívüli fényt és selymességet ad a hajnak anélkül, hogy elnehezítené.</FONT></P>
<P style=\"TEXT-ALIGN: justify; MARGIN: 0cm 0cm 10pt\"><FONT face=Calibri><STRONG><U>A pH5 samponok használata.</U></STRONG> &nbsp;Vigye fel a megfelelő mennyiséget a samponból a hajra. Biztosítsa az egyenletes eloszlást. Hagyja hatni pár percig, majd óvatosan öblítse le. Használja bármilyen kémiai kezelés után, vagy festett hajon.</FONT></P>
<P style=\"TEXT-ALIGN: justify; MARGIN: 0cm 0cm 10pt\">Professzionális fodrászcikk, fodrászkellék!</P>', '', 1606054006, '15343', '1', 0, 1, 265, '104', 'megszunt-kincrem-equilibrant-hajfestes-hajszinezes-utani-lezararo-sampon-irany-az-uj-termekhez', 'fodraszkellek/hajkefe/keramia-korkefe/megszunt-kincrem-equilibrant-hajfestes-hajszinezes-utani-lezararo-sampon-irany-az-uj-termekhez', '1814', 1, '')

[2020-11-22 15:06:46] INSERT INTO webshop_special_fields (`key`, `value`, `product_id`) VALUES ('manufacturer', 'KIN Cosmetics', 5068)

[2020-11-22 15:06:46] INSERT INTO webshop_special_fields (`key`, `value`, `product_id`) VALUES ('quantityunit', 'ml', 5068)

[2020-11-22 15:06:46] INSERT INTO webshop_special_fields (`key`, `value`, `product_id`) VALUES ('kiszereles', '1000', 5068)

[2020-11-22 15:06:46] INSERT INTO webshop_gallery (`id`, `product_id`, `original_name`, `new_name`, `date`) VALUES (15344, 5069, 'megszünt - Nirvelplex hajkötés sokszorozó szerkezet javító szett - hejettesítő termék -olvassa el', '15344.jpg', 1606054006)

[2020-11-22 15:06:46] INSERT INTO webshop_products (`id`, `name_hun`, `name_eng`, `item_id`, `price`, `reduced_price`, `status`, `currency`, `content_short`, `content`, `details`, `date`, `default_pic`, `active`, `main`, `sort`, `category_id`, `root_category_id`, `seo_name`, `fullurl`, `websyx_id`, `quantity`, `other_categories`) VALUES ('5069', 'megszünt - Nirvelplex hajkötés sokszorozó szerkezet javító szett - hejettesítő termék -olvassa el', 'megszünt - Nirvelplex hajkötés sokszorozó szerkezet javító szett - hejettesítő termék -olvassa el', '0120-nnp-7437-18+30+30ml-kitt', 0, 0, 1, 'Ft', 'Hajkötés sokszorozó szett - helyettesítő terméke - Maxima Fibermax hajkötés sokszorozó hajkezelő csomag...', '<P style=\"TEXT-ALIGN: justify; MARGIN: 0cm 0cm 10pt\"><STRONG>Hajkötés sokszorozó szett - helyettesítő terméke - </STRONG>Maxima Fibermax hajkötés sokszorozó hajkezelő csomag 10+10ml&nbsp;</P>', '', 1606054006, '15344', '1', 0, 1, 265, '104', 'megszunt-nirvelplex-hajkotes-sokszorozo-szerkezet-javito-szett-hejettesito-termek-olvassa-el', 'fodraszkellek/hajkefe/keramia-korkefe/megszunt-nirvelplex-hajkotes-sokszorozo-szerkezet-javito-szett-hejettesito-termek-olvassa-el', '1818', 1, '')

[2020-11-22 15:06:46] INSERT INTO webshop_special_fields (`key`, `value`, `product_id`) VALUES ('manufacturer', 'Nirvel', 5069)

[2020-11-22 15:06:46] INSERT INTO webshop_special_fields (`key`, `value`, `product_id`) VALUES ('quantityunit', 'db', 5069)

[2020-11-22 15:06:46] INSERT INTO webshop_special_fields (`key`, `value`, `product_id`) VALUES ('kiszereles', '1', 5069)

[2020-11-22 15:06:46] INSERT INTO webshop_gallery (`id`, `product_id`, `original_name`, `new_name`, `date`) VALUES (15345, 5070, 'megszünt - KIN Cosmetics beíró örök naptár 15×27cm', '15345.jpg', 1606054006)

[2020-11-22 15:06:46] INSERT INTO webshop_products (`id`, `name_hun`, `name_eng`, `item_id`, `price`, `reduced_price`, `status`, `currency`, `content_short`, `content`, `details`, `date`, `default_pic`, `active`, `main`, `sort`, `category_id`, `root_category_id`, `seo_name`, `fullurl`, `websyx_id`, `quantity`, `other_categories`) VALUES ('5070', 'megszünt - KIN Cosmetics beíró örök naptár 15×27cm', 'megszünt - KIN Cosmetics beíró örök naptár 15×27cm', '0835-kcb300634-beiro', 0, 0, 1, 'Ft', 'Beíró öröknaptár, amely nincs évhez, hónaphoz, héthez kötve.&nbsp;A lapokat&nbsp;mi dátumozhatjuk be azokra a...', '<P style=\"TEXT-ALIGN: justify; MARGIN: 0cm 0cm 10pt\"><FONT face=Calibri>Beíró öröknaptár, amely nincs évhez, hónaphoz, héthez kötve.&nbsp;A lapokat&nbsp;mi dátumozhatjuk be azokra a napokra ahol valóban dolgozunk,&nbsp;így több éven keresztül is használható, több éves információt tárolhatunk benne.&nbsp;150db 2 oldalas &nbsp;lapból áll. A 300&nbsp; oldal&nbsp;mindegyikén 4 oszlop,&nbsp;oszloponként 21 beosztásra van felosztva.</FONT></P>', '', 1606054006, '15345', '1', 0, 1, 265, '104', 'megszunt-kin-cosmetics-beiro-orok-naptar-15-27cm', 'fodraszkellek/hajkefe/keramia-korkefe/megszunt-kin-cosmetics-beiro-orok-naptar-15-27cm', '1978', 1, '')

[2020-11-22 15:06:46] INSERT INTO webshop_special_fields (`key`, `value`, `product_id`) VALUES ('manufacturer', 'KIN Cosmetics', 5070)

[2020-11-22 15:06:46] INSERT INTO webshop_special_fields (`key`, `value`, `product_id`) VALUES ('quantityunit', 'db', 5070)

[2020-11-22 15:06:46] INSERT INTO webshop_special_fields (`key`, `value`, `product_id`) VALUES ('kiszereles', '1', 5070)

[2020-11-22 15:06:46] UPDATE webshop_products SET sort=1 WHERE id=3326

[2020-11-22 15:06:46] UPDATE webshop_products SET sort=2 WHERE id=5067

[2020-11-22 15:06:46] UPDATE webshop_products SET sort=3 WHERE id=5069

[2020-11-22 15:06:46] UPDATE webshop_products SET sort=4 WHERE id=5070

[2020-11-22 15:06:46] UPDATE webshop_products SET sort=5 WHERE id=5068

[2020-11-22 15:06:47] UPDATE users SET lastlogin = NOW() WHERE id = '11'

[2020-11-22 15:06:47] INSERT INTO webshop_gallery (`id`, `product_id`, `original_name`, `new_name`, `date`) VALUES (15346, 5071, 'megszünt - Libegő hajvágószék barna huzattal', '15346.jpg', 1606054007)

[2020-11-22 15:06:47] INSERT INTO webshop_products (`id`, `name_hun`, `name_eng`, `item_id`, `price`, `reduced_price`, `status`, `currency`, `content_short`, `content`, `details`, `date`, `default_pic`, `active`, `main`, `sort`, `category_id`, `root_category_id`, `seo_name`, `fullurl`, `websyx_id`, `quantity`, `other_categories`) VALUES ('5071', 'megszünt - Libegő hajvágószék barna huzattal', 'megszünt - Libegő hajvágószék barna huzattal', '1839-56306-242-iron+3160Ft szállítás', 0, 0, 1, 'Ft', 'Hajvágószék, fodrász szék. A fodrász bútorok&nbsp;elfordulás ellen rögzíthető erős hidraulikus...', '<P>Hajvágószék, fodrász szék. A fodrász bútorok&nbsp;elfordulás ellen rögzíthető erős hidraulikus emelővel,&nbsp;&nbsp;világos barna&nbsp;műbőrhuzattal, 150kg terhelhetőséggel rendelkeznek.&nbsp;&nbsp;- A fodrászszéket Németországi cégtől importáljuk, melynek minősége megfelel a Német elvárásoknak. A hajvágószék, fodrászszék ára a szállítási költséget&nbsp;nem tartalmazza!</P>
<P style=\"TEXT-ALIGN: justify\">Elfordulás ellen rögzíthető,&nbsp;fékezhető szék emelő, süllyesztő hidraulikával is rendelkezik.&nbsp;A rögzítéshez&nbsp;az emelő, süllyesztő kart nyomja meg felfelé!</P>
<P>* hajvágószék, fodrász szék teljes szélessége&nbsp;kb. 65cm</P>
<P>* hajvágószék, fodrász szék&nbsp;teljes hosszúsága&nbsp; kb. 65cm</P>
<P>* hajvágószék, fodrász szék&nbsp;ülőrész:&nbsp; szélesség kb. 49cm&nbsp; mélység 46cm</P>
<P>* hajvágószék, fodrász szék emelési ülő magasság kb. 47-61cm</P>
<P>* hajvágószék, fodrász szék&nbsp;legnagyobb magassága kb.&nbsp;87-101cm</P>
<P></P>', '', 1606054007, '15346', '1', 0, 1, 265, '104', 'megszunt-libego-hajvagoszek-barna-huzattal', 'fodraszkellek/hajkefe/keramia-korkefe/megszunt-libego-hajvagoszek-barna-huzattal', '105', 1, '')

[2020-11-22 15:06:47] INSERT INTO webshop_special_fields (`key`, `value`, `product_id`) VALUES ('manufacturer', 'Comair fodrászkellék', 5071)

[2020-11-22 15:06:47] INSERT INTO webshop_special_fields (`key`, `value`, `product_id`) VALUES ('quantityunit', 'db', 5071)

[2020-11-22 15:06:47] INSERT INTO webshop_special_fields (`key`, `value`, `product_id`) VALUES ('kiszereles', '1', 5071)

[2020-11-22 15:06:47] UPDATE webshop_gallery SET original_name='Gyerek emelő fodrász szék ülésbe Kid', date=1606054007 WHERE id=7872

[2020-11-22 15:06:47] UPDATE webshop_special_fields SET `value`='Egyéb fodrászkellék' WHERE `key`='manufacturer' AND `product_id`=4302

[2020-11-22 15:06:48] UPDATE webshop_special_fields SET `value`='db' WHERE `key`='quantityunit' AND `product_id`=4302

[2020-11-22 15:06:48] UPDATE webshop_special_fields SET `value`='1' WHERE `key`='kiszereles' AND `product_id`=4302

[2020-11-22 15:06:48] UPDATE webshop_products SET `name_hun`='Fodrász ülésmagasító gyerekeknek KID Premium',`content_short`='Gyerek emelő puff, fodrász székekbe,&nbsp;hajmosókba, és más egyéb&nbsp;ülésekbe, cipő elleni&nbsp;lelógó...',`content`='<P>Gyerek emelő puff, fodrász székekbe,&nbsp;hajmosókba, és más egyéb&nbsp;ülésekbe, cipő elleni&nbsp;lelógó ülésvédővel. A gyerek emelő szinte minden fodrász székbe, és más ülésekbe is elhelyezhető ideális méretének köszönhetően.</P>
<P>az ülésmagasító méretei: 30 x 40 x 16 cm; a lelógó cípővédő hossza kb. 29cm</P>', `item_id`='1739-cm-3070065-kid', `default_pic`='7872', `active`='1', `category_id`='86', `root_category_id`='0', `seo_name`='fodrasz-ulesmagasito-gyerekeknek-kid-premium', `fullurl`='fodraszbutor/fodrasz-ulesmagasito-gyerekeknek-kid-premium', `other_categories`='86,89,104,374' WHERE id=4302

[2020-11-22 15:06:48] INSERT INTO webshop_gallery (`id`, `product_id`, `original_name`, `new_name`, `date`) VALUES (15347, 5072, 'megszünt - Kinessences illatosító természetes ősi olajokkal pálcákkal', '15347.jpg', 1606054008)

[2020-11-22 15:06:48] INSERT INTO webshop_products (`id`, `name_hun`, `name_eng`, `item_id`, `price`, `reduced_price`, `status`, `currency`, `content_short`, `content`, `details`, `date`, `default_pic`, `active`, `main`, `sort`, `category_id`, `root_category_id`, `seo_name`, `fullurl`, `websyx_id`, `quantity`, `other_categories`) VALUES ('5072', 'megszünt - Kinessences illatosító természetes ősi olajokkal pálcákkal', 'megszünt - Kinessences illatosító természetes ősi olajokkal pálcákkal', '0834-kiness-300523-50ml', 0, 0, 1, 'Ft', 'Természetes, Organikus&nbsp;Olaj esszenciáiból készült illatosító...', '<P>Természetes, Organikus&nbsp;Olaj esszenciáiból készült illatosító pálcákkal.</P>
<P>50ml</P>', '', 1606054008, '15347', '1', 0, 1, 265, '104', 'megszunt-kinessences-illatosito-termeszetes-osi-olajokkal-palcakkal', 'fodraszkellek/hajkefe/keramia-korkefe/megszunt-kinessences-illatosito-termeszetes-osi-olajokkal-palcakkal', '268', 1, '')

[2020-11-22 15:06:48] INSERT INTO webshop_special_fields (`key`, `value`, `product_id`) VALUES ('manufacturer', 'KIN Cosmetics', 5072)

[2020-11-22 15:06:48] INSERT INTO webshop_special_fields (`key`, `value`, `product_id`) VALUES ('quantityunit', 'ml', 5072)

[2020-11-22 15:06:48] INSERT INTO webshop_special_fields (`key`, `value`, `product_id`) VALUES ('kiszereles', '50', 5072)

[2020-11-22 15:06:48] UPDATE webshop_gallery SET original_name='.Óriás Fodrásztáska szett 04348', date=1606054008 WHERE id=5061

[2020-11-22 15:06:48] UPDATE webshop_special_fields SET `value`='Euro fodrászkellék' WHERE `key`='manufacturer' AND `product_id`=3890

[2020-11-22 15:06:48] UPDATE webshop_special_fields SET `value`='db' WHERE `key`='quantityunit' AND `product_id`=3890

[2020-11-22 15:06:48] UPDATE webshop_special_fields SET `value`='1' WHERE `key`='kiszereles' AND `product_id`=3890

[2020-11-22 15:06:48] UPDATE webshop_products SET `name_hun`='.Óriás Fodrásztáska szett 04308',`content_short`='Fodrásztáska fekete színben. A&nbsp;3 fő rekeszből, és sok mellék rekeszből álló, gurulós&nbsp;kerekekkel,...',`content`='<P style=\"TEXT-ALIGN: justify; MARGIN: 0cm 0cm 10pt\"><FONT face=Calibri>Fodrásztáska fekete színben. A&nbsp;3 fő rekeszből, és sok mellék rekeszből álló, gurulós&nbsp;kerekekkel, kihúzható fogó füllel&nbsp;is rendelkező fodrászoknak, szépségiparban dolgozóknak készült táska, erős alumínium vázzal készült, és szinte minden célra használható. </FONT></P>
<P style=\"TEXT-ALIGN: justify; MARGIN: 0cm 0cm 10pt\"><FONT face=Calibri><U><STRONG>A&nbsp;fodrásztáska méretei centiméterben.</STRONG></U></FONT></P>
<P style=\"TEXT-ALIGN: justify; MARGIN: 0cm 0cm 10pt\"><FONT face=Calibri>·&nbsp;&nbsp;&nbsp;&nbsp;&nbsp;&nbsp;&nbsp;&nbsp; vastagsága: 24.5cm</FONT></P>
<P style=\"TEXT-ALIGN: justify; MARGIN: 0cm 0cm 10pt\"><FONT face=Calibri>·&nbsp;&nbsp;&nbsp;&nbsp;&nbsp;&nbsp;&nbsp;&nbsp; szélessége: 37,5cm</FONT></P>
<P style=\"TEXT-ALIGN: justify; MARGIN: 0cm 0cm 10pt\"><FONT face=Calibri>·&nbsp;&nbsp;&nbsp;&nbsp;&nbsp;&nbsp;&nbsp;&nbsp; foteljes magassága: 78cm</FONT></P>
<P style=\"TEXT-ALIGN: justify; MARGIN: 0cm 0cm 10pt\"><FONT face=Calibri>·&nbsp;&nbsp;&nbsp;&nbsp;&nbsp;&nbsp;&nbsp;&nbsp; súlya kb. 7kg</FONT></P>
<P style=\"TEXT-ALIGN: justify; MARGIN: 0cm 0cm 10pt\">·&nbsp;&nbsp;&nbsp;&nbsp;&nbsp;&nbsp;&nbsp;&nbsp; fogantyú teljes kihúzhatósága kb. 83cm</P>
<P style=\"TEXT-ALIGN: justify; MARGIN: 0cm 0cm 10pt\"><FONT face=Calibri>A fodrásztáskában az oldalakon körben&nbsp; gumi hurkos rögzítési lehetőség van kialakítva&nbsp;a fodrász eszközöknek, szerszámoknak.</FONT></P>
<P style=\"TEXT-ALIGN: justify; MARGIN: 0cm 0cm 10pt\"><FONT face=Calibri>A fodrásztáskák praktikus tárolók és szállítók, nem csak fodrász eszközök, de más termékek szállítására is.&nbsp; </FONT><FONT face=Calibri>Professzionális fodrászoknak készült fodrászcikk, fodrászkellék.</FONT></P>
<P style=\"TEXT-ALIGN: justify; MARGIN: 0cm 0cm 10pt\"><FONT face=Calibri>Fodrásztáska származási helye:&nbsp;EU </FONT></P>
<P style=\"TEXT-ALIGN: justify; MARGIN: 0cm 0cm 10pt\"><FONT face=Calibri>Ajándékozáshoz is használhatjuk a&nbsp;szép kivitelezésű fodrásztáskákat.</FONT></P>', `item_id`='3134-es-04308', `default_pic`='5061', `active`='1', `category_id`='104', `root_category_id`='0', `seo_name`='orias-fodrasztaska-szett-04308', `fullurl`='fodraszkellek/orias-fodrasztaska-szett-04308', `other_categories`='104,105' WHERE id=3890

[2020-11-22 15:06:48] INSERT INTO webshop_gallery (`id`, `product_id`, `original_name`, `new_name`, `date`) VALUES (15348, 4912, 'Babafej tartó állvány', '15348.jpg', 1606054008)

[2020-11-22 15:06:48] UPDATE webshop_special_fields SET `value`='Comair fodrászkellék' WHERE `key`='manufacturer' AND `product_id`=4912

[2020-11-22 15:06:48] UPDATE webshop_special_fields SET `value`='db' WHERE `key`='quantityunit' AND `product_id`=4912

[2020-11-22 15:06:48] UPDATE webshop_special_fields SET `value`='1' WHERE `key`='kiszereles' AND `product_id`=4912

[2020-11-22 15:06:48] UPDATE webshop_products SET `name_hun`='Babafej tartó állvány',`content_short`='Babafej tartó állvány Alumíniumból. Profi&nbsp;háromlábú gyakorló babafejtartó, állítható magassággal,...',`content`='<P>Babafej tartó állvány Alumíniumból. Profi&nbsp;háromlábú gyakorló babafejtartó, állítható magassággal, dönthető fejtartóval, teljesen összecsukható kivitelben,&nbsp;tasakkal. Maximális magassága 1,3 m.</P>', `item_id`='1734-cbf-3010057', `default_pic`='15348', `active`='1', `category_id`='108', `root_category_id`='104', `seo_name`='babafej-tarto-allvany', `fullurl`='fodraszkellek/fodrasz-babafej-es-egyeb-fodraszkellek/babafej-tarto-allvany', `other_categories`='108' WHERE id=4912

[2020-11-22 15:06:48] UPDATE webshop_products SET sort=1 WHERE id=3326

[2020-11-22 15:06:48] UPDATE webshop_products SET sort=2 WHERE id=5072

[2020-11-22 15:06:48] UPDATE webshop_products SET sort=3 WHERE id=5071

[2020-11-22 15:06:50] UPDATE users SET lastlogin = NOW() WHERE id = '11'

[2020-11-22 15:06:50] INSERT INTO webshop_gallery (`id`, `product_id`, `original_name`, `new_name`, `date`) VALUES (15349, 5073, 'Ülésmagasító fodrász és egyéb székbe gyerekeknek Extra04506', '15349.jpg', 1606054010)

[2020-11-22 15:06:50] INSERT INTO webshop_products (`id`, `name_hun`, `name_eng`, `item_id`, `price`, `reduced_price`, `status`, `currency`, `content_short`, `content`, `details`, `date`, `default_pic`, `active`, `main`, `sort`, `category_id`, `root_category_id`, `seo_name`, `fullurl`, `websyx_id`, `quantity`, `other_categories`) VALUES ('5073', 'Ülésmagasító fodrász és egyéb székbe gyerekeknek Extra04506', 'Ülésmagasító fodrász és egyéb székbe gyerekeknek Extra04506', '3139-es-04506/50', 0, 0, 1, 'Ft', 'Ülésmagasító gyerekeknek, fodrász székbe, porcelántálas fejmosókhoz és egyéb székekhez. Könnyen kezelhető...', '<P style=\"MARGIN: 0cm 0cm 10pt\"><FONT face=Calibri>Ülésmagasító gyerekeknek, fodrász székbe, porcelántálas fejmosókhoz és egyéb székekhez. </FONT><FONT face=Calibri>Könnyen kezelhető műbőrborítású ülésmagasító gyerekek megemeléséhez. - Fodrász kiszolgáló székhez és bármilyen más székhez is alkalmazható, a lenti méretek figyelembevételével.</FONT></P>
<P style=\"MARGIN: 0cm 0cm 10pt\"><FONT face=Calibri>Szélesség: 50cm<BR>Mélység: 30cm<BR>Magasság: 16cm<BR>A cipő védőburkolat hossza: 33cm ( a fekete lehajtható anyag hossza )<BR>Súly: kb. 2,2 kg</FONT></P>', '', 1606054010, '15349', '1', 0, 1, 90, '86', 'ulesmagasito-fodrasz-es-egyeb-szekbe-gyerekeknek-extra04506', 'fodraszbutor/fodrasz-butorok/ulesmagasito-fodrasz-es-egyeb-szekbe-gyerekeknek-extra04506', '2403', 1, '90,220,222,303,340,341,359,374')

[2020-11-22 15:06:50] INSERT INTO webshop_special_fields (`key`, `value`, `product_id`) VALUES ('manufacturer', 'Euro fodrászkellék', 5073)

[2020-11-22 15:06:50] INSERT INTO webshop_special_fields (`key`, `value`, `product_id`) VALUES ('quantityunit', 'db', 5073)

[2020-11-22 15:06:50] INSERT INTO webshop_special_fields (`key`, `value`, `product_id`) VALUES ('kiszereles', '1', 5073)

[2020-11-22 15:06:50] INSERT INTO webshop_gallery (`id`, `product_id`, `original_name`, `new_name`, `date`) VALUES (15350, 5074, 'megszünt - Nirvel-Blond-U szőke hajfesték és tartós hajszínező színskála', '15350.jpg', 1606054010)

[2020-11-22 15:06:50] INSERT INTO webshop_products (`id`, `name_hun`, `name_eng`, `item_id`, `price`, `reduced_price`, `status`, `currency`, `content_short`, `content`, `details`, `date`, `default_pic`, `active`, `main`, `sort`, `category_id`, `root_category_id`, `seo_name`, `fullurl`, `websyx_id`, `quantity`, `other_categories`) VALUES ('5074', 'megszünt - Nirvel-Blond-U szőke hajfesték és tartós hajszínező színskála', 'megszünt - Nirvel-Blond-U szőke hajfesték és tartós hajszínező színskála', '0123-nartx-bu-5202-blondu', 0, 0, 1, 'Ft', '
Szőke hajfesték és tartós hajszínező asztali, hirdető, kínáló hajszínskála. A 24×30cm méretű asztali...', '<FONT face=Calibri>
<P style=\"TEXT-ALIGN: justify\"><FONT face=\"Times New Roman\">Szőke hajfesték és tartós hajszínező asztali, hirdető, kínáló hajszínskála. A 24×30cm méretű asztali hajszínskála állítva középen kettényitható, így stabilan elhelyezhető minden vízszintes felületen. Egyik oldalán a hajfestékek, a másikon a hajszínezők színei találhatók.</FONT></P>
<P style=\"TEXT-ALIGN: justify; MARGIN: 0cm 0cm 10pt\">Bizonyos mennyiségű Nirvel Blond U ultravilágos szőke hajfesték és tartós hajszínező vásárlása esetén tincses hajfesték színskálát kérhet ajándékba. A pontos darabszámot a hajfesték oldalán találja! Ha szükséges hívja ügyfélszolgálatunkat, vagy kérje a -Kosár &nbsp;&ndash; Megrendelés &ndash; Megjegyzés - ablakba beírva!</P>
<P style=\"TEXT-ALIGN: justify\"><FONT face=\"Times New Roman\">Itt csak a hajszínskálát tudja megrendelni, a hajfestéket a - Hajfesték - menüpontnál találja!</FONT></P>
<P style=\"TEXT-ALIGN: justify\"><FONT face=\"Times New Roman\">A fényképes hajszínek, azok jól nagyítható hajszínskála képei, Magyar nyelvű elnevezései, a webáruházban minden hajfestékhez megtalálhatók! Ezek, a hajfestéknél, a -&nbsp;Hajfesték színek - vagy&nbsp; - Hajszínek - elnevezésű fülnél -, vagy a&nbsp;&nbsp;hajfesték oldalán, a termékleírásban, vagy az ott elhelyezett egyéb erre utaló információknál találhatók!&nbsp;A hajfesték színskála&nbsp;képei&nbsp;rendkívül jól nagyíthatók, a hajszínek lehető legjobb beazonosításának céljából.</FONT></P>
<P style=\"TEXT-ALIGN: justify\"><FONT face=\"Times New Roman\">A Nirvel Blond U hajfestékekben és tartós hajszínezőkben a gyógynövények biztosítják a festett haj természetes fényét,a mikrokristályok az ősz hajszálak optimális fedését és a hajfesték színek tartósságát a hajon.</FONT></P>
<P>&nbsp;</FONT></P>', '', 1606054010, '15350', '1', 0, 1, 265, '104', 'megszunt-nirvel-blond-u-szoke-hajfestek-es-tartos-hajszinezo-szinskala', 'fodraszkellek/hajkefe/keramia-korkefe/megszunt-nirvel-blond-u-szoke-hajfestek-es-tartos-hajszinezo-szinskala', '2490', 1, '')

[2020-11-22 15:06:50] INSERT INTO webshop_special_fields (`key`, `value`, `product_id`) VALUES ('manufacturer', 'Nirvel', 5074)

[2020-11-22 15:06:50] INSERT INTO webshop_special_fields (`key`, `value`, `product_id`) VALUES ('quantityunit', 'db', 5074)

[2020-11-22 15:06:50] INSERT INTO webshop_special_fields (`key`, `value`, `product_id`) VALUES ('kiszereles', '1', 5074)

[2020-11-22 15:06:50] INSERT INTO webshop_gallery (`id`, `product_id`, `original_name`, `new_name`, `date`) VALUES (15351, 5075, 'KIN Haute Dry Száraz sampon és volumennövelő spray', '15351.jpg', 1606054010)

[2020-11-22 15:06:50] INSERT INTO webshop_products (`id`, `name_hun`, `name_eng`, `item_id`, `price`, `reduced_price`, `status`, `currency`, `content_short`, `content`, `details`, `date`, `default_pic`, `active`, `main`, `sort`, `category_id`, `root_category_id`, `seo_name`, `fullurl`, `websyx_id`, `quantity`, `other_categories`) VALUES ('5075', 'KIN Haute Dry Száraz sampon és volumennövelő spray', 'KIN Haute Dry Száraz sampon és volumennövelő spray', '0818-kds-520088-300ml', 0, 0, 1, 'Ft', '
Száraz sampon és volumennövelő hajtógázos spray. Paraben és szilikon mentes matt hatású száraz hajra...', '<FONT face=Calibri>
<P style=\"TEXT-ALIGN: justify; MARGIN: 0cm 0cm 10pt\">Száraz sampon és volumennövelő hajtógázos spray. Paraben és szilikon mentes matt hatású száraz hajra felvihető sampon spray, mely tisztítja és felfrissíti a hajat víz nélkül, és volument, tartást ad a hajnak.&nbsp;A száraz samponnal hajmosás nélkül is tökéletes állapotba hozható a haj, bár hol is vagyunk. Bulira, rendezvényekre nyári túrákon, kirándulásokon ahol nincs víz, vagy téli túrákon ahol nem szívesen vizezzük be a hajat, készült hajápoló!</P>
<P style=\"TEXT-ALIGN: justify; MARGIN: 0cm 0cm 10pt\">300ml - A KIN száraz samponok használata nem hagy nyomot a hajban. Néhány fújás, és felszívja a felesleges olajat és zsírt a hajról és a fejbőrről, semlegesíti a zsírosodó haj kellemetlen szagát. A haj egészségesen fénylő, újra friss és könnyed lesz. Megemeli a hajtövet, textúrálja a hajat segíti a könnyebb hajformázást. Testességet, tömeget ad a hajnak, hogy egy laza ütős volumenű hajstílust kapjunk.</P>
<P style=\"TEXT-ALIGN: justify; MARGIN: 0cm 0cm 10pt\">Rohanó korunkhoz alkalmazkodó&nbsp;modern hajápoló,&nbsp;mivel használatával, víz nélkül is tökéletes állapotba hozható a haj. </P>
<P style=\"TEXT-ALIGN: justify; MARGIN: 0cm 0cm 10pt\">Spray kivitelű, ezért könnyű, és pontosan irányítható a felvitele. Volumennövelő hatású ezért használata után a frizura dúsabb, testesebb formát ölt.</P>
<P style=\"TEXT-ALIGN: justify; MARGIN: 0cm 0cm 10pt\">Bárhol használhatjuk, rendezvényeken, nyári túrákon, kirándulásokon ahol nincs víz, vagy téli túrákon ahol nem szívesen vizezzük be a hajat.</P>
<P style=\"TEXT-ALIGN: justify; MARGIN: 0cm 0cm 10pt\">Kellemes, friss érzést biztosít, és jó illatú. Nem hagy maradványokat a hajban. A haj tiszta, fényes és dús hatást kap.</P>
<P style=\"TEXT-ALIGN: justify; MARGIN: 0cm 0cm 10pt\">A száraz sampont minden nap használhatja, dúsít, texturál, mattít, nem nehezíti el a hajat ezért különösen alkalmas kihívó, feltűnő hajstílushoz, rendetlen, kócos copfokhoz, szexi, zilált bobokhoz.</P>
<P style=\"TEXT-ALIGN: justify; MARGIN: 0cm 0cm 10pt\">Száraz sampon használata.</P>
<P style=\"TEXT-ALIGN: justify; MARGIN: 0cm 0cm 10pt\">Figyelem! Hajtó gázos termék! Rázza fel jól! Használat előtt addig rázza a flakont, amíg meg nem hallod a kis golyót mozogni a flakonban. Fújja a hajra 15-20 cm távolságból, először a a hajtövekre, majd a haj további részeire. A kifújt sampon fehér színű!&nbsp; Addig fésülje, dolgozza be a kezével, masszírozza a hajba, amíg a fehérszín el nem tűnik!&nbsp;Várjon pár percet, majd fésülje át ismét!</P>
<P style=\"TEXT-ALIGN: justify; MARGIN: 0cm 0cm 10pt\">Száraz sampon összetevők:</P>
<P style=\"TEXT-ALIGN: justify; MARGIN: 0cm 0cm 10pt\">Hidrofób kukoricakeményítő: felszívja az olajokat, zsírt a hajból, hatékony tisztító hatású, kellemetlen fehér lisztes hatás nélkül, hosszasan fenntartja a frissesség érzését </P>
<P style=\"TEXT-ALIGN: justify; MARGIN: 0cm 0cm 10pt\">Hidrolizált keratin: keratin a haj legfontosabb alkotóeleme </P>
<P style=\"TEXT-ALIGN: justify; MARGIN: 0cm 0cm 10pt\">Argán olaj: értékes olaj, gyakran használják hajápolásban, fényesít és puhít</FONT></P>', '', 1606054010, '15351', '1', 0, 1, 131, '0', 'kin-haute-dry-szaraz-sampon-es-volumennovelo-spray', 'hajapolas/kin-haute-dry-szaraz-sampon-es-volumennovelo-spray', '2565', 1, '131,168,222,225,231,233,346')

[2020-11-22 15:06:50] INSERT INTO webshop_special_fields (`key`, `value`, `product_id`) VALUES ('manufacturer', 'KIN Cosmetics', 5075)

[2020-11-22 15:06:50] INSERT INTO webshop_special_fields (`key`, `value`, `product_id`) VALUES ('quantityunit', 'ml', 5075)

[2020-11-22 15:06:50] INSERT INTO webshop_special_fields (`key`, `value`, `product_id`) VALUES ('kiszereles', '300', 5075)

[2020-11-22 15:06:50] INSERT INTO webshop_products (`id`, `name_hun`, `name_eng`, `item_id`, `price`, `reduced_price`, `status`, `currency`, `content_short`, `content`, `details`, `date`, `default_pic`, `active`, `main`, `sort`, `category_id`, `root_category_id`, `seo_name`, `fullurl`, `websyx_id`, `quantity`, `other_categories`) VALUES ('5076', 'megszünt - Fodrász beterítő hajvágó kendő 0003', 'megszünt - Fodrász beterítő hajvágó kendő 0003', '0732-0003-kígyóbőrmintás', 0, 0, 1, 'Ft', 'Fodrász Hajvágó kendő, beterítő kendő, mintás légáteresztő, és hajlepergetős anyagból,&nbsp;kapcsos nyak...', '<P style=\"TEXT-ALIGN: justify\">Fodrász Hajvágó kendő, beterítő kendő, mintás légáteresztő, és hajlepergetős anyagból,&nbsp;kapcsos nyak kiképzéssel.</P>
<P style=\"MARGIN: 0cm 0cm 10pt; LINE-HEIGHT: normal; mso-margin-top-alt: auto; mso-margin-bottom-alt: auto\"><FONT face=Calibri><B><U>Fodrászati hajvágó és beterítő kendő adatai:</U></B></FONT></P>
<UL type=disc>
<LI style=\"MARGIN: 0cm 0cm 10pt; LINE-HEIGHT: normal; mso-margin-top-alt: auto; mso-margin-bottom-alt: auto; mso-list: l0 level1 lfo1; tab-stops: list 36.0pt\"><FONT face=Calibri>selymes tapintású fodrászkellék </FONT>
<LI style=\"MARGIN: 0cm 0cm 10pt; LINE-HEIGHT: normal; mso-margin-top-alt: auto; mso-margin-bottom-alt: auto; mso-list: l0 level1 lfo1; tab-stops: list 36.0pt\"><FONT face=Calibri>a hajvágó kendő mérete: 105×140cm </FONT>
<LI style=\"MARGIN: 0cm 0cm 10pt; LINE-HEIGHT: normal; mso-margin-top-alt: auto; mso-margin-bottom-alt: auto; mso-list: l0 level1 lfo1; tab-stops: list 36.0pt\"><FONT face=Calibri>nyak rögzítés: kapcsos </FONT>
<LI style=\"MARGIN: 0cm 0cm 10pt; LINE-HEIGHT: normal; mso-margin-top-alt: auto; mso-margin-bottom-alt: auto; mso-list: l0 level1 lfo1; tab-stops: list 36.0pt\"><FONT face=Calibri>anyag: poliészter </FONT>
<LI style=\"MARGIN: 0cm 0cm 10pt; LINE-HEIGHT: normal; mso-margin-top-alt: auto; mso-margin-bottom-alt: auto; mso-list: l0 level1 lfo1; tab-stops: list 36.0pt\"><FONT face=Calibri>tisztítás: mosás max. 40˚C vízben </FONT>
<LI style=\"MARGIN: 0cm 0cm 10pt; LINE-HEIGHT: normal; mso-margin-top-alt: auto; mso-margin-bottom-alt: auto; mso-list: l0 level1 lfo1; tab-stops: list 36.0pt\"><FONT face=Calibri>vasalás:&nbsp;alacsony hőfokon&nbsp;vasalható</FONT></LI></UL>
<P style=\"MARGIN: 0cm 0cm 10pt; LINE-HEIGHT: normal; mso-margin-top-alt: auto; mso-margin-bottom-alt: auto; tab-stops: list 36.0pt\"><FONT face=Calibri>A hajvágó - beterítő kendő&nbsp;légáteresztő, és hajlepergetős anyagból készült.</FONT></P>', '', 1606054010, '0', '1', 0, 1, 265, '104', 'megszunt-fodrasz-beterito-hajvago-kendo-0003', 'fodraszkellek/hajkefe/keramia-korkefe/megszunt-fodrasz-beterito-hajvago-kendo-0003', '2625', 1, '')

[2020-11-22 15:06:50] INSERT INTO webshop_special_fields (`key`, `value`, `product_id`) VALUES ('manufacturer', 'Egyéb fodrászkellék', 5076)

[2020-11-22 15:06:50] INSERT INTO webshop_special_fields (`key`, `value`, `product_id`) VALUES ('quantityunit', 'db', 5076)

[2020-11-22 15:06:50] INSERT INTO webshop_special_fields (`key`, `value`, `product_id`) VALUES ('kiszereles', '1', 5076)

[2020-11-22 15:06:50] UPDATE webshop_gallery SET original_name='Nirvel Barber férfi szépségápoló csomag erős Barber szakállvágó géppel', date=1606054010 WHERE id=1448

[2020-11-22 15:06:50] UPDATE webshop_special_fields SET `value`='Nirvel' WHERE `key`='manufacturer' AND `product_id`=3165

[2020-11-22 15:06:50] UPDATE webshop_special_fields SET `value`='db' WHERE `key`='quantityunit' AND `product_id`=3165

[2020-11-22 15:06:50] UPDATE webshop_special_fields SET `value`='1' WHERE `key`='kiszereles' AND `product_id`=3165

[2020-11-22 15:06:50] UPDATE webshop_products SET `name_hun`='Nirvel Barber férfi szépségápoló csomag erős Barber szakállvágó géppel',`content_short`='Férfi szépségápoló csomag Ajándék,&nbsp;nagyon erős, Barber Bull vezetékes&nbsp;barber professzionális...',`content`='<P style=\"TEXT-ALIGN: justify\">Férfi szépségápoló csomag <STRONG>Ajándék,&nbsp;nagyon erős, Barber Bull vezetékes&nbsp;barber professzionális szakállvágó</STRONG> géppel! - A Nirvel Barber professzionális termékcsalád, egy friss és izgalmas férfi illattal, a férfi szépségápoláshoz készült, a fodrászatokba, és otthoni használatra.&nbsp; Férfi haj és szakáll ápoló sampon, borotva krém szalon és otthoni kiszerelésben, borotválkozás utáni balzsam, haj és szakáll wax alkotja a Barber termékcsaládot. A termékekben az Argan olaj, és Jojoba ápoló tulajdonságit használjuk a bőr, és a haj és arcszőrzet ápolására.</P>
<P style=\"TEXT-ALIGN: justify\"><B><U>A férfi haj, szakáll, bajusz, borotválkozó&nbsp;és arc ápoló csomag egy összeállított csomag, a termékek nincsenek egy dobozba csomagolva és a következő termékeket tartalmazza.</U></B></P>
<P style=\"TEXT-ALIGN: justify; MARGIN: 0cm 0cm 10pt\"><FONT face=Calibri>1db Nirvel Barber 30×22cm asztali, vagy fali&nbsp;poszter, a következő 7db termék, és egy, a készlettől függően változható típusú,&nbsp; Nirvel&nbsp; vagy Hairway gyártmányú professzionális a szakállvágó gép.</FONT></P>
<P style=\"TEXT-ALIGN: justify; MARGIN: 0cm 0cm 10pt\">&hellip;&hellip;&hellip;&hellip;&hellip;&hellip;&hellip;&hellip;&hellip;.</P>
<P style=\"TEXT-ALIGN: justify\">Nirvel Barber férfi haj sampon</P>
<P style=\"TEXT-ALIGN: justify\">250ml - Férfi illatú élénkítő sampon mindennapi használatra, mely&nbsp;a férfi haj sajátosságainak és illatvilágának megfelelően készült. A sampon használata felfrissíti és hidratálja mind a hajat, mind a bőrt, életet és fényt ad a hajnak.&nbsp; A férfi hajra készült sampont &nbsp;naponta is használhatja, kellemes érzetet biztosít, élénkíti a hajat és a fejbőrt.</P>
<P style=\"TEXT-ALIGN: justify\">A Nirvel Barber professzionális termékcsalád, egy friss és izgalmas férfi illattal, a férfi szépségápoláshoz készült, a fodrászatokba, és otthoni használatra.&nbsp; Férfi haj és szakáll ápoló haj sampon, borotva krém szalon és otthoni kiszerelésben, borotválkozás utáni balzsam, haj, bajusz és szakáll wax alkotja a termékcsaládot. A termékekben az Argan olaj, és Jojoba ápoló tulajdonságit használjuk a bőr, és a haj és arcszőrzet ápolására.</P>
<P style=\"TEXT-ALIGN: justify\"><STRONG><U>Férfi haj sampon használata</U></STRONG><U>:</U></P>
<P style=\"TEXT-ALIGN: justify\">Vigye fel a férfi haj sampont hajra és a bőrre, habosítsa fel, majd alaposan öblítse le, majd ismételje meg.</P>
<P style=\"TEXT-ALIGN: justify; MARGIN: 0cm 0cm 10pt\"><STRONG>Professzionális célra készült fodrászcikk, fodrászkellék!</STRONG></P>
<P style=\"TEXT-ALIGN: justify\">&hellip;&hellip;&hellip;&hellip;&hellip;&hellip;&hellip;</P>
<P style=\"TEXT-ALIGN: justify\">Nirvel Barber férfi hajbalzsam</P>
<P style=\"TEXT-ALIGN: justify\">150ml &ndash; Hajbalzsam, kondicionáló férfi hajra és szakállra. A férfi illatú kondícionáló, a férfi haj és szakáll sajátosságainak és illatvilágának megfelelően készült, mindennapi használatra. A kondícionálló használata felfrissíti és hidratálja mind a hajat, mind a szakáll szőrzetét. Hidratáltságot, életet és fényt ad a hajnak és a szakáll szőrzetének egyaránt.</P>
<P style=\"TEXT-ALIGN: justify\">Mind a haj, és a szakáll szőrzete is sima, könnyen kezelhetővé, fésülhetővé válik a férfi hajbalzsam használata után.&nbsp;</P>
<P style=\"TEXT-ALIGN: justify\">A szakáll ápolásánál mosás nélkül is használhatja a balzsamot. Vigye fel a szakállra, fésülje bele egy alkalmas fésűvel, hagyja pár percig hatni, majd jól öblítse ki a szakállból.</P>
<P style=\"TEXT-ALIGN: justify\">A haj és szakáll balzsam dúsítja, puhítja és fényesíti a hajat és a szakáll szőrzetet.</P>
<P style=\"TEXT-ALIGN: justify\">A Nirvel Barber professzionális termékcsalád, egy friss és izgalmas férfi illattal, a férfi szépségápoláshoz készült, a fodrászatokba, és otthoni használatra.&nbsp; Férfi haj és szakáll ápoló sampon, borotva krém szalon és otthoni kiszerelésben, borotválkozás utáni balzsam, haj, bajusz és szakáll wax alkotja a termékcsaládot. A termékekben az Argan olaj, és Jojoba ápoló tulajdonságit használjuk a bőr, és a haj és arcszőrzet ápolására.</P>
<P style=\"TEXT-ALIGN: justify\"><STRONG><U>A haj és szakáll balzsam használata:</U></STRONG></P>
<P style=\"TEXT-ALIGN: justify\">Mossa meg a hajat és a szakállat a férfi hajra való samponnal. Vigye fel a kondicionáló balzsamot a megmosott hajra és szakállra, fésülje át, majd 3 perc múlva alaposan öblítse le.</P>
<P style=\"TEXT-ALIGN: justify\">A szakáll ápolásánál mosás nélkül is használhatja a balzsamot. Vigye fel a szakállra, fésülje bele egy alkalmas fésűvel, hagyja pár percig hatni, majd jól öblítse ki a szakállból.</P>
<P style=\"TEXT-ALIGN: justify; MARGIN: 0cm 0cm 10pt\"><STRONG>Professzionális célra készült fodrászcikk, fodrászkellék!</STRONG></P>
<P style=\"TEXT-ALIGN: justify; MARGIN: 0cm 0cm 10pt\"><STRONG>&hellip;&hellip;&hellip;&hellip;&hellip;&hellip;&hellip;&hellip;&hellip;..</STRONG></P>
<P style=\"TEXT-ALIGN: justify\">Nirvel Barber férfi szakáll balzsam</P>
<P style=\"TEXT-ALIGN: justify\">150ml &ndash; Hajbalzsam, kondicionáló férfi hajra és szakállra. A férfi illatú kondícionáló, a férfi haj és szakáll sajátosságainak és illatvilágának megfelelően készült, mindennapi használatra. A kondícionálló használata felfrissíti és hidratálja mind a hajat, mind a szakáll szőrzetét. Hidratáltságot, életet és fényt ad a hajnak és a szakáll szőrzetének egyaránt.</P>
<P style=\"TEXT-ALIGN: justify\">Mind a haj, és a szakáll szőrzete is sima, könnyen kezelhetővé, fésülhetővé válik a férfi hajbalzsam használata után.&nbsp;</P>
<P style=\"TEXT-ALIGN: justify\">A szakáll ápolásánál mosás nélkül is használhatja a balzsamot. Vigye fel a szakállra, fésülje bele egy alkalmas fésűvel, hagyja pár percig hatni, majd jól öblítse ki a szakállból.</P>
<P style=\"TEXT-ALIGN: justify\">A haj és szakáll balzsam dúsítja, puhítja és fényesíti a hajat és a szakáll szőrzetet.</P>
<P style=\"TEXT-ALIGN: justify\">A Nirvel Barber professzionális termékcsalád, egy friss és izgalmas férfi illattal, a férfi szépségápoláshoz készült, a fodrászatokba, és otthoni használatra.&nbsp; Férfi haj és szakáll ápoló sampon, borotva krém szalon és otthoni kiszerelésben, borotválkozás utáni balzsam, haj, bajusz és szakáll wax alkotja a termékcsaládot. A termékekben az Argan olaj, és Jojoba ápoló tulajdonságit használjuk a bőr, és a haj és arcszőrzet ápolására.</P>
<P style=\"TEXT-ALIGN: justify\"><STRONG><U>A haj és szakáll balzsam használata:</U></STRONG></P>
<P style=\"TEXT-ALIGN: justify\">Mossa meg a hajat és a szakállat a férfi hajra való samponnal. Vigye fel a kondicionáló balzsamot a megmosott hajra és szakállra, fésülje át, majd 3 perc múlva alaposan öblítse le.</P>
<P style=\"TEXT-ALIGN: justify\">A szakáll ápolásánál mosás nélkül is használhatja a balzsamot. Vigye fel a szakállra, fésülje bele egy alkalmas fésűvel, hagyja pár percig hatni, majd jól öblítse ki a szakállból.</P>
<P style=\"TEXT-ALIGN: justify; MARGIN: 0cm 0cm 10pt\"><STRONG>Professzionális célra készült fodrászcikk, fodrászkellék!</STRONG></P>
<P style=\"TEXT-ALIGN: justify; MARGIN: 0cm 0cm 10pt\"><STRONG>&nbsp;</STRONG></P>
<P style=\"TEXT-ALIGN: justify; MARGIN: 0cm 0cm 10pt\"><STRONG>&hellip;&hellip;&hellip;&hellip;&hellip;&hellip;&hellip;&hellip;&hellip;.</STRONG></P>
<P style=\"TEXT-ALIGN: justify; MARGIN: 0cm 0cm 10pt\">Nirvel Barber bajusz és szakáll wax</P>
<P style=\"TEXT-ALIGN: justify\">50ml &ndash; Férfi bajusz és szakáll wax. A modern férfi szépségápoláshoz hozzátartozik a bajusz és szakáll ápolása, formázása is. A Nirvel Barbar wax bajuszra és szakállra készült. A férfi illatú hajápoló, a férfi haj és szakáll sajátosságait és illatvilágát figyelembe véve készült, mindennapi használatra. </P>
<P style=\"TEXT-ALIGN: justify\">A Nirvel Barber professzionális termékcsalád, egy friss és izgalmas férfi illattal, a férfi szépségápoláshoz készült, a fodrászatokba, és otthoni használatra.&nbsp; Férfi haj és szakáll ápoló sampon, borotva krém szalon és otthoni kiszerelésben, borotválkozás utáni balzsam, haj, bajusz és szakáll wax alkotja a termékcsaládot. A termékekben az Argan olaj, és Jojoba ápoló tulajdonságit használjuk a bőr, és a haj és arcszőrzet ápolására.</P>
<P style=\"MARGIN: 0cm 0cm 10pt\"><STRONG><U>Bajusz és szakáll wax használata:</U></STRONG></P>
<P style=\"MARGIN: 0cm 0cm 10pt\"><FONT face=Calibri>Dörzsölje be az újait a bajusz és szakáll waxal, majd vigye fel a szőrzetre. &nbsp;Ha szükséges fésülje bele! A felvitt mennyiség növelésével növelheti a bajusz tartását, és a bajusz fényét.</FONT></P>
<P style=\"TEXT-ALIGN: justify; MARGIN: 0cm 0cm 10pt\"><STRONG>Professzionális célra készült fodrászcikk, fodrászkellék!</STRONG></P>
<P style=\"TEXT-ALIGN: justify; MARGIN: 0cm 0cm 10pt\"><STRONG>&hellip;&hellip;&hellip;&hellip;&hellip;&hellip;&hellip;</STRONG></P>
<P style=\"MARGIN: 0cm 0cm 10pt\"><FONT face=Calibri>Nirvel Barber borotva krém gél</FONT></P>
<P style=\"TEXT-ALIGN: justify; MARGIN: 0cm 0cm 10pt\"><FONT face=Calibri>100ml &ndash; A férfi illatú borotva krém gél az olajok magas koncentrációjának köszönhetően rendkívül bársonyos, kímélő, és átlátszó, ezáltal a még a nagyon érzékeny bőrrel rendelkezőknek is kellemesé teszi a borotválkozást. </FONT></P>
<P style=\"TEXT-ALIGN: justify; MARGIN: 0cm 0cm 10pt\"><FONT face=Calibri>A borotva krém gél használata érzékeny bőrüeknek is ajánlott!</FONT></P>
<P style=\"MARGIN: 0cm 0cm 10pt\"><FONT face=Calibri>A borotva krém gél olajos anyaga átlátszó, &nbsp;ez lehetővé teszi, hogy a borotválkozó jól lássa a borotválni kívánt bőrfelületet. Köszönhetően az argánolaj és jojoba olaj tulajdonságainak, rendkívüli módon hidratálja és puhítja a bőrt.</FONT></P>
<P style=\"TEXT-ALIGN: justify\">A Nirvel Barber professzionális termékcsalád, egy friss és izgalmas férfi illattal, a férfi szépségápoláshoz készült, a fodrászatokba, és otthoni használatra.&nbsp; Férfi haj és szakáll ápoló sampon, borotva krém szalon és otthoni kiszerelésben, borotválkozás utáni balzsam, haj, bajusz és szakáll wax alkotja a termékcsaládot. A termékekben az Argan olaj, és Jojoba ápoló tulajdonságit használjuk a bőr, és a haj és arcszőrzet ápolására.</P>
<P style=\"TEXT-ALIGN: justify\"><B style=\"mso-bidi-font-weight: normal\"><U>A borotva krém gél használata:</U></B></P>
<P style=\"MARGIN: 0cm 0cm 10pt\"><FONT face=Calibri>Vigye fel a bőrre a &nbsp;borotva krém gélt, majd pár perc múlva végezze el a borotválkozást. A borotválás befejezése után mossa le az arcbőrt, és használja a &nbsp;borotválkozás utáni bőrnyugtató gélt.</FONT></P>
<P style=\"TEXT-ALIGN: justify; MARGIN: 0cm 0cm 10pt\"><STRONG>Professzionális célra készült fodrászcikk, fodrászkellék!</STRONG></P>
<P style=\"MARGIN: 0cm 0cm 10pt\"><FONT face=Calibri>&nbsp;</FONT></P>
<P style=\"MARGIN: 0cm 0cm 10pt\"><FONT face=Calibri>&hellip;&hellip;&hellip;&hellip;&hellip;&hellip;&hellip;&hellip;&hellip;&hellip;&hellip;&hellip;&hellip;&hellip;</FONT></P>
<P style=\"MARGIN: 0cm 0cm 10pt\"><FONT face=Calibri>Nirvel Barber borotva krém </FONT></P>
<P style=\"TEXT-ALIGN: justify; MARGIN: 0cm 0cm 10pt\"><FONT face=Calibri>1000ml &ndash; Klasszikus férfi illatú borotva krém, borotva pamaccsal történő felvitelhez. A borotva krémet úgy tervezték, hogy a hagyományos borotválkozási szokásoknak is eleget tegyen. Természetesen kézzel is felvihető és többszöri elsimítás után elvégezhető a borotválkozás, de a borotva pamacs használatával sokkal gyorsabb a művelet.</FONT></P>
<P style=\"MARGIN: 6pt 0cm; LINE-HEIGHT: normal\"><FONT face=Calibri>A borotva krém gyorsan megpuhítja a szőrzetet, és lehetővé teszi a borotvapenge tökéletes siklását.</FONT><BR style=\"mso-special-character: line-break\"><BR style=\"mso-special-character: line-break\"></P>
<P style=\"TEXT-ALIGN: justify; MARGIN: 6pt 0cm; LINE-HEIGHT: normal\"><FONT face=Calibri>A Nirvel Barber professzionális termékcsalád, egy friss és izgalmas férfi illattal, a férfi szépségápoláshoz készült, a fodrászatokba, és otthoni használatra.&nbsp; Férfi haj és szakáll ápoló sampon, borotva krém szalon és otthoni kiszerelésben, borotválkozás utáni balzsam, haj, bajusz és szakáll wax alkotja a termékcsaládot. A termékekben az Argan olaj, és Jojoba ápoló tulajdonságit használjuk a bőr, és a haj és arcszőrzet ápolására.</FONT></P>
<P style=\"TEXT-ALIGN: justify\"><B style=\"mso-bidi-font-weight: normal\"><U>A borotva krém használata:</U></B></P>
<P style=\"TEXT-ALIGN: justify; MARGIN: 0cm 0cm 10pt\"><FONT face=Calibri>Vigye fel a borotva krémet a borotva pamacsra, majd a bőrre, és pamacsolja be a szükséges területet. Pár perc múlva végezze el a borotválkozást. A borotválás befejezése után mossa le az arcbőrt, és használja a borotválkozás utáni bőrnyugtató gélt.</FONT></P>
<P style=\"TEXT-ALIGN: justify; MARGIN: 0cm 0cm 10pt\"><STRONG>Professzionális célra készült fodrászcikk, fodrászkellék!</STRONG></P>
<P style=\"TEXT-ALIGN: justify; MARGIN: 0cm 0cm 10pt\"><STRONG>&hellip;&hellip;&hellip;&hellip;&hellip;&hellip;.</STRONG></P>
<P style=\"MARGIN: 0cm 0cm 10pt\"><FONT face=\"Times New Roman\">Nirvel Barber After Shave borotválkozás utáni nyugtató arcbőrfiatalító krém</FONT></P>
<P style=\"TEXT-ALIGN: justify; MARGIN: 0cm 0cm 10pt\"><FONT face=Calibri>150ml &ndash; A forradalmian új, több funkciós borotválkozás utáni &nbsp;balzsam egy magas hidratáló és bőrregeneráló, valamint arcbőr fiatalító tulajdonsággal is rendelkező, összetevőket is tartalmazó, férfiaknak készült borotválkozó termék. Nyugtatja, hidratálja és felfrissíti az egész arcot borotválkozás után, és egy intenzív bőrkisimító és ránctalanító kezelést is ad az arcbőrnek.<BR style=\"mso-special-character: line-break\"><BR style=\"mso-special-character: line-break\"></FONT></P>
<P style=\"TEXT-ALIGN: justify; MARGIN: 6pt 0cm; LINE-HEIGHT: normal\"><FONT face=Calibri>A Nirvel Barber professzionális termékcsalád, egy friss és izgalmas férfi illattal, a férfi szépségápoláshoz készült, a fodrászatokba, és otthoni használatra.&nbsp; Férfi haj és szakáll ápoló sampon, borotva krém szalon és otthoni kiszerelésben, borotválkozás utáni balzsam, haj, bajusz és szakáll wax alkotja a termékcsaládot. A termékekben az Argan olaj, és Jojoba ápoló tulajdonságit használjuk a bőr, és a haj és arcszőrzet ápolására.</FONT></P>
<P style=\"MARGIN: 0cm 0cm 10pt\"><BR><FONT face=Calibri><B style=\"mso-bidi-font-weight: normal\"><U>A borotválkozás utáni arckezelő balzsam használata:</U></B><BR>A borotválkozás után, kis körkörös mozdulatokkal, vigye fel a borotválkozás utáni balzsamot a nyak és az áll, valamint az egész arcbőrre.</FONT></P>
<P style=\"TEXT-ALIGN: justify; MARGIN: 0cm 0cm 10pt\"><STRONG>Professzionális célra készült fodrászcikk, fodrászkellék!</STRONG></P>', `item_id`='0120-nbarber-6591-csomag+szakállvágógép', `default_pic`='1448', `active`='1', `category_id`='131', `root_category_id`='0', `seo_name`='nirvel-barber-ferfi-szepsegapolo-csomag-eros-barber-szakallvago-geppel', `fullurl`='hajapolas/nirvel-barber-ferfi-szepsegapolo-csomag-eros-barber-szakallvago-geppel', `other_categories`='131,137,159,170,173,214,219,222,229,239,252,253,256,313,314,349,360,362,364,365' WHERE id=3165

[2020-11-22 15:06:50] UPDATE webshop_products SET sort=1 WHERE id=3326

[2020-11-22 15:06:50] UPDATE webshop_products SET sort=2 WHERE id=5073

[2020-11-22 15:06:50] UPDATE webshop_products SET sort=3 WHERE id=5074

[2020-11-22 15:06:50] UPDATE webshop_products SET sort=4 WHERE id=5075

[2020-11-22 15:06:50] UPDATE webshop_products SET sort=5 WHERE id=5076

[2020-11-22 15:06:52] UPDATE users SET lastlogin = NOW() WHERE id = '11'

[2020-11-22 15:06:52] INSERT INTO webshop_gallery (`id`, `product_id`, `original_name`, `new_name`, `date`) VALUES (15352, 5077, 'Pollié Metál Réz körömlakk 04292', '15352.jpg', 1606054012)

[2020-11-22 15:06:52] INSERT INTO webshop_products (`id`, `name_hun`, `name_eng`, `item_id`, `price`, `reduced_price`, `status`, `currency`, `content_short`, `content`, `details`, `date`, `default_pic`, `active`, `main`, `sort`, `category_id`, `root_category_id`, `seo_name`, `fullurl`, `websyx_id`, `quantity`, `other_categories`) VALUES ('5077', 'Pollié Metál Réz körömlakk 04292', 'Pollié Metál Réz körömlakk 04292', '3170-esp-04292-12ml', 0, 0, 1, 'Ft', 'Körömlakk a lehető legjobb eredmény eléréséhez. A Professzionális körömlakkok Spanyolországban...', '<P style=\"TEXT-ALIGN: justify; MARGIN: 0cm 0cm 0pt\">Körömlakk a lehető legjobb eredmény eléréséhez. A Professzionális körömlakkok Spanyolországban készülnek.&nbsp;</P>
<P style=\"TEXT-ALIGN: justify; MARGIN: 0cm 0cm 0pt\">12ml</P>', '', 1606054012, '15352', '1', 0, 1, 430, '417', 'pollie-metal-rez-koromlakk-04292', 'drogeria/koromapolo-es-koromlakk/pollie-metal-rez-koromlakk-04292', '1385', 1, '430')

[2020-11-22 15:06:52] INSERT INTO webshop_special_fields (`key`, `value`, `product_id`) VALUES ('manufacturer', 'Manikűr Pedikűr', 5077)

[2020-11-22 15:06:52] INSERT INTO webshop_special_fields (`key`, `value`, `product_id`) VALUES ('quantityunit', 'db', 5077)

[2020-11-22 15:06:52] INSERT INTO webshop_special_fields (`key`, `value`, `product_id`) VALUES ('kiszereles', '1', 5077)

[2020-11-22 15:06:52] UPDATE webshop_gallery SET original_name='Ovális hajsütővas hajgöndörítő hosszúkás loknik készítéséhez Black Diamond Professional - + Ajándék Nirvel Hajgöndörítő gél', date=1606054012 WHERE id=8595

[2020-11-22 15:06:52] UPDATE webshop_special_fields SET `value`='Elektromos hajformázó gép' WHERE `key`='manufacturer' AND `product_id`=4481

[2020-11-22 15:06:52] UPDATE webshop_special_fields SET `value`='db' WHERE `key`='quantityunit' AND `product_id`=4481

[2020-11-22 15:06:52] UPDATE webshop_special_fields SET `value`='1' WHERE `key`='kiszereles' AND `product_id`=4481

[2020-11-22 15:06:52] UPDATE webshop_products SET `name_hun`='Ovális hajsütővas hajgöndörítő hosszúkás loknik készítéséhez Black Diamond Professional',`content_short`='Ovális professzionális hajgöndörítő gép, hosszú göndör loknik készítéséhez. Ezzel az ovális...',`content`='<P style=\"TEXT-ALIGN: justify; MARGIN: 0cm 0cm 10pt\"><FONT face=Calibri>Ovális professzionális hajgöndörítő gép, hosszú göndör loknik készítéséhez. Ezzel az ovális hajsütővassal, a lap speciális kiképzésének és anyagának köszönhetően, egyedülállóan hosszúkás göndör loknikat készíthetünk.</FONT></P>
<P style=\"TEXT-ALIGN: justify; MARGIN: 0cm 0cm 10pt\"><FONT face=Calibri>Ezt a&nbsp;hajgöndörítőt&nbsp;ovális lappal látták el, és ionos technológia védi a hajat. A hajgöndörítő felülete negatív töltésű ionokat termel, amelyek antisztatikus hatásúak, és fényessé teszik a hajat. A kerámia - turmalin bevonat támogatja az egyenletes hőelosztást és a haj optimális csúszását.</FONT></P><FONT face=Calibri>
<P style=\"TEXT-ALIGN: justify; MARGIN: 0cm 0cm 10pt\">Ajánlott használat: csavarja fel 3szor a hajtincset az ovális lapra. 4-5 másodperc után, lassan engedje le az elkészült tincset. Tartósabb göndörséghez a hajra a művelet előtt vigyen fel&nbsp; - Nirvel Curl Activator hajgöndörítő gél &ndash;t.</P>
<P style=\"TEXT-ALIGN: justify; MARGIN: 0cm 0cm 10pt\"></FONT></P>
<P style=\"MARGIN: 0cm 0cm 10pt; LINE-HEIGHT: normal; mso-margin-top-alt: auto; mso-margin-bottom-alt: auto\"><FONT face=Calibri><B><U>hajgöndörítő tartozékok, műszaki adatok:</U></B></FONT></P>
<UL type=disc>
<LI style=\"MARGIN: 0cm 0cm 10pt; LINE-HEIGHT: normal; mso-margin-top-alt: auto; mso-margin-bottom-alt: auto; mso-list: l0 level1 lfo1; tab-stops: list 36.0pt\"><FONT face=Calibri>Speciális&nbsp;kerámia &ndash; nano silver tourmaline fűtő felület</FONT> 
<LI style=\"MARGIN: 0cm 0cm 10pt; LINE-HEIGHT: normal; mso-margin-top-alt: auto; mso-margin-bottom-alt: auto; mso-list: l0 level1 lfo1; tab-stops: list 36.0pt\"><FONT face=Calibri>Funkciók: hajgöndörítés</FONT> 
<LI style=\"MARGIN: 0cm 0cm 10pt; LINE-HEIGHT: normal; mso-margin-top-alt: auto; mso-margin-bottom-alt: auto; mso-list: l0 level1 lfo1; tab-stops: list 36.0pt\"><FONT face=Calibri>hajgöndörítő lap szélessége 30mm,</FONT> 
<LI style=\"MARGIN: 0cm 0cm 10pt; LINE-HEIGHT: normal; mso-margin-top-alt: auto; mso-margin-bottom-alt: auto; mso-list: l0 level1 lfo1; tab-stops: list 36.0pt\"><FONT face=Calibri>hajgöndörítő vastagsága 16mm</FONT> 
<LI style=\"MARGIN: 0cm 0cm 10pt; LINE-HEIGHT: normal; mso-margin-top-alt: auto; mso-margin-bottom-alt: auto; mso-list: l0 level1 lfo1; tab-stops: list 36.0pt\"><FONT face=Calibri>hajgöndörítő lap hosszúsága kb. 120mm</FONT> 
<LI style=\"MARGIN: 0cm 0cm 10pt; LINE-HEIGHT: normal; mso-margin-top-alt: auto; mso-margin-bottom-alt: auto; mso-list: l0 level1 lfo1; tab-stops: list 36.0pt\"><FONT face=Calibri>gép teljes hossza kb. 350mm</FONT> 
<LI style=\"MARGIN: 0cm 0cm 10pt; LINE-HEIGHT: normal; mso-margin-top-alt: auto; mso-margin-bottom-alt: auto; mso-list: l0 level1 lfo1; tab-stops: list 36.0pt\"><FONT face=Calibri>&nbsp;digitális hőfok szabályozás&nbsp;120° - 230°C</FONT> 
<LI style=\"MARGIN: 0cm 0cm 10pt; LINE-HEIGHT: normal; mso-margin-top-alt: auto; mso-margin-bottom-alt: auto; mso-list: l0 level1 lfo1; tab-stops: list 36.0pt\"><FONT face=Calibri>gyors felmelegedési idő kb. 50mp. </FONT>
<LI style=\"MARGIN: 0cm 0cm 10pt; LINE-HEIGHT: normal; mso-margin-top-alt: auto; mso-margin-bottom-alt: auto; mso-list: l0 level1 lfo1; tab-stops: list 36.0pt\"><FONT face=Calibri>intelligens hőmérsékletstabilizálás</FONT> 
<LI style=\"MARGIN: 0cm 0cm 10pt; LINE-HEIGHT: normal; mso-margin-top-alt: auto; mso-margin-bottom-alt: auto; mso-list: l0 level1 lfo1; tab-stops: list 36.0pt\"><FONT face=Calibri>tömör kerámia fűtőlap a tökéletes hő elosztásért</FONT> 
<LI style=\"MARGIN: 0cm 0cm 10pt; LINE-HEIGHT: normal; mso-margin-top-alt: auto; mso-margin-bottom-alt: auto; mso-list: l0 level1 lfo1; tab-stops: list 36.0pt\"><FONT face=Calibri>az ion-effekt egy simább hajstruktúrát, egészséges fényt és jobb formázhatóságot kölcsönöz a hajnak</FONT> 
<LI style=\"MARGIN: 0cm 0cm 10pt; LINE-HEIGHT: normal; mso-margin-top-alt: auto; mso-margin-bottom-alt: auto; mso-list: l0 level1 lfo1; tab-stops: list 36.0pt\"><FONT face=Calibri>3 m-es, forgó kábellel</FONT> 
<LI style=\"MARGIN: 0cm 0cm 10pt; LINE-HEIGHT: normal; mso-margin-top-alt: auto; mso-margin-bottom-alt: auto; mso-list: l0 level1 lfo1; tab-stops: list 36.0pt\"><FONT face=Calibri>220-240V&nbsp; 50/60Hz&nbsp;&nbsp; 50Watt</FONT> 
<LI style=\"MARGIN: 0cm 0cm 10pt; LINE-HEIGHT: normal; mso-margin-top-alt: auto; mso-margin-bottom-alt: auto; mso-list: l0 level1 lfo1; tab-stops: list 36.0pt\"><FONT face=Calibri>Hajvasaló, hajgöndörítő származási hely: Németország.</FONT></LI></UL>', `item_id`='1830-hw04127-16-30mm', `default_pic`='8595', `active`='1', `category_id`='94', `root_category_id`='92', `seo_name`='ovalis-hajsutovas-hajgondorito-hosszukas-loknik-keszitesehez-black-diamond-professional', `fullurl`='hajformazo-gepek/hajsutovas/ovalis-hajsutovas-hajgondorito-hosszukas-loknik-keszitesehez-black-diamond-professional', `other_categories`='94,185,248' WHERE id=4481

[2020-11-22 15:06:52] INSERT INTO webshop_gallery (`id`, `product_id`, `original_name`, `new_name`, `date`) VALUES (15353, 5078, 'megszünt - Hajszínező sampon réz szőke KIN New Color Reflects', '15353.jpg', 1606054012)

[2020-11-22 15:06:52] INSERT INTO webshop_products (`id`, `name_hun`, `name_eng`, `item_id`, `price`, `reduced_price`, `status`, `currency`, `content_short`, `content`, `details`, `date`, `default_pic`, `active`, `main`, `sort`, `category_id`, `root_category_id`, `seo_name`, `fullurl`, `websyx_id`, `quantity`, `other_categories`) VALUES ('5078', 'megszünt - Hajszínező sampon réz szőke KIN New Color Reflects', 'megszünt - Hajszínező sampon réz szőke KIN New Color Reflects', '0802-kncrs-250ml-cooper', 0, 0, 1, 'Ft', 'hajszínező sampon. A hajszínezőt, Spanyol professzionális fodrászcikk, és fodrászkellék...', '<P>hajszínező sampon. <FONT face=Calibri>A hajszínezőt, Spanyol professzionális fodrászcikk, és fodrászkellék gyártók&nbsp;készítik.</FONT><FONT face=Calibri> </FONT></P>
<P style=\"TEXT-ALIGN: justify\">
<P style=\"TEXT-ALIGN: justify\">250 ml &ndash; Hajszínező samponok felhasználása.</P>
<P style=\"TEXT-ALIGN: justify\"><U>Hajszín felfrissítése:</U> A hajszínező termékek&nbsp;réz színárnyalathoz készültek, ezen&nbsp;színárnyalatok színének felfrissítését és ápolását lehetővé teszik 2-5 perc alatt. Használatukkal a természetes és festett hajnak is fényes, csillogó árnyalatot biztosíthatunk.</P>
<P style=\"TEXT-ALIGN: justify\"><U>Új hajszínek készítése:</U> Használhatjuk megfelelően világos, vagy levilágosított alapon, önálló hajszínezőként is. &nbsp;A világos, és élénk árnyalatoknál törekedjünk arra, hogy a kiválasztott színárnyalatnál a legjobb hatás elérése végett legalább 2-3 árnyalattal világosabb hajra tegyük fel.</P>
<P style=\"TEXT-ALIGN: justify\">A színezett haj 6-12 hajmosásig tartja a színét. A hajszín intenzitását a ható idővel tudja szabályozni, ami 2-5perc között ajánlott, vagy szőkített alapon 10-20 perc között. A színek&nbsp; a terméken látható színes címke színével azonosíthatók be! </P>', '', 1606054012, '15353', '1', 0, 1, 265, '104', 'megszunt-hajszinezo-sampon-rez-szoke-kin-new-color-reflects', 'fodraszkellek/hajkefe/keramia-korkefe/megszunt-hajszinezo-sampon-rez-szoke-kin-new-color-reflects', '1403', 1, '')

[2020-11-22 15:06:52] INSERT INTO webshop_special_fields (`key`, `value`, `product_id`) VALUES ('manufacturer', 'KIN Cosmetics', 5078)

[2020-11-22 15:06:52] INSERT INTO webshop_special_fields (`key`, `value`, `product_id`) VALUES ('quantityunit', 'ml', 5078)

[2020-11-22 15:06:52] INSERT INTO webshop_special_fields (`key`, `value`, `product_id`) VALUES ('kiszereles', '250', 5078)

[2020-11-22 15:06:52] INSERT INTO webshop_gallery (`id`, `product_id`, `original_name`, `new_name`, `date`) VALUES (15354, 5079, 'Pollié Metál Prios körömlakk 04295', '15354.jpg', 1606054012)

[2020-11-22 15:06:52] INSERT INTO webshop_products (`id`, `name_hun`, `name_eng`, `item_id`, `price`, `reduced_price`, `status`, `currency`, `content_short`, `content`, `details`, `date`, `default_pic`, `active`, `main`, `sort`, `category_id`, `root_category_id`, `seo_name`, `fullurl`, `websyx_id`, `quantity`, `other_categories`) VALUES ('5079', 'Pollié Metál Prios körömlakk 04295', 'Pollié Metál Prios körömlakk 04295', '3170-esp-04295-12ml', 0, 0, 1, 'Ft', 'Körömlakk a lehető legjobb eredmény eléréséhez. A Professzionális körömlakkok Spanyolországban...', '<P style=\"TEXT-ALIGN: justify; MARGIN: 0cm 0cm 0pt\">Körömlakk a lehető legjobb eredmény eléréséhez. A Professzionális körömlakkok Spanyolországban készülnek.&nbsp;</P>
<P style=\"TEXT-ALIGN: justify; MARGIN: 0cm 0cm 0pt\">12ml</P>', '', 1606054012, '15354', '1', 0, 1, 430, '417', 'pollie-metal-prios-koromlakk-04295', 'drogeria/koromapolo-es-koromlakk/pollie-metal-prios-koromlakk-04295', '1425', 1, '430')

[2020-11-22 15:06:52] INSERT INTO webshop_special_fields (`key`, `value`, `product_id`) VALUES ('manufacturer', 'Manikűr Pedikűr', 5079)

[2020-11-22 15:06:52] INSERT INTO webshop_special_fields (`key`, `value`, `product_id`) VALUES ('quantityunit', 'db', 5079)

[2020-11-22 15:06:52] INSERT INTO webshop_special_fields (`key`, `value`, `product_id`) VALUES ('kiszereles', '1', 5079)

[2020-11-22 15:06:52] UPDATE webshop_gallery SET original_name='Csendes energiatatarékos ultra könnyű New Digit C03013 professzionális hajszárító', date=1606054012 WHERE id=8598

[2020-11-22 15:06:52] UPDATE webshop_special_fields SET `value`='Elektromos hajformázó gép' WHERE `key`='manufacturer' AND `product_id`=4484

[2020-11-22 15:06:52] UPDATE webshop_special_fields SET `value`='db' WHERE `key`='quantityunit' AND `product_id`=4484

[2020-11-22 15:06:52] UPDATE webshop_special_fields SET `value`='1' WHERE `key`='kiszereles' AND `product_id`=4484

[2020-11-22 15:06:52] UPDATE webshop_products SET `name_hun`='Csendes energiatatarékos ultra könnyű New Digit C03013 professzionális hajszárító',`content_short`='
Csendes, halk, ultra könnyű, Ion generátoros&nbsp;hajszárító. Ultragyors, emellett energiatakarékos,...',`content`='<FONT face=Calibri>
<P style=\"TEXT-ALIGN: justify\">Csendes, halk, ultra könnyű, Ion generátoros&nbsp;hajszárító. Ultragyors, emellett energiatakarékos, és&nbsp;hosszú élettartamúra tervezték. Az ultramodern, újgenerációs HIGH-TEC professzionális hajszárító a&nbsp;rendkívüli eredményeket a hagyományos hajszárítóktól eltérő, szénkefe nélküli, digitálisan vezérelt DC motorral, és speciális légterelési technikával&nbsp;éri el,&nbsp;mely jelentősen hozzá járult a könnyű hajszárító modell megalkotásához. A Digit hajszárítók motorjának élettartamát, rendkívül hosszúra, normál használat mellett,&nbsp;5000 üzemóra tervezték. A technika fejlődésének, és az&nbsp;új anyagoknak köszönhetően, a hajápoló eszközeink is jelentős változáson mennek át a jövőben.</P>
<P style=\"TEXT-ALIGN: justify; MARGIN: 0cm 0cm 10pt\">Professzionális használathoz 2db, cserélhető, extra vékony és extra széles fúvóka is tartozék. 1db ferde kifúvó nyílású&nbsp;(fúvóka átjáró 73 x 6 mm), 1db egyenes kifúvó nyílású&nbsp;86 x 6 mm (fúvóka átjáró 84 x 4 mm)</P>
<P style=\"TEXT-ALIGN: justify; MARGIN: 0cm 0cm 10pt\">A \"Smart Airflow\" hajszárító gép technológia csökkenti a zajszintet és javítja a hajszárítók teljesítményét. Az új rendszerű, digitálisan vezérelt, szénkefe nélküli, egyenáramú motor csendes, jobb teljesítményt nyújt alacsonyabb energiafogyasztás mellett, és rendkívül hosszú élettartamot érhet el. A hagyományos, könnyű&nbsp;professzionális hajszárítók long - life- motorjainak az élet tartamát &nbsp;1000 üzemórában adják meg a gyártók. A&nbsp;\"Smart Airflow\" hajszárító gép technológiával készült gépek&nbsp; motorjainak tervezett élettartama&nbsp;otthoni használatban kb. 5000 üzemórára.</P>
<P style=\"TEXT-ALIGN: justify; MARGIN: 0cm 0cm 10pt\">A hajszárító használata bal és jobbkezes személyek számára is ideális. </P>
<P style=\"TEXT-ALIGN: justify; MARGIN: 0cm 0cm 10pt\">A haj 50% -kal gyorsabb szárítása lehetséges.</P>
<P style=\"TEXT-ALIGN: justify; MARGIN: 0cm 0cm 10pt\">Hajszárító gép technikai adatok:</P>
<P style=\"TEXT-ALIGN: justify; MARGIN: 0cm 0cm 10pt\">·&nbsp;&nbsp;&nbsp;&nbsp;&nbsp;&nbsp;&nbsp;&nbsp; Külön iongenerátor, a sima és fényes hajért.</P>
<P style=\"TEXT-ALIGN: justify; MARGIN: 0cm 0cm 10pt\">·&nbsp;&nbsp;&nbsp;&nbsp;&nbsp;&nbsp;&nbsp;&nbsp; az elülső rács kerámia bevonata az egyenletes levegő hőért</P>
<P style=\"TEXT-ALIGN: justify; MARGIN: 0cm 0cm 10pt\">·&nbsp;&nbsp;&nbsp;&nbsp;&nbsp;&nbsp;&nbsp;&nbsp; 2 sebességfokozat, 2 fűtési szint és külön hideg gomb</P>
<P style=\"TEXT-ALIGN: justify; MARGIN: 0cm 0cm 10pt\">·&nbsp;&nbsp;&nbsp;&nbsp;&nbsp;&nbsp;&nbsp;&nbsp; 2db cserélhető extra vékony és széles fúvóka (beépített funkcióval): ferde kifúvó nyílású&nbsp;76 x 9 mm (fúvóka átjáró 73 x 6 mm), egyenes kifúvó nyílású 86 x 6 mm (fúvóka átjáró 84 x 4 mm)</P>
<P style=\"TEXT-ALIGN: justify; MARGIN: 0cm 0cm 10pt\">·&nbsp;&nbsp;&nbsp;&nbsp;&nbsp;&nbsp;&nbsp;&nbsp; eltávolítható szűrő</P>
<P style=\"TEXT-ALIGN: justify; MARGIN: 0cm 0cm 10pt\">·&nbsp;&nbsp;&nbsp;&nbsp;&nbsp;&nbsp;&nbsp;&nbsp; professzionális tápkábel 2,9 m</P>
<P style=\"TEXT-ALIGN: justify; MARGIN: 0cm 0cm 10pt\">·&nbsp;&nbsp;&nbsp;&nbsp;&nbsp;&nbsp;&nbsp;&nbsp; max. légsebesség 190 km / h</P>
<P style=\"TEXT-ALIGN: justify; MARGIN: 0cm 0cm 10pt\">·&nbsp;&nbsp;&nbsp;&nbsp;&nbsp;&nbsp;&nbsp;&nbsp; légáram 90 m3 / h</P>
<P style=\"TEXT-ALIGN: justify; MARGIN: 0cm 0cm 10pt\">·&nbsp;&nbsp;&nbsp;&nbsp;&nbsp;&nbsp;&nbsp;&nbsp; szénkefe nélküli, digitálisan vezérelt DC motor &nbsp;- fordulatszáma 19000 ford / perc</P>
<P style=\"TEXT-ALIGN: justify; MARGIN: 0cm 0cm 10pt\">·&nbsp;&nbsp;&nbsp;&nbsp;&nbsp;&nbsp;&nbsp;&nbsp; teljesítmény 1800-2000 W</P>
<P style=\"TEXT-ALIGN: justify; MARGIN: 0cm 0cm 10pt\">·&nbsp;&nbsp;&nbsp;&nbsp;&nbsp;&nbsp;&nbsp;&nbsp; Ultra könnyű hajszárító géptest &nbsp;- súlya 420 g</P>
<P style=\"TEXT-ALIGN: justify; MARGIN: 0cm 0cm 10pt\">Származási hely: Németország</P></FONT>', `item_id`='1829-hw-03013', `default_pic`='8598', `active`='1', `category_id`='92', `root_category_id`='0', `seo_name`='csendes-energiatatarekos-ultra-konnyu-new-digit-c03013-professzionalis-hajszarito', `fullurl`='hajformazo-gepek/csendes-energiatatarekos-ultra-konnyu-new-digit-c03013-professzionalis-hajszarito', `other_categories`='92,96,104,250,315,415' WHERE id=4484

[2020-11-22 15:06:52] UPDATE webshop_products SET sort=1 WHERE id=3326

[2020-11-22 15:06:52] UPDATE webshop_products SET sort=2 WHERE id=5077

[2020-11-22 15:06:52] UPDATE webshop_products SET sort=3 WHERE id=5079

[2020-11-22 15:06:52] UPDATE webshop_products SET sort=4 WHERE id=5078

[2020-11-22 15:06:54] UPDATE users SET lastlogin = NOW() WHERE id = '11'

[2020-11-22 15:06:54] INSERT INTO webshop_gallery (`id`, `product_id`, `original_name`, `new_name`, `date`) VALUES (15355, 4920, '.Gyantázó szett 4db termékkel', '15355.jpg', 1606054014)

[2020-11-22 15:06:54] UPDATE webshop_special_fields SET `value`='Egyéb kozmetika' WHERE `key`='manufacturer' AND `product_id`=4920

[2020-11-22 15:06:54] UPDATE webshop_special_fields SET `value`='db' WHERE `key`='quantityunit' AND `product_id`=4920

[2020-11-22 15:06:54] UPDATE webshop_special_fields SET `value`='1' WHERE `key`='kiszereles' AND `product_id`=4920

[2020-11-22 15:06:54] UPDATE webshop_products SET `name_hun`='.Gyantázó szett 4db termékkel mézes gyantapatronnal',`content_short`='Gyantázó, szőrtelenítő komplett csomag, mézes gyantapatronnal. A méz gyulladáscsökkentő, sebgyógyító,...',`content`='<P style=\"TEXT-ALIGN: justify; MARGIN: 0cm 0cm 10pt\">Gyantázó, szőrtelenítő komplett csomag, mézes gyantapatronnal. A méz gyulladáscsökkentő, sebgyógyító, fertőtlenítő hatásának köszönhetően csökkenti a gyantázás során bekövetkező bőrirritációt. </P>
<P style=\"TEXT-ALIGN: justify; MARGIN: 0cm 0cm 10pt\">Gyantamelegítő gép, és szőrtelenítő, ápoló&nbsp;termékek csomagja.</P>
<P style=\"TEXT-ALIGN: justify; MARGIN: 0cm 0cm 10pt\"><STRONG><U>A gyantázó, szőrtelenítő&nbsp;szett tartalma.</U></STRONG></P>
<P style=\"MARGIN: 0cm 0cm 10pt\">1db kombinált, 100ml térfogatú gyantapatronok melegítésére, és felvitelére is alkalmas Mono gyantázó gép.</P>
<P style=\"MARGIN: 0cm 0cm 10pt\">20db professzionális gyantapapír</P>
<P style=\"MARGIN: 0cm 0cm 10pt\">1db 100ml&nbsp;mézes gyantapatron</P>
<P style=\"TEXT-ALIGN: justify; MARGIN: 0cm 0cm 10pt\">3db gyantázás utáni bőrnyugtató olajos kendőt tartalmazó csomag. (&nbsp;5db/csomagonként, össsz. 15db&nbsp;)</P>
<P style=\"TEXT-ALIGN: justify; MARGIN: 0cm 0cm 10pt\"><STRONG><U>A gyantázó gép használata, gyantázás leírása.</U></STRONG></P>
<P style=\"TEXT-ALIGN: justify; MARGIN: 0cm 0cm 10pt\">100ml térfogatú gyantapatronok melegítésére, és felvitelére&nbsp;alkalmas mono gyantázó gép. A gyantázó gép automatikus hőfokszabályozóval van ellátva, így a gyantázás teljes ideje alatt a szőrtelenítő gyanta&nbsp;hőmérséklete állandó. A kombinált gyantázó, gyantamelegítő gép könnyen tisztítható, a gyanta lemosó folyadékkal. A kombinált&nbsp;gyantázó gép háza kényelmes fogású, és nem forrósodik át a gyantázás teljes időtartama alatt sem.</P>
<P style=\"TEXT-ALIGN: justify; MARGIN: 0cm 0cm 10pt\">A szőrtelenítés kozmetika kelléke a gyantázó gép.&nbsp; A kombinált gyantázók, 100ml&nbsp; gyantapatron melegítésére, és a felvitelére is alkalmasak, a már meleg gyantapatron kivétele nélkül. A gyantázó gép automata hőfokszabályozója mindig optimális hőfokon tartja a gyantapatron hőmérsékletét.&nbsp; A gyantázó gép egyben felvivő eszköz is, hiszen a gyantapatron kivétele nélkül, a gyantázó gép hőszigetelt tokját fogva elvégezhetjük a gyanta felvitelét.</P>
<P style=\"TEXT-ALIGN: justify; MARGIN: 0cm 0cm 10pt\"><B style=\"mso-bidi-font-weight: normal\"><U>A gyanta felvivő gép adtai és használata, tartozékai:</U></B></P>
<P style=\"TEXT-ALIGN: justify; MARGIN: 0cm 0cm 10pt\">Beépített automata hőmérséklet szabályozás.</P>
<P style=\"TEXT-ALIGN: justify; MARGIN: 0cm 0cm 10pt\">Védőkupak</P>
<P style=\"TEXT-ALIGN: justify; MARGIN: 0cm 0cm 10pt\">Hálózati zsinór</P>
<P style=\"TEXT-ALIGN: justify; MARGIN: 0cm 0cm 10pt\">gyanta felmelegítési ideje: kb.20 perc</P>
<P style=\"TEXT-ALIGN: justify; MARGIN: 0cm 0cm 10pt\">kivitel:&nbsp;&nbsp;&nbsp;&nbsp; mono, hordozható, több állásos modulhoz csatlakoztatható </P>
<P style=\"TEXT-ALIGN: justify; MARGIN: 0cm 0cm 10pt\">Hőmérséklet szint kijelzés:&nbsp;&nbsp;&nbsp;&nbsp;&nbsp;&nbsp;&nbsp;&nbsp; nem</P>
<P style=\"TEXT-ALIGN: justify; MARGIN: 0cm 0cm 10pt\">teljesítmény:&nbsp;&nbsp;&nbsp;&nbsp;&nbsp;&nbsp; 220V&nbsp; 25W</P>
<P style=\"TEXT-ALIGN: justify; MARGIN: 0cm 0cm 10pt\">melegítő kapacitása:1db 100ml gyantapatron</P>
<P style=\"TEXT-ALIGN: justify; MARGIN: 0cm 0cm 10pt\">Gyantázó gép márka: mono</P>
<P style=\"TEXT-ALIGN: justify; MARGIN: 0cm 0cm 10pt\">származási hely:EU</P>', `item_id`='3141-esp-03310-gyantázószett-4dbterm', `default_pic`='15355', `active`='1', `category_id`='193', `root_category_id`='191', `seo_name`='gyantazo-szett-4db-termekkel-mezes-gyantapatronnal', `fullurl`='arcapolas-testapolas/szortelenites/gyantazas-utani-termekek/gyantazo-szett-4db-termekkel-mezes-gyantapatronnal', `other_categories`='193,204,214,235,237,238,432' WHERE id=4920

[2020-11-22 15:06:54] UPDATE webshop_gallery SET original_name='Hajvágó hajnyíró gép vágófej kés élező kristályok', date=1606054014 WHERE id=12929

[2020-11-22 15:06:54] UPDATE webshop_special_fields SET `value`='Euro fodrászkellék' WHERE `key`='manufacturer' AND `product_id`=4583

[2020-11-22 15:06:54] UPDATE webshop_special_fields SET `value`='db' WHERE `key`='quantityunit' AND `product_id`=4583

[2020-11-22 15:06:54] UPDATE webshop_special_fields SET `value`='1' WHERE `key`='kiszereles' AND `product_id`=4583

[2020-11-22 15:06:54] UPDATE webshop_products SET `name_hun`='Hajvágó hajnyíró gép vágófej kés tisztító kristályok',`content_short`='
Hajvágó, hajnyíró gép vágófej, kés, &nbsp;élező, tisztító kristályok, fémből készült késekhez,...',`content`='<FONT face=Calibri>
<P style=\"TEXT-ALIGN: justify; MARGIN: 0cm 0cm 10pt\">Hajvágó, hajnyíró gép vágófej, kés, &nbsp;élező, tisztító kristályok, fémből készült késekhez, vágófejekhez. &nbsp;2-3 hét aktív hajvágógép használat után a kések elkoszolódhatnak, kevésbé hatékonyan vágja a hajat.&nbsp;A kristályok 1-2 perces használatával letisztíthatja, a pengéket.&nbsp;Ez a&nbsp;művelet javíthatja a vágókések hatékonyságát. </P>
<P style=\"TEXT-ALIGN: justify; MARGIN: 0cm 0cm 10pt\"><U>A hajvágó, hajnyíró gép vágófej,&nbsp;tisztító por használata.</U></P>
<P style=\"TEXT-ALIGN: justify; MARGIN: 0cm 0cm 10pt\">Vágja le a port tartalmazó tasak tetejét. Kapcsolja be a gépet.</P>
<P style=\"TEXT-ALIGN: justify; MARGIN: 0cm 0cm 10pt\">Tartsa kezében függőlegesen, és vízszintesen a tasakot. Tegye bele a hajvágó gépet, úgy hogy az ne érjen le teljesen a tasak aljára, mert akkor azt kivághatja. Hagyja kb. 2 percig, a gépet üzemelni, és vegye ki a gépet a tasakból. </P>
<P style=\"TEXT-ALIGN: justify; MARGIN: 0cm 0cm 10pt\">A port egy kefével törölje le a késekről.</P>
<P style=\"TEXT-ALIGN: justify; MARGIN: 0cm 0cm 10pt\">Olajozza meg jól a késeket, majd 15 másodpercig járassa a gépet, majd törölje le a felesleges olajat.</P>
<P style=\"TEXT-ALIGN: justify; MARGIN: 0cm 0cm 10pt\">Az élezőt addig használhatja, amíg a színes kristályok a folyamat során, világos színű fonom porrá nem őrlődnek. Ha a termék eléri ezt az állagot, már hatékonyan nem használható, bontson új tasakot. </P>
<P style=\"TEXT-ALIGN: justify; MARGIN: 0cm 0cm 10pt\"></FONT>&nbsp;</P>
<P style=\"TEXT-ALIGN: justify; MARGIN: 0cm 0cm 10pt\">Nézze meg videón!</P>
<P style=\"TEXT-ALIGN: justify; MARGIN: 0cm 0cm 10pt\"><A href=\"https://youtu.be/GksXAr_PWOA\">https://youtu.be/GksXAr_PWOA</A></P>', `item_id`='3131-es-04571-clipp-aid', `default_pic`='12929', `active`='1', `category_id`='92', `root_category_id`='0', `seo_name`='hajvago-hajnyiro-gep-vagofej-kes-tisztito-kristalyok', `fullurl`='hajformazo-gepek/hajvago-hajnyiro-gep-vagofej-kes-tisztito-kristalyok', `other_categories`='92,93,98,100,104,254,313,314,361,366,373' WHERE id=4583

[2020-11-22 15:06:54] INSERT INTO webshop_gallery (`id`, `product_id`, `original_name`, `new_name`, `date`) VALUES (15356, 5080, 'Pollié Beige körömlakk 03498', '15356.jpg', 1606054014)

[2020-11-22 15:06:54] INSERT INTO webshop_products (`id`, `name_hun`, `name_eng`, `item_id`, `price`, `reduced_price`, `status`, `currency`, `content_short`, `content`, `details`, `date`, `default_pic`, `active`, `main`, `sort`, `category_id`, `root_category_id`, `seo_name`, `fullurl`, `websyx_id`, `quantity`, `other_categories`) VALUES ('5080', 'Pollié Beige körömlakk 03498', 'Pollié Beige körömlakk 03498', '3170-esp-03498-12ml', 0, 0, 1, 'Ft', '
Körömlakk a lehető legjobb eredmény eléréséhez. A Professzionális körömlakkok Spanyolországban...', '<FONT face=Calibri></FONT>
<P style=\"TEXT-ALIGN: justify; MARGIN: 0cm 0cm 0pt\">Körömlakk a lehető legjobb eredmény eléréséhez. A Professzionális körömlakkok Spanyolországban készülnek.&nbsp;</P>
<P style=\"TEXT-ALIGN: justify; MARGIN: 0cm 0cm 0pt\">12ml</P>
<P style=\"TEXT-ALIGN: justify; MARGIN: 0cm 0cm 10pt\">&nbsp;</P>', '', 1606054014, '15356', '1', 0, 1, 430, '417', 'pollie-beige-koromlakk-03498', 'drogeria/koromapolo-es-koromlakk/pollie-beige-koromlakk-03498', '750', 1, '430')

[2020-11-22 15:06:54] INSERT INTO webshop_special_fields (`key`, `value`, `product_id`) VALUES ('manufacturer', 'Manikűr Pedikűr', 5080)

[2020-11-22 15:06:54] INSERT INTO webshop_special_fields (`key`, `value`, `product_id`) VALUES ('quantityunit', 'db', 5080)

[2020-11-22 15:06:54] INSERT INTO webshop_special_fields (`key`, `value`, `product_id`) VALUES ('kiszereles', '1', 5080)

[2020-11-22 15:06:54] UPDATE webshop_gallery SET original_name='Euro SO.CAP Keratinos póthaj 50-55cm 10db világos szőke', date=1606054014 WHERE id=5073

[2020-11-22 15:06:55] UPDATE webshop_special_fields SET `value`='EURO SO.CAP. póthaj' WHERE `key`='manufacturer' AND `product_id`=3901

[2020-11-22 15:06:55] UPDATE webshop_special_fields SET `value`='db' WHERE `key`='quantityunit' AND `product_id`=3901

[2020-11-22 15:06:55] UPDATE webshop_special_fields SET `value`='10' WHERE `key`='kiszereles' AND `product_id`=3901

[2020-11-22 15:06:55] UPDATE webshop_products SET `name_hun`='Euro SO.CAP Keratinos póthaj 50-55cm 10db világos szőke',`content_short`='Póthaj keratinos hajhosszabbításhoz. 10db keratinos EURO SO.CAP. hajtincs/csomag &ndash; Az Olaszországi EURO...',`content`='<P style=\"TEXT-ALIGN: justify; MARGIN: 0cm 0cm 10pt\"><FONT face=Calibri>Póthaj keratinos hajhosszabbításhoz. 10</FONT>db keratinos EURO SO.CAP. hajtincs/csomag &ndash; Az Olaszországi EURO SO.CAP. póthaj tincsek jó minőségű, 100% humán természetes emberi hajból készülnek. A póthajak egyenletes jó minőségét az EURO SO.CAP. által kidolgozott, és használt technológia garantálja, és biztosítja. A póthajak hő illesztés, hajgyűrűzés, hajragasztás, hajfelvarrás, csatos, hajhosszabbítás technikákhoz készülnek.</P>
<P style=\"TEXT-ALIGN: justify; MARGIN: 0cm 0cm 10pt\">A póthajakról készült fényképes színskálák, hajszínek vagy a termék képben, vagy termék leírás melletti&nbsp;fülnél a hajszínskálák, vagy hajfesték színek és használatuk menüpontnál, vagy önmagában a termék leírásban, lejjebb gördítve az oldalt, vagy mind három módon megtalálhatók!</P>
<P style=\"TEXT-ALIGN: justify; MARGIN: 0cm 0cm 10pt\"><FONT face=\"Times New Roman\">A póthaj tincsek jó minőségű, 100% emberi hajakból készülnek, ezáltal szinte észrevehetetlenül illeszthetők a hajba.&nbsp; Minden póthaj és színes hajtincs, &nbsp;U&nbsp;alakú keratin tippel van ellátva. A felrakásnál ezt a keratint jól dolgozza bele a hő illesztő pisztollyal a hajtincsekbe. Ha szükséges, plusz keratin felvitelével növelje a keratin mennyiségét.&nbsp; A póthajak általában 10-20-25db/csomagban, vagy &nbsp;1db/tincs kiszerelésben rendelhetőek! Az árak minden esetben a póthajaknál értelemszerűen, Ft/csomagban, vagy hajtincs Ft/db-ban vannak feltüntetve.</FONT></P>
<P style=\"TEXT-ALIGN: justify; MARGIN: 0cm 0cm 10pt\"><U><FONT face=\"Times New Roman\">Vásárlás előtt olvassa el! - A keratinos póthaj használata, hajhosszabbítás.</FONT></U></P>
<P style=\"TEXT-ALIGN: justify\"><FONT face=\"Times New Roman\">Figyelem! A póthaj egy élettelen eszköz! Ahhoz hogy a póthajak frizura készítéshez használva minél hosszabb életűek legyenek a következőket vegye figyelembe! A póthajakkal a következő frizurakészítési műveletek valósíthatók meg, a feltüntetett szabályok betartása mellett!</FONT></P>
<P style=\"TEXT-ALIGN: justify; MARGIN-LEFT: 36pt; TEXT-INDENT: -18pt; mso-list: l0 level1 lfo1\">·&nbsp;&nbsp;&nbsp;&nbsp;&nbsp;&nbsp;&nbsp;&nbsp; <FONT face=\"Times New Roman\">hajszárítás, hajvasalás, hajgöndörítés hajsütővassal max.150̊ C hőmérsékleten &ndash; Figyelem! - a hajtövét nem érheti 100̊C-nál magasabb hő ezért hajszárítóval megfelelő (ajánlott 50cm nél nagyobb) távolságból szárítható.</FONT></P>
<P style=\"TEXT-ALIGN: justify; MARGIN-LEFT: 36pt; TEXT-INDENT: -18pt; mso-list: l0 level1 lfo1\">·&nbsp;&nbsp;&nbsp;&nbsp;&nbsp;&nbsp;&nbsp;&nbsp; <FONT face=\"Times New Roman\">hajfestés: a póthaj festése &ndash; max. 20vol-6% erősségű - oxidálószerrel történhet!</FONT></P>
<P style=\"TEXT-ALIGN: justify; MARGIN-LEFT: 36pt; TEXT-INDENT: -18pt; mso-list: l0 level1 lfo1\">·&nbsp;&nbsp;&nbsp;&nbsp;&nbsp;&nbsp;&nbsp;&nbsp; szőkítés, <FONT face=\"Times New Roman\">dauer, tartós hajkiegyenesítés és egyéb olyan műveletek, amelyek a hajszerkezet megbontásával járnak, nem alkalmazhatók!</FONT></P>
<P style=\"TEXT-ALIGN: justify; MARGIN-LEFT: 36pt; TEXT-INDENT: -18pt; mso-list: l0 level1 lfo1\">·&nbsp;&nbsp;&nbsp;&nbsp;&nbsp;&nbsp;&nbsp;&nbsp; <FONT face=\"Times New Roman\">a póthaj fokozott ápolást igényel, ezért csak magas minőségű ápló anyagokat tartalmazó, pl. keratint, természetes olajokat (argán, kukui, szőlőmag&hellip;.olaj) tartalmazó hajápolók használata javasolt!</FONT></P>
<P style=\"TEXT-ALIGN: justify; MARGIN-LEFT: 36pt; TEXT-INDENT: -18pt; mso-list: l0 level1 lfo1\">·&nbsp;&nbsp;&nbsp;&nbsp;&nbsp;&nbsp;&nbsp;&nbsp; <FONT face=\"Times New Roman\">Az elkészült frizura ápolásához kérjen a felrakó szakembertől hajápolási utasítást, tanácsot, vagy olvasson utána a webáruházban a (póthaj ápolása) terméknél, az interneten ahol számos cikk található erről, és vezessen hajápolási naplót!</FONT></P>', `item_id`='2536-socap-c-50-55cm-10db-14-világosszők', `default_pic`='5073', `active`='1', `category_id`='255', `root_category_id`='186', `seo_name`='euro-socap-keratinos-pothaj-50-55cm-10db-vilagos-szoke', `fullurl`='hajhosszabbitas/keratinos-pothaj/euro-socap-keratinos-pothaj-50-55cm-10db-vilagos-szoke', `other_categories`='255,321' WHERE id=3901

[2020-11-22 15:06:55] INSERT INTO webshop_gallery (`id`, `product_id`, `original_name`, `new_name`, `date`) VALUES (15357, 5081, 'megszünt - Fodrász szék lábtartó 2', '15357.jpg', 1606054015)

[2020-11-22 15:06:55] INSERT INTO webshop_products (`id`, `name_hun`, `name_eng`, `item_id`, `price`, `reduced_price`, `status`, `currency`, `content_short`, `content`, `details`, `date`, `default_pic`, `active`, `main`, `sort`, `category_id`, `root_category_id`, `seo_name`, `fullurl`, `websyx_id`, `quantity`, `other_categories`) VALUES ('5081', 'megszünt - Fodrász szék lábtartó 2', 'megszünt - Fodrász szék lábtartó 2', '1839-hw-labtartó-hosszu', 0, 0, 1, 'Ft', 'Fodrász szék krómozott lábtartó. 4db csavarozási lehetőséggel felerősíthető, a földre is támaszkodható,...', '<P>Fodrász szék krómozott lábtartó. 4db csavarozási lehetőséggel felerősíthető, a földre is támaszkodható, krómozott lábtartó, gumi talpvédővel.&nbsp;Alkalmas fodrász székekre, vagy más székekre, ülő alkalmatosságokra, amennyiben a lenti furatok megfelelők, vagy elkészíthetők.</P>
<P>A lábtartó adatai:</P>
<P>A felszerelt fodrász szék lábtartó, talp tartó része, a szék aljától kb. 50cm távolságban lesz, és a földre is támaszkodhat.</P>
<P>A lábtartót a szék aljához&nbsp;rögzítő, a szár végén keresztben levő, &nbsp;felcsavarozandó lapos vas szélessége kb. 12cm, hossza 12cm, az ezen található 4db 10 mm lyuk középpontja egymástól 95mm távolságban van. Ezen pontokon, vagy más újra fúrt pontokon, vagy egy + laposvas segítségével lehet rögzíteni.</P>', '', 1606054015, '15357', '1', 0, 1, 265, '104', 'megszunt-fodrasz-szek-labtarto-2', 'fodraszkellek/hajkefe/keramia-korkefe/megszunt-fodrasz-szek-labtarto-2', '777', 1, '')

[2020-11-22 15:06:55] INSERT INTO webshop_special_fields (`key`, `value`, `product_id`) VALUES ('manufacturer', 'Egyéb fodrászkellék', 5081)

[2020-11-22 15:06:55] INSERT INTO webshop_special_fields (`key`, `value`, `product_id`) VALUES ('quantityunit', 'db', 5081)

[2020-11-22 15:06:55] INSERT INTO webshop_special_fields (`key`, `value`, `product_id`) VALUES ('kiszereles', '1', 5081)

[2020-11-22 15:06:55] UPDATE webshop_products SET sort=1 WHERE id=3326

[2020-11-22 15:06:55] UPDATE webshop_products SET sort=2 WHERE id=5081

[2020-11-22 15:06:55] UPDATE webshop_products SET sort=3 WHERE id=5080

[2020-11-22 15:06:56] UPDATE users SET lastlogin = NOW() WHERE id = '11'

[2020-11-22 15:06:56] UPDATE webshop_gallery SET original_name='Gyerek emelő fodrász szék ülésbe', date=1606054016 WHERE id=6942

[2020-11-22 15:06:56] UPDATE webshop_special_fields SET `value`='Egyéb fodrászkellék' WHERE `key`='manufacturer' AND `product_id`=4137

[2020-11-22 15:06:56] UPDATE webshop_special_fields SET `value`='db' WHERE `key`='quantityunit' AND `product_id`=4137

[2020-11-22 15:06:56] UPDATE webshop_special_fields SET `value`='1' WHERE `key`='kiszereles' AND `product_id`=4137

[2020-11-22 15:06:57] UPDATE webshop_products SET `name_hun`='Gyerek emelő fodrász szék és egyéb ülésbe',`content_short`='Gyerek emelő puff, fodrász szék és egyéb&nbsp;ülésbe, cipő elleni&nbsp;lelógó ülésvédővel. A gyerekekenek...',`content`='<P>Gyerek emelő puff, fodrász szék és egyéb&nbsp;ülésbe, cipő elleni&nbsp;lelógó ülésvédővel. A gyerekekenek készült&nbsp;emelő szinte minden fodrász székbe és más székekbe elhelyezhető ideális méretének köszönhetően.</P>
<P>a puff méretei: 35 x 44 x 16,5 cm; a lelógó cípővédő hossza 29cm</P>', `item_id`='1839-hw-56008yd29', `default_pic`='6942', `active`='1', `category_id`='86', `root_category_id`='0', `seo_name`='gyerek-emelo-fodrasz-szek-es-egyeb-ulesbe', `fullurl`='fodraszbutor/gyerek-emelo-fodrasz-szek-es-egyeb-ulesbe', `other_categories`='86,89,104,374' WHERE id=4137

[2020-11-22 15:06:57] UPDATE webshop_gallery SET original_name='Gumipartvis vízlehúzó éllel döntött nyéltartóval partvis fogakkal', date=1606054017 WHERE id=15327

[2020-11-22 15:06:57] UPDATE webshop_special_fields SET `value`='Comair fodrászkellék' WHERE `key`='manufacturer' AND `product_id`=5055

[2020-11-22 15:06:57] UPDATE webshop_special_fields SET `value`='db' WHERE `key`='quantityunit' AND `product_id`=5055

[2020-11-22 15:06:57] UPDATE webshop_special_fields SET `value`='1' WHERE `key`='kiszereles' AND `product_id`=5055

[2020-11-22 15:06:57] UPDATE webshop_products SET `name_hun`='Gumipartvis vízlehúzó éllel döntött nyéltartóval és partvis fogakkal',`content_short`='Gumipartvis vízlehúzó éllel, 45 fokban döntött&nbsp;nyél tartó fejjel, és döntött&nbsp;partvis...',`content`='<P style=\"TEXT-ALIGN: justify\">Gumipartvis vízlehúzó éllel, 45 fokban döntött&nbsp;nyél tartó fejjel, és döntött&nbsp;partvis fogakkal.&nbsp;A legapróbb haj, állati szőr, morzsa, apró szemű&nbsp;föld, törmelék ...&nbsp;tökéletes összesöprésére.&nbsp;&nbsp;A leghatékonyabb eszköz, a porszívó után az apró koszok összegyűjtésében.&nbsp;Kopás álló, elnyűhetetlen, rendkívül egyszerűen, egy tisztító szeres mosással&nbsp;higénikusan tartható,&nbsp;gumi szőrökkel készült partvis fej, fekete színben.</P>
<P style=\"TEXT-ALIGN: justify\">A 45 fokban döntött használati mód, nyél beszerelési lehetőség,&nbsp;&nbsp;a vízlehúzó él, funkció&nbsp;használatát könnyíti meg.&nbsp;</P>
<P style=\"TEXT-ALIGN: justify; MARGIN: 0cm 0cm 10pt\">&nbsp;- A&nbsp;szépség ipar számára készült, &nbsp;12-14 sorban elhelyezkedő, több száz gumifoggal rendelkező gumi partvissal, seprűvel, a legapróbb,&nbsp; haj, állati szőr darabok, morzsa, apró szemű&nbsp;föld, törmelék, a sűrű gumifogaknak köszönhetően, a lehető leggyorsabban és legtökéletesebben felseperhető. Elegendő egyetlen húzás, a kosz összegyűjtésére.</P>
<P style=\"TEXT-ALIGN: justify; MARGIN: 0cm 0cm 10pt\">A speciálisan a szépség ipar számára kifejlesztették, ki mert&nbsp; a nagyon apró hajdarabokat a normál seprűk nem tudják&nbsp;kezelni, beleragadnak. &nbsp;A gumipartvis a rugalmas, tökéletesen össze záró tüskéknek köszönhetően, a leghatékonyabbak a seprésben. Ezen típusok nagyon hosszú ideig lágyak, rugalmasak maradnak, nem keményednek meg a gumi tüskék, így szinte örökösen tökéletesen sepernek.</P>
<P style=\"TEXT-ALIGN: justify; MARGIN: 0cm 0cm 10pt\">Ez a típusú, sűrű gumifogakkal készült seprű, gumi partvis&nbsp;egy olyan eszköz, amellyel nagyon gyorsan, egy két mozdulattal minden típusú hulladék tökéletesen összesöpörhető. A sűrű fogak a teljes felületet lefedik, semmit nem hagynak el. A haj, és az állatok szőre, a morzsa, az apró szemű&nbsp;föld, törmelék, semmi nem ragad a partvis fogaihoz, ezért nagyon könnyű a seprű tisztán tartása. Nagyon lassan kopik, a mindennapos otthoni&nbsp;használat mellett is a gumipartvis szinte örökös.</P>
<P style=\"TEXT-ALIGN: justify; MARGIN: 0cm 0cm 10pt\">A gumipartvis, gumiseprű, fejet nyél nélkül szállítjuk, de rendelhető hozzá teleszkópos partvis nyél, vagy használható hozzá a háztartásban használatos, általános partvis nyél is, amelynek a feje kúpos, csavaros fejkiképzéssel rendelkezik. A gumi partvis fejen levő lyuk rugalmas, ezért a partvis fej átmérője &nbsp;20-23mm közötti méret is lehet.</P>
<P style=\"TEXT-ALIGN: justify; MARGIN: 0cm 0cm 10pt\"><U>A gumipartvis, gumiseprű fej adatai:</U></P>
<P style=\"TEXT-ALIGN: justify; MARGIN: 0cm 0cm 10pt\">-A gumipartvis szélessége kb. 33 cm</P>
<P style=\"TEXT-ALIGN: justify; MARGIN: 0cm 0cm 10pt\">-A gumipartvis fej magassága: kb.5cm</P>
<P style=\"TEXT-ALIGN: justify; MARGIN: 0cm 0cm 10pt\">-A gumipartvis fej vastagsága: 3,5-5,5cm </P>
<P style=\"TEXT-ALIGN: justify; MARGIN: 0cm 0cm 10pt\">-A gumipartvis a takarításhoz praktikus fodrászkellék, fodrászcikk az üzletben, és otthon is.</P>', `item_id`='1734-3010649-gumipartvis-ferde-lehuzo', `default_pic`='15327', `active`='1', `category_id`='241', `root_category_id`='104', `seo_name`='gumipartvis-vizlehuzo-ellel-dontott-nyeltartoval-es-partvis-fogakkal', `fullurl`='fodraszkellek/gumikesztyu-gumipartvis-takarito-fodraszkellek/gumipartvis-vizlehuzo-ellel-dontott-nyeltartoval-es-partvis-fogakkal', `other_categories`='241,420' WHERE id=5055

[2020-11-22 15:06:57] INSERT INTO webshop_gallery (`id`, `product_id`, `original_name`, `new_name`, `date`) VALUES (15358, 5082, 'megszünt - Gőzbúra Ekovip800 ózon generátorral', '15358.jpg', 1606054017)

[2020-11-22 15:06:57] INSERT INTO webshop_products (`id`, `name_hun`, `name_eng`, `item_id`, `price`, `reduced_price`, `status`, `currency`, `content_short`, `content`, `details`, `date`, `default_pic`, `active`, `main`, `sort`, `category_id`, `root_category_id`, `seo_name`, `fullurl`, `websyx_id`, `quantity`, `other_categories`) VALUES ('5082', 'megszünt - Gőzbúra Ekovip800 ózon generátorral', 'megszünt - Gőzbúra Ekovip800 ózon generátorral', '2238-vpo800ozono+ szállításdíj-9990Ft', 0, 0, 1, 'Ft', '
Gőzbúra, hajgőzölő, gőzös hajkezelő, vizes klimazon, a fodrász szakmában sokféleképpen nevezik. A...', '<FONT face=Calibri>
<P style=\"MARGIN: 0cm 0cm 10pt; LINE-HEIGHT: normal; mso-margin-top-alt: auto; mso-margin-bottom-alt: auto\"><B>Gőzbúra, hajgőzölő, gőzös hajkezelő, vizes klimazon, a fodrász szakmában sokféleképpen nevezik. A gőzbúrát állítható magasságú tartószárral, gurulós talpal szállítjuk, de rendelhető falikaros változatban is.</B></P>
<P style=\"TEXT-ALIGN: justify; MARGIN: 0cm 0cm 10pt; LINE-HEIGHT: normal\">A gőzbúra használatával átlagosan negyedére tudjuk csökkenteni a hajfestés, szőkítés és a dauer hatóidejét. A hajgőzölő használatával a festésnél intenzívebb színhatást és optimálisabb tartósságot érhetünk el. A hajgőzölő használatának további előnye, hogy a hajápolási kezelések során növelni tudjuk az alkalmazott haj ápolószer, pakolás vagy szérum hatását, ezzel mélyebb ápolást biztosítunk a haj számára.</P>
<P style=\"TEXT-ALIGN: justify; MARGIN: 0cm 0cm 10pt; LINE-HEIGHT: normal\">Figyelem, az ingyenes szállítás erre a termékre nem vonatkozik! - A termék házhoz szállítás díja, a cikkszámban látható, + bruttó összeg!&nbsp;Ha az áruház rendszere a szállítási automatikusan nem kínálja fel, nem adja hozzá a rendeléséhez, csak a kézhez kapott számlán kerül majd felszámításra! Ebben az esetben telefonon hívjuk egyeztetés céljából, és kérjük, előre utalást csak az egyeztetés után indítson!</P>
<P style=\"TEXT-ALIGN: justify; MARGIN: 0cm 0cm 10pt; LINE-HEIGHT: normal\"><B>Gőzbúra, hajgőzölő külső jellemzők.</B></P>
<P style=\"TEXT-ALIGN: justify; MARGIN: 0cm 0cm 10pt; LINE-HEIGHT: normal\">Krémszínű ház, ( vagy fekete külön rendelésre) &nbsp;átlátszó, füst szürke&nbsp;színű búrával. A Professzionális hajgőzölőt gurulós, teleszkópos&nbsp;lábbal szállítjuk. Rendelhető falikaros változatban is, de a falikaros változat rendeléséhez telefonos egyeztetés szükséges! A&nbsp; gép magassága, a teleszkópos tartószárral állítható, rögzíthető.&nbsp; Gurulós talppal kerül szállításra, melyből a görgők eltávolíthatók, így egy fix hajszárító állomást hozhatunk létre.</P>
<P style=\"TEXT-ALIGN: justify; MARGIN: 0cm 0cm 10pt; LINE-HEIGHT: normal\">A gőzbúra, hajgőzölő gyártója&nbsp;az Olaszországi székhelyű&nbsp;Metalplast. 1969 óta&nbsp;a Bolognai&nbsp;gyárban készítik termékeiket, melyeket nagy megbízhatóságra, és hosszú élettartamra terveztek. A Metalplastnál gyártott gépeknek hosszú éveken keresztül, hibamentesen kell üzemelniük.</P>
<P style=\"TEXT-ALIGN: justify; MARGIN: 0cm 0cm 10pt; LINE-HEIGHT: normal\">A hajgőzölők ezüst szürke&nbsp;alapszínben választhatók,&nbsp;fekete színre csak rendelést tudunk felvenni, telefonos egyeztetés alapján.</P>
<P style=\"MARGIN: 0cm 0cm 10pt; LINE-HEIGHT: normal; mso-margin-top-alt: auto; mso-margin-bottom-alt: auto\"><B><U>Gőzbúrák alkalmazása</U></B></P>
<P style=\"MARGIN: 0cm 0cm 10pt; LINE-HEIGHT: normal; mso-margin-top-alt: auto; mso-margin-bottom-alt: auto\"><B style=\"mso-bidi-font-weight: normal\"><U>A gőzbúra, hajgőzölő, gőzös hajkondicionáló, vizes klimazon gép funkciója, használata:</U></B></P>
<P style=\"TEXT-ALIGN: justify; MARGIN: 0cm 0cm 10pt; LINE-HEIGHT: normal; mso-margin-top-alt: auto; mso-margin-bottom-alt: auto\">A használók több nevet is adtak ennek a fodrászok munkáját megkönnyítő gépnek. A gőzbúra, hajgőzölő, vizes klimazon, gőzös hajkondicionáló néven is ismert elektromos hajkezelő,<B> a gőz</B> jótékony hatását alkalmazza. </P>
<P style=\"TEXT-ALIGN: justify; MARGIN: 0cm 0cm 10pt; LINE-HEIGHT: normal; mso-margin-top-alt: auto; mso-margin-bottom-alt: auto\">Használata az előállított optimális gőz - levegő keveréknek köszönhetően, elősegíti a haj mikro sejtjeinek megnagyobbodását, tágulását, ezáltal segíti behatolni a hajba a&nbsp; különféle hajszínező, hajkondicionáló, hajápoló szerek hatóanyagait, hajfesték, hajszesz, &nbsp;dauer &hellip;. összetevőket, a hajat hidratáltá, puhává és fényessé teszi. Megkönnyíti, felgyorsítja a fejbőr vérkeringését is, ez segíti a fejbőr egészséges működését.<B style=\"mso-bidi-font-weight: normal\"> Segítségével a hajfestékek, hajszínezők, dauer, szőkítők, hajápoló készítmények, hajszeszek, anyagok bejutásának hatóideje jelentősen csökkenthető, a lenti táblázat szerint.</B></P>
<P style=\"TEXT-ALIGN: justify; MARGIN: 0cm 0cm 10pt; LINE-HEIGHT: normal; mso-margin-top-alt: auto; mso-margin-bottom-alt: auto\">A kezelés alatt növeli a haj nedvességtartalmát, a haj hidratált lesz. A kutikula nyitása és zárása nedves állapotban történik. Ebben az állapotban a haj sokkal rugalmasabb mint szárazon, ezáltal nem sérül. Rendszeres használata eltünteti a korpát, tisztává és széppé teszi a hajat. </P>
<P style=\"MARGIN: 0cm 0cm 10pt; LINE-HEIGHT: normal; mso-margin-top-alt: auto; mso-margin-bottom-alt: auto\">A gőzbúrával ajánlott alkalmazások:</P>
<P style=\"MARGIN: 0cm 0cm 0pt; LINE-HEIGHT: normal\">·&nbsp;&nbsp;&nbsp;&nbsp;&nbsp;&nbsp;&nbsp;&nbsp; Hajpakolás &ndash; hajmaszk, hajbalzsam, egyéb hajápolók, hajkezelések</P>
<P style=\"MARGIN: 0cm 0cm 0pt; LINE-HEIGHT: normal\">·&nbsp;&nbsp;&nbsp;&nbsp;&nbsp;&nbsp;&nbsp;&nbsp; Dauer használatok</P>
<P style=\"MARGIN: 0cm 0cm 0pt; LINE-HEIGHT: normal\">·&nbsp;&nbsp;&nbsp;&nbsp;&nbsp;&nbsp;&nbsp;&nbsp; Hajfestéshez, hajszínezéshez, hajfesték eltávolítás, szőkítés</P>
<P style=\"MARGIN: 0cm 0cm 0pt; LINE-HEIGHT: normal\">·&nbsp;&nbsp;&nbsp;&nbsp;&nbsp;&nbsp;&nbsp;&nbsp; Hajhullás, korpásodás, hajzsírosodás, egyéb hajprobléma elleni hajszesz, hajszérum alkalmazásakor</P>
<P style=\"MARGIN: 0cm 0cm 0pt; LINE-HEIGHT: normal\">.&nbsp;&nbsp;&nbsp;&nbsp;&nbsp;&nbsp;&nbsp;&nbsp; Ózonos típussal haj és fejbőr fertőtlenítés, fejbőr problémák kezelése.</P>
<P style=\"MARGIN: 0cm 0cm 0pt; LINE-HEIGHT: normal\">&nbsp;</P>
<P style=\"TEXT-ALIGN: justify; MARGIN: 0cm 0cm 10pt; LINE-HEIGHT: normal; mso-margin-top-alt: auto; mso-margin-bottom-alt: auto\">Gőzerősség: A gőzerősség a (4) kapcsolóval 2 fokozatban, max. és min. változtatható.</P>
<P style=\"TEXT-ALIGN: justify; MARGIN: 0cm 0cm 10pt; LINE-HEIGHT: normal; mso-margin-top-alt: auto; mso-margin-bottom-alt: auto\">Ajánlott&nbsp;hatóidők hajtípusok szerint: Az adott vegyi folyamatok ható ideje akár 60-80% al is&nbsp;csökkenthető.</P>
<P style=\"TEXT-ALIGN: justify; MARGIN: 0cm 0cm 10pt; LINE-HEIGHT: normal; mso-margin-top-alt: auto; mso-margin-bottom-alt: auto\">A max.&nbsp; (Maximum) és min. (Minimum) jelzések&nbsp;a gőz erősség fokozat kapcsoló javasolt állását jelzik!</P>
<P style=\"TEXT-ALIGN: justify; MARGIN: 0cm 0cm 10pt; LINE-HEIGHT: normal; mso-margin-top-alt: auto; mso-margin-bottom-alt: auto\">( Figyelem: A min. gőzmennyiséghez képest a max. gőz erőssége a folyamatok hatóidejét csak kis mértékben, kb.20% ban növeli, de az alacsonyabb fokozatban való használat jelentősen növeli a fűtőelem üzemidejét. Ha szeretné növelni a fűtőelem üzemidejét, kalkulálja át eszerint a táblázatban megadott ajánlott adatokat. )</P>
<P>
<TABLE style=\"WIDTH: 266.55pt; mso-cellspacing: 0cm; mso-yfti-tbllook: 1184; mso-padding-alt: 0cm 0cm 0cm 0cm\" cellSpacing=0 cellPadding=0 width=355 border=0>
<TBODY>
<TR style=\"mso-yfti-irow: 0; mso-yfti-firstrow: yes\">
<TD style=\"BORDER-TOP: #f0f0f0; BORDER-RIGHT: #f0f0f0; WIDTH: 48pt; BORDER-BOTTOM: #f0f0f0; PADDING-BOTTOM: 0cm; PADDING-TOP: 0cm; PADDING-LEFT: 0cm; BORDER-LEFT: #f0f0f0; PADDING-RIGHT: 0cm; BACKGROUND-COLOR: transparent\" vAlign=bottom width=64></TD>
<TD style=\"BORDER-TOP: #f0f0f0; BORDER-RIGHT: #f0f0f0; WIDTH: 36pt; BORDER-BOTTOM: #f0f0f0; PADDING-BOTTOM: 0cm; PADDING-TOP: 0cm; PADDING-LEFT: 0cm; BORDER-LEFT: #f0f0f0; PADDING-RIGHT: 0cm; BACKGROUND-COLOR: transparent\" vAlign=bottom width=48></TD>
<TD style=\"BORDER-TOP: #f0f0f0; BORDER-RIGHT: #f0f0f0; WIDTH: 48pt; BORDER-BOTTOM: #f0f0f0; PADDING-BOTTOM: 0cm; PADDING-TOP: 0cm; PADDING-LEFT: 0cm; BORDER-LEFT: #f0f0f0; PADDING-RIGHT: 0cm; BACKGROUND-COLOR: transparent\" vAlign=bottom width=64>
<P style=\"TEXT-ALIGN: justify; MARGIN: 0cm 0cm 10pt; LINE-HEIGHT: normal; mso-margin-top-alt: auto; mso-margin-bottom-alt: auto\">Szőkített haj</P></TD>
<TD style=\"BORDER-TOP: #f0f0f0; BORDER-RIGHT: #f0f0f0; WIDTH: 44.85pt; BORDER-BOTTOM: #f0f0f0; PADDING-BOTTOM: 0cm; PADDING-TOP: 0cm; PADDING-LEFT: 0cm; BORDER-LEFT: #f0f0f0; PADDING-RIGHT: 0cm; BACKGROUND-COLOR: transparent\" vAlign=bottom width=60>
<P style=\"TEXT-ALIGN: justify; MARGIN: 0cm 0cm 10pt; LINE-HEIGHT: normal; mso-margin-top-alt: auto; mso-margin-bottom-alt: auto\">Festett haj</P></TD>
<TD style=\"BORDER-TOP: #f0f0f0; BORDER-RIGHT: #f0f0f0; WIDTH: 44.85pt; BORDER-BOTTOM: #f0f0f0; PADDING-BOTTOM: 0cm; PADDING-TOP: 0cm; PADDING-LEFT: 0cm; BORDER-LEFT: #f0f0f0; PADDING-RIGHT: 0cm; BACKGROUND-COLOR: transparent\" vAlign=bottom width=60>
<P style=\"TEXT-ALIGN: justify; MARGIN: 0cm 0cm 10pt; LINE-HEIGHT: normal; mso-margin-top-alt: auto; mso-margin-bottom-alt: auto\">Normál haj</P></TD>
<TD style=\"BORDER-TOP: #f0f0f0; BORDER-RIGHT: #f0f0f0; WIDTH: 44.85pt; BORDER-BOTTOM: #f0f0f0; PADDING-BOTTOM: 0cm; PADDING-TOP: 0cm; PADDING-LEFT: 0cm; BORDER-LEFT: #f0f0f0; PADDING-RIGHT: 0cm; BACKGROUND-COLOR: transparent\" vAlign=bottom width=60>
<P style=\"TEXT-ALIGN: justify; MARGIN: 0cm 0cm 10pt; LINE-HEIGHT: normal; mso-margin-top-alt: auto; mso-margin-bottom-alt: auto\">Erős haj</P></TD></TR>
<TR style=\"mso-yfti-irow: 1\">
<TD style=\"BORDER-TOP: #f0f0f0; BORDER-RIGHT: #f0f0f0; WIDTH: 84pt; BORDER-BOTTOM: #f0f0f0; PADDING-BOTTOM: 0cm; PADDING-TOP: 0cm; PADDING-LEFT: 0cm; BORDER-LEFT: #f0f0f0; PADDING-RIGHT: 0cm; BACKGROUND-COLOR: transparent\" vAlign=bottom width=112 colSpan=2>
<P style=\"TEXT-ALIGN: justify; MARGIN: 0cm 0cm 10pt; LINE-HEIGHT: normal; mso-margin-top-alt: auto; mso-margin-bottom-alt: auto\">Dauerolás</P></TD>
<TD style=\"BORDER-TOP: #f0f0f0; BORDER-RIGHT: #f0f0f0; WIDTH: 48pt; BORDER-BOTTOM: #f0f0f0; PADDING-BOTTOM: 0cm; PADDING-TOP: 0cm; PADDING-LEFT: 0cm; BORDER-LEFT: #f0f0f0; PADDING-RIGHT: 0cm; BACKGROUND-COLOR: transparent\" vAlign=bottom width=64>
<P style=\"TEXT-ALIGN: justify; MARGIN: 0cm 0cm 10pt; LINE-HEIGHT: normal; mso-margin-top-alt: auto; mso-margin-bottom-alt: auto\">5perc&nbsp;&nbsp;&nbsp; max.</P></TD>
<TD style=\"BORDER-TOP: #f0f0f0; BORDER-RIGHT: #f0f0f0; WIDTH: 44.85pt; BORDER-BOTTOM: #f0f0f0; PADDING-BOTTOM: 0cm; PADDING-TOP: 0cm; PADDING-LEFT: 0cm; BORDER-LEFT: #f0f0f0; PADDING-RIGHT: 0cm; BACKGROUND-COLOR: transparent\" vAlign=bottom width=60>
<P style=\"TEXT-ALIGN: justify; MARGIN: 0cm 0cm 10pt; LINE-HEIGHT: normal; mso-margin-top-alt: auto; mso-margin-bottom-alt: auto\">6perc&nbsp;&nbsp;&nbsp; max.</P></TD>
<TD style=\"BORDER-TOP: #f0f0f0; BORDER-RIGHT: #f0f0f0; WIDTH: 44.85pt; BORDER-BOTTOM: #f0f0f0; PADDING-BOTTOM: 0cm; PADDING-TOP: 0cm; PADDING-LEFT: 0cm; BORDER-LEFT: #f0f0f0; PADDING-RIGHT: 0cm; BACKGROUND-COLOR: transparent\" vAlign=bottom width=60>
<P style=\"TEXT-ALIGN: justify; MARGIN: 0cm 0cm 10pt; LINE-HEIGHT: normal; mso-margin-top-alt: auto; mso-margin-bottom-alt: auto\">7perc&nbsp;&nbsp;&nbsp; max.</P></TD>
<TD style=\"BORDER-TOP: #f0f0f0; BORDER-RIGHT: #f0f0f0; WIDTH: 44.85pt; BORDER-BOTTOM: #f0f0f0; PADDING-BOTTOM: 0cm; PADDING-TOP: 0cm; PADDING-LEFT: 0cm; BORDER-LEFT: #f0f0f0; PADDING-RIGHT: 0cm; BACKGROUND-COLOR: transparent\" vAlign=bottom width=60>
<P style=\"TEXT-ALIGN: justify; MARGIN: 0cm 0cm 10pt; LINE-HEIGHT: normal; mso-margin-top-alt: auto; mso-margin-bottom-alt: auto\">8perc&nbsp;&nbsp;&nbsp; max.</P></TD></TR>
<TR style=\"mso-yfti-irow: 2\">
<TD style=\"BORDER-TOP: #f0f0f0; BORDER-RIGHT: #f0f0f0; WIDTH: 84pt; BORDER-BOTTOM: #f0f0f0; PADDING-BOTTOM: 0cm; PADDING-TOP: 0cm; PADDING-LEFT: 0cm; BORDER-LEFT: #f0f0f0; PADDING-RIGHT: 0cm; BACKGROUND-COLOR: transparent\" vAlign=bottom width=112 colSpan=2>
<P style=\"TEXT-ALIGN: justify; MARGIN: 0cm 0cm 10pt; LINE-HEIGHT: normal; mso-margin-top-alt: auto; mso-margin-bottom-alt: auto\">Hajkezelés</P></TD>
<TD style=\"BORDER-TOP: #f0f0f0; BORDER-RIGHT: #f0f0f0; WIDTH: 48pt; BORDER-BOTTOM: #f0f0f0; PADDING-BOTTOM: 0cm; PADDING-TOP: 0cm; PADDING-LEFT: 0cm; BORDER-LEFT: #f0f0f0; PADDING-RIGHT: 0cm; BACKGROUND-COLOR: transparent\" vAlign=bottom width=64>
<P style=\"TEXT-ALIGN: justify; MARGIN: 0cm 0cm 10pt; LINE-HEIGHT: normal; mso-margin-top-alt: auto; mso-margin-bottom-alt: auto\">6perc&nbsp;&nbsp;&nbsp; min.</P></TD>
<TD style=\"BORDER-TOP: #f0f0f0; BORDER-RIGHT: #f0f0f0; WIDTH: 44.85pt; BORDER-BOTTOM: #f0f0f0; PADDING-BOTTOM: 0cm; PADDING-TOP: 0cm; PADDING-LEFT: 0cm; BORDER-LEFT: #f0f0f0; PADDING-RIGHT: 0cm; BACKGROUND-COLOR: transparent\" vAlign=bottom width=60>
<P style=\"TEXT-ALIGN: justify; MARGIN: 0cm 0cm 10pt; LINE-HEIGHT: normal; mso-margin-top-alt: auto; mso-margin-bottom-alt: auto\">6perc&nbsp;&nbsp;&nbsp; max.</P></TD>
<TD style=\"BORDER-TOP: #f0f0f0; BORDER-RIGHT: #f0f0f0; WIDTH: 44.85pt; BORDER-BOTTOM: #f0f0f0; PADDING-BOTTOM: 0cm; PADDING-TOP: 0cm; PADDING-LEFT: 0cm; BORDER-LEFT: #f0f0f0; PADDING-RIGHT: 0cm; BACKGROUND-COLOR: transparent\" vAlign=bottom width=60>
<P style=\"TEXT-ALIGN: justify; MARGIN: 0cm 0cm 10pt; LINE-HEIGHT: normal; mso-margin-top-alt: auto; mso-margin-bottom-alt: auto\">8perc&nbsp;&nbsp;&nbsp; max.</P></TD>
<TD style=\"BORDER-TOP: #f0f0f0; BORDER-RIGHT: #f0f0f0; WIDTH: 44.85pt; BORDER-BOTTOM: #f0f0f0; PADDING-BOTTOM: 0cm; PADDING-TOP: 0cm; PADDING-LEFT: 0cm; BORDER-LEFT: #f0f0f0; PADDING-RIGHT: 0cm; BACKGROUND-COLOR: transparent\" vAlign=bottom width=60>
<P style=\"TEXT-ALIGN: justify; MARGIN: 0cm 0cm 10pt; LINE-HEIGHT: normal; mso-margin-top-alt: auto; mso-margin-bottom-alt: auto\">8,5perc&nbsp;&nbsp;&nbsp; max.</P></TD></TR>
<TR style=\"mso-yfti-irow: 3\">
<TD style=\"BORDER-TOP: #f0f0f0; BORDER-RIGHT: #f0f0f0; WIDTH: 84pt; BORDER-BOTTOM: #f0f0f0; PADDING-BOTTOM: 0cm; PADDING-TOP: 0cm; PADDING-LEFT: 0cm; BORDER-LEFT: #f0f0f0; PADDING-RIGHT: 0cm; BACKGROUND-COLOR: transparent\" vAlign=bottom width=112 colSpan=2>
<P style=\"TEXT-ALIGN: justify; MARGIN: 0cm 0cm 10pt; LINE-HEIGHT: normal; mso-margin-top-alt: auto; mso-margin-bottom-alt: auto\">Festékeltávolítás</P></TD>
<TD style=\"BORDER-TOP: #f0f0f0; BORDER-RIGHT: #f0f0f0; WIDTH: 48pt; BORDER-BOTTOM: #f0f0f0; PADDING-BOTTOM: 0cm; PADDING-TOP: 0cm; PADDING-LEFT: 0cm; BORDER-LEFT: #f0f0f0; PADDING-RIGHT: 0cm; BACKGROUND-COLOR: transparent\" vAlign=bottom width=64>
<P style=\"TEXT-ALIGN: justify; MARGIN: 0cm 0cm 10pt; LINE-HEIGHT: normal; mso-margin-top-alt: auto; mso-margin-bottom-alt: auto\">6,5perc&nbsp;&nbsp;&nbsp; min.</P></TD>
<TD style=\"BORDER-TOP: #f0f0f0; BORDER-RIGHT: #f0f0f0; WIDTH: 44.85pt; BORDER-BOTTOM: #f0f0f0; PADDING-BOTTOM: 0cm; PADDING-TOP: 0cm; PADDING-LEFT: 0cm; BORDER-LEFT: #f0f0f0; PADDING-RIGHT: 0cm; BACKGROUND-COLOR: transparent\" vAlign=bottom width=60>
<P style=\"TEXT-ALIGN: justify; MARGIN: 0cm 0cm 10pt; LINE-HEIGHT: normal; mso-margin-top-alt: auto; mso-margin-bottom-alt: auto\">6,5perc&nbsp;&nbsp;&nbsp; min.</P></TD>
<TD style=\"BORDER-TOP: #f0f0f0; BORDER-RIGHT: #f0f0f0; WIDTH: 44.85pt; BORDER-BOTTOM: #f0f0f0; PADDING-BOTTOM: 0cm; PADDING-TOP: 0cm; PADDING-LEFT: 0cm; BORDER-LEFT: #f0f0f0; PADDING-RIGHT: 0cm; BACKGROUND-COLOR: transparent\" vAlign=bottom width=60>
<P style=\"TEXT-ALIGN: justify; MARGIN: 0cm 0cm 10pt; LINE-HEIGHT: normal; mso-margin-top-alt: auto; mso-margin-bottom-alt: auto\">6,5perc&nbsp;&nbsp;&nbsp; max.</P></TD>
<TD style=\"BORDER-TOP: #f0f0f0; BORDER-RIGHT: #f0f0f0; WIDTH: 44.85pt; BORDER-BOTTOM: #f0f0f0; PADDING-BOTTOM: 0cm; PADDING-TOP: 0cm; PADDING-LEFT: 0cm; BORDER-LEFT: #f0f0f0; PADDING-RIGHT: 0cm; BACKGROUND-COLOR: transparent\" vAlign=bottom width=60>
<P style=\"TEXT-ALIGN: justify; MARGIN: 0cm 0cm 10pt; LINE-HEIGHT: normal; mso-margin-top-alt: auto; mso-margin-bottom-alt: auto\">7,5perc&nbsp;&nbsp;&nbsp; max.</P></TD></TR>
<TR style=\"mso-yfti-irow: 4\">
<TD style=\"BORDER-TOP: #f0f0f0; BORDER-RIGHT: #f0f0f0; WIDTH: 84pt; BORDER-BOTTOM: #f0f0f0; PADDING-BOTTOM: 0cm; PADDING-TOP: 0cm; PADDING-LEFT: 0cm; BORDER-LEFT: #f0f0f0; PADDING-RIGHT: 0cm; BACKGROUND-COLOR: transparent\" vAlign=bottom width=112 colSpan=2>
<P style=\"TEXT-ALIGN: justify; MARGIN: 0cm 0cm 10pt; LINE-HEIGHT: normal; mso-margin-top-alt: auto; mso-margin-bottom-alt: auto\">Vörös haj festése</P></TD>
<TD style=\"BORDER-TOP: #f0f0f0; BORDER-RIGHT: #f0f0f0; WIDTH: 48pt; BORDER-BOTTOM: #f0f0f0; PADDING-BOTTOM: 0cm; PADDING-TOP: 0cm; PADDING-LEFT: 0cm; BORDER-LEFT: #f0f0f0; PADDING-RIGHT: 0cm; BACKGROUND-COLOR: transparent\" vAlign=bottom width=64>
<P style=\"TEXT-ALIGN: justify; MARGIN: 0cm 0cm 10pt; LINE-HEIGHT: normal; mso-margin-top-alt: auto; mso-margin-bottom-alt: auto\">5perc&nbsp;&nbsp;&nbsp; min.</P></TD>
<TD style=\"BORDER-TOP: #f0f0f0; BORDER-RIGHT: #f0f0f0; WIDTH: 44.85pt; BORDER-BOTTOM: #f0f0f0; PADDING-BOTTOM: 0cm; PADDING-TOP: 0cm; PADDING-LEFT: 0cm; BORDER-LEFT: #f0f0f0; PADDING-RIGHT: 0cm; BACKGROUND-COLOR: transparent\" vAlign=bottom width=60>
<P style=\"TEXT-ALIGN: justify; MARGIN: 0cm 0cm 10pt; LINE-HEIGHT: normal; mso-margin-top-alt: auto; mso-margin-bottom-alt: auto\">6perc&nbsp;&nbsp;&nbsp; min.</P></TD>
<TD style=\"BORDER-TOP: #f0f0f0; BORDER-RIGHT: #f0f0f0; WIDTH: 44.85pt; BORDER-BOTTOM: #f0f0f0; PADDING-BOTTOM: 0cm; PADDING-TOP: 0cm; PADDING-LEFT: 0cm; BORDER-LEFT: #f0f0f0; PADDING-RIGHT: 0cm; BACKGROUND-COLOR: transparent\" vAlign=bottom width=60>
<P style=\"TEXT-ALIGN: justify; MARGIN: 0cm 0cm 10pt; LINE-HEIGHT: normal; mso-margin-top-alt: auto; mso-margin-bottom-alt: auto\">6,5perc&nbsp;&nbsp;&nbsp; min.</P></TD>
<TD style=\"BORDER-TOP: #f0f0f0; BORDER-RIGHT: #f0f0f0; WIDTH: 44.85pt; BORDER-BOTTOM: #f0f0f0; PADDING-BOTTOM: 0cm; PADDING-TOP: 0cm; PADDING-LEFT: 0cm; BORDER-LEFT: #f0f0f0; PADDING-RIGHT: 0cm; BACKGROUND-COLOR: transparent\" vAlign=bottom width=60>
<P style=\"TEXT-ALIGN: justify; MARGIN: 0cm 0cm 10pt; LINE-HEIGHT: normal; mso-margin-top-alt: auto; mso-margin-bottom-alt: auto\">7perc&nbsp;&nbsp;&nbsp; max.</P></TD></TR>
<TR style=\"mso-yfti-irow: 5\">
<TD style=\"BORDER-TOP: #f0f0f0; BORDER-RIGHT: #f0f0f0; WIDTH: 48pt; BORDER-BOTTOM: #f0f0f0; PADDING-BOTTOM: 0cm; PADDING-TOP: 0cm; PADDING-LEFT: 0cm; BORDER-LEFT: #f0f0f0; PADDING-RIGHT: 0cm; BACKGROUND-COLOR: transparent\" vAlign=bottom width=64>
<P style=\"TEXT-ALIGN: justify; MARGIN: 0cm 0cm 10pt; LINE-HEIGHT: normal; mso-margin-top-alt: auto; mso-margin-bottom-alt: auto\">Festés</P></TD>
<TD style=\"BORDER-TOP: #f0f0f0; BORDER-RIGHT: #f0f0f0; WIDTH: 36pt; BORDER-BOTTOM: #f0f0f0; PADDING-BOTTOM: 0cm; PADDING-TOP: 0cm; PADDING-LEFT: 0cm; BORDER-LEFT: #f0f0f0; PADDING-RIGHT: 0cm; BACKGROUND-COLOR: transparent\" vAlign=bottom width=48>
<P style=\"TEXT-ALIGN: justify; MARGIN: 0cm 0cm 10pt; LINE-HEIGHT: normal; mso-margin-top-alt: auto; mso-margin-bottom-alt: auto\">&nbsp;</P></TD>
<TD style=\"BORDER-TOP: #f0f0f0; BORDER-RIGHT: #f0f0f0; WIDTH: 48pt; BORDER-BOTTOM: #f0f0f0; PADDING-BOTTOM: 0cm; PADDING-TOP: 0cm; PADDING-LEFT: 0cm; BORDER-LEFT: #f0f0f0; PADDING-RIGHT: 0cm; BACKGROUND-COLOR: transparent\" vAlign=bottom width=64>
<P style=\"TEXT-ALIGN: justify; MARGIN: 0cm 0cm 10pt; LINE-HEIGHT: normal; mso-margin-top-alt: auto; mso-margin-bottom-alt: auto\">4perc&nbsp;&nbsp;&nbsp; min.</P></TD>
<TD style=\"BORDER-TOP: #f0f0f0; BORDER-RIGHT: #f0f0f0; WIDTH: 44.85pt; BORDER-BOTTOM: #f0f0f0; PADDING-BOTTOM: 0cm; PADDING-TOP: 0cm; PADDING-LEFT: 0cm; BORDER-LEFT: #f0f0f0; PADDING-RIGHT: 0cm; BACKGROUND-COLOR: transparent\" vAlign=bottom width=60>
<P style=\"TEXT-ALIGN: justify; MARGIN: 0cm 0cm 10pt; LINE-HEIGHT: normal; mso-margin-top-alt: auto; mso-margin-bottom-alt: auto\">4,5perc&nbsp;&nbsp;&nbsp; min.</P></TD>
<TD style=\"BORDER-TOP: #f0f0f0; BORDER-RIGHT: #f0f0f0; WIDTH: 44.85pt; BORDER-BOTTOM: #f0f0f0; PADDING-BOTTOM: 0cm; PADDING-TOP: 0cm; PADDING-LEFT: 0cm; BORDER-LEFT: #f0f0f0; PADDING-RIGHT: 0cm; BACKGROUND-COLOR: transparent\" vAlign=bottom width=60>
<P style=\"TEXT-ALIGN: justify; MARGIN: 0cm 0cm 10pt; LINE-HEIGHT: normal; mso-margin-top-alt: auto; mso-margin-bottom-alt: auto\">5,5perc&nbsp;&nbsp;&nbsp; min.</P></TD>
<TD style=\"BORDER-TOP: #f0f0f0; BORDER-RIGHT: #f0f0f0; WIDTH: 44.85pt; BORDER-BOTTOM: #f0f0f0; PADDING-BOTTOM: 0cm; PADDING-TOP: 0cm; PADDING-LEFT: 0cm; BORDER-LEFT: #f0f0f0; PADDING-RIGHT: 0cm; BACKGROUND-COLOR: transparent\" vAlign=bottom width=60>
<P style=\"TEXT-ALIGN: justify; MARGIN: 0cm 0cm 10pt; LINE-HEIGHT: normal; mso-margin-top-alt: auto; mso-margin-bottom-alt: auto\">6,5perc&nbsp;&nbsp;&nbsp; min.</P></TD></TR>
<TR style=\"mso-yfti-irow: 6\">
<TD style=\"BORDER-TOP: #f0f0f0; BORDER-RIGHT: #f0f0f0; WIDTH: 48pt; BORDER-BOTTOM: #f0f0f0; PADDING-BOTTOM: 0cm; PADDING-TOP: 0cm; PADDING-LEFT: 0cm; BORDER-LEFT: #f0f0f0; PADDING-RIGHT: 0cm; BACKGROUND-COLOR: transparent\" vAlign=bottom width=64>
<P style=\"TEXT-ALIGN: justify; MARGIN: 0cm 0cm 10pt; LINE-HEIGHT: normal; mso-margin-top-alt: auto; mso-margin-bottom-alt: auto\">Szőkítés</P></TD>
<TD style=\"BORDER-TOP: #f0f0f0; BORDER-RIGHT: #f0f0f0; WIDTH: 36pt; BORDER-BOTTOM: #f0f0f0; PADDING-BOTTOM: 0cm; PADDING-TOP: 0cm; PADDING-LEFT: 0cm; BORDER-LEFT: #f0f0f0; PADDING-RIGHT: 0cm; BACKGROUND-COLOR: transparent\" vAlign=bottom width=48>
<P style=\"TEXT-ALIGN: justify; MARGIN: 0cm 0cm 10pt; LINE-HEIGHT: normal; mso-margin-top-alt: auto; mso-margin-bottom-alt: auto\">&nbsp;</P></TD>
<TD style=\"BORDER-TOP: #f0f0f0; BORDER-RIGHT: #f0f0f0; WIDTH: 48pt; BORDER-BOTTOM: #f0f0f0; PADDING-BOTTOM: 0cm; PADDING-TOP: 0cm; PADDING-LEFT: 0cm; BORDER-LEFT: #f0f0f0; PADDING-RIGHT: 0cm; BACKGROUND-COLOR: transparent\" vAlign=bottom width=64>
<P style=\"TEXT-ALIGN: justify; MARGIN: 0cm 0cm 10pt; LINE-HEIGHT: normal; mso-margin-top-alt: auto; mso-margin-bottom-alt: auto\">9perc&nbsp;&nbsp;&nbsp; max.</P></TD>
<TD style=\"BORDER-TOP: #f0f0f0; BORDER-RIGHT: #f0f0f0; WIDTH: 44.85pt; BORDER-BOTTOM: #f0f0f0; PADDING-BOTTOM: 0cm; PADDING-TOP: 0cm; PADDING-LEFT: 0cm; BORDER-LEFT: #f0f0f0; PADDING-RIGHT: 0cm; BACKGROUND-COLOR: transparent\" vAlign=bottom width=60>
<P style=\"TEXT-ALIGN: justify; MARGIN: 0cm 0cm 10pt; LINE-HEIGHT: normal; mso-margin-top-alt: auto; mso-margin-bottom-alt: auto\">10perc&nbsp; max.</P></TD>
<TD style=\"BORDER-TOP: #f0f0f0; BORDER-RIGHT: #f0f0f0; WIDTH: 44.85pt; BORDER-BOTTOM: #f0f0f0; PADDING-BOTTOM: 0cm; PADDING-TOP: 0cm; PADDING-LEFT: 0cm; BORDER-LEFT: #f0f0f0; PADDING-RIGHT: 0cm; BACKGROUND-COLOR: transparent\" vAlign=bottom width=60>
<P style=\"TEXT-ALIGN: justify; MARGIN: 0cm 0cm 10pt; LINE-HEIGHT: normal; mso-margin-top-alt: auto; mso-margin-bottom-alt: auto\">11perc&nbsp; max.</P></TD>
<TD style=\"BORDER-TOP: #f0f0f0; BORDER-RIGHT: #f0f0f0; WIDTH: 44.85pt; BORDER-BOTTOM: #f0f0f0; PADDING-BOTTOM: 0cm; PADDING-TOP: 0cm; PADDING-LEFT: 0cm; BORDER-LEFT: #f0f0f0; PADDING-RIGHT: 0cm; BACKGROUND-COLOR: transparent\" vAlign=bottom width=60>
<P style=\"TEXT-ALIGN: justify; MARGIN: 0cm 0cm 10pt; LINE-HEIGHT: normal; mso-margin-top-alt: auto; mso-margin-bottom-alt: auto\">13perc&nbsp; max.</P></TD></TR>
<TR style=\"mso-yfti-irow: 7; mso-yfti-lastrow: yes\">
<TD style=\"BORDER-TOP: #f0f0f0; BORDER-RIGHT: #f0f0f0; WIDTH: 48pt; BORDER-BOTTOM: #f0f0f0; PADDING-BOTTOM: 0cm; PADDING-TOP: 0cm; PADDING-LEFT: 0cm; BORDER-LEFT: #f0f0f0; PADDING-RIGHT: 0cm; BACKGROUND-COLOR: transparent\" vAlign=bottom width=64>
<P style=\"TEXT-ALIGN: justify; MARGIN: 0cm 0cm 10pt; LINE-HEIGHT: normal; mso-margin-top-alt: auto; mso-margin-bottom-alt: auto\">Színezés</P></TD>
<TD style=\"BORDER-TOP: #f0f0f0; BORDER-RIGHT: #f0f0f0; WIDTH: 36pt; BORDER-BOTTOM: #f0f0f0; PADDING-BOTTOM: 0cm; PADDING-TOP: 0cm; PADDING-LEFT: 0cm; BORDER-LEFT: #f0f0f0; PADDING-RIGHT: 0cm; BACKGROUND-COLOR: transparent\" vAlign=bottom width=48>
<P style=\"TEXT-ALIGN: justify; MARGIN: 0cm 0cm 10pt; LINE-HEIGHT: normal; mso-margin-top-alt: auto; mso-margin-bottom-alt: auto\">&nbsp;</P></TD>
<TD style=\"BORDER-TOP: #f0f0f0; BORDER-RIGHT: #f0f0f0; WIDTH: 48pt; BORDER-BOTTOM: #f0f0f0; PADDING-BOTTOM: 0cm; PADDING-TOP: 0cm; PADDING-LEFT: 0cm; BORDER-LEFT: #f0f0f0; PADDING-RIGHT: 0cm; BACKGROUND-COLOR: transparent\" vAlign=bottom width=64>
<P style=\"TEXT-ALIGN: justify; MARGIN: 0cm 0cm 10pt; LINE-HEIGHT: normal; mso-margin-top-alt: auto; mso-margin-bottom-alt: auto\">7perc&nbsp;&nbsp;&nbsp; max.</P></TD>
<TD style=\"BORDER-TOP: #f0f0f0; BORDER-RIGHT: #f0f0f0; WIDTH: 44.85pt; BORDER-BOTTOM: #f0f0f0; PADDING-BOTTOM: 0cm; PADDING-TOP: 0cm; PADDING-LEFT: 0cm; BORDER-LEFT: #f0f0f0; PADDING-RIGHT: 0cm; BACKGROUND-COLOR: transparent\" vAlign=bottom width=60>
<P style=\"TEXT-ALIGN: justify; MARGIN: 0cm 0cm 10pt; LINE-HEIGHT: normal; mso-margin-top-alt: auto; mso-margin-bottom-alt: auto\">7,5perc&nbsp;&nbsp;&nbsp; max.</P></TD>
<TD style=\"BORDER-TOP: #f0f0f0; BORDER-RIGHT: #f0f0f0; WIDTH: 44.85pt; BORDER-BOTTOM: #f0f0f0; PADDING-BOTTOM: 0cm; PADDING-TOP: 0cm; PADDING-LEFT: 0cm; BORDER-LEFT: #f0f0f0; PADDING-RIGHT: 0cm; BACKGROUND-COLOR: transparent\" vAlign=bottom width=60>
<P style=\"TEXT-ALIGN: justify; MARGIN: 0cm 0cm 10pt; LINE-HEIGHT: normal; mso-margin-top-alt: auto; mso-margin-bottom-alt: auto\">7,5perc&nbsp;&nbsp;&nbsp; max.</P></TD>
<TD style=\"BORDER-TOP: #f0f0f0; BORDER-RIGHT: #f0f0f0; WIDTH: 44.85pt; BORDER-BOTTOM: #f0f0f0; PADDING-BOTTOM: 0cm; PADDING-TOP: 0cm; PADDING-LEFT: 0cm; BORDER-LEFT: #f0f0f0; PADDING-RIGHT: 0cm; BACKGROUND-COLOR: transparent\" vAlign=bottom width=60>
<P style=\"TEXT-ALIGN: justify; MARGIN: 0cm 0cm 10pt; LINE-HEIGHT: normal; mso-margin-top-alt: auto; mso-margin-bottom-alt: auto\">7,5perc&nbsp;&nbsp;&nbsp; max.</P></TD></TR></TBODY></TABLE></P>
<P style=\"MARGIN: 0cm 0cm 10pt; LINE-HEIGHT: normal; mso-margin-top-alt: auto; mso-margin-bottom-alt: auto\"><B><U>Ekovip standard, gőzbúrák műszaki adatai, tartozékai:</U></B></P>
<P style=\"TEXT-ALIGN: justify; MARGIN: 0cm 0cm 10pt; LINE-HEIGHT: normal; mso-margin-top-alt: auto; mso-margin-bottom-alt: auto\">A gőzbúrák ezüst és fekete színben is készülnek, a fekete színt csak rendelésre tudjuk szállítani! A fekete színű gőzbúra ára magasabb.</P>
<UL type=disc>
<LI style=\"TEXT-ALIGN: justify; MARGIN: 0cm 0cm 10pt; LINE-HEIGHT: normal; mso-margin-top-alt: auto; mso-margin-bottom-alt: auto; mso-list: l0 level1 lfo1; tab-stops: list 36.0pt\">Gőz búrák teljesítmény felvétele: 400W / 220V / 50 Hz 
<LI style=\"TEXT-ALIGN: justify; MARGIN: 0cm 0cm 10pt; LINE-HEIGHT: normal; mso-margin-top-alt: auto; mso-margin-bottom-alt: auto; mso-list: l0 level1 lfo1; tab-stops: list 36.0pt\">hanggal és fénnyel figyelmeztető alacsony vízszint jelző 
<LI style=\"TEXT-ALIGN: justify; MARGIN: 0cm 0cm 10pt; LINE-HEIGHT: normal; mso-margin-top-alt: auto; mso-margin-bottom-alt: auto; mso-list: l0 level1 lfo1; tab-stops: list 36.0pt\">kivehető, csavaros tetejű vízcsepegtető tartály 
<LI style=\"TEXT-ALIGN: justify; MARGIN: 0cm 0cm 10pt; LINE-HEIGHT: normal; mso-margin-top-alt: auto; mso-margin-bottom-alt: auto; mso-list: l0 level1 lfo1; tab-stops: list 36.0pt\">beépített kondezvíz tartály, telítettség kikapcsolóval -&nbsp;telítettség esetén leállítja a gőztermelést 
<LI style=\"TEXT-ALIGN: justify; MARGIN: 0cm 0cm 10pt; LINE-HEIGHT: normal; mso-margin-top-alt: auto; mso-margin-bottom-alt: auto; mso-list: l0 level1 lfo1; tab-stops: list 36.0pt\">gőzbúra ház alján elhelyezkedő kondenzvíz leeresztő csavar&nbsp; 
<LI style=\"TEXT-ALIGN: justify; MARGIN: 0cm 0cm 10pt; LINE-HEIGHT: normal; mso-margin-top-alt: auto; mso-margin-bottom-alt: auto; mso-list: l0 level1 lfo1; tab-stops: list 36.0pt\">saválló acél vízforraló henger 
<LI style=\"TEXT-ALIGN: justify; MARGIN: 0cm 0cm 10pt; LINE-HEIGHT: normal; mso-margin-top-alt: auto; mso-margin-bottom-alt: auto; mso-list: l0 level1 lfo1; tab-stops: list 36.0pt\">2 fokozatú gőzerősség szabályozás 
<LI style=\"TEXT-ALIGN: justify; MARGIN: 0cm 0cm 10pt; LINE-HEIGHT: normal; mso-margin-top-alt: auto; mso-margin-bottom-alt: auto; mso-list: l0 level1 lfo1; tab-stops: list 36.0pt\">Időkapcsoló: 0-60 perces időzítő 
<LI style=\"TEXT-ALIGN: justify; MARGIN: 0cm 0cm 10pt; LINE-HEIGHT: normal; mso-margin-top-alt: auto; mso-margin-bottom-alt: auto; mso-list: l0 level1 lfo1; tab-stops: list 36.0pt\">állítható magasságú gurulós gőzbúra tartó&nbsp;láb, (&nbsp;falikar külön rendelhető ) 
<LI style=\"TEXT-ALIGN: justify; MARGIN: 0cm 0cm 10pt; LINE-HEIGHT: normal; mso-margin-top-alt: auto; mso-margin-bottom-alt: auto; mso-list: l0 level1 lfo1; tab-stops: list 36.0pt\">fel - le&nbsp;állítható gőzbúra fej, szellőztető forgó tárcsával 
<LI style=\"TEXT-ALIGN: justify; MARGIN: 0cm 0cm 10pt; LINE-HEIGHT: normal; mso-margin-top-alt: auto; mso-margin-bottom-alt: auto; mso-list: l0 level1 lfo1; tab-stops: list 36.0pt\">gőzbúra gyártó, márka: Metalplast 
<LI style=\"TEXT-ALIGN: justify; MARGIN: 0cm 0cm 10pt; LINE-HEIGHT: normal; mso-margin-top-alt: auto; mso-margin-bottom-alt: auto; mso-list: l0 level1 lfo1; tab-stops: list 36.0pt\">gőzbúra származási hely: Olaszország 
<LI style=\"TEXT-ALIGN: justify; MARGIN: 0cm 0cm 10pt; LINE-HEIGHT: normal; mso-margin-top-alt: auto; mso-margin-bottom-alt: auto; mso-list: l0 level1 lfo1; tab-stops: list 36.0pt\">a gőzbúra ára színenként eltérő, ezüst és fekete színben is készül</LI></UL>
<P style=\"MARGIN: 0cm 0cm 10pt; LINE-HEIGHT: normal; mso-margin-top-alt: auto; mso-margin-bottom-alt: auto\"><B style=\"mso-bidi-font-weight: normal\"><U>A gőzbúra - hajgőzölő használata:</U></B></P>
<P style=\"MARGIN: 0cm 0cm 10pt; LINE-HEIGHT: normal; mso-margin-top-alt: auto; mso-margin-bottom-alt: auto\">1. A mellékelt rajz alapján rakja össze a gépet.</P>
<P style=\"MARGIN: 0cm 0cm 10pt; LINE-HEIGHT: normal; mso-margin-top-alt: auto; mso-margin-bottom-alt: auto\">2. A gőzbúrák teljesítmény felvétele 220V - 400w. Ennek megfelelő tápellátást biztosítson.</P>
<P style=\"TEXT-ALIGN: justify; MARGIN: 0cm 0cm 10pt; LINE-HEIGHT: normal; mso-margin-top-alt: auto; mso-margin-bottom-alt: auto\">3. Töltse meg desztillált vízzel a kivehető víztartályt (a), &nbsp;az ábra szerint tartva, és csavarja rá a vízcseppes rudat (b). Figyeljen oda, hogy a vízcseppes rudat &nbsp;megfelelően szorítsa a tartályra, hogy a víz ne szivárogjon alóla.</P>
<P style=\"TEXT-ALIGN: justify; MARGIN: 0cm 0cm 10pt; LINE-HEIGHT: normal\">4. A víz elpárologtatása közben a készülék belső falán kicsapódó kondenzvíz,&nbsp;és a víztartályból esetlegesen kifolyó víz, a készülék beépített kondenzvíz tartályában gyűlik össze, <B style=\"mso-bidi-font-weight: normal\">ezt időnként le kell engedni.&nbsp;</B> A készülék alján levő kondenzvíz leeresztő csavart&nbsp; (7) lazítsa meg, és engedje le az ott esetlegesen összegyűlt vizet. &nbsp;Ezt a műveletet&nbsp; 3-4 liter elhasznált víz után mindig el kell végezni ahhoz hogy a készülék hibátlanul üzemeljen. Ennyi használat után biztosan keletkezik kondenzvíz. Ha nem folyik ki azonnal pl. egy légdugó miatt, hagyja nyitva a leeresztő csavart, amíg nem észleli a víz távozását.</P>
<P style=\"TEXT-ALIGN: justify; MARGIN: 0cm 0cm 10pt; LINE-HEIGHT: normal; mso-margin-top-alt: auto; mso-margin-bottom-alt: auto\">5. Dugja be a vezetéket, kapcsolja be a készüléket a (1) kapcsolóval. A kapcsoló zölden világít.</P>
<P style=\"TEXT-ALIGN: justify; MARGIN: 0cm 0cm 10pt; LINE-HEIGHT: normal; mso-margin-top-alt: auto; mso-margin-bottom-alt: auto\">6. A gép teljes felmelegedési ideje hideg állapotból kb. 4 perc, meleg állapotról kb. 1 perc, <B>ezt vegye figyelembe a hatóidő beállításakor! </B>&nbsp;A készülék oldalán, vagy az itt található táblázatból válassza ki a kívánt hatóidőt, és az időkapcsolót, és állítsa oda (2). &nbsp;A kapcsoló halk ketyegése halható! Ezután&nbsp; kb. 50 másodperc múlva indul meg a gőz fejlődése!&nbsp;&nbsp; A kapcsolót visszafelé forgatni nem szabad, ha túl húzta a megfelelő időn, várja meg míg az magától visszaketyeg a kívánt időpontig, és csak akkor ültesse be a vendéget a búrába!&nbsp; A gőz erősségét, a (4) kapcsoló max. állásából, a lefele való átváltásával min. -ra csökkentheti!&nbsp; A gép oldalán megadott táblázatban található kezelési hatóidőkhöz párosítva, a gőz erősség kapcsoló javasolt, max. - min. &nbsp;beállítását is&nbsp;mutatják. A víztartály kiürülését a (3) piros lámpa kigyulladása jelzi, ekkor töltse fel a víztartályt!</P>
<P style=\"TEXT-ALIGN: justify; MARGIN: 0cm 0cm 10pt; LINE-HEIGHT: normal; mso-margin-top-alt: auto; mso-margin-bottom-alt: auto\">Az ózon lámpás típusnál, az (5) kapcsolóval tudja ki és bekapcsolni az ózon termelést. Az ózon jelenlétét a bekapcsolás után 30-50 másodperc után, a jellegzetes ózon illat alapján tudjuk ellenőrizni a búra fejben. <B style=\"mso-bidi-font-weight: normal\">A kezelés után, mindig kapcsolja ki az ózontermelést, ezzel növeli az ózon lámpa élettartamát.</B></P>
<P style=\"TEXT-ALIGN: justify; MARGIN: 0cm 0cm 10pt; LINE-HEIGHT: normal; mso-margin-top-alt: auto; mso-margin-bottom-alt: auto\">A gépnek automata kikapcsolója van: ha nincs víz a tartályban, a gép kikapcsolja önmagát, hogy védje magát. Ha a gépből kifogy a víz, előbb kapcsolja ki, majd töltse fel a tartályt, majd&nbsp;tegye vissza&nbsp;a helyére. Ha túl soknak találja a búrában a gőzt,&nbsp; az alacsony fokozatot használja, és&nbsp;a búrán található szellőző nyílással a felesleges gőzmennyiséget ki is kiengedheti!</P>
<P style=\"TEXT-ALIGN: justify; MARGIN: 0cm 0cm 10pt; LINE-HEIGHT: normal; mso-margin-top-alt: auto; mso-margin-bottom-alt: auto\"><B>A gőz intenzív fejlődése az időkapcsoló elfordítása után, hideg állapotban 4percel, üzem meleg állapotban 1 perc után kezdődik meg, ezt vegye figyelembe a hatóidő beállításakor! Kapcsolja be a készüléket, majd ennek megfelelően állítsa az időkapcsolót 4 vagy 1 percre. Miután lejárt a bemelegítési idő, az időkapcsolón most állítsa be&nbsp; a kezeléshez szükséges kívánt hatóidőt! Természetesen a hatóidőhöz is&nbsp; hozzá adhatja a felmelegedési időt!</B></P>
<P style=\"MARGIN: 0cm 0cm 10pt; LINE-HEIGHT: normal; mso-margin-top-alt: auto; mso-margin-bottom-alt: auto\"><B>Figyelem mindig desztillált vizet használjon! A hajat sapkával ne takarja le!</B></FONT></P>', '', 1606054017, '15358', '1', 0, 1, 265, '104', 'megszunt-gozbura-ekovip800-ozon-generatorral', 'fodraszkellek/hajkefe/keramia-korkefe/megszunt-gozbura-ekovip800-ozon-generatorral', '2271', 1, '')

[2020-11-22 15:06:57] INSERT INTO webshop_special_fields (`key`, `value`, `product_id`) VALUES ('manufacturer', 'Elektromos hajformázó gép', 5082)

[2020-11-22 15:06:57] INSERT INTO webshop_special_fields (`key`, `value`, `product_id`) VALUES ('quantityunit', 'db', 5082)

[2020-11-22 15:06:57] INSERT INTO webshop_special_fields (`key`, `value`, `product_id`) VALUES ('kiszereles', '1', 5082)

[2020-11-22 15:06:57] UPDATE webshop_gallery SET original_name='Grip+Silc Cerena Solingen Kombinált élű hajvágó olló tépett hatáshoz 7.5', date=1606054017 WHERE id=684

[2020-11-22 15:06:57] UPDATE webshop_special_fields SET `value`='Solingen Olló' WHERE `key`='manufacturer' AND `product_id`=2680

[2020-11-22 15:06:57] UPDATE webshop_special_fields SET `value`='db' WHERE `key`='quantityunit' AND `product_id`=2680

[2020-11-22 15:06:57] UPDATE webshop_special_fields SET `value`='1' WHERE `key`='kiszereles' AND `product_id`=2680

[2020-11-22 15:06:57] UPDATE webshop_products SET `name_hun`='Grip+Silc Cerena Solingen Kombinált élű hajvágó olló tépett hatáshoz 7.5',`content_short`='Solingeni acél hajvágó olló, kombinál vágó éllel, tépett formák kialakításához, és normál használathoz....',`content`='<P style=\"TEXT-ALIGN: justify; MARGIN: 0cm 0cm 10pt\"><FONT face=Calibri>Solingeni acél hajvágó olló, kombinál vágó éllel, tépett formák kialakításához, és normál használathoz. Az olló pengéjének eleje 1/3 részen mikro fogazású, a további 2/3 rész teljesen simára és borotva élesre köszörült, polírozott vágó él. Ez a hajvágó penge kialakítás lehetővé tesz mindenfajta hajvágási technika, a tépett, és normál hajvágási műveletek megvalósítását.</FONT></P>
<P style=\"TEXT-ALIGN: justify; MARGIN: 0cm 0cm 10pt\"><FONT face=Calibri>A Cerena Solingen hajvágó olló paraméterei:</FONT></P>
<P style=\"TEXT-ALIGN: justify; MARGIN: 0cm 0cm 10pt\"><FONT face=Calibri>Tökéletes mindenfajta hajvágó technikához (tépett, vágó és puhító). </FONT></P>
<P style=\"TEXT-ALIGN: justify; MARGIN: 0cm 0cm 10pt\"><FONT face=Calibri>Solingen acélból készült kombinált vágó él. </FONT></P>
<P style=\"TEXT-ALIGN: justify; MARGIN: 0cm 0cm 10pt\"><FONT face=Calibri>Tökéletes vágási képesség. </FONT></P>
<P style=\"TEXT-ALIGN: justify; MARGIN: 0cm 0cm 10pt\"><FONT face=Calibri>Ovális lyuk az ujjaknak: kereszt méretei műanyag betét nélkül: kb.18/23mm &nbsp;&nbsp; </FONT></P>
<P style=\"TEXT-ALIGN: justify; MARGIN: 0cm 0cm 10pt\"><FONT face=Calibri>Klasszikus de modern&nbsp;olló forma&nbsp;kialakítás, megjelenés. </FONT></P>
<P style=\"TEXT-ALIGN: justify; MARGIN: 0cm 0cm 10pt\"><FONT face=Calibri>dHg-köszörülés a sima vágási felületért. </FONT></P>
<P style=\"TEXT-ALIGN: justify; MARGIN: 0cm 0cm 10pt\"><FONT face=Calibri>Ollóból kiszerelhető csavaros új támasz.&nbsp; </FONT></P>
<P style=\"TEXT-ALIGN: justify; MARGIN: 0cm 0cm 10pt\"><FONT face=Calibri>Puha ütköző. </FONT></P>
<P style=\"TEXT-ALIGN: justify; MARGIN: 0cm 0cm 10pt\"><FONT face=Calibri>Tökéletesen kiegyensúlyozott súlyeloszlás. </FONT></P>
<P style=\"TEXT-ALIGN: justify; MARGIN: 0cm 0cm 10pt\"><FONT face=Calibri>Olló márkák gyártója: Cerena Solingen </FONT></P>
<P style=\"TEXT-ALIGN: justify; MARGIN: 0cm 0cm 10pt\"><FONT face=Calibri>Származás: Németország, Solingen</FONT> </P>', `item_id`='2028-cso-24700001-gent-7.5', `default_pic`='684', `active`='1', `category_id`='104', `root_category_id`='0', `seo_name`='grip-silc-cerena-solingen-kombinalt-elu-hajvago-ollo-tepett-hatashoz-75', `fullurl`='fodraszkellek/grip-silc-cerena-solingen-kombinalt-elu-hajvago-ollo-tepett-hatashoz-75', `other_categories`='104,121,127,128,222' WHERE id=2680

[2020-11-22 15:06:57] INSERT INTO webshop_gallery (`id`, `product_id`, `original_name`, `new_name`, `date`) VALUES (15359, 5083, 'megszünt - Fodrászkellék Ion kerámia hajkefe 45/60mm', '15359.jpg', 1606054017)

[2020-11-22 15:06:57] INSERT INTO webshop_products (`id`, `name_hun`, `name_eng`, `item_id`, `price`, `reduced_price`, `status`, `currency`, `content_short`, `content`, `details`, `date`, `default_pic`, `active`, `main`, `sort`, `category_id`, `root_category_id`, `seo_name`, `fullurl`, `websyx_id`, `quantity`, `other_categories`) VALUES ('5083', 'megszünt - Fodrászkellék Ion kerámia hajkefe 45/60mm', 'megszünt - Fodrászkellék Ion kerámia hajkefe 45/60mm', '1827-07127-45/60mm', 0, 0, 1, 'Ft', '
Fodrászkellék - Hajkefe, körkefe Ion kerámia&nbsp;bevonattal.&nbsp; &ndash; A csúszásmentes nyéllel...', '<FONT face=Calibri>
<P style=\"TEXT-ALIGN: justify; MARGIN: 0cm 0cm 10pt\">Fodrászkellék - Hajkefe, körkefe Ion kerámia&nbsp;bevonattal.&nbsp; &ndash; A csúszásmentes nyéllel rendelkező&nbsp; Ion kerámia kör hajkefék kör alakú tüske hengerrel, és négyzet alakú kerámia bevonatú maggal készülnek, ami egy exclusive megjelenést kölcsönöz. &nbsp;</P>
<P style=\"TEXT-ALIGN: justify; MARGIN: 0cm 0cm 10pt\">A hajkefe méretének jelölése. - Első szám = mag átmérő / Második szám = &nbsp;tüskék külső átmérői</P>
<P style=\"TEXT-ALIGN: justify; MARGIN: 0cm 0cm 10pt\">A szép kivitelű, csúszásmentes ion kerámia kefe szett egy esztétikus, és praktikus fodrászkellék. A kör alakú hajkefék a legtöbbet használt haj fésülő eszközök.&nbsp; -&nbsp; A hajkefék legjobb minőségű ion kerámia réteggel rendelkeznek, ez egyenletes hő elosztást eredményez a hajkefe teljes szélességében. A hajszárítás ideje alatt a kerámiából felszabaduló nagy mennyiségű negatív ion ápolja a hajat.</P>
<P style=\"TEXT-ALIGN: justify; MARGIN: 0cm 0cm 10pt\">A legjobb hajápolás érdekében,&nbsp;a megfelelő&nbsp;hajkefe a hajápolás nélkülözhetetlen fodrászkelléke. A&nbsp; professzionális hajkefék a&nbsp; Német&nbsp; Hairway cégektől származnak. Széles választékunkban megtalálható a vaddisznósörte hajkefe, az Ion kerámia bevonatú kör hajkefék, a pneumatikus és merev párnájú hajkefék, fából és műanyagból, karbonból és gumiból készült hajkefék.</P>
<P style=\"TEXT-ALIGN: justify; MARGIN: 0cm 0cm 10pt\"></FONT>&nbsp;</P>', '', 1606054017, '15359', '1', 0, 1, 265, '104', 'megszunt-fodraszkellek-ion-keramia-hajkefe-45-60mm', 'fodraszkellek/hajkefe/keramia-korkefe/megszunt-fodraszkellek-ion-keramia-hajkefe-45-60mm', '2399', 1, '')

[2020-11-22 15:06:57] INSERT INTO webshop_special_fields (`key`, `value`, `product_id`) VALUES ('manufacturer', 'Egyéb fodrászkellék', 5083)

[2020-11-22 15:06:57] INSERT INTO webshop_special_fields (`key`, `value`, `product_id`) VALUES ('quantityunit', 'db', 5083)

[2020-11-22 15:06:57] INSERT INTO webshop_special_fields (`key`, `value`, `product_id`) VALUES ('kiszereles', '1', 5083)

[2020-11-22 15:06:57] UPDATE webshop_products SET sort=1 WHERE id=3326

[2020-11-22 15:06:57] UPDATE webshop_products SET sort=2 WHERE id=5082

[2020-11-22 15:06:57] UPDATE webshop_products SET sort=3 WHERE id=5083

[2020-11-22 15:06:59] UPDATE users SET lastlogin = NOW() WHERE id = '11'

[2020-11-22 15:06:59] UPDATE webshop_gallery SET original_name='Gumikesztyű latex 01671 L-es 100db', date=1606054019 WHERE id=493

[2020-11-22 15:06:59] UPDATE webshop_special_fields SET `value`='Ro.ial papír és kozmetika' WHERE `key`='manufacturer' AND `product_id`=2489

[2020-11-22 15:06:59] UPDATE webshop_special_fields SET `value`='db' WHERE `key`='quantityunit' AND `product_id`=2489

[2020-11-22 15:06:59] UPDATE webshop_special_fields SET `value`='100' WHERE `key`='kiszereles' AND `product_id`=2489

[2020-11-22 15:06:59] UPDATE webshop_products SET `name_hun`='Gumikesztyű latex 01671 L-es 100db',`content_short`='Gumikesztyű latex anyagból. 100db/doboz, Olasz, Ro.ial gyártmányú, rugalmas, mindkét kézen hordható, kiválóan...',`content`='<P style=\"MARGIN: 0cm 0cm 10pt\"><FONT face=Calibri>Gumikesztyű latex anyagból. 100db/doboz, Olasz, Ro.ial gyártmányú, rugalmas, mindkét kézen hordható, kiválóan illeszkedő, bőrbarát, nem steril higiéniai latex munkavédelmi, vizsgáló, vizsgálati, kesztyűk, amik megfelelnek az élelmiszerkezeléssel kapcsolatos európai irányelveknek. </FONT></P>
<P style=\"MARGIN: 0cm 0cm 10pt\"><STRONG>A latex kesztyű</STRONG><FONT face=Calibri> tulajdonságai: kiváló rugalmasság, vízálló és jó mechanikai szilárdságú, tartalmaznak latex fehérjéket, amelyek ritka esetekben allergiás reakciót válthatnak ki.</FONT></P>
<P style=\"MARGIN: 0cm 0cm 10pt\"><B style=\"mso-bidi-font-weight: normal\"><U><FONT face=Calibri>A latex vizsgáló, munkavédelmi, vizsgáló, vizsgálati kesztyű tulajdonságai:</FONT></U></B></P>
<P style=\"MARGIN: 0cm 0cm 10pt\"><FONT face=Calibri>A kesztyű anyaga: latex</FONT></P>
<P style=\"MARGIN: 0cm 0cm 10pt\"><FONT face=Calibri>A latex kesztyű púdermentes és púderos változatban készül.</FONT></P>
<P style=\"MARGIN: 0cm 0cm 10pt\"><FONT face=Calibri>A kesztyű alkalmazható az orvosi alapellátásban, a laboratóriumi munkában, a fogászatban.</FONT></P>
<P style=\"MARGIN: 0cm 0cm 10pt\"><FONT face=Calibri>A kesztyű finom tapintású, használata pontos munkavégzést tesz lehetővé.</FONT></P>
<P style=\"MARGIN: 0cm 0cm 10pt\"><FONT face=Calibri>A kesztyű nem steril.</FONT></P>
<P style=\"MARGIN: 0cm 0cm 10pt\"><FONT face=Calibri>A kesztyű világos színe alkalmas az orvosi műveletekre.</FONT></P>
<P style=\"MARGIN: 0cm 0cm 10pt\"><FONT face=Calibri>A kesztyű nagyon jó, terhelhető anyagösszetétel rendelkezik.</FONT></P>
<P style=\"MARGIN: 0cm 0cm 10pt; LINE-HEIGHT: normal; mso-margin-top-alt: auto; mso-margin-bottom-alt: auto\"><FONT face=Calibri>CAT 1, megfelel az EN 420 követelményeinek. </FONT></P>
<P style=\"MARGIN: 0cm 0cm 10pt\"><FONT face=Calibri>A latex kesztyű ajánlott felhasználási területei: élelmiszeripari, humán- és állategészségügyi, vendéglátó ipari, laboratóriumi, kozmetikai, mikroelektronikai, minőség-ellenőrzési, háztartási munkák.</FONT></P>
<P style=\"MARGIN: 0cm 0cm 10pt\"><FONT face=Calibri>Professzionális fodrászcikk és fodrászkellék webáruház.</FONT></P>
<P><STRONG>Az EN 420</STRONG> <STRONG>szabvány</STRONG> a kesztyű tervezési és szerkezeti követelményeit, a hibátlanságát, kényelmét és hatékonyságát határozza meg, a jelölés és információ minden védőkesztyűre érvényes. Az információk a használati utasítás mellékletét képezik. </P>', `item_id`='2124-gua592L-latex-puderos-100db-01671-S', `default_pic`='493', `active`='1', `category_id`='22', `root_category_id`='0', `seo_name`='gumikesztyu-latex-01671-l-es-100db', `fullurl`='hajfestek/gumikesztyu-latex-01671-l-es-100db', `other_categories`='22,34,58,104,107,113,203,217,222,241,242,420' WHERE id=2489

[2020-11-22 15:06:59] INSERT INTO webshop_gallery (`id`, `product_id`, `original_name`, `new_name`, `date`) VALUES (15360, 5084, 'Pollié Top Coat körömlakk szárító fedő fény lakk 03518', '15360.jpg', 1606054019)

[2020-11-22 15:06:59] INSERT INTO webshop_products (`id`, `name_hun`, `name_eng`, `item_id`, `price`, `reduced_price`, `status`, `currency`, `content_short`, `content`, `details`, `date`, `default_pic`, `active`, `main`, `sort`, `category_id`, `root_category_id`, `seo_name`, `fullurl`, `websyx_id`, `quantity`, `other_categories`) VALUES ('5084', 'Pollié Top Coat körömlakk szárító fedő fény lakk 03518', 'Pollié Top Coat körömlakk szárító fedő fény lakk 03518', '3170-esp-03518-12ml', 0, 0, 1, 'Ft', 'Körömlakk a lehető legjobb eredmény eléréséhez. A Professzionális körömlakkok Spanyolországban...', '<P style=\"TEXT-ALIGN: justify; MARGIN: 0cm 0cm 0pt\">Körömlakk a lehető legjobb eredmény eléréséhez. A Professzionális körömlakkok Spanyolországban készülnek.&nbsp;</P>
<P style=\"TEXT-ALIGN: justify; MARGIN: 0cm 0cm 0pt\">12ml</P>', '', 1606054019, '15360', '1', 0, 1, 430, '417', 'pollie-top-coat-koromlakk-szarito-fedo-feny-lakk-03518', 'drogeria/koromapolo-es-koromlakk/pollie-top-coat-koromlakk-szarito-fedo-feny-lakk-03518', '989', 1, '430')

[2020-11-22 15:06:59] INSERT INTO webshop_special_fields (`key`, `value`, `product_id`) VALUES ('manufacturer', 'Manikűr Pedikűr', 5084)

[2020-11-22 15:06:59] INSERT INTO webshop_special_fields (`key`, `value`, `product_id`) VALUES ('quantityunit', 'db', 5084)

[2020-11-22 15:06:59] INSERT INTO webshop_special_fields (`key`, `value`, `product_id`) VALUES ('kiszereles', '1', 5084)

[2020-11-22 15:06:59] INSERT INTO webshop_gallery (`id`, `product_id`, `original_name`, `new_name`, `date`) VALUES (15361, 5085, 'megszünt - Fodrász eszközkocsi olcsón szürke Petra/se Akciós áron', '15361.jpg', 1606054019)

[2020-11-22 15:06:59] INSERT INTO webshop_products (`id`, `name_hun`, `name_eng`, `item_id`, `price`, `reduced_price`, `status`, `currency`, `content_short`, `content`, `details`, `date`, `default_pic`, `active`, `main`, `sort`, `category_id`, `root_category_id`, `seo_name`, `fullurl`, `websyx_id`, `quantity`, `other_categories`) VALUES ('5085', 'megszünt - Fodrász eszközkocsi olcsón szürke Petra/se Akciós áron', 'megszünt - Fodrász eszközkocsi olcsón szürke Petra/se Akciós áron', '2239-tro688gr-petra/se-szürke+2510Ft-akc', 0, 0, 1, 'Ft', 'fodrász eszközkocsi - Rugalmas műanyag vázszerkezettel,&nbsp; műanyag kerekekkel rendelkező fodrászoknak...', '<P style=\"TEXT-ALIGN: justify\"><FONT face=Calibri>fodrász eszközkocsi - </FONT>Rugalmas műanyag vázszerkezettel,&nbsp; műanyag kerekekkel rendelkező fodrászoknak készült&nbsp;eszközkocsi. Az eszközkocsi alkalmas munkaeszköz a fodrász, de más szakemberek, kozmetikus, masszőr &hellip;.. számára is!</P>
<P style=\"TEXT-ALIGN: justify\">eredeti ár 45698Ft / lásd Eszközkocsi szürke Petra/se </P>
<P style=\"TEXT-ALIGN: justify\"><FONT face=Calibri><B><U>A Petra SE fodrász eszközkocsi&nbsp; paraméterei.</U></B></FONT></P>
<P style=\"TEXT-ALIGN: justify\">&bull; eszközkocsi szélesség &nbsp;&nbsp;&nbsp;34cm</P>
<P style=\"TEXT-ALIGN: justify\">&bull; eszközkocsi hosszúság&nbsp; 40cm</P>
<P style=\"TEXT-ALIGN: justify\">&bull; eszközkocsi magasság&nbsp; &nbsp;90cm</P>
<P style=\"TEXT-ALIGN: justify\">&bull; Erős műanyag munkaszekrény</P>
<P style=\"TEXT-ALIGN: justify\">&bull; 5 egymás alatti munkafiók</P>
<P style=\"TEXT-ALIGN: justify\">&bull; A munkafiókok&nbsp; 2 oldalról is kihúzhatóak, és oldalra kiakaszthatók</P>
<P style=\"TEXT-ALIGN: justify\">&bull; Integrált hajszárító tartó</P>
<P style=\"MARGIN: 0cm 0cm 10pt\"><FONT face=Calibri>&bull;Integrált kefe tartó</FONT></P>
<P style=\"MARGIN: 0cm 0cm 10pt\"><FONT face=Calibri>&bull;Integrált festőedény tartó </FONT></P>
<P style=\"TEXT-ALIGN: justify\">&bull; Eszközkocsi származási hely: Olaszország</P>', '', 1606054019, '15361', '1', 0, 1, 265, '104', 'megszunt-fodrasz-eszkozkocsi-olcson-szurke-petra-se-akcios-aron', 'fodraszkellek/hajkefe/keramia-korkefe/megszunt-fodrasz-eszkozkocsi-olcson-szurke-petra-se-akcios-aron', '1027', 1, '')

[2020-11-22 15:06:59] INSERT INTO webshop_special_fields (`key`, `value`, `product_id`) VALUES ('manufacturer', 'Metalplast fodrászbútor', 5085)

[2020-11-22 15:06:59] INSERT INTO webshop_special_fields (`key`, `value`, `product_id`) VALUES ('quantityunit', 'db', 5085)

[2020-11-22 15:06:59] INSERT INTO webshop_special_fields (`key`, `value`, `product_id`) VALUES ('kiszereles', '1', 5085)

[2020-11-22 15:06:59] INSERT INTO webshop_products (`id`, `name_hun`, `name_eng`, `item_id`, `price`, `reduced_price`, `status`, `currency`, `content_short`, `content`, `details`, `date`, `default_pic`, `active`, `main`, `sort`, `category_id`, `root_category_id`, `seo_name`, `fullurl`, `websyx_id`, `quantity`, `other_categories`) VALUES ('5086', 'megszünt - Nirvel Dye Thickener hajfesték besürítő', 'megszünt - Nirvel Dye Thickener hajfesték besürítő', '0119-nca-8308-125ml', 0, 0, 1, 'Ft', 'Hajfesték besűrítő. A hajfesték és oxidáló elegybe&nbsp;keverve csökkenti az elegy sűrűségét,...', '<P style=\"TEXT-ALIGN: justify; MARGIN: 0cm 0cm 10pt\"><FONT face=Calibri>Hajfesték besűrítő. A hajfesték és oxidáló elegybe&nbsp;keverve csökkenti az elegy sűrűségét, használatával megakadályozhatjuk a hajfesték lecsöpögését, megfolyását. &nbsp;A mennyiség növelésével tudjuk szabályozni az elegy sűrűségét. 60ml hajfestékhez, 6-12 csepp hozzákeverése elegendő, a tökéletes sűrűség eléréséhez.</FONT></P>
<P style=\"TEXT-ALIGN: justify; MARGIN: 0cm 0cm 10pt\"><FONT face=Calibri>Minden hajfesték márkához használható.</FONT></P>
<P style=\"TEXT-ALIGN: justify; MARGIN: 0cm 0cm 10pt\"><FONT face=Calibri>125ml</FONT></P>', '', 1606054019, '0', '1', 0, 1, 265, '104', 'megszunt-nirvel-dye-thickener-hajfestek-besurito', 'fodraszkellek/hajkefe/keramia-korkefe/megszunt-nirvel-dye-thickener-hajfestek-besurito', '1070', 1, '')

[2020-11-22 15:06:59] INSERT INTO webshop_special_fields (`key`, `value`, `product_id`) VALUES ('manufacturer', 'Nirvel', 5086)

[2020-11-22 15:06:59] INSERT INTO webshop_special_fields (`key`, `value`, `product_id`) VALUES ('quantityunit', 'ml', 5086)

[2020-11-22 15:06:59] INSERT INTO webshop_special_fields (`key`, `value`, `product_id`) VALUES ('kiszereles', '125', 5086)

[2020-11-22 15:06:59] INSERT INTO webshop_gallery (`id`, `product_id`, `original_name`, `new_name`, `date`) VALUES (15362, 5087, 'megszünt - Nirvel erős hajspray 400ml', '15362.jpg', 1606054019)

[2020-11-22 15:06:59] INSERT INTO webshop_products (`id`, `name_hun`, `name_eng`, `item_id`, `price`, `reduced_price`, `status`, `currency`, `content_short`, `content`, `details`, `date`, `default_pic`, `active`, `main`, `sort`, `category_id`, `root_category_id`, `seo_name`, `fullurl`, `websyx_id`, `quantity`, `other_categories`) VALUES ('5087', 'megszünt - Nirvel erős hajspray 400ml', 'megszünt - Nirvel erős hajspray 400ml', '0110-nhs-6060200-erős-400ml', 0, 0, 1, 'Ft', 'Hajlakk, hajspray,&nbsp;erős tartással, virág illattal, hajtógázzal.&nbsp;A hajlakkal egy professzionális aktív...', '<P style=\"TEXT-ALIGN: justify\">Hajlakk, hajspray,&nbsp;erős tartással, virág illattal, hajtógázzal.&nbsp;A hajlakkal egy professzionális aktív hajfixálás valósítható meg, ami hosszan tartó erős, de rugalmas tartást biztosít. A hajlakk a Nirvel által kifejlesztett védőformuláival fixálja, óvja és vitalizálja a hajat. Ideális kész frizurák, formázott hajak fixálására. A könnyen kifésülhető KIN hajlakk márkák, hosszan tartják hatásukat, nem hagy maradványokat a hajban.</P>
<P style=\"TEXT-ALIGN: justify\"><B style=\"mso-bidi-font-weight: normal\">400ml - A hajtógázos hajlakkok használata professzionális szolgáltatást tesz lehetővé</B>.&nbsp;A Nirvel által kifejlesztett összetételnek köszönhetően, a <B style=\"mso-bidi-font-weight: normal\">Nirvel hajlakk márkák</B>, hajsprayk, antiallergén virág illattal, környezetbarát összetevőkkel készülnek.</P>
<P style=\"MARGIN: 0cm 0cm 10pt; LINE-HEIGHT: normal; mso-margin-top-alt: auto; mso-margin-bottom-alt: auto\"><FONT face=Calibri><B><U>Az erős &nbsp;hajlakk védőformulái óvják és vitalizálják a hajat, használatának hatásai.</U></B></FONT></P>
<UL type=disc>
<LI style=\"MARGIN: 0cm 0cm 10pt; LINE-HEIGHT: normal; mso-margin-top-alt: auto; mso-margin-bottom-alt: auto; mso-list: l0 level1 lfo1; tab-stops: list 36.0pt\"><FONT face=Calibri>Extra erős tartású. </FONT><FONT face=Calibri>
<UL type=disc>
<LI style=\"TEXT-ALIGN: justify; MARGIN: 0cm 0cm 10pt; LINE-HEIGHT: normal; mso-margin-top-alt: auto; mso-margin-bottom-alt: auto; mso-list: l0 level1 lfo1; tab-stops: list 36.0pt\">A hajlakk rugalmasan, láthatatlanul tartja a hajat. 
<LI style=\"TEXT-ALIGN: justify; MARGIN: 0cm 0cm 10pt; LINE-HEIGHT: normal; mso-margin-top-alt: auto; mso-margin-bottom-alt: auto; mso-list: l0 level1 lfo1; tab-stops: list 36.0pt\">Könnyen kifésülhető, gyors hatású&nbsp;hajfixáló. 
<LI style=\"TEXT-ALIGN: justify; MARGIN: 0cm 0cm 10pt; LINE-HEIGHT: normal; mso-margin-top-alt: auto; mso-margin-bottom-alt: auto; mso-list: l0 level1 lfo1; tab-stops: list 36.0pt\">A hajlakkal hosszan tartó hatását érünk el, nem hagy maradványokat a hajban. 
<LI style=\"TEXT-ALIGN: justify; MARGIN: 0cm 0cm 10pt; LINE-HEIGHT: normal; mso-margin-top-alt: auto; mso-margin-bottom-alt: auto; mso-list: l0 level1 lfo1; tab-stops: list 36.0pt\">Párataszító hatású hajlakk. 
<LI style=\"TEXT-ALIGN: justify; MARGIN: 0cm 0cm 10pt; LINE-HEIGHT: normal; mso-margin-top-alt: auto; mso-margin-bottom-alt: auto; mso-list: l0 level1 lfo1; tab-stops: list 36.0pt\">A hajlakknak UV szűrő hatása is van, amely véd a káros környezeti hatásoktól.</FONT></LI></UL></LI></UL>
<P style=\"MARGIN: 0cm 0cm 10pt; LINE-HEIGHT: normal; mso-margin-top-alt: auto; mso-margin-bottom-alt: auto\"><FONT face=Calibri><B><U>A Nirvelerős &nbsp;hajlakk márkák használata.</U></B></FONT></P>
<P>A hajlakkot fújja száraz hajra kb. 30 cm távolságról. Ha a haj volumenét szeretné növelni, fújja a hajlakkot közvetlenül a hajtövekre.</P>
<P>Ez a hajlakk, egy professzionális fodrászcikk, fodrászkellék! </P>
<P>
<P>&nbsp;</P>
<P></P>', '', 1606054019, '15362', '1', 0, 1, 265, '104', 'megszunt-nirvel-eros-hajspray-400ml', 'fodraszkellek/hajkefe/keramia-korkefe/megszunt-nirvel-eros-hajspray-400ml', '1156', 1, '')

[2020-11-22 15:06:59] INSERT INTO webshop_special_fields (`key`, `value`, `product_id`) VALUES ('manufacturer', 'Nirvel', 5087)

[2020-11-22 15:06:59] INSERT INTO webshop_special_fields (`key`, `value`, `product_id`) VALUES ('quantityunit', 'ml', 5087)

[2020-11-22 15:06:59] INSERT INTO webshop_special_fields (`key`, `value`, `product_id`) VALUES ('kiszereles', '400', 5087)

[2020-11-22 15:06:59] UPDATE webshop_products SET sort=1 WHERE id=3326

[2020-11-22 15:06:59] UPDATE webshop_products SET sort=2 WHERE id=5085

[2020-11-22 15:06:59] UPDATE webshop_products SET sort=3 WHERE id=5086

[2020-11-22 15:06:59] UPDATE webshop_products SET sort=4 WHERE id=5087

[2020-11-22 15:06:59] UPDATE webshop_products SET sort=5 WHERE id=5084

[2020-11-22 15:07:03] UPDATE users SET lastlogin = NOW() WHERE id = '11'

[2020-11-22 15:07:06] UPDATE users SET lastlogin = NOW() WHERE id = '11'

[2020-11-22 15:07:06] UPDATE webshop_products SET `price1_name`='', `price1_currency`='', `price1_value`='0' WHERE id=5058

[2020-11-22 15:07:06] UPDATE webshop_products SET `price2_name`='Kereskedő -27,6%', `price2_currency`='HUF', `price2_value`='2149' WHERE id=5058

[2020-11-22 15:07:06] UPDATE webshop_products SET `price3_name`='Kereskedő -33,6%', `price3_currency`='HUF', `price3_value`='1971' WHERE id=5058

[2020-11-22 15:07:06] UPDATE webshop_products SET `price4_name`='Szakmai 1 ár -7%', `price4_currency`='HUF', `price4_value`='2760' WHERE id=5058

[2020-11-22 15:07:06] UPDATE webshop_products SET `price5_name`='Szakmai 2 ár -14%', `price5_currency`='HUF', `price5_value`='2553' WHERE id=5058

[2020-11-22 15:07:06] UPDATE webshop_products SET `price6_name`='Vásárló', `price6_currency`='HUF', `price6_value`='2968' WHERE id=5058

[2020-11-22 15:07:06] UPDATE webshop_products SET `price7_name`='W Lista ár', `price7_currency`='HUF', `price7_value`='2968' WHERE id=5058

[2020-11-22 15:07:06] UPDATE webshop_products SET `price`='2968', `reduced_price`=0 WHERE id=5058

[2020-11-22 15:07:06] UPDATE webshop_products SET `price1_name`='', `price1_currency`='', `price1_value`='0' WHERE id=5059

[2020-11-22 15:07:06] UPDATE webshop_products SET `price2_name`='Kereskedő -27,6%', `price2_currency`='HUF', `price2_value`='1135' WHERE id=5059

[2020-11-22 15:07:06] UPDATE webshop_products SET `price3_name`='Kereskedő -33,6%', `price3_currency`='HUF', `price3_value`='1041' WHERE id=5059

[2020-11-22 15:07:06] UPDATE webshop_products SET `price4_name`='Szakmai 1 ár -7%', `price4_currency`='HUF', `price4_value`='1458' WHERE id=5059

[2020-11-22 15:07:06] UPDATE webshop_products SET `price5_name`='Szakmai 2 ár -14%', `price5_currency`='HUF', `price5_value`='1349' WHERE id=5059

[2020-11-22 15:07:06] UPDATE webshop_products SET `price6_name`='Vásárló', `price6_currency`='HUF', `price6_value`='1568' WHERE id=5059

[2020-11-22 15:07:06] UPDATE webshop_products SET `price7_name`='W Lista ár', `price7_currency`='HUF', `price7_value`='1568' WHERE id=5059

[2020-11-22 15:07:06] UPDATE webshop_products SET `price`='1568', `reduced_price`=0 WHERE id=5059

[2020-11-22 15:07:06] UPDATE webshop_products SET `price1_name`='', `price1_currency`='', `price1_value`='0' WHERE id=5055

[2020-11-22 15:07:06] UPDATE webshop_products SET `price2_name`='Kereskedő -27,6%', `price2_currency`='HUF', `price2_value`='2663' WHERE id=5055

[2020-11-22 15:07:06] UPDATE webshop_products SET `price3_name`='Kereskedő -33,6%', `price3_currency`='HUF', `price3_value`='2442' WHERE id=5055

[2020-11-22 15:07:06] UPDATE webshop_products SET `price4_name`='Szakmai 1 ár -7%', `price4_currency`='HUF', `price4_value`='3421' WHERE id=5055

[2020-11-22 15:07:06] UPDATE webshop_products SET `price5_name`='Szakmai 2 ár -14%', `price5_currency`='HUF', `price5_value`='3163' WHERE id=5055

[2020-11-22 15:07:06] UPDATE webshop_products SET `price6_name`='Vásárló', `price6_currency`='HUF', `price6_value`='3678' WHERE id=5055

[2020-11-22 15:07:06] UPDATE webshop_products SET `price7_name`='W Lista ár', `price7_currency`='HUF', `price7_value`='3678' WHERE id=5055

[2020-11-22 15:07:06] UPDATE webshop_products SET `price`='3678', `reduced_price`=0 WHERE id=5055

[2020-11-22 15:07:06] UPDATE webshop_products SET `price1_name`='', `price1_currency`='', `price1_value`='0' WHERE id=2680

[2020-11-22 15:07:06] UPDATE webshop_products SET `price2_name`='Kereskedő -27,6%', `price2_currency`='HUF', `price2_value`='34519' WHERE id=2680

[2020-11-22 15:07:06] UPDATE webshop_products SET `price3_name`='Kereskedő -33,6%', `price3_currency`='HUF', `price3_value`='31659' WHERE id=2680

[2020-11-22 15:07:06] UPDATE webshop_products SET `price4_name`='Szakmai 1 ár -7%', `price4_currency`='HUF', `price4_value`='44341' WHERE id=2680

[2020-11-22 15:07:06] UPDATE webshop_products SET `price5_name`='Szakmai 2 ár -14%', `price5_currency`='HUF', `price5_value`='41003' WHERE id=2680

[2020-11-22 15:07:06] UPDATE webshop_products SET `price6_name`='Vásárló', `price6_currency`='HUF', `price6_value`='47678' WHERE id=2680

[2020-11-22 15:07:06] UPDATE webshop_products SET `price7_name`='W Lista ár', `price7_currency`='HUF', `price7_value`='47678' WHERE id=2680

[2020-11-22 15:07:06] UPDATE webshop_products SET `price`='47678', `reduced_price`=0 WHERE id=2680

[2020-11-22 15:07:06] UPDATE webshop_products SET `price1_name`='', `price1_currency`='', `price1_value`='0' WHERE id=5073

[2020-11-22 15:07:06] UPDATE webshop_products SET `price2_name`='Kereskedő -27,6%', `price2_currency`='HUF', `price2_value`='25302' WHERE id=5073

[2020-11-22 15:07:06] UPDATE webshop_products SET `price3_name`='Kereskedő -33,6%', `price3_currency`='HUF', `price3_value`='23205' WHERE id=5073

[2020-11-22 15:07:06] UPDATE webshop_products SET `price4_name`='Szakmai 1 ár -7%', `price4_currency`='HUF', `price4_value`='32502' WHERE id=5073

[2020-11-22 15:07:06] UPDATE webshop_products SET `price5_name`='Szakmai 2 ár -14%', `price5_currency`='HUF', `price5_value`='30055' WHERE id=5073

[2020-11-22 15:07:06] UPDATE webshop_products SET `price6_name`='Vásárló', `price6_currency`='HUF', `price6_value`='34948' WHERE id=5073

[2020-11-22 15:07:06] UPDATE webshop_products SET `price7_name`='W Lista ár', `price7_currency`='HUF', `price7_value`='34948' WHERE id=5073

[2020-11-22 15:07:06] UPDATE webshop_products SET `price`='34948', `reduced_price`=0 WHERE id=5073

[2020-11-22 15:07:06] UPDATE webshop_products SET `price1_name`='', `price1_currency`='', `price1_value`='0' WHERE id=5075

[2020-11-22 15:07:06] UPDATE webshop_products SET `price2_name`='Kereskedő -27,6%', `price2_currency`='HUF', `price2_value`='3343' WHERE id=5075

[2020-11-22 15:07:06] UPDATE webshop_products SET `price3_name`='Kereskedő -33,6%', `price3_currency`='HUF', `price3_value`='3066' WHERE id=5075

[2020-11-22 15:07:06] UPDATE webshop_products SET `price4_name`='Szakmai 1 ár -7%', `price4_currency`='HUF', `price4_value`='4294' WHERE id=5075

[2020-11-22 15:07:06] UPDATE webshop_products SET `price5_name`='Szakmai 2 ár -14%', `price5_currency`='HUF', `price5_value`='3971' WHERE id=5075

[2020-11-22 15:07:06] UPDATE webshop_products SET `price6_name`='Vásárló', `price6_currency`='HUF', `price6_value`='4618' WHERE id=5075

[2020-11-22 15:07:06] UPDATE webshop_products SET `price7_name`='W Lista ár', `price7_currency`='HUF', `price7_value`='4618' WHERE id=5075

[2020-11-22 15:07:06] UPDATE webshop_products SET `price`='4618', `reduced_price`=0 WHERE id=5075

[2020-11-22 15:07:06] UPDATE webshop_products SET `price1_name`='', `price1_currency`='', `price1_value`='0' WHERE id=3165

[2020-11-22 15:07:06] UPDATE webshop_products SET `price2_name`='Kereskedő -27,6%', `price2_currency`='HUF', `price2_value`='21118' WHERE id=3165

[2020-11-22 15:07:06] UPDATE webshop_products SET `price3_name`='Kereskedő -33,6%', `price3_currency`='HUF', `price3_value`='19368' WHERE id=3165

[2020-11-22 15:07:06] UPDATE webshop_products SET `price4_name`='Szakmai 1 ár -7%', `price4_currency`='HUF', `price4_value`='27126' WHERE id=3165

[2020-11-22 15:07:06] UPDATE webshop_products SET `price5_name`='Szakmai 2 ár -14%', `price5_currency`='HUF', `price5_value`='25085' WHERE id=3165

[2020-11-22 15:07:06] UPDATE webshop_products SET `price6_name`='Vásárló', `price6_currency`='HUF', `price6_value`='29168' WHERE id=3165

[2020-11-22 15:07:06] UPDATE webshop_products SET `price7_name`='W Lista ár', `price7_currency`='HUF', `price7_value`='29168' WHERE id=3165

[2020-11-22 15:07:06] UPDATE webshop_products SET `price`='29168', `reduced_price`=0 WHERE id=3165

[2020-11-22 15:07:06] UPDATE webshop_products SET `price1_name`='', `price1_currency`='', `price1_value`='0' WHERE id=5061

[2020-11-22 15:07:06] UPDATE webshop_products SET `price2_name`='Kereskedő -27,6%', `price2_currency`='HUF', `price2_value`='1135' WHERE id=5061

[2020-11-22 15:07:06] UPDATE webshop_products SET `price3_name`='Kereskedő -33,6%', `price3_currency`='HUF', `price3_value`='1041' WHERE id=5061

[2020-11-22 15:07:06] UPDATE webshop_products SET `price4_name`='Szakmai 1 ár -7%', `price4_currency`='HUF', `price4_value`='1458' WHERE id=5061

[2020-11-22 15:07:06] UPDATE webshop_products SET `price5_name`='Szakmai 2 ár -14%', `price5_currency`='HUF', `price5_value`='1349' WHERE id=5061

[2020-11-22 15:07:06] UPDATE webshop_products SET `price6_name`='Vásárló', `price6_currency`='HUF', `price6_value`='1568' WHERE id=5061

[2020-11-22 15:07:06] UPDATE webshop_products SET `price7_name`='W Lista ár', `price7_currency`='HUF', `price7_value`='1568' WHERE id=5061

[2020-11-22 15:07:06] UPDATE webshop_products SET `price`='1568', `reduced_price`=0 WHERE id=5061

[2020-11-22 15:07:06] UPDATE webshop_products SET `price1_name`='', `price1_currency`='', `price1_value`='0' WHERE id=5064

[2020-11-22 15:07:06] UPDATE webshop_products SET `price2_name`='Kereskedő -27,6%', `price2_currency`='HUF', `price2_value`='1135' WHERE id=5064

[2020-11-22 15:07:06] UPDATE webshop_products SET `price3_name`='Kereskedő -33,6%', `price3_currency`='HUF', `price3_value`='1041' WHERE id=5064

[2020-11-22 15:07:06] UPDATE webshop_products SET `price4_name`='Szakmai 1 ár -7%', `price4_currency`='HUF', `price4_value`='1458' WHERE id=5064

[2020-11-22 15:07:06] UPDATE webshop_products SET `price5_name`='Szakmai 2 ár -14%', `price5_currency`='HUF', `price5_value`='1349' WHERE id=5064

[2020-11-22 15:07:06] UPDATE webshop_products SET `price6_name`='Vásárló', `price6_currency`='HUF', `price6_value`='1568' WHERE id=5064

[2020-11-22 15:07:06] UPDATE webshop_products SET `price7_name`='W Lista ár', `price7_currency`='HUF', `price7_value`='1568' WHERE id=5064

[2020-11-22 15:07:06] UPDATE webshop_products SET `price`='1568', `reduced_price`=0 WHERE id=5064

[2020-11-22 15:07:06] UPDATE webshop_products SET `price1_name`='', `price1_currency`='', `price1_value`='0' WHERE id=4653

[2020-11-22 15:07:06] UPDATE webshop_products SET `price2_name`='Kereskedő -27,6%', `price2_currency`='HUF', `price2_value`='15326' WHERE id=4653

[2020-11-22 15:07:06] UPDATE webshop_products SET `price3_name`='Kereskedő -33,6%', `price3_currency`='HUF', `price3_value`='14056' WHERE id=4653

[2020-11-22 15:07:06] UPDATE webshop_products SET `price4_name`='Szakmai 1 ár -7%', `price4_currency`='HUF', `price4_value`='19686' WHERE id=4653

[2020-11-22 15:07:06] UPDATE webshop_products SET `price5_name`='Szakmai 2 ár -14%', `price5_currency`='HUF', `price5_value`='18204' WHERE id=4653

[2020-11-22 15:07:06] UPDATE webshop_products SET `price6_name`='Vásárló', `price6_currency`='HUF', `price6_value`='21168' WHERE id=4653

[2020-11-22 15:07:06] UPDATE webshop_products SET `price7_name`='W Lista ár', `price7_currency`='HUF', `price7_value`='21168' WHERE id=4653

[2020-11-22 15:07:06] UPDATE webshop_products SET `price`='21168', `reduced_price`=0 WHERE id=4653

[2020-11-22 15:07:08] UPDATE users SET lastlogin = NOW() WHERE id = '11'

[2020-11-22 15:07:08] UPDATE webshop_products SET `price1_name`='', `price1_currency`='', `price1_value`='0' WHERE id=4912

[2020-11-22 15:07:08] UPDATE webshop_products SET `price2_name`='Kereskedő -27,6%', `price2_currency`='HUF', `price2_value`='24383' WHERE id=4912

[2020-11-22 15:07:08] UPDATE webshop_products SET `price3_name`='Kereskedő -33,6%', `price3_currency`='HUF', `price3_value`='22362' WHERE id=4912

[2020-11-22 15:07:08] UPDATE webshop_products SET `price4_name`='Szakmai 1 ár -7%', `price4_currency`='HUF', `price4_value`='31321' WHERE id=4912

[2020-11-22 15:07:08] UPDATE webshop_products SET `price5_name`='Szakmai 2 ár -14%', `price5_currency`='HUF', `price5_value`='28962' WHERE id=4912

[2020-11-22 15:07:08] UPDATE webshop_products SET `price6_name`='Vásárló', `price6_currency`='HUF', `price6_value`='33678' WHERE id=4912

[2020-11-22 15:07:08] UPDATE webshop_products SET `price7_name`='W Lista ár', `price7_currency`='HUF', `price7_value`='33678' WHERE id=4912

[2020-11-22 15:07:08] UPDATE webshop_products SET `price`='33678', `reduced_price`=0 WHERE id=4912

[2020-11-22 15:07:08] UPDATE webshop_products SET `price1_name`='', `price1_currency`='', `price1_value`='0' WHERE id=4920

[2020-11-22 15:07:08] UPDATE webshop_products SET `price2_name`='Kereskedő -27,6%', `price2_currency`='HUF', `price2_value`='5559' WHERE id=4920

[2020-11-22 15:07:08] UPDATE webshop_products SET `price3_name`='Kereskedő -33,6%', `price3_currency`='HUF', `price3_value`='5098' WHERE id=4920

[2020-11-22 15:07:08] UPDATE webshop_products SET `price4_name`='Szakmai 1 ár -7%', `price4_currency`='HUF', `price4_value`='7141' WHERE id=4920

[2020-11-22 15:07:08] UPDATE webshop_products SET `price5_name`='Szakmai 2 ár -14%', `price5_currency`='HUF', `price5_value`='6603' WHERE id=4920

[2020-11-22 15:07:08] UPDATE webshop_products SET `price6_name`='Vásárló', `price6_currency`='HUF', `price6_value`='7678' WHERE id=4920

[2020-11-22 15:07:08] UPDATE webshop_products SET `price7_name`='W Lista ár', `price7_currency`='HUF', `price7_value`='7678' WHERE id=4920

[2020-11-22 15:07:08] UPDATE webshop_products SET `price`='7678', `reduced_price`=0 WHERE id=4920

[2020-11-22 15:07:08] UPDATE webshop_products SET `price1_name`='', `price1_currency`='', `price1_value`='0' WHERE id=5080

[2020-11-22 15:07:08] UPDATE webshop_products SET `price2_name`='Kereskedő -27,6%', `price2_currency`='HUF', `price2_value`='1135' WHERE id=5080

[2020-11-22 15:07:08] UPDATE webshop_products SET `price3_name`='Kereskedő -33,6%', `price3_currency`='HUF', `price3_value`='1041' WHERE id=5080

[2020-11-22 15:07:08] UPDATE webshop_products SET `price4_name`='Szakmai 1 ár -7%', `price4_currency`='HUF', `price4_value`='1458' WHERE id=5080

[2020-11-22 15:07:08] UPDATE webshop_products SET `price5_name`='Szakmai 2 ár -14%', `price5_currency`='HUF', `price5_value`='1349' WHERE id=5080

[2020-11-22 15:07:08] UPDATE webshop_products SET `price6_name`='Vásárló', `price6_currency`='HUF', `price6_value`='1568' WHERE id=5080

[2020-11-22 15:07:08] UPDATE webshop_products SET `price7_name`='W Lista ár', `price7_currency`='HUF', `price7_value`='1568' WHERE id=5080

[2020-11-22 15:07:08] UPDATE webshop_products SET `price`='1568', `reduced_price`=0 WHERE id=5080

[2020-11-22 15:07:08] UPDATE webshop_products SET `price1_name`='', `price1_currency`='', `price1_value`='0' WHERE id=2489

[2020-11-22 15:07:08] UPDATE webshop_products SET `price2_name`='Kereskedő -27,6%', `price2_currency`='HUF', `price2_value`='2786' WHERE id=2489

[2020-11-22 15:07:08] UPDATE webshop_products SET `price3_name`='Kereskedő -33,6%', `price3_currency`='HUF', `price3_value`='2555' WHERE id=2489

[2020-11-22 15:07:08] UPDATE webshop_products SET `price4_name`='Szakmai 1 ár -7%', `price4_currency`='HUF', `price4_value`='3579' WHERE id=2489

[2020-11-22 15:07:08] UPDATE webshop_products SET `price5_name`='Szakmai 2 ár -14%', `price5_currency`='HUF', `price5_value`='3309' WHERE id=2489

[2020-11-22 15:07:08] UPDATE webshop_products SET `price6_name`='Vásárló', `price6_currency`='HUF', `price6_value`='3848' WHERE id=2489

[2020-11-22 15:07:08] UPDATE webshop_products SET `price7_name`='W Lista ár', `price7_currency`='HUF', `price7_value`='3848' WHERE id=2489

[2020-11-22 15:07:08] UPDATE webshop_products SET `price`='3848', `reduced_price`=0 WHERE id=2489

[2020-11-22 15:07:08] UPDATE webshop_products SET `price1_name`='', `price1_currency`='', `price1_value`='0' WHERE id=5084

[2020-11-22 15:07:08] UPDATE webshop_products SET `price2_name`='Kereskedő -27,6%', `price2_currency`='HUF', `price2_value`='1135' WHERE id=5084

[2020-11-22 15:07:08] UPDATE webshop_products SET `price3_name`='Kereskedő -33,6%', `price3_currency`='HUF', `price3_value`='1041' WHERE id=5084

[2020-11-22 15:07:08] UPDATE webshop_products SET `price4_name`='Szakmai 1 ár -7%', `price4_currency`='HUF', `price4_value`='1458' WHERE id=5084

[2020-11-22 15:07:08] UPDATE webshop_products SET `price5_name`='Szakmai 2 ár -14%', `price5_currency`='HUF', `price5_value`='1349' WHERE id=5084

[2020-11-22 15:07:08] UPDATE webshop_products SET `price6_name`='Vásárló', `price6_currency`='HUF', `price6_value`='1568' WHERE id=5084

[2020-11-22 15:07:08] UPDATE webshop_products SET `price7_name`='W Lista ár', `price7_currency`='HUF', `price7_value`='1568' WHERE id=5084

[2020-11-22 15:07:08] UPDATE webshop_products SET `price`='1568', `reduced_price`=0 WHERE id=5084

[2020-11-22 15:07:08] UPDATE webshop_products SET `price1_name`='', `price1_currency`='', `price1_value`='0' WHERE id=2628

[2020-11-22 15:07:08] UPDATE webshop_products SET `price2_name`='Kereskedő -27,6%', `price2_currency`='HUF', `price2_value`='66931' WHERE id=2628

[2020-11-22 15:07:08] UPDATE webshop_products SET `price3_name`='Kereskedő -33,6%', `price3_currency`='HUF', `price3_value`='66931' WHERE id=2628

[2020-11-22 15:07:08] UPDATE webshop_products SET `price4_name`='Szakmai 1 ár -7%', `price4_currency`='HUF', `price4_value`='74368' WHERE id=2628

[2020-11-22 15:07:08] UPDATE webshop_products SET `price5_name`='Szakmai 2 ár -14%', `price5_currency`='HUF', `price5_value`='74368' WHERE id=2628

[2020-11-22 15:07:08] UPDATE webshop_products SET `price6_name`='Vásárló', `price6_currency`='HUF', `price6_value`='74368' WHERE id=2628

[2020-11-22 15:07:08] UPDATE webshop_products SET `price7_name`='W Lista ár', `price7_currency`='HUF', `price7_value`='74368' WHERE id=2628

[2020-11-22 15:07:08] UPDATE webshop_products SET `price`='74368', `reduced_price`=0 WHERE id=2628

[2020-11-22 15:07:08] UPDATE webshop_products SET `price1_name`='', `price1_currency`='', `price1_value`='0' WHERE id=5077

[2020-11-22 15:07:08] UPDATE webshop_products SET `price2_name`='Kereskedő -27,6%', `price2_currency`='HUF', `price2_value`='1135' WHERE id=5077

[2020-11-22 15:07:08] UPDATE webshop_products SET `price3_name`='Kereskedő -33,6%', `price3_currency`='HUF', `price3_value`='1041' WHERE id=5077

[2020-11-22 15:07:08] UPDATE webshop_products SET `price4_name`='Szakmai 1 ár -7%', `price4_currency`='HUF', `price4_value`='1458' WHERE id=5077

[2020-11-22 15:07:08] UPDATE webshop_products SET `price5_name`='Szakmai 2 ár -14%', `price5_currency`='HUF', `price5_value`='1349' WHERE id=5077

[2020-11-22 15:07:08] UPDATE webshop_products SET `price6_name`='Vásárló', `price6_currency`='HUF', `price6_value`='1568' WHERE id=5077

[2020-11-22 15:07:08] UPDATE webshop_products SET `price7_name`='W Lista ár', `price7_currency`='HUF', `price7_value`='1568' WHERE id=5077

[2020-11-22 15:07:08] UPDATE webshop_products SET `price`='1568', `reduced_price`=0 WHERE id=5077

[2020-11-22 15:07:08] UPDATE webshop_products SET `price1_name`='', `price1_currency`='', `price1_value`='0' WHERE id=4481

[2020-11-22 15:07:08] UPDATE webshop_products SET `price2_name`='Kereskedő -27,6%', `price2_currency`='HUF', `price2_value`='17498' WHERE id=4481

[2020-11-22 15:07:08] UPDATE webshop_products SET `price3_name`='Kereskedő -33,6%', `price3_currency`='HUF', `price3_value`='16048' WHERE id=4481

[2020-11-22 15:07:08] UPDATE webshop_products SET `price4_name`='Szakmai 1 ár -7%', `price4_currency`='HUF', `price4_value`='22476' WHERE id=4481

[2020-11-22 15:07:08] UPDATE webshop_products SET `price5_name`='Szakmai 2 ár -14%', `price5_currency`='HUF', `price5_value`='20785' WHERE id=4481

[2020-11-22 15:07:08] UPDATE webshop_products SET `price6_name`='Vásárló', `price6_currency`='HUF', `price6_value`='24168' WHERE id=4481

[2020-11-22 15:07:08] UPDATE webshop_products SET `price7_name`='W Lista ár', `price7_currency`='HUF', `price7_value`='24168' WHERE id=4481

[2020-11-22 15:07:08] UPDATE webshop_products SET `price`='24168', `reduced_price`=0 WHERE id=4481

[2020-11-22 15:07:08] UPDATE webshop_products SET `price1_name`='', `price1_currency`='', `price1_value`='0' WHERE id=5079

[2020-11-22 15:07:08] UPDATE webshop_products SET `price2_name`='Kereskedő -27,6%', `price2_currency`='HUF', `price2_value`='1135' WHERE id=5079

[2020-11-22 15:07:08] UPDATE webshop_products SET `price3_name`='Kereskedő -33,6%', `price3_currency`='HUF', `price3_value`='1041' WHERE id=5079

[2020-11-22 15:07:08] UPDATE webshop_products SET `price4_name`='Szakmai 1 ár -7%', `price4_currency`='HUF', `price4_value`='1458' WHERE id=5079

[2020-11-22 15:07:08] UPDATE webshop_products SET `price5_name`='Szakmai 2 ár -14%', `price5_currency`='HUF', `price5_value`='1349' WHERE id=5079

[2020-11-22 15:07:08] UPDATE webshop_products SET `price6_name`='Vásárló', `price6_currency`='HUF', `price6_value`='1568' WHERE id=5079

[2020-11-22 15:07:08] UPDATE webshop_products SET `price7_name`='W Lista ár', `price7_currency`='HUF', `price7_value`='1568' WHERE id=5079

[2020-11-22 15:07:08] UPDATE webshop_products SET `price`='1568', `reduced_price`=0 WHERE id=5079

[2020-11-22 15:07:08] UPDATE webshop_products SET `price1_name`='', `price1_currency`='', `price1_value`='0' WHERE id=2958

[2020-11-22 15:07:08] UPDATE webshop_products SET `price2_name`='Kereskedő -27,6%', `price2_currency`='HUF', `price2_value`='34519' WHERE id=2958

[2020-11-22 15:07:08] UPDATE webshop_products SET `price3_name`='Kereskedő -33,6%', `price3_currency`='HUF', `price3_value`='31659' WHERE id=2958

[2020-11-22 15:07:08] UPDATE webshop_products SET `price4_name`='Szakmai 1 ár -7%', `price4_currency`='HUF', `price4_value`='44341' WHERE id=2958

[2020-11-22 15:07:08] UPDATE webshop_products SET `price5_name`='Szakmai 2 ár -14%', `price5_currency`='HUF', `price5_value`='41003' WHERE id=2958

[2020-11-22 15:07:08] UPDATE webshop_products SET `price6_name`='Vásárló', `price6_currency`='HUF', `price6_value`='47678' WHERE id=2958

[2020-11-22 15:07:08] UPDATE webshop_products SET `price7_name`='W Lista ár', `price7_currency`='HUF', `price7_value`='47678' WHERE id=2958

[2020-11-22 15:07:08] UPDATE webshop_products SET `price`='47678', `reduced_price`=0 WHERE id=2958

[2020-11-22 15:07:15] UPDATE users SET lastlogin = NOW() WHERE id = '11'

[2020-11-22 15:07:17] UPDATE users SET lastlogin = NOW() WHERE id = '11'

[2020-11-22 15:07:22] DELETE FROM webshop_gallery WHERE id=15348

[2020-11-22 15:07:26] DELETE FROM webshop_gallery WHERE id=15138

[2020-11-22 15:07:34] INSERT INTO webshop_gallery (`id`, `product_id`, `original_name`, `new_name`, `date`) VALUES (15363, 5080, 'Pollié Beige körömlakk 03498', '15363.jpg', 1606054054)

[2020-11-22 15:07:34] DELETE FROM webshop_gallery WHERE id='13495'

[2020-11-22 15:07:34] INSERT INTO webshop_gallery (`id`, `product_id`, `original_name`, `new_name`, `date`) VALUES (15364, 3901, 'Keratinos póthaj 50-55cm 10db világos szőke', '15364.jpg', 1606054054)

[2020-11-22 15:07:34] INSERT INTO webshop_gallery (`id`, `product_id`, `original_name`, `new_name`, `date`) VALUES (15365, 5084, 'Pollié Top Coat körömlakk szárító fedő fény lakk 03518', '15365.jpg', 1606054054)

[2020-11-22 15:07:34] INSERT INTO webshop_gallery (`id`, `product_id`, `original_name`, `new_name`, `date`) VALUES (15366, 5077, 'Pollié Metál Réz körömlakk 04292', '15366.jpg', 1606054054)

[2020-11-22 15:07:34] DELETE FROM webshop_gallery WHERE id='15332'

[2020-11-22 15:07:34] INSERT INTO webshop_gallery (`id`, `product_id`, `original_name`, `new_name`, `date`) VALUES (15367, 4481, 'Ovális hajgöndörítő gép 01127', '15367.jpg', 1606054054)

[2020-11-22 15:07:34] INSERT INTO webshop_gallery (`id`, `product_id`, `original_name`, `new_name`, `date`) VALUES (15368, 4481, 'ovális hajgöndörítő2', '15368.jpg', 1606054054)

[2020-11-22 15:07:34] INSERT INTO webshop_gallery (`id`, `product_id`, `original_name`, `new_name`, `date`) VALUES (15369, 5079, 'Pollié Metál Prios körömlakk', '15369.jpg', 1606054054)

[2020-11-22 15:07:35] INSERT INTO webshop_gallery (`id`, `product_id`, `original_name`, `new_name`, `date`) VALUES (15370, 2958, 'Grip+Silc Cerena Solingen Kombinált élű hajvágó olló tépett hatáshoz 6.5', '15370.jpg', 1606054055)

[2020-11-22 15:07:35] INSERT INTO webshop_gallery (`id`, `product_id`, `original_name`, `new_name`, `date`) VALUES (15371, 5058, 'Hajfestő beterítő fólia kendő 50db fehér 02456/58 fodrászkellék', '15371.jpg', 1606054055)

[2020-11-22 15:07:35] INSERT INTO webshop_gallery (`id`, `product_id`, `original_name`, `new_name`, `date`) VALUES (15372, 5059, 'Pollié Coral Prios körömlakk 03510', '15372.jpg', 1606054055)

[2020-11-22 15:07:35] INSERT INTO webshop_gallery (`id`, `product_id`, `original_name`, `new_name`, `date`) VALUES (15373, 5055, 'Gumipartvis vízlehúzó éllel döntött nyéltartóval és partvis fogakkal', '15373.jpg', 1606054055)

[2020-11-22 15:07:36] UPDATE users SET lastlogin = NOW() WHERE id = '11'

[2020-11-22 15:07:38] DELETE FROM webshop_gallery WHERE id=15371

[2020-11-22 15:07:38] DELETE FROM webshop_gallery WHERE id=15372

[2020-11-22 15:07:41] DELETE FROM webshop_gallery WHERE id=15370

[2020-11-22 15:07:41] DELETE FROM webshop_gallery WHERE id=15363

[2020-11-22 15:07:44] DELETE FROM webshop_gallery WHERE id=15366

[2020-11-22 15:07:44] DELETE FROM webshop_gallery WHERE id=15365

[2020-11-22 15:07:53] INSERT INTO webshop_gallery (`id`, `product_id`, `original_name`, `new_name`, `date`) VALUES (15374, 2680, 'Grip+Silc Cerena Solingen Kombinált élű hajvágó olló tépett hatáshoz 7.5', '15374.jpg', 1606054073)

[2020-11-22 15:07:53] INSERT INTO webshop_gallery (`id`, `product_id`, `original_name`, `new_name`, `date`) VALUES (15375, 5073, 'Ülésmagasító fodrász és egyéb székbe gyerekeknek Extra04506', '15375.jpg', 1606054073)

[2020-11-22 15:07:53] INSERT INTO webshop_gallery (`id`, `product_id`, `original_name`, `new_name`, `date`) VALUES (15376, 5075, 'KIN Haute Dry Száraz sampon és volumennövelő spray', '15376.jpg', 1606054073)

[2020-11-22 15:07:53] INSERT INTO webshop_gallery (`id`, `product_id`, `original_name`, `new_name`, `date`) VALUES (15377, 5061, 'Pollié Sand homok színű körömlakk 03513', '15377.jpg', 1606054073)

[2020-11-22 15:07:54] INSERT INTO webshop_gallery (`id`, `product_id`, `original_name`, `new_name`, `date`) VALUES (15378, 5064, 'Pollié fekete körömlakk 03492', '15378.jpg', 1606054074)

[2020-11-22 15:07:57] UPDATE users SET lastlogin = NOW() WHERE id = '11'

