[2019-11-09 13:34:19] UPDATE users SET lastlogin = NOW() WHERE id = '11'

[2019-11-09 13:34:21] UPDATE users SET lastlogin = NOW() WHERE id = '11'

[2019-11-09 13:34:22] UPDATE users SET lastlogin = NOW() WHERE id = '11'

[2019-11-09 13:34:22] INSERT INTO webshop_gallery (`id`, `product_id`, `original_name`, `new_name`, `date`) VALUES (12919, 4574, 'Nirvel Art-X hajfesték Akciós csomag + könnyű fodrász hajszárító féláron', '12919.jpg', 1573302862)

[2019-11-09 13:34:22] INSERT INTO webshop_products (`id`, `name_hun`, `name_eng`, `item_id`, `price`, `reduced_price`, `status`, `currency`, `content_short`, `content`, `details`, `date`, `default_pic`, `active`, `main`, `sort`, `category_id`, `root_category_id`, `seo_name`, `fullurl`, `websyx_id`, `quantity`, `other_categories`) VALUES ('4574', 'Nirvel Art-X hajfesték Akciós csomag + könnyű fodrász hajszárító féláron', 'Nirvel Art-X hajfesték Akciós csomag + könnyű fodrász hajszárító féláron', '0120-nartx-csomag-hajszaritoval', 0, 0, 1, 'Ft', 'Hajfesték csomag tartalma:&nbsp;15 db hajfesték&nbsp; 1-1db 6-9-12%&nbsp; 1000ml oxidáló, Könnyű hajszárító...', '<P style=\"TEXT-ALIGN: justify\"><STRONG>Hajfesték csomag tartalma:</STRONG>&nbsp;15 db hajfesték&nbsp; 1-1db 6-9-12%&nbsp; 1000ml oxidáló, Könnyű hajszárító LIM Hair Cloud -50% áron,</P>
<P style=\"TEXT-ALIGN: justify\">+ Ajándék:</P>
<P style=\"TEXT-ALIGN: justify\">1db Nirvel 1000ml festett hajra való sampon, 1db tincses hajszínskála. </P>
<P style=\"TEXT-ALIGN: justify\"><STRONG>Figyelem! - A 30db hajfesték színt Ön is&nbsp;kiválaszthatja, írja be a kosárban levő megjegyzés rovatba, vagy diktálja be telefonon!</STRONG></P>
<P style=\"TEXT-ALIGN: justify\"><B><U>A Nirvel Art-X hajfesték színeket a hajfestéknél levő színskálán tudja megnézni! -&nbsp; </U></B>A jól nagyítható hajszínskála nagyban segíti a megfelelő hajszín kiválasztását,&nbsp; ha szükséges írja fel, jegyezze meg a kiválasztott hajszín számát! </P>
<P style=\"TEXT-ALIGN: justify\"><B>Ha nehézséget okoz a megrendelés, diktálja be telefonon ingyenesen is hívható ügyfélszolgálatunknak!</B></P>
<P style=\"TEXT-ALIGN: justify\"><U><STRONG>A Nirvel Art-X hajfesték kezdő csomagban található hajfesték színek.</STRONG></U><BR><BR><U><STRONG>Természetes színű </STRONG><STRONG>Nirvel Art-X </STRONG><STRONG>hajfestékek - szőke hajfestékek.</STRONG><BR></U>1 Fekete hajfesték&nbsp; 3 Sötét Barna&nbsp; hajfesték 4 Közép Barna hajfesték&nbsp; 5 Világos Barna hajfesték&nbsp; 6 Sötét Szőke hajfesték&nbsp; 7 Közép Szőke hajfesték&nbsp; 8 Világos Szőke&nbsp;hajfesték&nbsp; 9 Nagyon Világos Szőke&nbsp;hajfesték 10 Legvilágosabb Platina Szőke hajfesték 12 .0 Természetes Ultravilágos Szőke hajfesték 10db<BR><BR><U><STRONG>Hamu színű </STRONG><STRONG>Nirvel Art-X </STRONG><STRONG>hajfestékek.</STRONG></U><BR>&nbsp;8.1 Világos Hamu Szőke&nbsp; 9.1 Nagyon Világos Hamu Szőke 10.1 Legvilágosabb Hamu Szőke 12.1 Hamu Ultravilágos Szőke 4db<BR><BR><U><STRONG>Aranyló színű </STRONG><STRONG>Nirvel Art-X </STRONG><STRONG>hajfesték.</STRONG><BR></U>4-3 Aranybarna hajfesték 5.3 Világos Aranybarna&nbsp; 6.3 Sötét Arany Szőke&nbsp; 7.3 Arany Szőke&nbsp; 8.3 Világos Arany Szőke&nbsp;&nbsp; 9.3 Nagyon Világos Arany Szőke 10.3 Legvilágosabb Arany Szőke 12.3 Arany Ultravilágos Szőke -8db<BR><BR><U><STRONG>Réz színű </STRONG><STRONG>Nirvel Art-X </STRONG><STRONG>hajfesték.</STRONG></U><BR>5.4 Rezes Világos Barna&nbsp; 6.4 Sötét Réz Szőke&nbsp; 7.4 Réz Szőke&nbsp; 8.4 Világos Réz Szőke 9.4 Nagyon Világos Réz Szőke 10.4 Legvilágosabb Réz Szőke 12.4 Réz Ultravilágos Szőke&nbsp; 7db<BR><BR><U><B>Intenzív réz színű hajfesték.</B><BR></U>5.44 Világos Intenzív Réz Barna&nbsp; </P>', '', 1573302862, '12919', '1', 0, 1, 23, '22', 'nirvel-art-x-hajfestek-akcios-csomag-konnyu-fodrasz-hajszarito-felaron', 'hajfestek/hajfestek-csomagok-fodraszoknak/nirvel-art-x-hajfestek-akcios-csomag-konnyu-fodrasz-hajszarito-felaron', '2177', 1, '23,104')

[2019-11-09 13:34:23] INSERT INTO webshop_special_fields (`key`, `value`, `product_id`) VALUES ('manufacturer', 'Nirvel', 4574)

[2019-11-09 13:34:23] INSERT INTO webshop_special_fields (`key`, `value`, `product_id`) VALUES ('quantityunit', 'db', 4574)

[2019-11-09 13:34:23] INSERT INTO webshop_special_fields (`key`, `value`, `product_id`) VALUES ('kiszereles', '1', 4574)

[2019-11-09 13:34:23] UPDATE webshop_products SET sort=1 WHERE id=3326

[2019-11-09 13:34:23] UPDATE webshop_products SET sort=2 WHERE id=4574

[2019-11-09 13:34:26] UPDATE users SET lastlogin = NOW() WHERE id = '11'

[2019-11-09 13:34:28] UPDATE users SET lastlogin = NOW() WHERE id = '11'

[2019-11-09 13:34:28] UPDATE webshop_products SET `price1_name`='Beszerzési ár', `price1_currency`='HUF', `price1_value`='13626' WHERE id=4574

[2019-11-09 13:34:28] UPDATE webshop_products SET `price2_name`='Kereskedő -27,6%', `price2_currency`='HUF', `price2_value`='22493' WHERE id=4574

[2019-11-09 13:34:28] UPDATE webshop_products SET `price3_name`='Kereskedő -33,6%', `price3_currency`='HUF', `price3_value`='20629' WHERE id=4574

[2019-11-09 13:34:28] UPDATE webshop_products SET `price4_name`='Szakmai 1 ár -7%', `price4_currency`='HUF', `price4_value`='28893' WHERE id=4574

[2019-11-09 13:34:28] UPDATE webshop_products SET `price5_name`='Szakmai 2 ár -14%', `price5_currency`='HUF', `price5_value`='26719' WHERE id=4574

[2019-11-09 13:34:28] UPDATE webshop_products SET `price6_name`='Vásárló', `price6_currency`='HUF', `price6_value`='31068' WHERE id=4574

[2019-11-09 13:34:28] UPDATE webshop_products SET `price7_name`='W Lista ár', `price7_currency`='HUF', `price7_value`='31068' WHERE id=4574

[2019-11-09 13:34:28] UPDATE webshop_products SET `price`='31068', `reduced_price`=0 WHERE id=4574

[2019-11-09 13:34:31] UPDATE users SET lastlogin = NOW() WHERE id = '11'

[2019-11-09 13:34:33] UPDATE users SET lastlogin = NOW() WHERE id = '11'

[2019-11-09 13:34:45] INSERT INTO webshop_gallery (`id`, `product_id`, `original_name`, `new_name`, `date`) VALUES (12920, 4574, 'Nirvel Art-X hajfesték Akciós csomag + könnyű fodrász hajszárító féláron', '12920.jpg', 1573302885)

[2019-11-09 13:36:44] UPDATE users SET lastlogin = NOW() WHERE id = '11'

[2020-11-09 13:43:33] UPDATE users SET lastlogin = NOW() WHERE id = '11'

[2020-11-09 13:43:36] UPDATE users SET lastlogin = NOW() WHERE id = '11'

[2020-11-09 13:43:39] UPDATE users SET lastlogin = NOW() WHERE id = '11'

[2020-11-09 13:43:39] UPDATE webshop_gallery SET original_name='Gumikesztyű latex 01671 L-es 100db', date=1604925819 WHERE id=493

[2020-11-09 13:43:39] UPDATE webshop_special_fields SET `value`='Ro.ial papír és kozmetika' WHERE `key`='manufacturer' AND `product_id`=2489

[2020-11-09 13:43:39] UPDATE webshop_special_fields SET `value`='db' WHERE `key`='quantityunit' AND `product_id`=2489

[2020-11-09 13:43:40] UPDATE webshop_special_fields SET `value`='100' WHERE `key`='kiszereles' AND `product_id`=2489

[2020-11-09 13:43:40] UPDATE webshop_products SET `name_hun`='Gumikesztyű latex 01671 L-es 100db',`content_short`='Gumikesztyű latex anyagból. 100db/doboz, Olasz, Ro.ial gyártmányú, rugalmas, mindkét kézen hordható, kiválóan...',`content`='<P style=\"MARGIN: 0cm 0cm 10pt\"><FONT face=Calibri>Gumikesztyű latex anyagból. 100db/doboz, Olasz, Ro.ial gyártmányú, rugalmas, mindkét kézen hordható, kiválóan illeszkedő, bőrbarát, nem steril higiéniai latex munkavédelmi, vizsgáló, vizsgálati, kesztyűk, amik megfelelnek az élelmiszerkezeléssel kapcsolatos európai irányelveknek. </FONT></P>
<P style=\"MARGIN: 0cm 0cm 10pt\"><STRONG>A latex kesztyű</STRONG><FONT face=Calibri> tulajdonságai: kiváló rugalmasság, vízálló és jó mechanikai szilárdságú, tartalmaznak latex fehérjéket, amelyek ritka esetekben allergiás reakciót válthatnak ki.</FONT></P>
<P style=\"MARGIN: 0cm 0cm 10pt\"><B style=\"mso-bidi-font-weight: normal\"><U><FONT face=Calibri>A latex vizsgáló, munkavédelmi, vizsgáló, vizsgálati kesztyű tulajdonságai:</FONT></U></B></P>
<P style=\"MARGIN: 0cm 0cm 10pt\"><FONT face=Calibri>A kesztyű anyaga: latex</FONT></P>
<P style=\"MARGIN: 0cm 0cm 10pt\"><FONT face=Calibri>A latex kesztyű púdermentes és púderos változatban készül.</FONT></P>
<P style=\"MARGIN: 0cm 0cm 10pt\"><FONT face=Calibri>A kesztyű alkalmazható az orvosi alapellátásban, a laboratóriumi munkában, a fogászatban.</FONT></P>
<P style=\"MARGIN: 0cm 0cm 10pt\"><FONT face=Calibri>A kesztyű finom tapintású, használata pontos munkavégzést tesz lehetővé.</FONT></P>
<P style=\"MARGIN: 0cm 0cm 10pt\"><FONT face=Calibri>A kesztyű nem steril.</FONT></P>
<P style=\"MARGIN: 0cm 0cm 10pt\"><FONT face=Calibri>A kesztyű világos színe alkalmas az orvosi műveletekre.</FONT></P>
<P style=\"MARGIN: 0cm 0cm 10pt\"><FONT face=Calibri>A kesztyű nagyon jó, terhelhető anyagösszetétel rendelkezik.</FONT></P>
<P style=\"MARGIN: 0cm 0cm 10pt; LINE-HEIGHT: normal; mso-margin-top-alt: auto; mso-margin-bottom-alt: auto\"><FONT face=Calibri>CAT 1, megfelel az EN 420 követelményeinek. </FONT></P>
<P style=\"MARGIN: 0cm 0cm 10pt\"><FONT face=Calibri>A latex kesztyű ajánlott felhasználási területei: élelmiszeripari, humán- és állategészségügyi, vendéglátó ipari, laboratóriumi, kozmetikai, mikroelektronikai, minőség-ellenőrzési, háztartási munkák.</FONT></P>
<P style=\"MARGIN: 0cm 0cm 10pt\"><FONT face=Calibri>Professzionális fodrászcikk és fodrászkellék webáruház.</FONT></P>
<P><STRONG>Az EN 420</STRONG> <STRONG>szabvány</STRONG> a kesztyű tervezési és szerkezeti követelményeit, a hibátlanságát, kényelmét és hatékonyságát határozza meg, a jelölés és információ minden védőkesztyűre érvényes. Az információk a használati utasítás mellékletét képezik. </P>', `item_id`='2124-gua592L-latex-puderos-100db-01671-S', `default_pic`='493', `active`='1', `category_id`='22', `root_category_id`='0', `seo_name`='gumikesztyu-latex-01671-l-es-100db', `fullurl`='hajfestek/gumikesztyu-latex-01671-l-es-100db', `other_categories`='22,34,58,104,107,113,203,217,222,241,242,420' WHERE id=2489

[2020-11-09 13:43:40] UPDATE webshop_gallery SET original_name='Gumipartvis 25 évre', date=1604925820 WHERE id=495

[2020-11-09 13:43:40] UPDATE webshop_special_fields SET `value`='Comair fodrászkellék' WHERE `key`='manufacturer' AND `product_id`=2491

[2020-11-09 13:43:40] UPDATE webshop_special_fields SET `value`='db' WHERE `key`='quantityunit' AND `product_id`=2491

[2020-11-09 13:43:40] UPDATE webshop_special_fields SET `value`='1' WHERE `key`='kiszereles' AND `product_id`=2491

[2020-11-09 13:43:40] UPDATE webshop_products SET `name_hun`='Gumipartvis 25 évre',`content_short`='
Gumipartvis, gumiseprű&nbsp;25 évre.&nbsp;Rendkívül erős és strapabíró&nbsp;takarító eszköz....',`content`='<FONT face=Calibri>
<P style=\"TEXT-ALIGN: justify; MARGIN: 0cm 0cm 10pt\">Gumipartvis, gumiseprű&nbsp;25 évre.&nbsp;Rendkívül erős és strapabíró&nbsp;takarító eszköz. A&nbsp;legapróbb haj, állati szőr, morzsa, apró szemű&nbsp;föld, törmelék ...&nbsp;tökéletes összesöprésére készítették.&nbsp;&nbsp;A leghatékonyabb takarításhoz készült termék a porszívó után, az apró koszok összegyűjtésében.&nbsp;Kopás álló, elnyűhetetlen, rendkívül egyszerűen, egy tisztító szeres mosással&nbsp;higénikusan tartható&nbsp;gumi szőrökkel készült partvis fej, fekete színben.&nbsp;</P>
<P style=\"TEXT-ALIGN: justify; MARGIN: 0cm 0cm 10pt\">&nbsp;- A&nbsp;szépség ipar számára készült, &nbsp;12-14 sorban elhelyezkedő, több száz gumifoggal rendelkező gumi partvissal, seprűvel, a legapróbb,&nbsp; haj, állati szőr darabok, morzsa, apró szemű&nbsp;föld, törmelék, a sűrű gumifogaknak köszönhetően, a lehető leggyorsabban és legtökéletesebben felseperhető. Elegendő egyetlen húzás, a kosz összegyűjtésére.</P>
<P style=\"TEXT-ALIGN: justify; MARGIN: 0cm 0cm 10pt\">A speciálisan a szépség ipar számára kifejlesztették, ki mert&nbsp; a nagyon apró hajdarabokat a normál seprűk nem tudják&nbsp;kezelni, beleragadnak. &nbsp;A gumipartvis a rugalmas, tökéletesen össze záró tüskéknek köszönhetően, a leghatékonyabbak a seprésben. Ezen típusok nagyon hosszú ideig lágyak, rugalmasak maradnak, nem keményednek meg a gumi tüskék, így szinte örökösen tökéletesen sepernek.</P>
<P style=\"TEXT-ALIGN: justify; MARGIN: 0cm 0cm 10pt\">Ez a típusú, sűrű gumifogakkal készült seprű, gumi partvis&nbsp;egy olyan eszköz, amellyel nagyon gyorsan, egy két mozdulattal minden típusú hulladék tökéletesen összesöpörhető. A sűrű fogak a teljes felületet lefedik, semmit nem hagynak el. A haj, és az állatok szőre, a morzsa, az apró szemű&nbsp;föld, törmelék, semmi nem ragad a partvis fogaihoz, ezért nagyon könnyű a seprű tisztán tartása. Nagyon lassan kopik, a mindennapos otthoni&nbsp;használat mellett is a gumipartvis szinte örökös.</P>
<P style=\"TEXT-ALIGN: justify; MARGIN: 0cm 0cm 10pt\">A gumipartvis, gumiseprű, fejet nyél nélkül szállítjuk, de rendelhető hozzá teleszkópos partvis nyél, vagy használható hozzá a háztartásban használatos, általános partvis nyél is, amelynek a feje kúpos, csavaros fejkiképzéssel rendelkezik. A gumi partvis fejen levő lyuk rugalmas, ezért a partvis fej átmérője &nbsp;20-23mm közötti méret is lehet.</P>
<P style=\"TEXT-ALIGN: justify; MARGIN: 0cm 0cm 10pt\"><U>A gumipartvis, gumiseprű fej adatai:</U></P>
<P style=\"TEXT-ALIGN: justify; MARGIN: 0cm 0cm 10pt\">-A gumipartvis szélessége kb. 32 cm</P>
<P style=\"TEXT-ALIGN: justify; MARGIN: 0cm 0cm 10pt\">-A gumipartvis fej magassága: kb.5cm</P>
<P style=\"TEXT-ALIGN: justify; MARGIN: 0cm 0cm 10pt\">-A gumipartvis fej vastagsága: 3,5-5,5cm </P>
<P style=\"TEXT-ALIGN: justify; MARGIN: 0cm 0cm 10pt\">-A gumipartvis a takarításhoz praktikus fodrászkellék, fodrászcikk az üzletben, és otthon is.</FONT></P>', `item_id`='1734-3011786-gumipartvis', `default_pic`='495', `active`='1', `category_id`='104', `root_category_id`='0', `seo_name`='gumipartvis-25-evre', `fullurl`='fodraszkellek/gumipartvis-25-evre', `other_categories`='104,108,217,222,241,420' WHERE id=2491

[2020-11-09 13:43:40] UPDATE webshop_gallery SET original_name='Gumikesztyű latex 01669 100db M-es', date=1604925820 WHERE id=13116

[2020-11-09 13:43:40] UPDATE webshop_special_fields SET `value`='Comair fodrászkellék' WHERE `key`='manufacturer' AND `product_id`=4658

[2020-11-09 13:43:40] UPDATE webshop_special_fields SET `value`='db' WHERE `key`='quantityunit' AND `product_id`=4658

[2020-11-09 13:43:40] UPDATE webshop_special_fields SET `value`='100' WHERE `key`='kiszereles' AND `product_id`=4658

[2020-11-09 13:43:40] UPDATE webshop_products SET `name_hun`='Gumikesztyű latex 01669 100db M-es',`content_short`='Gumikesztyű&nbsp;latex anyagból. 100db/doboz rugalmas, mindkét kézen hordható, kiválóan illeszkedő, bőrbarát,...',`content`='<P style=\"TEXT-ALIGN: justify; MARGIN: 0cm 0cm 10pt\"><FONT face=Calibri>Gumikesztyű&nbsp;latex anyagból. 100db/doboz rugalmas, mindkét kézen hordható, kiválóan illeszkedő, bőrbarát, munkavédelmi, vizsgáló, vizsgálati, kesztyűk, amik megfelelnek az élelmiszerkezeléssel kapcsolatos európai irányelveknek is.</FONT></P>', `item_id`='1724-cvh-3012327-M-latex-púderos-01669', `default_pic`='13116', `active`='1', `category_id`='241', `root_category_id`='104', `seo_name`='gumikesztyu-latex-01669-100db-m-es', `fullurl`='fodraszkellek/gumikesztyu-gumipartvis-takarito-fodraszkellek/gumikesztyu-latex-01669-100db-m-es', `other_categories`='241' WHERE id=4658

[2020-11-09 13:43:40] INSERT INTO webshop_gallery (`id`, `product_id`, `original_name`, `new_name`, `date`) VALUES (15327, 5055, 'Gumipartvis vízlehúzó éllel döntött nyéltartóval', '15327.jpg', 1604925820)

[2020-11-09 13:43:40] INSERT INTO webshop_products (`id`, `name_hun`, `name_eng`, `item_id`, `price`, `reduced_price`, `status`, `currency`, `content_short`, `content`, `details`, `date`, `default_pic`, `active`, `main`, `sort`, `category_id`, `root_category_id`, `seo_name`, `fullurl`, `websyx_id`, `quantity`, `other_categories`) VALUES ('5055', 'Gumipartvis vízlehúzó éllel döntött nyéltartóval', 'Gumipartvis vízlehúzó éllel döntött nyéltartóval', '1734-3010649-gumipartvis-ferde-lehuzo', 0, 0, 1, 'Ft', 'Gumipartvis vízlehúzó éllel, 45 fokban döntött&nbsp;nyél tartó fejjel.&nbsp;&nbsp;A legapróbb haj, állati...', '<P style=\"TEXT-ALIGN: justify\">Gumipartvis vízlehúzó éllel, 45 fokban döntött&nbsp;nyél tartó fejjel.&nbsp;&nbsp;A legapróbb haj, állati szőr, morzsa, apró szemű&nbsp;föld, törmelék ...&nbsp;tökéletes összesöprésére.&nbsp;&nbsp;A leghatékonyabb eszköz, a porszívó után az apró koszok összegyűjtésében.&nbsp;Kopás álló, elnyűhetetlen, rendkívül egyszerűen, egy tisztító szeres mosással&nbsp;higénikusan tartható,&nbsp;gumi szőrökkel készült partvis fej, fekete színben.</P>
<P style=\"TEXT-ALIGN: justify\">A 45 fokban döntött nyél beszerelési lehetőség, és&nbsp;döntött használat,&nbsp;&nbsp;a vízlehúzó él használatát könnyíti meg.&nbsp;</P>
<P style=\"TEXT-ALIGN: justify; MARGIN: 0cm 0cm 10pt\">&nbsp;- A&nbsp;szépség ipar számára készült, &nbsp;12-14 sorban elhelyezkedő, több száz gumifoggal rendelkező gumi partvissal, seprűvel, a legapróbb,&nbsp; haj, állati szőr darabok, morzsa, apró szemű&nbsp;föld, törmelék, a sűrű gumifogaknak köszönhetően, a lehető leggyorsabban és legtökéletesebben felseperhető. Elegendő egyetlen húzás, a kosz összegyűjtésére.</P>
<P style=\"TEXT-ALIGN: justify; MARGIN: 0cm 0cm 10pt\">A speciálisan a szépség ipar számára kifejlesztették, ki mert&nbsp; a nagyon apró hajdarabokat a normál seprűk nem tudják&nbsp;kezelni, beleragadnak. &nbsp;A gumipartvis a rugalmas, tökéletesen össze záró tüskéknek köszönhetően, a leghatékonyabbak a seprésben. Ezen típusok nagyon hosszú ideig lágyak, rugalmasak maradnak, nem keményednek meg a gumi tüskék, így szinte örökösen tökéletesen sepernek.</P>
<P style=\"TEXT-ALIGN: justify; MARGIN: 0cm 0cm 10pt\">Ez a típusú, sűrű gumifogakkal készült seprű, gumi partvis&nbsp;egy olyan eszköz, amellyel nagyon gyorsan, egy két mozdulattal minden típusú hulladék tökéletesen összesöpörhető. A sűrű fogak a teljes felületet lefedik, semmit nem hagynak el. A haj, és az állatok szőre, a morzsa, az apró szemű&nbsp;föld, törmelék, semmi nem ragad a partvis fogaihoz, ezért nagyon könnyű a seprű tisztán tartása. Nagyon lassan kopik, a mindennapos otthoni&nbsp;használat mellett is a gumipartvis szinte örökös.</P>
<P style=\"TEXT-ALIGN: justify; MARGIN: 0cm 0cm 10pt\">A gumipartvis, gumiseprű, fejet nyél nélkül szállítjuk, de rendelhető hozzá teleszkópos partvis nyél, vagy használható hozzá a háztartásban használatos, általános partvis nyél is, amelynek a feje kúpos, csavaros fejkiképzéssel rendelkezik. A gumi partvis fejen levő lyuk rugalmas, ezért a partvis fej átmérője &nbsp;20-23mm közötti méret is lehet.</P>
<P style=\"TEXT-ALIGN: justify; MARGIN: 0cm 0cm 10pt\"><U>A gumipartvis, gumiseprű fej adatai:</U></P>
<P style=\"TEXT-ALIGN: justify; MARGIN: 0cm 0cm 10pt\">-A gumipartvis szélessége kb. 33 cm</P>
<P style=\"TEXT-ALIGN: justify; MARGIN: 0cm 0cm 10pt\">-A gumipartvis fej magassága: kb.5cm</P>
<P style=\"TEXT-ALIGN: justify; MARGIN: 0cm 0cm 10pt\">-A gumipartvis fej vastagsága: 3,5-5,5cm </P>
<P style=\"TEXT-ALIGN: justify; MARGIN: 0cm 0cm 10pt\">-A gumipartvis a takarításhoz praktikus fodrászkellék, fodrászcikk az üzletben, és otthon is.</P>', '', 1604925820, '15327', '1', 0, 1, 241, '104', 'gumipartvis-vizlehuzo-ellel-dontott-nyeltartoval', 'fodraszkellek/gumikesztyu-gumipartvis-takarito-fodraszkellek/gumipartvis-vizlehuzo-ellel-dontott-nyeltartoval', '2018', 1, '241,420')

[2020-11-09 13:43:40] INSERT INTO webshop_special_fields (`key`, `value`, `product_id`) VALUES ('manufacturer', 'Comair fodrászkellék', 5055)

[2020-11-09 13:43:41] INSERT INTO webshop_special_fields (`key`, `value`, `product_id`) VALUES ('quantityunit', 'db', 5055)

[2020-11-09 13:43:41] INSERT INTO webshop_special_fields (`key`, `value`, `product_id`) VALUES ('kiszereles', '1', 5055)

[2020-11-09 13:43:41] UPDATE webshop_gallery SET original_name='Levissime Sculptist anticellulit narancsbőr elleni gél', date=1604925821 WHERE id=825

[2020-11-09 13:43:41] UPDATE webshop_special_fields SET `value`='Nirvel Levissime' WHERE `key`='manufacturer' AND `product_id`=2821

[2020-11-09 13:43:41] UPDATE webshop_special_fields SET `value`='ml' WHERE `key`='quantityunit' AND `product_id`=2821

[2020-11-09 13:43:41] UPDATE webshop_special_fields SET `value`='250' WHERE `key`='kiszereles' AND `product_id`=2821

[2020-11-09 13:43:41] UPDATE webshop_products SET `name_hun`='Levissime Sculptist anticellulit narancsbőr elleni gél',`content_short`='Narancsbőr elleni gél,&nbsp;Anticellulit testkezelés narancsbőrös&nbsp;bőrfelületek&nbsp;megszüntetésére,...',`content`='<P style=\"TEXT-ALIGN: justify\">Narancsbőr elleni gél,&nbsp;Anticellulit testkezelés narancsbőrös&nbsp;bőrfelületek&nbsp;megszüntetésére, kialakulásának megelőzésére, teljes kezelésére.</P>
<P style=\"TEXT-ALIGN: justify\">250ml - Anticellulit narancsbőr elleni gél otthoni használatra. A narancsbőr elleni krém fő összetevője a Sculptist egy olyan aktív enzim, amely a koffeinnal együtt, rendkívül hatékonyan szünteti meg a cellulit csomókat, és tünteti el a felesleges zsírt. Része, és hatásos folytatása, a szalonban kapott narancsbőr elleni kezelésnek. Az anticellulit krém további, rendszeres használatával megelőzheti a narancsbőr kialakulását!</P>
<P style=\"TEXT-ALIGN: justify\">Anticellulit narancsbőr elleni gél használatának eredményei:<BR>Csökken a kezelt testrész átmérője, határozott test kontúrok alakulnak ki, és a bőr simává válik.<BR><BR>Anticellulit narancsbőr elleni gél használata.<BR>Minden reggel és este alkalmazza a szükséges test felületeken. Miután a bőrt megtisztította, masszírozza a bőrbe, amíg azt teljesen felszívódik.</P>
<P style=\"MARGIN: 0cm 0cm 10pt; LINE-HEIGHT: normal\"><U><FONT face=Calibri><STRONG>A teljes Nirvel Sculptist Cover alakformáló csomag tartalmát és&nbsp;használatát a csomagnál találja!</STRONG></FONT></U></P><FONT face=Calibri>
<P style=\"TEXT-ALIGN: justify; MARGIN: 0cm 0cm 10pt\">Figyelem! A Levissime arc és testápoló kozmetikumok állatkísérlet mentes, állatokon nem tesztelt, Professzionális célra készült kozmetikai termékek!</P></FONT>', `item_id`='0250-5255-250ml', `default_pic`='825', `active`='1', `category_id`='197', `root_category_id`='191', `seo_name`='levissime-sculptist-anticellulit-narancsbor-elleni-gel', `fullurl`='arcapolas-testapolas/testapolo/levissime-sculptist-anticellulit-narancsbor-elleni-gel', `other_categories`='197,403,429' WHERE id=2821

[2020-11-09 13:43:41] UPDATE webshop_products SET sort=1 WHERE id=3326

[2020-11-09 13:43:41] UPDATE webshop_products SET sort=2 WHERE id=5055

[2020-11-09 13:43:48] UPDATE users SET lastlogin = NOW() WHERE id = '11'

[2020-11-09 13:43:51] UPDATE users SET lastlogin = NOW() WHERE id = '11'

[2020-11-09 13:43:51] UPDATE webshop_products SET `price1_name`='', `price1_currency`='', `price1_value`='0' WHERE id=2489

[2020-11-09 13:43:51] UPDATE webshop_products SET `price2_name`='Kereskedő -27,6%', `price2_currency`='HUF', `price2_value`='3742' WHERE id=2489

[2020-11-09 13:43:51] UPDATE webshop_products SET `price3_name`='Kereskedő -33,6%', `price3_currency`='HUF', `price3_value`='3432' WHERE id=2489

[2020-11-09 13:43:51] UPDATE webshop_products SET `price4_name`='Szakmai 1 ár -7%', `price4_currency`='HUF', `price4_value`='4806' WHERE id=2489

[2020-11-09 13:43:51] UPDATE webshop_products SET `price5_name`='Szakmai 2 ár -14%', `price5_currency`='HUF', `price5_value`='4444' WHERE id=2489

[2020-11-09 13:43:51] UPDATE webshop_products SET `price6_name`='Vásárló', `price6_currency`='HUF', `price6_value`='5168' WHERE id=2489

[2020-11-09 13:43:51] UPDATE webshop_products SET `price7_name`='W Lista ár', `price7_currency`='HUF', `price7_value`='5168' WHERE id=2489

[2020-11-09 13:43:51] UPDATE webshop_products SET `price`='5168', `reduced_price`=0 WHERE id=2489

[2020-11-09 13:43:51] UPDATE webshop_products SET `price1_name`='', `price1_currency`='', `price1_value`='0' WHERE id=4658

[2020-11-09 13:43:51] UPDATE webshop_products SET `price2_name`='Kereskedő -27,6%', `price2_currency`='HUF', `price2_value`='4039' WHERE id=4658

[2020-11-09 13:43:51] UPDATE webshop_products SET `price3_name`='Kereskedő -33,6%', `price3_currency`='HUF', `price3_value`='3703' WHERE id=4658

[2020-11-09 13:43:51] UPDATE webshop_products SET `price4_name`='Szakmai 1 ár -7%', `price4_currency`='HUF', `price4_value`='5188' WHERE id=4658

[2020-11-09 13:43:51] UPDATE webshop_products SET `price5_name`='Szakmai 2 ár -14%', `price5_currency`='HUF', `price5_value`='4797' WHERE id=4658

[2020-11-09 13:43:51] UPDATE webshop_products SET `price6_name`='Vásárló', `price6_currency`='HUF', `price6_value`='5578' WHERE id=4658

[2020-11-09 13:43:51] UPDATE webshop_products SET `price7_name`='W Lista ár', `price7_currency`='HUF', `price7_value`='5578' WHERE id=4658

[2020-11-09 13:43:51] UPDATE webshop_products SET `price`='5578', `reduced_price`=0 WHERE id=4658

[2020-11-09 13:43:51] UPDATE webshop_products SET `price1_name`='', `price1_currency`='', `price1_value`='0' WHERE id=5055

[2020-11-09 13:43:51] UPDATE webshop_products SET `price2_name`='Kereskedő -27,6%', `price2_currency`='HUF', `price2_value`='3307' WHERE id=5055

[2020-11-09 13:43:51] UPDATE webshop_products SET `price3_name`='Kereskedő -33,6%', `price3_currency`='HUF', `price3_value`='3033' WHERE id=5055

[2020-11-09 13:43:51] UPDATE webshop_products SET `price4_name`='Szakmai 1 ár -7%', `price4_currency`='HUF', `price4_value`='4248' WHERE id=5055

[2020-11-09 13:43:51] UPDATE webshop_products SET `price5_name`='Szakmai 2 ár -14%', `price5_currency`='HUF', `price5_value`='3928' WHERE id=5055

[2020-11-09 13:43:51] UPDATE webshop_products SET `price6_name`='Vásárló', `price6_currency`='HUF', `price6_value`='4568' WHERE id=5055

[2020-11-09 13:43:51] UPDATE webshop_products SET `price7_name`='W Lista ár', `price7_currency`='HUF', `price7_value`='4568' WHERE id=5055

[2020-11-09 13:43:51] UPDATE webshop_products SET `price`='4568', `reduced_price`=0 WHERE id=5055

[2020-11-09 13:43:51] UPDATE webshop_products SET `price1_name`='', `price1_currency`='', `price1_value`='0' WHERE id=2821

[2020-11-09 13:43:51] UPDATE webshop_products SET `price2_name`='Kereskedő -27,6%', `price2_currency`='HUF', `price2_value`='3250' WHERE id=2821

[2020-11-09 13:43:51] UPDATE webshop_products SET `price3_name`='Kereskedő -33,6%', `price3_currency`='HUF', `price3_value`='2981' WHERE id=2821

[2020-11-09 13:43:51] UPDATE webshop_products SET `price4_name`='Szakmai 1 ár -7%', `price4_currency`='HUF', `price4_value`='4174' WHERE id=2821

[2020-11-09 13:43:51] UPDATE webshop_products SET `price5_name`='Szakmai 2 ár -14%', `price5_currency`='HUF', `price5_value`='3860' WHERE id=2821

[2020-11-09 13:43:51] UPDATE webshop_products SET `price6_name`='Vásárló', `price6_currency`='HUF', `price6_value`='4488' WHERE id=2821

[2020-11-09 13:43:51] UPDATE webshop_products SET `price7_name`='W Lista ár', `price7_currency`='HUF', `price7_value`='4488' WHERE id=2821

[2020-11-09 13:43:51] UPDATE webshop_products SET `price`='4488', `reduced_price`=0 WHERE id=2821

[2020-11-09 13:44:03] UPDATE users SET lastlogin = NOW() WHERE id = '11'

[2020-11-09 13:44:05] UPDATE users SET lastlogin = NOW() WHERE id = '11'

[2020-11-09 13:44:24] INSERT INTO webshop_gallery (`id`, `product_id`, `original_name`, `new_name`, `date`) VALUES (15328, 2821, 'Levissime Sculptist anticellulit narancsbőr elleni gél', '15328.jpg', 1604925864)

[2020-11-09 13:44:33] UPDATE users SET lastlogin = NOW() WHERE id = '11'

