[2019-11-08 16:41:33] UPDATE users SET lastlogin = NOW() WHERE id = '11'

[2019-11-08 16:41:36] UPDATE users SET lastlogin = NOW() WHERE id = '11'

[2019-11-08 16:41:38] UPDATE users SET lastlogin = NOW() WHERE id = '11'

[2019-11-08 16:41:38] INSERT INTO webshop_gallery (`id`, `product_id`, `original_name`, `new_name`, `date`) VALUES (12915, 4572, 'Melírozó gumi sapka fodrászkellék - Latex', '12915.jpg', 1573227698)

[2019-11-08 16:41:38] INSERT INTO webshop_products (`id`, `name_hun`, `name_eng`, `item_id`, `price`, `reduced_price`, `status`, `currency`, `content_short`, `content`, `details`, `date`, `default_pic`, `active`, `main`, `sort`, `category_id`, `root_category_id`, `seo_name`, `fullurl`, `websyx_id`, `quantity`, `other_categories`) VALUES ('4572', 'Melírozó gumi sapka fodrászkellék - Latex', 'Melírozó gumi sapka fodrászkellék - Latex', '1724-cdmk-3040027-fekete', 0, 0, 1, 'Ft', 'Melír sapka erős, gumiból és hőre lágyuló fekete, jrugalmas, jól nyújtható&nbsp;műanyagból, melírozott...', '<P style=\"MARGIN: 0cm 0cm 10pt\"><FONT face=Calibri>Melír sapka erős, gumiból és hőre lágyuló fekete, jrugalmas, jól nyújtható&nbsp;műanyagból, melírozott haj, frizurák, ombre haj készítéséhez. </FONT><FONT face=Calibri>Ez a&nbsp;Melír sapka a melírozáshoz többször is használható fodrászkellék.</FONT></P>
<P>Az erős&nbsp;anyagból készült melírozó sapka, melírozáshoz készült, hajfestéshez, egyéb hajápoló műveletekhez használata nem célszerű.</P>
<P>Melírozó gumi sapka átmérő: kb. 21cm- és tovább nyújtható</P>', '', 1573227698, '12915', '1', 0, 1, 34, '22', 'melirozo-gumi-sapka-fodraszkellek-latex', 'hajfestek/hajfestes-fodraszkellekei/melirozo-gumi-sapka-fodraszkellek-latex', '466', 1, '34,104,113,257,258,331')

[2019-11-08 16:41:39] INSERT INTO webshop_special_fields (`key`, `value`, `product_id`) VALUES ('manufacturer', 'Comair fodrászkellék', 4572)

[2019-11-08 16:41:39] INSERT INTO webshop_special_fields (`key`, `value`, `product_id`) VALUES ('quantityunit', 'db', 4572)

[2019-11-08 16:41:39] INSERT INTO webshop_special_fields (`key`, `value`, `product_id`) VALUES ('kiszereles', '1', 4572)

[2019-11-08 16:41:39] UPDATE webshop_gallery SET original_name='Nirvel Nature természetes hajfesték legjobb ára 19szín + ajándék 3db 1000ml oxi+miniszínskála', date=1573227699 WHERE id=7207

[2019-11-08 16:41:39] UPDATE webshop_special_fields SET `value`='Nirvel' WHERE `key`='manufacturer' AND `product_id`=4170

[2019-11-08 16:41:39] UPDATE webshop_special_fields SET `value`='db' WHERE `key`='quantityunit' AND `product_id`=4170

[2019-11-08 16:41:39] UPDATE webshop_special_fields SET `value`='1' WHERE `key`='kiszereles' AND `product_id`=4170

[2019-11-08 16:41:39] UPDATE webshop_products SET `name_hun`='Nirvel Nature természetes hajfesték legjobb ára 19szín + ajándék 3db 1000ml oxi+ színskála',`content_short`='Természetes hajfesték csomag, Nirvel Nature hajfestékekkel. A Nature hajfestékek használata nem csak a PPD és...',`content`='<P style=\"TEXT-ALIGN: justify; MARGIN: 0cm 0cm 10pt\"><FONT face=Calibri>Természetes hajfesték csomag, Nirvel Nature hajfestékekkel. A Nature hajfestékek használata nem csak a PPD és Ammóniára érzékenyeknek nyújt lehetőséget a hajfestésére, de hosszú távon mindenki számára megelőzést nyújt, minimalizálja az ilyen érzékenység kialakulásának esélyét.</FONT></P>
<P style=\"TEXT-ALIGN: justify; MARGIN: 0cm 0cm 10pt\"><FONT face=Calibri>A Nature hajfestő csomag tartalma.</FONT></P>
<P style=\"TEXT-ALIGN: justify; MARGIN: 0cm 0cm 10pt\"><FONT face=Calibri>19db 100ml hajfesték a mini hajszínskálán szerepelő hajszínekből, 1 -1db.</FONT></P>
<P style=\"TEXT-ALIGN: justify; MARGIN: 0cm 0cm 10pt\"><FONT face=Calibri>Ajándék:</FONT></P>
<P style=\"TEXT-ALIGN: justify; MARGIN: 0cm 0cm 10pt\"><FONT face=Calibri>1db hajszínskála</FONT></P>
<P style=\"TEXT-ALIGN: justify; MARGIN: 0cm 0cm 10pt\"><FONT face=Calibri>1db 3% &nbsp;1000ml oxidant</FONT></P>
<P style=\"TEXT-ALIGN: justify; MARGIN: 0cm 0cm 10pt\"><FONT face=Calibri>1db 6%&nbsp; 1000ml oxidant</FONT></P>
<P style=\"TEXT-ALIGN: justify; MARGIN: 0cm 0cm 10pt\"><FONT face=Calibri>1db 9%&nbsp; 1000ml oxidant</FONT></P>
<P style=\"TEXT-ALIGN: justify; MARGIN: 0cm 0cm 10pt\"><FONT face=Calibri>A természetes eredetű összetevőkből készült bio hajfesték, a lehető legjobb hajfestési eredmény eléréséhez készült.&nbsp;A Nature,&nbsp;PPD és Ammóniamentes Professzionális hajfestékek 100%-ban természetes eredetű anyagok felhasználásával készülnek, de használata megegyezik a megszokott hajfestési lépésekkel. &nbsp;100%-os ősz haj takarás valósítható meg használatával. 69színárnyalat áll rendelkezésre, és minden hajszín árnyalatban tökéletes hajfestést valósíthatunk meg vele.</FONT></P>', `item_id`='0120-nnc-100ml-csomag-19szín+ajándék', `default_pic`='7207', `active`='1', `category_id`='22', `root_category_id`='0', `seo_name`='nirvel-nature-termeszetes-hajfestek-legjobb-ara-19szin-ajandek-3db-1000ml-oxi-szinskala', `fullurl`='hajfestek/nirvel-nature-termeszetes-hajfestek-legjobb-ara-19szin-ajandek-3db-1000ml-oxi-szinskala', `other_categories`='22,23,104,220' WHERE id=4170

[2019-11-08 16:41:39] UPDATE webshop_gallery SET original_name='Nirvel erős hajhab', date=1573227699 WHERE id=208

[2019-11-08 16:41:39] UPDATE webshop_special_fields SET `value`='Nirvel' WHERE `key`='manufacturer' AND `product_id`=2203

[2019-11-08 16:41:39] UPDATE webshop_special_fields SET `value`='ml' WHERE `key`='quantityunit' AND `product_id`=2203

[2019-11-08 16:41:39] UPDATE webshop_special_fields SET `value`='300' WHERE `key`='kiszereles' AND `product_id`=2203

[2019-11-08 16:41:39] UPDATE webshop_products SET `name_hun`='Nirvel erős hajhab',`content_short`='hajhab erős tartással.&nbsp; A fodrászoknak készült professzionális Nievel hajhab márkák környezet barát...',`content`='<P style=\"TEXT-ALIGN: justify; MARGIN: 0cm 0cm 10pt; LINE-HEIGHT: normal; mso-margin-top-alt: auto; mso-margin-bottom-alt: auto\"><FONT face=Calibri>hajhab erős tartással.&nbsp; A fodrászoknak készült professzionális Nievel hajhab márkák környezet barát hajtógázzal, anyagokból, és környezet barát technológiával készülnek, összetételük alacsony anyagfelhasználást is eredményez. Ideálisak minden típusú haj fixálására. A hajhab használata hosszantartó, és rugalmas tartást biztosít, irritációmentes, kellemes, hosszantartó illattal.</FONT></P>
<P style=\"TEXT-ALIGN: justify\"><FONT face=Calibri>300ml &ndash; </FONT><STRONG>A hajhab használata jó minőségű szolgáltatást tesz lehetővé a fodrászatokban és otthon is</STRONG>.&nbsp; A Nirvel által kifejlesztett összetételnek köszönhetően, a <B style=\"mso-bidi-font-weight: normal\">professzionális elvárásoknak készített </B>Nirvel<B style=\"mso-bidi-font-weight: normal\"> hajhab márkák</B>, antiallergén, virág és gyümölcs illattal, alacsony költség felhasználást lehetővé téve készülnek.</P>
<P style=\"TEXT-ALIGN: justify; MARGIN: 0cm 0cm 10pt; LINE-HEIGHT: normal; mso-margin-top-alt: auto; mso-margin-bottom-alt: auto\"><FONT face=Calibri><B><U>A Nirvel erős hajhab védőformulái óvják és vitalizálják a hajat. Használata és hatása:</U></B><U></U></FONT></P>
<UL type=disc>
<LI style=\"TEXT-ALIGN: justify; MARGIN: 0cm 0cm 10pt; LINE-HEIGHT: normal; mso-margin-top-alt: auto; mso-margin-bottom-alt: auto; mso-list: l0 level1 lfo1; tab-stops: list 36.0pt\"><FONT face=Calibri>Haj hidratáló, és hajápoló összetevőket is tartalmazó hajhab. </FONT>
<LI style=\"TEXT-ALIGN: justify; MARGIN: 0cm 0cm 10pt; LINE-HEIGHT: normal; mso-margin-top-alt: auto; mso-margin-bottom-alt: auto; mso-list: l0 level1 lfo1; tab-stops: list 36.0pt\"><FONT face=Calibri>A hajhab hosszantartó illatot biztosít.</FONT> 
<LI style=\"TEXT-ALIGN: justify; MARGIN: 0cm 0cm 10pt; LINE-HEIGHT: normal; mso-margin-top-alt: auto; mso-margin-bottom-alt: auto; mso-list: l0 level1 lfo1; tab-stops: list 36.0pt\"><FONT face=Calibri>Könnyen kifésülhető. </FONT>
<LI style=\"TEXT-ALIGN: justify; MARGIN: 0cm 0cm 10pt; LINE-HEIGHT: normal; mso-margin-top-alt: auto; mso-margin-bottom-alt: auto; mso-list: l0 level1 lfo1; tab-stops: list 36.0pt\"><FONT face=Calibri>A hajhab erősen, rugalmasan, láthatatlanul tartja a hajat. </FONT>
<LI style=\"TEXT-ALIGN: justify; MARGIN: 0cm 0cm 10pt; LINE-HEIGHT: normal; mso-margin-top-alt: auto; mso-margin-bottom-alt: auto; mso-list: l0 level1 lfo1; tab-stops: list 36.0pt\"><FONT face=Calibri>Hosszan tartja hatását, nem hagy maradványokat a hajban. </FONT>
<LI style=\"TEXT-ALIGN: justify; MARGIN: 0cm 0cm 10pt; LINE-HEIGHT: normal; mso-margin-top-alt: auto; mso-margin-bottom-alt: auto; mso-list: l0 level1 lfo1; tab-stops: list 36.0pt\"><FONT face=Calibri>Párataszító hatású összetevőket is tartalmazó hajhab. </FONT>
<LI style=\"TEXT-ALIGN: justify; MARGIN: 0cm 0cm 10pt; LINE-HEIGHT: normal; mso-margin-top-alt: auto; mso-margin-bottom-alt: auto; mso-list: l0 level1 lfo1; tab-stops: list 36.0pt\"><FONT face=Calibri>A hajhab UV szűrőt is tartalmaz, véd a káros környezeti hatásoktól.</FONT></LI></UL>
<P style=\"TEXT-ALIGN: justify; MARGIN: 0cm 0cm 10pt; LINE-HEIGHT: normal; mso-margin-top-alt: auto; mso-margin-bottom-alt: auto\"><FONT face=Calibri><B><U>NIrvel erős Hajformázó, hajfixáló hab használata:</U></B></FONT></P>
<P style=\"TEXT-ALIGN: justify; MARGIN: 0cm 0cm 10pt; LINE-HEIGHT: normal; mso-margin-top-alt: auto; mso-margin-bottom-alt: auto\"><FONT face=Calibri>A hajhabot törölköző száraz, hajra vigye fel. Használat előtt jól rázza fel a flakont, fordítsa fejjel lefelé, majd nyomjon ki egy diónyi mennyiséget a hajhabból a tenyerébe és egyenletesen vigye fel a hajra. Maximális volumen elérése érdekében a hajhabot a hajvégektől a hajtövek felé haladva vigye fel, miközben az Ön feje lefelé fordítva van. Volumen hatás elérése érdekében hagyja beszívódni a tövekbe, majd fejjel lefelé, diffúzort használva szárítsa meg a hajat!</FONT></P>
<P style=\"TEXT-ALIGN: justify; MARGIN: 0cm 0cm 10pt; LINE-HEIGHT: normal; mso-margin-top-alt: auto; mso-margin-bottom-alt: auto\"><FONT face=Calibri>Ez a hajhab egy professzionális fodrászcikk, fodrászkellék! </FONT></P>
<P>&nbsp;</P>
<P>&nbsp;</P>', `item_id`='0111-nm-7451-erős-300ml', `default_pic`='208', `active`='1', `category_id`='66', `root_category_id`='73', `seo_name`='nirvel-eros-hajhab', `fullurl`='hajfixalo-hajformazo/hajhab/nirvel-eros-hajhab', `other_categories`='66,68,73,104,222,315' WHERE id=2203

[2019-11-08 16:41:39] UPDATE webshop_gallery SET original_name='Nirvel Yellow hajfény hajlakk utántöltő', date=1573227699 WHERE id=3300

[2019-11-08 16:41:39] UPDATE webshop_special_fields SET `value`='Nirvel' WHERE `key`='manufacturer' AND `product_id`=3548

[2019-11-08 16:41:39] UPDATE webshop_special_fields SET `value`='ml' WHERE `key`='quantityunit' AND `product_id`=3548

[2019-11-08 16:41:39] UPDATE webshop_special_fields SET `value`='1000' WHERE `key`='kiszereles' AND `product_id`=3548

[2019-11-08 16:41:39] UPDATE webshop_products SET `name_hun`='megszünt - Nirvel Yellow hajfény hajlakk utántöltő',`content_short`='hajfény hajlakk&nbsp;utántöltő. A hajtógáz nélküli, erős virágillatú hajlakk, egy professzionális aktív...',`content`='<P><FONT face=Calibri>hajfény hajlakk&nbsp;utántöltő. A hajtógáz nélküli, erős virágillatú hajlakk, egy professzionális aktív hajfixáló, ami hosszan tartó erős, de rugalmas tartást biztosít. A hajlakk a Nirvel által kifejlesztett védőformuláival fixálja, óvja és vitalizálja a hajat. Ideális kész frizurák, formázott hajak fixálására. A könnyen kifésülhető Nirvel hajlakk márkák, hosszan tartják hatásukat, nem hagy maradványokat a hajban.</FONT></P>
<P style=\"TEXT-ALIGN: justify; MARGIN: 0cm 0cm 10pt; LINE-HEIGHT: normal; mso-margin-top-alt: auto; mso-margin-bottom-alt: auto\"><FONT face=Calibri>1000ml - Erős tartású. A Nirvel Cosmetics által kifejlesztett összetételnek köszönhetően, a <B style=\"mso-bidi-font-weight: normal\">Nirvel hajlakk márkák</B>, hajsprayk, antiallergén virág illattal, aktív összetevőkkel és alacsony költséggel készül.</FONT></P>
<P style=\"MARGIN: 0cm 0cm 10pt; LINE-HEIGHT: normal; mso-margin-top-alt: auto; mso-margin-bottom-alt: auto\"><FONT face=Calibri><B><U>A Nirvel Yellow hajfény lakk utántöltő használatának hatásai.</U></B></FONT></P>
<UL type=disc>
<LI style=\"MARGIN: 0cm 0cm 10pt; LINE-HEIGHT: normal; mso-margin-top-alt: auto; mso-margin-bottom-alt: auto; mso-list: l0 level1 lfo1; tab-stops: list 36.0pt\"><FONT face=Calibri>Etartású. Magas fényt ad ahajnak. </FONT>
<LI style=\"TEXT-ALIGN: justify; MARGIN: 0cm 0cm 10pt; LINE-HEIGHT: normal; mso-margin-top-alt: auto; mso-margin-bottom-alt: auto; mso-list: l0 level1 lfo1; tab-stops: list 36.0pt\"><FONT face=Calibri>A hajlakk erősen, rugalmasan, láthatatlanul tartja a hajat. </FONT>
<LI style=\"TEXT-ALIGN: justify; MARGIN: 0cm 0cm 10pt; LINE-HEIGHT: normal; mso-margin-top-alt: auto; mso-margin-bottom-alt: auto; mso-list: l0 level1 lfo1; tab-stops: list 36.0pt\"><FONT face=Calibri>Könnyen kifésülhető. </FONT>
<LI style=\"TEXT-ALIGN: justify; MARGIN: 0cm 0cm 10pt; LINE-HEIGHT: normal; mso-margin-top-alt: auto; mso-margin-bottom-alt: auto; mso-list: l0 level1 lfo1; tab-stops: list 36.0pt\"><FONT face=Calibri>Hosszan tartja hatását, nem hagy maradványokat a hajban. </FONT>
<LI style=\"TEXT-ALIGN: justify; MARGIN: 0cm 0cm 10pt; LINE-HEIGHT: normal; mso-margin-top-alt: auto; mso-margin-bottom-alt: auto; mso-list: l0 level1 lfo1; tab-stops: list 36.0pt\"><FONT face=Calibri>Párataszító hatású hajlakk. </FONT>
<LI style=\"TEXT-ALIGN: justify; MARGIN: 0cm 0cm 10pt; LINE-HEIGHT: normal; mso-margin-top-alt: auto; mso-margin-bottom-alt: auto; mso-list: l0 level1 lfo1; tab-stops: list 36.0pt\"><FONT face=Calibri>A hajlakk UV szűrőt is tartalmaz, amely véd a káros környezeti hatásoktól.</FONT></LI></UL>
<P style=\"MARGIN: 0cm 0cm 10pt; LINE-HEIGHT: normal; mso-margin-top-alt: auto; mso-margin-bottom-alt: auto\"><FONT face=Calibri><B><U>A Nirvel Yellow hajfény lakk&nbsp; márkák használata.</U></B></FONT></P>
<P style=\"MARGIN: 0cm 0cm 10pt; LINE-HEIGHT: normal; mso-margin-top-alt: auto; mso-margin-bottom-alt: auto\"><FONT face=Calibri>A hajlakkot fújja száraz hajra kb. 30 cm távolságról. Ha a haj volumenét szeretné növelni, fújja a hajlakkot közvetlenül a hajtövekre.-- </FONT><FONT face=Calibri>A Nirvel Yellow hajfény lakk utántöltő &nbsp;hajlakk, egy professzionális prémium fodrászcikk, fodrászkellék!</FONT> </P>', `item_id`='0110-nhs-6205-yellow-1000ml', `default_pic`='3300', `active`='1', `category_id`='140', `root_category_id`='73', `seo_name`='megszunt-nirvel-yellow-hajfeny-hajlakk-utantolto', `fullurl`='hajfixalo-hajformazo/hajlakk/hajfeny-spray/megszunt-nirvel-yellow-hajfeny-hajlakk-utantolto', `other_categories`='140' WHERE id=3548

[2019-11-08 16:41:40] UPDATE webshop_gallery SET original_name='Nirvel Lilac párataszító hajlakk utántöltő', date=1573227700 WHERE id=3301

[2019-11-08 16:41:40] UPDATE webshop_special_fields SET `value`='Nirvel' WHERE `key`='manufacturer' AND `product_id`=3549

[2019-11-08 16:41:40] UPDATE webshop_special_fields SET `value`='ml' WHERE `key`='quantityunit' AND `product_id`=3549

[2019-11-08 16:41:40] UPDATE webshop_special_fields SET `value`='1000' WHERE `key`='kiszereles' AND `product_id`=3549

[2019-11-08 16:41:40] UPDATE webshop_products SET `name_hun`='megszünt - Nirvel Lilac párataszító hajlakk utántöltő',`content_short`='párataszító hajlakk utántöltő. Közepesen erős, Nirvel Lilac párataszító hajlakk...',`content`='<P><FONT face=Calibri>párataszító hajlakk utántöltő. Közepesen erős, Nirvel Lilac párataszító hajlakk utántöltő.&nbsp;&nbsp;&nbsp;--- </FONT><FONT face=Calibri>A hajtógáz nélküli, virágillatú hajlakk, egy professzionális aktív hajfixáló, ami hosszan tartó&nbsp; rugalmas tartást biztosít. A hajlakk a Nirvel által kifejlesztett védőformuláival fixálja, óvja és vitalizálja a hajat. Ideális kész frizurák, formázott hajak fixálására. A könnyen kifésülhető Nirvel hajlakk márkák, hosszan tartják hatásukat, nem hagy maradványokat a hajban.</FONT></P>
<P style=\"MARGIN: 0cm 0cm 10pt; LINE-HEIGHT: normal; mso-margin-top-alt: auto; mso-margin-bottom-alt: auto\"><FONT face=Calibri>1000ml -&nbsp;<STRONG><U>A Nirvel Lilac párataszító hajlakk utántöltő&nbsp; - védőformulái óvják és vitalizálják a hajat, használatának hatásai.</U></STRONG></FONT></P>
<UL type=disc>
<LI style=\"MARGIN: 0cm 0cm 10pt; LINE-HEIGHT: normal; mso-margin-top-alt: auto; mso-margin-bottom-alt: auto; mso-list: l0 level1 lfo1; tab-stops: list 36.0pt\"><FONT face=Calibri>Közép erős tartású. </FONT>
<LI style=\"TEXT-ALIGN: justify; MARGIN: 0cm 0cm 10pt; LINE-HEIGHT: normal; mso-margin-top-alt: auto; mso-margin-bottom-alt: auto; mso-list: l0 level1 lfo1; tab-stops: list 36.0pt\"><FONT face=Calibri>Könnyen kifésülhető. </FONT>
<LI style=\"TEXT-ALIGN: justify; MARGIN: 0cm 0cm 10pt; LINE-HEIGHT: normal; mso-margin-top-alt: auto; mso-margin-bottom-alt: auto; mso-list: l0 level1 lfo1; tab-stops: list 36.0pt\"><FONT face=Calibri>Hosszan tartja hatását, nem hagy maradványokat a hajban. </FONT>
<LI style=\"TEXT-ALIGN: justify; MARGIN: 0cm 0cm 10pt; LINE-HEIGHT: normal; mso-margin-top-alt: auto; mso-margin-bottom-alt: auto; mso-list: l0 level1 lfo1; tab-stops: list 36.0pt\"><FONT face=Calibri>Párataszító hatású hajlakk. </FONT>
<LI style=\"TEXT-ALIGN: justify; MARGIN: 0cm 0cm 10pt; LINE-HEIGHT: normal; mso-margin-top-alt: auto; mso-margin-bottom-alt: auto; mso-list: l0 level1 lfo1; tab-stops: list 36.0pt\"><FONT face=Calibri>A hajlakk UV szűrőt is tartalmaz, amely véd a káros környezeti hatásoktól.</FONT></LI></UL>
<P style=\"MARGIN: 0cm 0cm 10pt; LINE-HEIGHT: normal; mso-margin-top-alt: auto; mso-margin-bottom-alt: auto\"><FONT face=Calibri><B><U>A Nirvel Lilac párataszító hajlakk utántöltő márkák használata.</U></B></FONT></P>
<P style=\"MARGIN: 0cm 0cm 10pt; LINE-HEIGHT: normal; mso-margin-top-alt: auto; mso-margin-bottom-alt: auto\"><FONT face=Calibri>A hajlakkot fújja száraz hajra kb. 30 cm távolságról. Ha a haj volumenét szeretné növelni, fújja a hajlakkot közvetlenül a hajtövekre. ----- </FONT><FONT face=Calibri>Ez a hajlakk, egy professzionális prémium fodrászcikk, fodrászkellék!</FONT> </P>', `item_id`='0110-nhs-6208-lila-1000ml', `default_pic`='3301', `active`='1', `category_id`='61', `root_category_id`='73', `seo_name`='megszunt-nirvel-lilac-parataszito-hajlakk-utantolto', `fullurl`='hajfixalo-hajformazo/hajlakk/eros-hajlakk/megszunt-nirvel-lilac-parataszito-hajlakk-utantolto', `other_categories`='61' WHERE id=3549

[2019-11-08 16:41:40] UPDATE webshop_gallery SET original_name='Wien fejmosó állás', date=1573227700 WHERE id=5542

[2019-11-08 16:41:40] UPDATE webshop_special_fields SET `value`='Comair fodrászkellék' WHERE `key`='manufacturer' AND `product_id`=4055

[2019-11-08 16:41:40] UPDATE webshop_special_fields SET `value`='db' WHERE `key`='quantityunit' AND `product_id`=4055

[2019-11-08 16:41:40] UPDATE webshop_special_fields SET `value`='1' WHERE `key`='kiszereles' AND `product_id`=4055

[2019-11-08 16:41:40] UPDATE webshop_products SET `name_hun`='Wien fejmosó állás',`content_short`='németországban készült fejmosó - Wien fekete porcelán tálas fodrász hajmosó, fejmosó, állítható...',`content`='<P style=\"TEXT-ALIGN: justify\">németországban készült fejmosó - Wien fekete porcelán tálas fodrász hajmosó, fejmosó, állítható lábtartóval. - A porcelán fodrász hajmosó, fejmosó, egy Német országból importált fodrászbútor, amely&nbsp;csak ebben a&nbsp;szín összeállításban rendelhető. A hajmosókból raktáron a New York, fekete, és fehér típusok találhatók, az egyébhajmosókat, és más típusú porcelán tálas hajmosókat csak telefonos egyeztetés után tudjuk megrendelni, szállítani! </P>
<P style=\"TEXT-ALIGN: justify; MARGIN: 0cm 0cm 10pt\"><FONT face=Calibri>Figyelem, az ingyenes szállítás&nbsp;a fejjmosóra nem vonatkozik! - A&nbsp;fejmosók házhoz szállítás díja, a cikkszámban látható, + bruttó összeg!&nbsp;Ha az áruház rendszere a szállítási automatikusan nem kínálja fel, nem adja hozzá a rendeléséhez, csak a kézhez kapott számlán kerül majd felszámításra! Ebben az esetben telefonon hívjuk egyeztetés céljából, és kérjük, <B style=\"mso-bidi-font-weight: normal\">előre utalást csak az egyeztetés után indítson</B>!</FONT>&nbsp;</P>
<P style=\"TEXT-ALIGN: justify\">A hajmosó ára&nbsp;egy komplett fodrász bútor egységet tartalmaz.&nbsp;A keverő csaptelepet a zuhany szettet, valamint a porcelán tálhoz tartozik egy nyakvédő gumit is.</P>
<P style=\"TEXT-ALIGN: justify\">A hajmosó, fejmosó porcelán tál a vendég fejmagasságához billenthető.&nbsp; A háttámla, egy rugó segítségével automatikusan a vendég hátához igazodik. Az ülőrész és háttámla borítása, erős, könnyen tisztítható műbőrből készült.</P>
<P style=\"TEXT-ALIGN: justify\">A hajmosókhoz alkatrészek is vásárolhatók, kompletten, és külön-külön is. Komplett fehér és fekete porcelán tál (keverő csap teleppel és zuhany szettel), vagy külön-külön, csaptelep és több típusú zuhany szett, valamint a fejmosó porcelánt &nbsp;tartó szerkezet az ülőrésszel együtt.</P>
<P style=\"TEXT-ALIGN: justify\">
<P style=\"TEXT-ALIGN: justify\">
<P style=\"TEXT-ALIGN: justify\">
<P><B style=\"mso-bidi-font-weight: normal\"><U>A hajmosó, fejmosó&nbsp; paraméterei:</U></B></P>
<P>* Hajmosó szélesség&nbsp;&nbsp; 59cm</P>
<P>* Hajmosó magasság&nbsp; 105cm</P>
<P>* Hajmosó hosszúság&nbsp; 120cm</P>
<P></P>
<P style=\"TEXT-ALIGN: justify\">* Dönthető, mély kiképzésű porcelán hajmosó, fejmosó tál</P>
<P style=\"TEXT-ALIGN: justify\">* Nyakvédő-gumi</P>
<P style=\"TEXT-ALIGN: justify\">* Csapteleppel, zuhanyfejjel</P>
<P style=\"TEXT-ALIGN: justify\">* Elegáns, könnyű 40kg súlyú konstrukció </P>
<P style=\"TEXT-ALIGN: justify\">* Erős műbőr könnyen tisztítható bevonatú székkel, háttámlával</P>
<P style=\"TEXT-ALIGN: justify\">* Hátsó szerviz ajtóval</P>
<P style=\"TEXT-ALIGN: justify\">* Víz bekötési lehetőség alulról, ( oldalról megfelelő méretű lyukakat kell készíteni)</P>
<P style=\"TEXT-ALIGN: justify\">* Üvegszál erősítésű oszloppal</P>
<P style=\"TEXT-ALIGN: justify\">* Származási hely: Németország</P>
<P>
<P>&nbsp;</P>
<P></P>
<P></P>
<P style=\"TEXT-ALIGN: justify\">&nbsp;</P>
<P></P>', `item_id`='1839-3070805+szállítási díj 6980Ft', `default_pic`='5542', `active`='1', `category_id`='86', `root_category_id`='0', `seo_name`='wien-fejmoso-allas', `fullurl`='fodraszbutor/wien-fejmoso-allas', `other_categories`='86,87,90' WHERE id=4055

[2019-11-08 16:41:40] INSERT INTO webshop_gallery (`id`, `product_id`, `original_name`, `new_name`, `date`) VALUES (12916, 4573, 'Wien fejmosó állás fehér porcelánnal', '12916.jpg', 1573227700)

[2019-11-08 16:41:40] INSERT INTO webshop_products (`id`, `name_hun`, `name_eng`, `item_id`, `price`, `reduced_price`, `status`, `currency`, `content_short`, `content`, `details`, `date`, `default_pic`, `active`, `main`, `sort`, `category_id`, `root_category_id`, `seo_name`, `fullurl`, `websyx_id`, `quantity`, `other_categories`) VALUES ('4573', 'Wien fejmosó állás fehér porcelánnal', 'Wien fejmosó állás fehér porcelánnal', '1839-7000049+szállítási díj 6980Ft', 0, 0, 1, 'Ft', 'németországban készült fejmosó - Wien&nbsp;fehér porcelán tálas fodrász hajmosó, fejmosó, állítható...', '<P style=\"TEXT-ALIGN: justify\">németországban készült fejmosó - Wien&nbsp;fehér porcelán tálas fodrász hajmosó, fejmosó, állítható lábtartóval. - A porcelán fodrász hajmosó, fejmosó, egy Német országból importált fodrászbútor, amely&nbsp;csak ebben a&nbsp;szín összeállításban rendelhető. </P>
<P style=\"TEXT-ALIGN: justify\">A hajmosó ára&nbsp;egy komplett fodrász bútor egységet tartalmaz.&nbsp;A keverő csaptelepet a zuhany szettet, valamint a porcelán tálhoz tartozik egy nyakvédő gumit is.</P>
<P style=\"TEXT-ALIGN: justify\">A hajmosó, fejmosó porcelán tál a vendég fejmagasságához billenthető.&nbsp; A háttámla, egy rugó segítségével automatikusan a vendég hátához igazodik. Az ülőrész és háttámla borítása, erős, könnyen tisztítható műbőrből készült.</P>
<P style=\"TEXT-ALIGN: justify\">A hajmosókhoz alkatrészek is vásárolhatók, kompletten, és külön-külön is. Komplett fehér és fekete porcelán tál (keverő csap teleppel és zuhany szettel), vagy külön-külön, csaptelep és több típusú zuhany szett, valamint a fejmosó porcelánt &nbsp;tartó szerkezet az ülőrésszel együtt.</P>
<P style=\"TEXT-ALIGN: justify\">
<P style=\"TEXT-ALIGN: justify\">
<P style=\"TEXT-ALIGN: justify\">
<P><B style=\"mso-bidi-font-weight: normal\"><U>A hajmosó, fejmosó&nbsp; paraméterei:</U></B></P>
<P>* Hajmosó szélesség&nbsp;&nbsp; 59cm</P>
<P>* Hajmosó magasság&nbsp; 105cm</P>
<P>* Hajmosó hosszúság&nbsp; 120cm</P>
<P></P>
<P style=\"TEXT-ALIGN: justify\">* Dönthető, mély kiképzésű porcelán hajmosó, fejmosó tál</P>
<P style=\"TEXT-ALIGN: justify\">* Nyakvédő-gumi</P>
<P style=\"TEXT-ALIGN: justify\">* Csapteleppel, zuhanyfejjel</P>
<P style=\"TEXT-ALIGN: justify\">* Elegáns, könnyű 40kg súlyú konstrukció </P>
<P style=\"TEXT-ALIGN: justify\">* Erős műbőr könnyen tisztítható bevonatú székkel, háttámlával</P>
<P style=\"TEXT-ALIGN: justify\">* Hátsó szerviz ajtóval</P>
<P style=\"TEXT-ALIGN: justify\">* Víz bekötési lehetőség alulról, ( oldalról megfelelő méretű lyukakat kell készíteni)</P>
<P style=\"TEXT-ALIGN: justify\">* Üvegszál erősítésű oszloppal</P>
<P style=\"TEXT-ALIGN: justify\">* Származási hely: Németország</P>
<P style=\"TEXT-ALIGN: justify\"><FONT face=Calibri>Figyelem, az ingyenes szállítás&nbsp;a fejjmosóra nem vonatkozik! - A&nbsp;fejmosók házhoz szállítás díja, a cikkszámban látható, + bruttó összeg!&nbsp;Ha az áruház rendszere a szállítási automatikusan nem kínálja fel, nem adja hozzá a rendeléséhez, csak a kézhez kapott számlán kerül majd felszámításra! Ebben az esetben telefonon hívjuk egyeztetés céljából, és kérjük, <B style=\"mso-bidi-font-weight: normal\">előre utalást csak az egyeztetés után indítson</B>!</FONT>&nbsp;</P>', '', 1573227700, '12916', '1', 0, 1, 86, '0', 'wien-fejmoso-allas-feher-porcelannal', 'fodraszbutor/wien-fejmoso-allas-feher-porcelannal', '1265', 1, '86,87')

[2019-11-08 16:41:40] INSERT INTO webshop_special_fields (`key`, `value`, `product_id`) VALUES ('manufacturer', 'Metalplast fodrászbútor', 4573)

[2019-11-08 16:41:40] INSERT INTO webshop_special_fields (`key`, `value`, `product_id`) VALUES ('quantityunit', 'db', 4573)

[2019-11-08 16:41:40] INSERT INTO webshop_special_fields (`key`, `value`, `product_id`) VALUES ('kiszereles', '1', 4573)

[2019-11-08 16:41:40] UPDATE webshop_gallery SET original_name='Kinessences Detox méregtelenítő és haj fiatalító sampon', date=1573227700 WHERE id=4079

[2019-11-08 16:41:40] UPDATE webshop_special_fields SET `value`='KIN Cosmetics' WHERE `key`='manufacturer' AND `product_id`=3728

[2019-11-08 16:41:40] UPDATE webshop_special_fields SET `value`='ml' WHERE `key`='quantityunit' AND `product_id`=3728

[2019-11-08 16:41:40] UPDATE webshop_special_fields SET `value`='300' WHERE `key`='kiszereles' AND `product_id`=3728

[2019-11-08 16:41:40] UPDATE webshop_products SET `name_hun`='Kinessences Detox méregtelenítő és haj fiatalító sampon+ Ajándék 50ml hajmaszk',`content_short`='Fejbőrt és a hajat is&nbsp;mélyen&nbsp;tisztító, méregtelenítő, és erősítő, haj fiatalító...',`content`='<P style=\"TEXT-ALIGN: justify; MARGIN: 0cm 0cm 0pt\">Fejbőrt és a hajat is&nbsp;mélyen&nbsp;tisztító, méregtelenítő, és erősítő, haj fiatalító kúra,&nbsp;<STRONG><FONT face=Calibri>rendkívül törékeny,&nbsp;vékony, gyenge és festett, élettelen</FONT>&nbsp;hajak</STRONG> ápolásához. Használata regenerálja, egészségessé teszi a fejbőr működését, rendkívüli mértékben erősíti a haj ellenálló képességét a környezet kárósító hatásaival szemben, véd az UV-A és UV-B sugárzástól, óvja mind a természetes, mind a festett haj színét, nagyon magas fényt, vitalitást és volument ad hajnak. <B style=\"mso-bidi-font-weight: normal\">Szulfát, Paraben, és Szilikon mentes</B>, friss gyümölcs illatú, irritáció mentes parfümmel illatosított.</P>
<P style=\"TEXT-ALIGN: justify; MARGIN: 0cm 0cm 0pt\">&nbsp;</P><FONT face=Calibri>
<P style=\"TEXT-ALIGN: justify; MARGIN: 0cm 0cm 10pt\"><STRONG><U>Henna hajfesték, henna hajfestés, egyéb felületi hajszínezők eltávolítása.</U></STRONG> - Hatékonyan használható a henna hajfesték, és más felületi hajszínezők eltávozásának felgyorsítása céljából is. A henna hajfestés, és a felületi hajszínezők idő előtti eltávolítása, sok esetben okoz nehézséget. A gyümölcs eszenciák, a magas vitamin tartalom&nbsp;intenzív tisztító hatása, a tapasztalatok alapján ennél a feladatnál is&nbsp;jó eredményt produkál. Az ilyen típusú hajszínezők a Detox mélytisztító sampon, és hajpakolás&nbsp;folyamatos használatával, rövidebb idő alatt távoznak el&nbsp;a hajból, mint a normál hajápolási műveletekkel.&nbsp;A Kinessences Detox sampon és hajpakolás együttes használata erősíti az eredményt.&nbsp;</P></FONT>
<P style=\"TEXT-ALIGN: justify; MARGIN: 0cm 0cm 10pt\">A Kinessences Detox család tagjait ajánlott együtt használni, a legjobb hatás elérése érdekében!</P>
<P style=\"TEXT-ALIGN: justify; MARGIN: 0cm 0cm 10pt\">300ml - Használatuk mélyen tisztítja, méregteleníti a fejbőrt és a hajat,&nbsp;helyreállítja a hajszerkezetet, ezáltal a használat után a haj érezhetően lágyabb, rugalmasabb lesz, az AOX technológiának köszönhetően pedig a hajszín tartósabb és ragyogóbb lesz. Úgy kezeli a szabad gyökök által károsított hajat, hogy visszaállítja a természetes szerkezetet, és védőréteget képez a jövőbeni káros hatásoktól is. Megerősíti a haj külső és belső szerkezetét, így a haj sokkal erősebb és élettel telibb lesz. Kiemeli a haj ragyogó színét.</P>
<P style=\"TEXT-ALIGN: justify\">
<P style=\"TEXT-ALIGN: justify; MARGIN: 0cm 0cm 10pt\"><FONT face=Calibri>A Detox Egy &nbsp;méregtelenítő program, amely megvédi és revitalizálja a hajat és fejbőrt</FONT></P>
<P style=\"TEXT-ALIGN: justify; MARGIN: 0cm 0cm 10pt\"><FONT face=Calibri>5 féle, antioxidánsban és extra védőformulákban gazdag gyümölcs keverékéből készült.</FONT></P>
<P style=\"TEXT-ALIGN: justify; MARGIN: 0cm 0cm 0pt 36pt; TEXT-INDENT: -18pt; mso-list: l1 level1 lfo1\"><FONT face=Calibri>-</FONT>&nbsp;&nbsp;&nbsp;&nbsp;&nbsp;&nbsp;&nbsp;&nbsp;&nbsp; <FONT face=Calibri><B style=\"mso-bidi-font-weight: normal\">DATOLYA</B>: megóvja a hajat a napsugarak öregítő hatásától.</FONT></P>
<P style=\"TEXT-ALIGN: justify; MARGIN: 0cm 0cm 0pt 36pt\"><FONT face=Calibri>&nbsp;</FONT></P>
<P style=\"TEXT-ALIGN: justify; MARGIN: 0cm 0cm 0pt 36pt; TEXT-INDENT: -18pt; mso-list: l1 level1 lfo1\"><FONT face=Calibri>-</FONT>&nbsp;&nbsp;&nbsp;&nbsp;&nbsp;&nbsp;&nbsp;&nbsp;&nbsp; <FONT face=Calibri><B style=\"mso-bidi-font-weight: normal\">GOJI BOGYÓ</B>: stimulálja a hajat és fejbőrt.</FONT></P>
<P style=\"TEXT-ALIGN: justify; MARGIN: 0cm 0cm 0pt 36pt\"><FONT face=Calibri>&nbsp;</FONT></P>
<P style=\"TEXT-ALIGN: justify; MARGIN: 0cm 0cm 0pt 36pt; TEXT-INDENT: -18pt; mso-list: l1 level1 lfo1\"><FONT face=Calibri>-</FONT>&nbsp;&nbsp;&nbsp;&nbsp;&nbsp;&nbsp;&nbsp;&nbsp;&nbsp; <FONT face=Calibri><B style=\"mso-bidi-font-weight: normal\">ÁFONYA</B>: segít megelőzni a hajszín és hajfény fakulását .</FONT></P>
<P style=\"TEXT-ALIGN: justify; MARGIN: 0cm 0cm 0pt 36pt\"><FONT face=Calibri>&nbsp;</FONT></P>
<P style=\"TEXT-ALIGN: justify; MARGIN: 0cm 0cm 0pt 36pt; TEXT-INDENT: -18pt; mso-list: l1 level1 lfo1; mso-add-space: auto\"><FONT face=Calibri>-</FONT>&nbsp;&nbsp;&nbsp;&nbsp;&nbsp;&nbsp;&nbsp;&nbsp;&nbsp; <FONT face=Calibri><B style=\"mso-bidi-font-weight: normal\">GUÁVA</B>: biztosítja a rugalmasságot, ellenállóbbá teszi a hajat és a hajszerkezetet.</FONT></P>
<P style=\"TEXT-ALIGN: justify; MARGIN: 0cm 0cm 0pt 36pt\"><FONT face=Calibri>&nbsp;</FONT></P>
<P style=\"TEXT-ALIGN: justify; MARGIN: 0cm 0cm 10pt 36pt; TEXT-INDENT: -18pt; mso-list: l1 level1 lfo1\"><FONT face=Calibri>-</FONT>&nbsp;&nbsp;&nbsp;&nbsp;&nbsp;&nbsp;&nbsp;&nbsp;&nbsp; <FONT face=Calibri><B style=\"mso-bidi-font-weight: normal\">QUANDONG</B>: selymes textúrát és hihetetlen fényt ad a hajnak.</FONT></P>
<P style=\"TEXT-ALIGN: justify; MARGIN: 0cm 0cm 10pt\"><FONT face=Calibri>&nbsp;</FONT></P>
<P style=\"TEXT-ALIGN: justify; MARGIN: 0cm 0cm 10pt\"><B style=\"mso-bidi-font-weight: normal\"><FONT face=Calibri>AOX Technológia:</FONT></B></P><FONT face=Calibri>
<P style=\"TEXT-ALIGN: justify; MARGIN: 0cm 0cm 10pt\">Az AOX formula fő alkotó elemei a gyümölcs koktél (Öt organikus gyümölcs olaj kivonatainak kombinációjából áll, melyek nagyon magas mértékben tartalmaznak antioxidánsokat), a + Ultra Protectív Active védő összetevők, és sok E Vitamin, ezért képes azonnal felszabadítani az aktív összetevők minden előnyét a kutikula belső rétegeiben. Paraben - Silicon és Szulfátmentes.</P>
<P style=\"TEXT-ALIGN: justify; MARGIN: 0cm 0cm 10pt\">A felhasznált, 100%-ban természetes, organikus olajok és a hagyományos innovatív szépségipari összetevők nagy tisztasága, ezek legjobb arányainak megtalálása biztosítja a tökéletes eredményt. Nem terhelik túl a hajat, hatékonyan táplálják a kapilláris szálakat, hogy az eredményt azonnal láthatóvá tegyék. Az ezekből készült AOX formula eléri a kapilláris rost legbelsőbb rétegeit, ahol az aktív összetevők minden jótékony hatásukat szabadon engedik.&nbsp; Az eredmény egy olyan kondicionáló hatás, amely belülről kifelé hat.</P>
<P style=\"TEXT-ALIGN: justify; MARGIN: 0cm 0cm 10pt\">Ultra Protectív Active &ndash; Ultra védő hatóanyag</P>
<P style=\"TEXT-ALIGN: justify; MARGIN: 0cm 0cm 10pt\">A Kinessences Detox tartalmaz egy új hatóanyagot, mely belsőleg és külsőleg is megvédi a hajrostot a káros környezeti hatásoktól, mint az UV sugarak, időjárás és szennyeződés. Ez a hatóanyag elnyeli az UV sugarakat, melyek mind a természetes, mind a festett haj kifakulásához járulnak hozzá, és ezáltal megállítja a hajrost és fejbőr károsodását.</P>
<P style=\"TEXT-ALIGN: justify; MARGIN: 0cm 0cm 10pt\">A Kinessences Detox helyreállítja a hajszerkezetet, ezáltal a haj érezhetően lágyabb, rugalmasabb lesz, az AOX technológiának köszönhetően pedig a hajszín tartósabb és ragyogóbb lesz. Illatában keveredik a virágzó cseresznyevirág a fehér magnóliával, és egy kis fehér pézsmával &ndash; egy igazi virágzó oázis testnek és léleknek egyaránt.</P>
<P style=\"TEXT-ALIGN: justify; MARGIN: 0cm 0cm 10pt\"></FONT>&nbsp;</P>
<P style=\"TEXT-ALIGN: justify; MARGIN: 0cm 0cm 10pt\"><B style=\"mso-bidi-font-weight: normal\"><FONT face=Calibri>Kinessences Detox méregtelenítő és haj fiatalító sampon 60 ml / 300 ml / 1000 ml</FONT></B></P>
<P style=\"TEXT-ALIGN: justify; MARGIN: 0cm 0cm 0pt 36pt\"><FONT face=Calibri>Finoman tisztít, és eközben egy védőburkot képez a hajon a külső káros környezeti hatásokkal szemben. Helyreállítja, megerősíti és fejleszti a hajrost egészségét. Meggátolja a haj színének fakulását.</FONT></P>
<P style=\"TEXT-ALIGN: justify; MARGIN: 0cm 0cm 0pt 36pt\"><FONT face=Calibri></FONT>&nbsp;</P>
<P style=\"TEXT-ALIGN: justify; MARGIN: 0cm 0cm 0pt 36pt\"><FONT face=Calibri><U>Sampon Használata</U>. Vigye fel a nedves hajra a sampont, alaposan masszírozza bele, hagyja hatni pár percig, majd öblítse le. Ha szükséges, ismételje meg.</FONT></P>
<P style=\"TEXT-ALIGN: justify; MARGIN: 0cm 0cm 0pt 36pt\"><FONT face=Calibri>&nbsp;</FONT><FONT face=Calibri>&nbsp;</FONT></P>
<P style=\"TEXT-ALIGN: justify; MARGIN: 0cm 0cm 0pt 36pt\"><U><FONT face=Calibri>Használat a mindennapokban:</FONT></U></P>
<P style=\"TEXT-ALIGN: justify; MARGIN: 0cm 0cm 0pt 36pt\"><FONT face=Calibri>&nbsp;</FONT></P>
<P style=\"TEXT-ALIGN: justify; MARGIN: 0cm 0cm 0pt 54pt; TEXT-INDENT: -18pt; mso-list: l3 level1 lfo3; mso-add-space: auto\"><FONT face=Calibri>1.</FONT>&nbsp;&nbsp;&nbsp;&nbsp;&nbsp;&nbsp; <FONT face=Calibri>lépés: Mossa meg a hajat a Detox samponnal, hagyja hatni pár percig, majd öblítse ki.</FONT></P>
<P style=\"TEXT-ALIGN: justify; MARGIN: 0cm 0cm 0pt 54pt; TEXT-INDENT: -18pt; mso-list: l3 level1 lfo3; mso-add-space: auto\"><FONT face=Calibri>2.</FONT>&nbsp;&nbsp;&nbsp;&nbsp;&nbsp;&nbsp; <FONT face=Calibri>lépés: Vigye fel a Detox Mask-ot, hagyja hatni 5 percig, majd öblítse ki.</FONT></P>
<P style=\"TEXT-ALIGN: justify; MARGIN: 0cm 0cm 10pt 54pt; TEXT-INDENT: -18pt; mso-list: l3 level1 lfo3; mso-add-space: auto\"><FONT face=Calibri>3.</FONT>&nbsp;&nbsp;&nbsp;&nbsp;&nbsp;&nbsp; <FONT face=Calibri>lépés: Vigye fel a Detox Smoothie-t a haj teljes hosszára. Folytassa a formázással.</FONT><FONT face=Calibri>&nbsp;</FONT></P>
<P style=\"TEXT-ALIGN: justify; MARGIN: 0cm 0cm 10pt 36pt\"><U><FONT face=Calibri>Intenzív kezelés:</FONT></U></P>
<P style=\"TEXT-ALIGN: justify; MARGIN: 0cm 0cm 0pt 54pt; TEXT-INDENT: -18pt; mso-list: l2 level1 lfo4; mso-add-space: auto\"><FONT face=Calibri>1.</FONT>&nbsp;&nbsp;&nbsp;&nbsp;&nbsp;&nbsp; <FONT face=Calibri>lépés: Mossa meg a hajat a Detox samponnal, öblítse ki, majd törölje meg.</FONT></P>
<P style=\"TEXT-ALIGN: justify; MARGIN: 0cm 0cm 0pt 54pt; TEXT-INDENT: -18pt; mso-list: l2 level1 lfo4; mso-add-space: auto\"><FONT face=Calibri>2.</FONT>&nbsp;&nbsp;&nbsp;&nbsp;&nbsp;&nbsp; <FONT face=Calibri>lépés: Keverjen össze 1 rész Detox Smoothie-t 10 rész Detox Mask-kal. Vigye fel egyenletesen a hajra, oszlassa el jól, majd takarja be egy meleg törölközővel és hagyja hatni 15 percig, így jobban beivódik a hatóanyag a hajba. Használhat hajvasalót is a hatóidő alatt, hogy jobban felszívódjon a Smoothie-Mask keverék a hajban, de maximum 130 °C-on és maximum 15 percig!</FONT></P>
<P style=\"TEXT-ALIGN: justify; MARGIN: 0cm 0cm 10pt 54pt; TEXT-INDENT: -18pt; mso-list: l2 level1 lfo4; mso-add-space: auto\"><FONT face=Calibri>3.</FONT>&nbsp;&nbsp;&nbsp;&nbsp;&nbsp;&nbsp; <FONT face=Calibri>lépés: Vigye fel a Detox Smoothie-t a haj teljes hosszára. Folytassa a formázással.</FONT></P>
<P style=\"TEXT-ALIGN: justify\"></P>
<P></P>', `item_id`='0818-kinessen-detox-512120-300ml', `default_pic`='4079', `active`='1', `category_id`='104', `root_category_id`='0', `seo_name`='kinessences-detox-meregtelenito-es-haj-fiatalito-sampon-ajandek-50ml-hajmaszk', `fullurl`='fodraszkellek/kinessences-detox-meregtelenito-es-haj-fiatalito-sampon-ajandek-50ml-hajmaszk', `other_categories`='104,131,157,169,170,171,225,227,231,249,263,284,288,289,290,291,292,293,300,304,305,346,396' WHERE id=3728

[2019-11-08 16:41:40] UPDATE webshop_gallery SET original_name='Nirvel Royal Jelly méhviaszos sampon festett hajra 5000ml', date=1573227700 WHERE id=3307

[2019-11-08 16:41:40] UPDATE webshop_special_fields SET `value`='Nirvel' WHERE `key`='manufacturer' AND `product_id`=3555

[2019-11-08 16:41:40] UPDATE webshop_special_fields SET `value`='ml' WHERE `key`='quantityunit' AND `product_id`=3555

[2019-11-08 16:41:40] UPDATE webshop_special_fields SET `value`='5000' WHERE `key`='kiszereles' AND `product_id`=3555

[2019-11-08 16:41:40] UPDATE webshop_products SET `name_hun`='megszünt - Nirvel Royal Jelly méhviaszos sampon festett hajra 5000ml',`content_short`='5000ml - Hidratáló sampon száraz, festett hajra méhviasszal.
&nbsp;
A hidratáló Royal Jelly sampon méhviasszal...',`content`='<P style=\"MARGIN: 0cm 0cm 0pt; LINE-HEIGHT: normal\"><B style=\"mso-bidi-font-weight: normal\">5000ml - Hidratáló sampon száraz, festett hajra méhviasszal.</B></P>
<P style=\"MARGIN: 0cm 0cm 0pt; LINE-HEIGHT: normal\"><B style=\"mso-bidi-font-weight: normal\"></B>&nbsp;</P>
<P style=\"MARGIN: 0cm 0cm 0pt; LINE-HEIGHT: normal\">A hidratáló Royal Jelly sampon méhviasszal helyreállítja a száraz, festett hajat, visszaadja a rugalmasságát, fényessé és egészségessé teszi a hajat.</P>
<P style=\"MARGIN: 0cm 0cm 10pt; LINE-HEIGHT: normal; mso-margin-top-alt: auto; mso-margin-bottom-alt: auto\">A Royal Jelly samponnal&nbsp;kevés hajmosással éri el a haj hidratálását, könnyű fésülhetőségét, rugalmasságát, és a károsodott haj regenerálását!</P>
<P style=\"MARGIN: 0cm 0cm 10pt; LINE-HEIGHT: normal; mso-margin-top-alt: auto; mso-margin-bottom-alt: auto\"><B><U>5000ml Méhviaszos sampon használata:</U></B> </P>
<P style=\"MARGIN: 0cm 0cm 10pt; LINE-HEIGHT: normal; mso-margin-top-alt: auto; mso-margin-bottom-alt: auto\">- Vigye fel nedves hajra a sampont, masszírozza bele és hagyja néhány percig a hajon, majd öblítse le.&nbsp;A hajmosást ismételje meg!&nbsp;</P>', `item_id`='0118-nryp-6609-5000ml', `default_pic`='3307', `active`='1', `category_id`='104', `root_category_id`='0', `seo_name`='megszunt-nirvel-royal-jelly-mehviaszos-sampon-festett-hajra-5000ml', `fullurl`='fodraszkellek/megszunt-nirvel-royal-jelly-mehviaszos-sampon-festett-hajra-5000ml', `other_categories`='104,131,168,234,399' WHERE id=3555

[2019-11-08 16:41:40] UPDATE webshop_gallery SET original_name='Nirvel Nature természetes hajfesték csomag 19színnel', date=1573227700 WHERE id=5385

[2019-11-08 16:41:40] UPDATE webshop_special_fields SET `value`='Nirvel' WHERE `key`='manufacturer' AND `product_id`=3981

[2019-11-08 16:41:41] UPDATE webshop_special_fields SET `value`='db' WHERE `key`='quantityunit' AND `product_id`=3981

[2019-11-08 16:41:41] UPDATE webshop_special_fields SET `value`='1' WHERE `key`='kiszereles' AND `product_id`=3981

[2019-11-08 16:41:41] UPDATE webshop_products SET `name_hun`='Nirvel Nature természetes hajfesték csomag 19színnel',`content_short`='Természetes hajfesték csomag, Nirvel Nature hajfestékekkel. A Nature hajfestékek használata nem csak a PPD és...',`content`='<P style=\"TEXT-ALIGN: justify; MARGIN: 0cm 0cm 10pt\"><FONT face=Calibri>Természetes hajfesték csomag, Nirvel Nature hajfestékekkel. A Nature hajfestékek használata nem csak a PPD és Ammóniára érzékenyeknek nyújt lehetőséget a hajfestésére, de hosszú távon mindenki számára megelőzést nyújt, minimalizálja az ilyen érzékenység kialakulásának esélyét.</FONT></P>
<P style=\"TEXT-ALIGN: justify; MARGIN: 0cm 0cm 10pt\"><FONT face=Calibri>A Nature hajfestő csomag tartalma.</FONT></P>
<P style=\"TEXT-ALIGN: justify; MARGIN: 0cm 0cm 10pt\"><FONT face=Calibri>19db 100ml hajfesték </FONT></P>
<P style=\"TEXT-ALIGN: justify; MARGIN: 0cm 0cm 10pt\"><FONT face=Calibri>1db hajszínskála</FONT></P>
<P style=\"TEXT-ALIGN: justify; MARGIN: 0cm 0cm 10pt\"><FONT face=Calibri>1db 3% &nbsp;1000ml oxidant</FONT></P>
<P style=\"TEXT-ALIGN: justify; MARGIN: 0cm 0cm 10pt\"><FONT face=Calibri>1db 6%&nbsp; 1000ml oxidant</FONT></P>
<P style=\"TEXT-ALIGN: justify; MARGIN: 0cm 0cm 10pt\"><FONT face=Calibri>1db 9%&nbsp; 1000ml oxidant</FONT></P>
<P style=\"TEXT-ALIGN: justify; MARGIN: 0cm 0cm 10pt\"><FONT face=Calibri>&nbsp;</FONT><FONT face=Calibri>A természetes eredetű összetevőkből készült bio hajfesték, a lehető legjobb hajfestési eredmény eléréséhez készült.&nbsp;A Nature,&nbsp;PPD és Ammóniamentes Professzionális hajfestékek 100%-ban természetes eredetű anyagok felhasználásával készülnek, de használata megegyezik a megszokott hajfestési lépésekkel. &nbsp;100%-os ősz haj takarás valósítható meg használatával. 69színárnyalat áll rendelkezésre, és minden hajszín árnyalatban tökéletes hajfestést valósíthatunk meg vele.</FONT></P>
<P style=\"TEXT-ALIGN: justify; MARGIN: 0cm 0cm 0pt\">
<P style=\"TEXT-ALIGN: justify; MARGIN: 0cm 0cm 0pt\">&nbsp;</P>
<P></P>', `item_id`='0120-nnc-100ml-csomag-19szín+színskála', `default_pic`='5385', `active`='1', `category_id`='22', `root_category_id`='0', `seo_name`='nirvel-nature-termeszetes-hajfestek-csomag-19szinnel', `fullurl`='hajfestek/nirvel-nature-termeszetes-hajfestek-csomag-19szinnel', `other_categories`='22,23' WHERE id=3981

[2019-11-08 16:41:41] UPDATE webshop_products SET sort=1 WHERE id=3326

[2019-11-08 16:41:41] UPDATE webshop_products SET sort=2 WHERE id=4572

[2019-11-08 16:41:41] UPDATE webshop_products SET sort=3 WHERE id=4573

[2019-11-08 16:41:42] UPDATE users SET lastlogin = NOW() WHERE id = '11'

[2019-11-08 16:41:42] UPDATE webshop_gallery SET original_name='Kinessences Detox méregtelenítő és haj fiatalító sampon 1000ml', date=1573227702 WHERE id=4074

[2019-11-08 16:41:42] UPDATE webshop_special_fields SET `value`='KIN Cosmetics' WHERE `key`='manufacturer' AND `product_id`=3723

[2019-11-08 16:41:42] UPDATE webshop_special_fields SET `value`='ml' WHERE `key`='quantityunit' AND `product_id`=3723

[2019-11-08 16:41:42] UPDATE webshop_special_fields SET `value`='1000' WHERE `key`='kiszereles' AND `product_id`=3723

[2019-11-08 16:41:42] UPDATE webshop_products SET `name_hun`='Kinessences Detox méregtelenítő és haj fiatalító sampon 1000ml+ 3db Ajándék 50ml hajmaszk',`content_short`='Fejbőrt és a hajat is&nbsp;mélyen&nbsp;tisztító, méregtelenítő, és erősítő, haj fiatalító kúra,...',`content`='<P style=\"TEXT-ALIGN: justify; MARGIN: 0cm 0cm 0pt\">Fejbőrt és a hajat is&nbsp;mélyen&nbsp;tisztító, méregtelenítő, és erősítő, haj fiatalító kúra, <FONT face=Calibri><STRONG>rendkívül törékeny,&nbsp;vékony, gyenge és festett, élettelen<FONT face=\"Times New Roman\">&nbsp;hajak</FONT></STRONG> </FONT>ápolásához. Használata regenerálja, egészségessé teszi a fejbőr működését, rendkívüli mértékben erősíti a haj ellenálló képességét a környezet kárósító hatásaival szemben, véd az UV-A és UV-B sugárzástól, óvja mind a természetes, mind a festett haj színét, nagyon magas fényt, vitalitást és volument ad hajnak. <B style=\"mso-bidi-font-weight: normal\">Szulfát, Paraben, és Szilikon mentes</B>, friss gyümölcs illatú, irritáció mentes parfümmel illatosított.</P>
<P style=\"TEXT-ALIGN: justify; MARGIN: 0cm 0cm 0pt\">&nbsp;</P><FONT face=Calibri>
<P style=\"TEXT-ALIGN: justify; MARGIN: 0cm 0cm 10pt\"><STRONG><U>Henna hajfesték, henna hajfestés, egyéb felületi hajszínezők eltávolítása.</U></STRONG> - Hatékonyan használható a henna hajfesték, és más felületi hajszínezők eltávozásának felgyorsítása céljából is. A henna hajfestés, és a felületi hajszínezők idő előtti eltávolítása, sok esetben okoz nehézséget. A gyümölcs eszenciák, a magas vitamin tartalom&nbsp;intenzív tisztító hatása, a tapasztalatok alapján ennél a feladatnál is&nbsp;jó eredményt produkál. Az ilyen típusú hajszínezők a Detox mélytisztító sampon, és hajpakolás&nbsp;folyamatos használatával, rövidebb idő alatt távoznak el&nbsp;a hajból, mint a normál hajápolási műveletekkel.&nbsp;A Kinessences Detox sampon és hajpakolás együttes használata erősíti az eredményt.&nbsp;</P>
<P style=\"TEXT-ALIGN: justify; MARGIN: 0cm 0cm 10pt\"></FONT>A Kinessences Detox család tagjait ajánlott együtt használni, a legjobb hatás elérése érdekében!</P>
<P style=\"TEXT-ALIGN: justify; MARGIN: 0cm 0cm 10pt\">1000ml - Használatuk mélyen tisztítja, méregteleníti a fejbőrt és a hajat,&nbsp;helyreállítja a hajszerkezetet, ezáltal a használat után a haj érezhetően lágyabb, rugalmasabb lesz, az AOX technológiának köszönhetően pedig a hajszín tartósabb és ragyogóbb lesz. Úgy kezeli a szabad gyökök által károsított hajat, hogy visszaállítja a természetes szerkezetet, és védőréteget képez a jövőbeni káros hatásoktól is. Megerősíti a haj külső és belső szerkezetét, így a haj sokkal erősebb és élettel telibb lesz. Kiemeli a haj ragyogó színét.</P>
<P style=\"TEXT-ALIGN: justify\">
<P style=\"TEXT-ALIGN: justify; MARGIN: 0cm 0cm 10pt\"><FONT face=Calibri>---&nbsp;A Detox Egy &nbsp;méregtelenítő program, amely megvédi és revitalizálja a hajat és fejbőrt</FONT></P>
<P style=\"TEXT-ALIGN: justify; MARGIN: 0cm 0cm 10pt\"><FONT face=Calibri>**5 féle, antioxidánsban és extra védőformulákban gazdag gyümölcs keverékéből készült.</FONT></P>
<P style=\"TEXT-ALIGN: justify; MARGIN: 0cm 0cm 0pt 36pt; TEXT-INDENT: -18pt; mso-list: l1 level1 lfo1\"><FONT face=Calibri>-</FONT>&nbsp;&nbsp;&nbsp;&nbsp;&nbsp;&nbsp;&nbsp;&nbsp;&nbsp; <FONT face=Calibri><B style=\"mso-bidi-font-weight: normal\">DATOLYA</B>: megóvja a hajat a napsugarak öregítő hatásától.</FONT></P>
<P style=\"TEXT-ALIGN: justify; MARGIN: 0cm 0cm 0pt 36pt\"><FONT face=Calibri>&nbsp;</FONT></P>
<P style=\"TEXT-ALIGN: justify; MARGIN: 0cm 0cm 0pt 36pt; TEXT-INDENT: -18pt; mso-list: l1 level1 lfo1\"><FONT face=Calibri>-</FONT>&nbsp;&nbsp;&nbsp;&nbsp;&nbsp;&nbsp;&nbsp;&nbsp;&nbsp; <FONT face=Calibri><B style=\"mso-bidi-font-weight: normal\">GOJI BOGYÓ</B>: stimulálja a hajat és fejbőrt.</FONT></P>
<P style=\"TEXT-ALIGN: justify; MARGIN: 0cm 0cm 0pt 36pt\"><FONT face=Calibri>&nbsp;</FONT></P>
<P style=\"TEXT-ALIGN: justify; MARGIN: 0cm 0cm 0pt 36pt; TEXT-INDENT: -18pt; mso-list: l1 level1 lfo1\"><FONT face=Calibri>-</FONT>&nbsp;&nbsp;&nbsp;&nbsp;&nbsp;&nbsp;&nbsp;&nbsp;&nbsp; <FONT face=Calibri><B style=\"mso-bidi-font-weight: normal\">ÁFONYA</B>: segít megelőzni a hajszín és hajfény fakulását .</FONT></P>
<P style=\"TEXT-ALIGN: justify; MARGIN: 0cm 0cm 0pt 36pt\"><FONT face=Calibri>&nbsp;</FONT></P>
<P style=\"TEXT-ALIGN: justify; MARGIN: 0cm 0cm 0pt 36pt; TEXT-INDENT: -18pt; mso-list: l1 level1 lfo1; mso-add-space: auto\"><FONT face=Calibri>-</FONT>&nbsp;&nbsp;&nbsp;&nbsp;&nbsp;&nbsp;&nbsp;&nbsp;&nbsp; <FONT face=Calibri><B style=\"mso-bidi-font-weight: normal\">GUÁVA</B>: biztosítja a rugalmasságot, ellenállóbbá teszi a hajat és a hajszerkezetet.</FONT></P>
<P style=\"TEXT-ALIGN: justify; MARGIN: 0cm 0cm 0pt 36pt\"><FONT face=Calibri>&nbsp;</FONT></P>
<P style=\"TEXT-ALIGN: justify; MARGIN: 0cm 0cm 10pt 36pt; TEXT-INDENT: -18pt; mso-list: l1 level1 lfo1\"><FONT face=Calibri>-</FONT>&nbsp;&nbsp;&nbsp;&nbsp;&nbsp;&nbsp;&nbsp;&nbsp;&nbsp; <FONT face=Calibri><B style=\"mso-bidi-font-weight: normal\">QUANDONG</B>: selymes textúrát és hihetetlen fényt ad a hajnak.</FONT></P>
<P style=\"TEXT-ALIGN: justify; MARGIN: 0cm 0cm 10pt\"><FONT face=Calibri>&nbsp;</FONT></P>
<P style=\"TEXT-ALIGN: justify; MARGIN: 0cm 0cm 10pt\"><B style=\"mso-bidi-font-weight: normal\"><FONT face=Calibri>AOX Technológia:</FONT></B></P><FONT face=Calibri>
<P style=\"TEXT-ALIGN: justify; MARGIN: 0cm 0cm 10pt\">Az AOX formula fő alkotó elemei a gyümölcs koktél (Öt organikus gyümölcs olaj kivonatainak kombinációjából áll, melyek nagyon magas mértékben tartalmaznak antioxidánsokat), a + Ultra Protectív Active védő összetevők, és sok E Vitamin, ezért képes azonnal felszabadítani az aktív összetevők minden előnyét a kutikula belső rétegeiben. Paraben - Silicon és Szulfátmentes.</P>
<P style=\"TEXT-ALIGN: justify; MARGIN: 0cm 0cm 10pt\">A felhasznált, 100%-ban természetes, organikus olajok és a hagyományos innovatív szépségipari összetevők nagy tisztasága, ezek legjobb arányainak megtalálása biztosítja a tökéletes eredményt. Nem terhelik túl a hajat, hatékonyan táplálják a kapilláris szálakat, hogy az eredményt azonnal láthatóvá tegyék. Az ezekből készült AOX formula eléri a kapilláris rost legbelsőbb rétegeit, ahol az aktív összetevők minden jótékony hatásukat szabadon engedik.&nbsp; Az eredmény egy olyan kondicionáló hatás, amely belülről kifelé hat.</P>
<P style=\"TEXT-ALIGN: justify; MARGIN: 0cm 0cm 10pt\">Ultra Protectív Active &ndash; Ultra védő hatóanyag</P>
<P style=\"TEXT-ALIGN: justify; MARGIN: 0cm 0cm 10pt\">A Kinessences Detox tartalmaz egy új hatóanyagot, mely belsőleg és külsőleg is megvédi a hajrostot a káros környezeti hatásoktól, mint az UV sugarak, időjárás és szennyeződés. Ez a hatóanyag elnyeli az UV sugarakat, melyek mind a természetes, mind a festett haj kifakulásához járulnak hozzá, és ezáltal megállítja a hajrost és fejbőr károsodását.</P>
<P style=\"TEXT-ALIGN: justify; MARGIN: 0cm 0cm 10pt\">A Kinessences Detox helyreállítja a hajszerkezetet, ezáltal a haj érezhetően lágyabb, rugalmasabb lesz, az AOX technológiának köszönhetően pedig a hajszín tartósabb és ragyogóbb lesz. Illatában keveredik a virágzó cseresznyevirág a fehér magnóliával, és egy kis fehér pézsmával &ndash; egy igazi virágzó oázis testnek és léleknek egyaránt.</FONT></P>
<P style=\"TEXT-ALIGN: justify; MARGIN: 0cm 0cm 10pt\"><B style=\"mso-bidi-font-weight: normal\"><FONT face=Calibri>Kinessences Detox méregtelenítő és haj fiatalító sampon 60 ml / 300 ml / 1000 ml</FONT></B></P>
<P style=\"TEXT-ALIGN: justify; MARGIN: 0cm 0cm 0pt 36pt\"><FONT face=Calibri>Finoman tisztít, és eközben egy védőburkot képez a hajon a külső káros környezeti hatásokkal szemben. Helyreállítja, megerősíti és fejleszti a hajrost egészségét. Meggátolja a haj színének fakulását.</FONT></P>
<P style=\"TEXT-ALIGN: justify; MARGIN: 0cm 0cm 0pt 36pt\"><FONT face=Calibri></FONT>&nbsp;</P>
<P style=\"TEXT-ALIGN: justify; MARGIN: 0cm 0cm 0pt 36pt\"><FONT face=Calibri><U>Sampon Használata</U>. Vigye fel a nedves hajra a sampont, alaposan masszírozza bele, hagyja hatni pár percig, majd öblítse le. Ha szükséges, ismételje meg.</FONT></P>
<P style=\"TEXT-ALIGN: justify; MARGIN: 0cm 0cm 0pt 36pt\"><FONT face=Calibri>&nbsp;</FONT><FONT face=Calibri>&nbsp;</FONT></P>
<P style=\"TEXT-ALIGN: justify; MARGIN: 0cm 0cm 0pt 36pt\"><U><FONT face=Calibri>Használat a mindennapokban:</FONT></U></P>
<P style=\"TEXT-ALIGN: justify; MARGIN: 0cm 0cm 0pt 36pt\"><FONT face=Calibri>&nbsp;</FONT></P>
<P style=\"TEXT-ALIGN: justify; MARGIN: 0cm 0cm 0pt 54pt; TEXT-INDENT: -18pt; mso-list: l3 level1 lfo3; mso-add-space: auto\"><FONT face=Calibri>1.</FONT>&nbsp;&nbsp;&nbsp;&nbsp;&nbsp;&nbsp; <FONT face=Calibri>lépés: Mossa meg a hajat a Detox samponnal, hagyja hatni pár percig, majd öblítse ki.</FONT></P>
<P style=\"TEXT-ALIGN: justify; MARGIN: 0cm 0cm 0pt 54pt; TEXT-INDENT: -18pt; mso-list: l3 level1 lfo3; mso-add-space: auto\"><FONT face=Calibri>2.</FONT>&nbsp;&nbsp;&nbsp;&nbsp;&nbsp;&nbsp; <FONT face=Calibri>lépés: Vigye fel a Detox Mask-ot, hagyja hatni 5 percig, majd öblítse ki.</FONT></P>
<P style=\"TEXT-ALIGN: justify; MARGIN: 0cm 0cm 10pt 54pt; TEXT-INDENT: -18pt; mso-list: l3 level1 lfo3; mso-add-space: auto\"><FONT face=Calibri>3.</FONT>&nbsp;&nbsp;&nbsp;&nbsp;&nbsp;&nbsp; <FONT face=Calibri>lépés: Vigye fel a Detox Smoothie-t a haj teljes hosszára. Folytassa a formázással.</FONT><FONT face=Calibri>&nbsp;</FONT></P>
<P style=\"TEXT-ALIGN: justify; MARGIN: 0cm 0cm 10pt 36pt\"><U><FONT face=Calibri>Intenzív kezelés:</FONT></U></P>
<P style=\"TEXT-ALIGN: justify; MARGIN: 0cm 0cm 0pt 54pt; TEXT-INDENT: -18pt; mso-list: l2 level1 lfo4; mso-add-space: auto\"><FONT face=Calibri>1.</FONT>&nbsp;&nbsp;&nbsp;&nbsp;&nbsp;&nbsp; <FONT face=Calibri>lépés: Mossa meg a hajat a Detox samponnal, öblítse ki, majd törölje meg.</FONT></P>
<P style=\"TEXT-ALIGN: justify; MARGIN: 0cm 0cm 0pt 54pt; TEXT-INDENT: -18pt; mso-list: l2 level1 lfo4; mso-add-space: auto\"><FONT face=Calibri>2.</FONT>&nbsp;&nbsp;&nbsp;&nbsp;&nbsp;&nbsp; <FONT face=Calibri>lépés: Keverjen össze 1 rész Detox Smoothie-t 10 rész Detox Mask-kal. Vigye fel egyenletesen a hajra, oszlassa el jól, majd takarja be egy meleg törölközővel és hagyja hatni 15 percig, így jobban beivódik a hatóanyag a hajba. Használhat hajvasalót is a hatóidő alatt, hogy jobban felszívódjon a Smoothie-Mask keverék a hajban, de maximum 130 °C-on és maximum 15 percig!</FONT></P>
<P style=\"TEXT-ALIGN: justify; MARGIN: 0cm 0cm 10pt 54pt; TEXT-INDENT: -18pt; mso-list: l2 level1 lfo4; mso-add-space: auto\"><FONT face=Calibri>3.</FONT>&nbsp;&nbsp;&nbsp;&nbsp;&nbsp;&nbsp; <FONT face=Calibri>lépés: Vigye fel a Detox Smoothie-t a haj teljes hosszára. Folytassa a formázással.</FONT></P>
<P></P>', `item_id`='0818-kinessen-detox-512120-1000ml', `default_pic`='4074', `active`='1', `category_id`='49', `root_category_id`='131', `seo_name`='kinessences-detox-meregtelenito-es-haj-fiatalito-sampon-1000ml-3db-ajandek-50ml-hajmaszk', `fullurl`='hajapolas/3-fodrasz-szalonkiszerelesu-hajapolok/kinessences-detox-meregtelenito-es-haj-fiatalito-sampon-1000ml-3db-ajandek-50ml-hajmaszk', `other_categories`='49,104,131,157,168,169,170,171,225,227,231,234,249,263,284,288,289,290,291,292,293,300,304,305,346,396' WHERE id=3723

[2019-11-08 16:41:42] UPDATE webshop_gallery SET original_name='Kinactif Force hajhullás ellen sokk terápia csomag Ajándék neszeszerrel', date=1573227702 WHERE id=2977

[2019-11-08 16:41:42] UPDATE webshop_special_fields SET `value`='KIN Cosmetics' WHERE `key`='manufacturer' AND `product_id`=3421

[2019-11-08 16:41:43] UPDATE webshop_special_fields SET `value`='db' WHERE `key`='quantityunit' AND `product_id`=3421

[2019-11-08 16:41:43] UPDATE webshop_special_fields SET `value`='1' WHERE `key`='kiszereles' AND `product_id`=3421

[2019-11-08 16:41:43] UPDATE webshop_products SET `name_hun`='Kinactif Force hajhullás ellen sokk terápia csomag Ajándék neszeszerrel',`content_short`='Hajhullás ellen sokk terápia csomag. Sokkoló vitaminbomba a haj hagymáknak. - A hajszesz fő összetevőinek, a...',`content`='<P style=\"TEXT-ALIGN: justify\"><B style=\"mso-bidi-font-weight: normal\"><FONT size=3><FONT face=\"Times New Roman\">Hajhullás ellen sokk terápia csomag. </FONT></FONT></B><FONT size=3 face=\"Times New Roman\">Sokkoló vitaminbomba a haj hagymáknak. - A hajszesz fő összetevőinek, a három egymásra épülő speciális hajnövesztő&nbsp; mechanizmus erőteljes, <B style=\"mso-bidi-font-weight: normal\">sokkszerű hatása indítja újra, és serkenti a hajhagymák működését.</B></FONT></P>
<P style=\"TEXT-ALIGN: justify\"><STRONG>KIN Force csomag tartalma. </STRONG></P>
<P style=\"TEXT-ALIGN: justify\"><STRONG>1 darab 250 ml-es Force hajhullás elleni sampon + 1 doboz (12db x6 ml) Force Complex Trico-Active hajhullás elleni hajszesz</STRONG></P>
<P style=\"TEXT-ALIGN: justify\"><FONT size=3 face=\"Times New Roman\">&nbsp;A hajhullás ellen készült hajszesz kúra, egy erőteljes, hatékony kezelés erős hajhullásra. A hajszesz használata megállítja a hajhullást, elősegíti a haj növekedését. *Minden típusú hajhullást hatékonyan kezel. A hajszesz folyamatos használata, a speciális stimuláló és aktivizáló hatásnak köszönhetően,&nbsp; elősegíti az egészséges hajnövekedést. Látványos eredményt érhet el, már az első kúra alatt, és mind ezt <B>alacsony költségek</B> mellett. -&nbsp; <B>A hajhullás elleni hajszesz használata prémium minőségű szolgáltatást tesz lehetővé a fodrászüzletben, és a vendégek otthoni hajápolásában is.</B></P>
<P style=\"TEXT-ALIGN: justify\">Az egészséges haj növekedéséhez a haj hagymáknak vitaminokra, ásványi anyagokra van szüksége, a legideálisabb összetételben, hogy a lehető legjobb hatást érjék el. A hajszesz receptúráját, alkotóelemeit ennek jegyében állította össze a KIN Cosmetics. A 80 év alatt megszerzett szakmai tapasztalatokat, és kutatásokat felhasználva olyan terméket készített, amely maximálisan megfelel a célnak.</P>
<P style=\"TEXT-ALIGN: justify\"></FONT></P>
<P style=\"TEXT-ALIGN: justify\"><B style=\"mso-bidi-font-weight: normal\"><U><FONT size=3><FONT face=\"Times New Roman\">KIN Force Sampon:</FONT></FONT></U></B></P>
<P style=\"TEXT-ALIGN: justify\"><FONT size=3 face=\"Times New Roman\">250ml - Sampon hajhullásra. Speciálisan a hajhullás megállítására kifejlesztett prémium hajápoló. Megállítja a hajhullást, finoman tisztítja a sérült hajat, és segít a hajhullás megelőzésében is. Növeli a hajszálak ellenállását és stimulálja a növekedést. Látványosan hatékonyan működő hajhullás elleni KIN hajápoló. A sampon hatóanyaga ápolja a hajat, biztosítja a hajszálak számára a megfelelő hidratálást és könnyebben fésülhetővé, rugalmassá teszik a frizurát.</FONT></P>
<P style=\"TEXT-ALIGN: justify\"><STRONG><FONT size=3 face=\"Times New Roman\">Illat: gyöngyvirág</FONT></STRONG></P>
<P style=\"TEXT-ALIGN: justify\"><STRONG><FONT size=3 face=\"Times New Roman\">KIN Force &nbsp;- Sampon hajhullásra, aktív összetevői:</FONT></STRONG></P>
<P style=\"TEXT-ALIGN: justify\"><FONT size=3 face=\"Times New Roman\">-Fehér tea kivonat</FONT></P>
<P style=\"TEXT-ALIGN: justify\"><FONT size=3 face=\"Times New Roman\">-B vitamin complex</FONT></P>
<P style=\"TEXT-ALIGN: justify\"><FONT size=3 face=\"Times New Roman\">-Bioprolin</FONT></P>
<P style=\"TEXT-ALIGN: justify\"><FONT size=3 face=\"Times New Roman\">-Procapil<SUP>®</SUP>: klinikailag kifejlesztett aktív összetevő (stimulálja a vérkeringést a fejbőrben, ezáltal elősegíti a hajnövekedést)</FONT></P>
<P style=\"TEXT-ALIGN: justify\"><FONT size=3><FONT face=\"Times New Roman\"><STRONG>Sampon hajhullásra&nbsp;- KIN Force használata:</STRONG> </FONT></FONT></P>
<P style=\"TEXT-ALIGN: justify\"><FONT size=3 face=\"Times New Roman\">Vigye fel a szükséges mennyiséget a KIN samponból a nedves hajra. Masszírozza be a hajba és a fejbőrbe körkörös mozdulatokkal, hogy biztosítsa az egyenletes eloszlást. Hagyja hatni pár percig a sampont, majd öblítse le óvatosan. A folyamatot ismételje meg másodszor is! Törölje meg a hajat, és használja a megfelelő hajszeszt. Minden hajmosáshoz a problémának megfelelő sampont használja. Ha több haj problémája van egyszerre, felváltva használja a megfelelő samponokat, és hajszeszeket.</FONT></P>
<P style=\"TEXT-ALIGN: justify\"><FONT size=3 face=\"Times New Roman\">&nbsp;</FONT></P>
<P style=\"TEXT-ALIGN: justify\"><B style=\"mso-bidi-font-weight: normal\"><U><FONT size=3><FONT face=\"Times New Roman\">Kin Force Complexe Trico-Active hajszesz:</FONT></FONT></U></B></P>
<P style=\"TEXT-ALIGN: justify\"><FONT size=3 face=\"Times New Roman\">A hajszesz fő összetevőinek, a három egymásra épülő speciális hajnövesztő&nbsp; mechanizmus erőteljes, sokkszerű hatása indítja újra, és serkenti a hajhagymák működését. Minden típusú hajhullást hatékonyan kezel.&nbsp; -- 12×6ml - A hajhullás ellen készült hajszesz kúra, egy erőteljes, hatékony kezelés erős hajhullásra. A hajszesz használata megállítja a hajhullást, elősegíti a haj növekedését. A hajszesz folyamatos használata, a speciális stimuláló és aktivizáló hatásnak köszönhetően,&nbsp; elősegíti az egészséges hajnövekedést. Látványos eredményt érhet el, már az első kúra alatt, és mind ezt <B style=\"mso-bidi-font-weight: normal\">alacsony költségek</B> mellett.</FONT></P>
<P style=\"TEXT-ALIGN: justify\"><B style=\"mso-bidi-font-weight: normal\"><FONT size=3 face=\"Times New Roman\">A hajhullás elleni hajszesz használata prémium minőségű szolgáltatást tesz lehetővé a fodrászüzletben, és a vendégek otthoni hajápolásában is.</FONT></B></P>
<P style=\"TEXT-ALIGN: justify\"><FONT size=3 face=\"Times New Roman\">Az egészséges haj növekedéséhez a haj hagymáknak vitaminokra, ásványi anyagokra van szüksége, a legideálisabb összetételben, hogy a lehető legjobb hatást érjék el. A hajszesz receptúráját, alkotóelemeit ennek jegyében állította össze a KIN Cosmetics. A 80 év alatt megszerzett szakmai tapasztalatokat, és kutatásokat felhasználva olyan terméket készített, amely maximálisan megfelel a célnak.</FONT></P>
<P style=\"TEXT-ALIGN: justify\"><STRONG><FONT size=3 face=\"Times New Roman\">Hajszesz sokkterápia erős hajhullásra&nbsp;- Kin Force Complexe Trico-Active összetevők:</FONT></STRONG></P>
<P style=\"TEXT-ALIGN: justify\"><FONT size=3 face=\"Times New Roman\">-Fehér tea kivonat</FONT></P>
<P style=\"TEXT-ALIGN: justify\"><FONT size=3 face=\"Times New Roman\">-B vitamin complex</FONT></P>
<P style=\"TEXT-ALIGN: justify\"><FONT size=3 face=\"Times New Roman\">-Bioprolin</FONT></P>
<P style=\"TEXT-ALIGN: justify\"><FONT size=3 face=\"Times New Roman\">-Procapil<SUP>®</SUP>: klinikailag kifejlesztett aktív összetevő (stimulálja a vérkeringést a fejbőrben, ezáltal elősegíti a hajnövekedést)</FONT></P>
<P style=\"TEXT-ALIGN: justify\"><FONT size=3 face=\"Times New Roman\">Illat: gyöngyvirág</FONT></P>
<P style=\"TEXT-ALIGN: justify\"><STRONG><FONT size=3 face=\"Times New Roman\">Hajszesz sokkterápia erős hajhullás ellen -&nbsp; Kin Force Complexe Trico-Active használata: ---&nbsp;&nbsp; </FONT></STRONG><FONT size=3 face=\"Times New Roman\">Mossa meg a hajat hajhullás elleni samponnal kétszer. Az így megtisztított fejbőrre vigye fel a hajszeszt, majd masszírozza bele jól az ujjaival. Ne öblítse ki!&nbsp; Használata ajánlott hetente legalább kétszer, illetve a kezelés szükséges intenzítása szerint.&nbsp; Egy Intenzív kezelés ideje 4 hét, és heti 3-4 termékhasználat. Évente kétszer ismételje meg: nyár végén és tél végén. Utókezelés: 2 hónapon át heti kétszer használja a terméket.</FONT></P>
<P style=\"TEXT-ALIGN: justify\"><FONT size=3 face=\"Times New Roman\">..................</FONT></P>
<P style=\"TEXT-ALIGN: justify\"><STRONG><FONT size=3 face=\"Times New Roman\">Ez a hajhullás ellen készült hajszesz professzionális prémium fodrászcikk, fodrászkellék! A hajszesz a hajhullás kúraszerű kezelésének fontos eleme. A teljes kúrához használja a termékcsalád többi szükséges elemét is!&nbsp; --</FONT></STRONG><FONT size=3><FONT face=\"Times New Roman\"><STRONG><U>A teljes kúrához választható Kin termékcsalád elemei:</U></STRONG><BR><BR>Force&nbsp; Shampoo&nbsp;&nbsp; 250 ml.&nbsp;- Sampon Hajhullás ellen<BR>Force&nbsp; Shampoo 1000 ml. - Sampon Hajhullás ellen<BR>Force&nbsp; Tonic 150 ml. - Hajhullás Elleni Tonic<BR>Force Complexe Trico- Active 12 X 6 ml. - Erőteljes Kezelés Erős Hajhullás ellen<BR>Force Complete Hair Loss&nbsp; Treatment. - Erőteljes Hajhullást Kezelő Komplett Csomag</FONT></FONT></P>
<P>&nbsp;</P>', `item_id`='0820-kfp-510272-dobozban-2db termék', `default_pic`='2977', `active`='1', `category_id`='131', `root_category_id`='0', `seo_name`='kinactif-force-hajhullas-ellen-sokk-terapia-csomag-ajandek-neszeszerrel', `fullurl`='hajapolas/kinactif-force-hajhullas-ellen-sokk-terapia-csomag-ajandek-neszeszerrel', `other_categories`='131,137,152,162,170,176,222,284,285,349,415' WHERE id=3421

[2019-11-08 16:41:43] UPDATE webshop_gallery SET original_name='KINESSENCES 5 Kontinens Olaj Esszenciáival készült sampon', date=1573227703 WHERE id=3902

[2019-11-08 16:41:43] UPDATE webshop_special_fields SET `value`='KIN Cosmetics' WHERE `key`='manufacturer' AND `product_id`=3620

[2019-11-08 16:41:43] UPDATE webshop_special_fields SET `value`='ml' WHERE `key`='quantityunit' AND `product_id`=3620

[2019-11-08 16:41:43] UPDATE webshop_special_fields SET `value`='300' WHERE `key`='kiszereles' AND `product_id`=3620

[2019-11-08 16:41:43] UPDATE webshop_products SET `name_hun`='KINESSENCES 5 Kontinens Olaj Esszenciáival készült sampon+ Ajándék 50ml hajmaszk',`content_short`='Természetes, Organikus&nbsp;Olajok&nbsp;esszenciájával készült&nbsp;sampon. - - Hajkezelés, hajápolás az öt...',`content`='<P style=\"TEXT-ALIGN: justify; MARGIN: 0cm 0cm 10pt\">Természetes, Organikus&nbsp;Olajok&nbsp;esszenciájával készült&nbsp;sampon. - - Hajkezelés, hajápolás az öt kontinens 5 legnemesebb, 100%-ban természetes, organikus olajainak felhasználásával készült hajápolóval, erősen <STRONG>dehidratált, száraz, törékeny hajak ápolásához, mély kezeléséhez,</STRONG> hogy tartós, gyors, látványos, és az elérhető legjobb eredményt érjük el. <STRONG>Paraben, Szulfát, és Szilikon mentes!</STRONG></P>
<P style=\"TEXT-ALIGN: justify\"><STRONG>300ml - Luxus minőségű hajápolás, hajkezelés megvalósításához készült!</STRONG></P>
<P style=\"TEXT-ALIGN: justify\"><U>Az elérhető legjobb eredményért készült 5 </U><U>olaj esszenciás hajápolók.</U>&nbsp; - A KIN Cosmetics által kidolgozott ( 5 OES ) eljárásnak köszönhetően, minden ember típus haján, (Európai, Skandináv, Mediterrán, Afrikai&hellip;.) és alap haj típuson (egyenes, göndör, vastag, vékony, normál) &nbsp;a lehető legjobb eredményt érjük el használatával. Már az első hajkezelés is látványos eredményt produkál. </P>
<P style=\"TEXT-ALIGN: justify; MARGIN: 0cm 0cm 10pt\"><FONT face=Calibri><B style=\"mso-bidi-font-weight: normal\"><U>KINESSENCES</U></B><B style=\"mso-bidi-font-weight: normal\"><U>&nbsp; -&nbsp; 5 OES, olajos hajápolók használatának eredményei.</U>&nbsp; - &nbsp;Nedvesíti, hidratálja és mélyen táplálja a hajat. - &nbsp;A kapilláris szálakat mélyen regenerálja, különösen a legjobban sérült zónákban. -&nbsp; Javítja a haj ellenállását a környezet külső káros behatásai ellen. - Természetes fényt, bársonyos, selymes tapintású felületet, könnyű fésülhetőséget biztosít a hajnak.</B></FONT></P>
<P style=\"TEXT-ALIGN: justify; MARGIN: 0cm 0cm 0pt; LINE-HEIGHT: normal\"><FONT face=Calibri><U>A&nbsp; HAJ, a BŐR, és a LÉLEK együttes kezelése.</U>&nbsp; A KINESSENCES hajápolókkal, a teljes termék család használatával Luxus haj wellness kezelést adunk a hajnak, a bőrnek egyaránt, és az eredmény azonnal láthatóvá válik, már az első használat után. A hajápolási folyamat közben, a bőrünkkel is találkozó termékek bársonyos érintése, az olajesszenciák kellemes illata, majd a végeredmény, a ragyogóan fényes haj látványa, a testnek és léleknek is egyaránt nyugtató, kellemes ellazulást nyújt.</FONT></P>
<P style=\"TEXT-ALIGN: justify; MARGIN: 0cm 0cm 0pt; LINE-HEIGHT: normal\"><FONT face=Calibri>&nbsp;</FONT></P>
<P style=\"TEXT-ALIGN: justify; MARGIN: 0cm 0cm 10pt\"><FONT face=Calibri><U>KINESSENCES&nbsp; - 5 OES ( Oleo Essences Science) &nbsp;- olaj esszenciás hajkezelési metodika.</U> &nbsp;&nbsp;Az öt kontinens, 5 legnemesebb olajainak fúziója, és a tiszta E-vitamin garantálja a tökéletes hajápolást. (&nbsp;Argán olaj/<B style=\"mso-bidi-font-weight: normal\">Afrika</B>, Makadámia olaj/<B style=\"mso-bidi-font-weight: normal\">Ausztrália</B>, Cameilia olaj/<B style=\"mso-bidi-font-weight: normal\">Ázsia</B>, Kukui olaj/<B style=\"mso-bidi-font-weight: normal\">Amerika</B>, Szőlőmag olaj/<B style=\"mso-bidi-font-weight: normal\">Európa</B>. ) &nbsp;A felhasznált, 100%-ban természetes, organikus illóolajok és a hagyományos innovatív szépségipari összetevők nagy tisztasága, ezek legjobb arányainak megtalálása biztosítja a tökéletes eredményt. Nem terhelik túl a hajat, hatékonyan táplálják a kapilláris szálakat, hogy az eredményt azonnal láthatóvá tegyék. Az ezekből készült OES formula eléri a kapilláris rost legbelsőbb rétegeit, ahol az aktív összetevők minden jótékony hatásukat szabadon engedik.&nbsp; Az eredmény egy olyan kondicionáló hatás, amely belülről kifelé hat.</FONT></P>
<P style=\"TEXT-ALIGN: justify; MARGIN: 0cm 0cm 10pt\">A KIN Cosmeticsnél felhalmozódott tudás, tapasztalat, és az innovatív technológia lehetővé tette a 100%-ban természetes fő alkotó elemek, az olaj esszenciák, és a hagyományos összetevők ötvözését úgy, hogy a kombinációból a lehető legjobb végeredmény szülessen. &nbsp;Eredménye a KINESSENCES hajápolási termékcsalád, amely megfelel minden típusú ember hajának kapilláris rost igényeinek. Különös figyelmet fordítottak arra is, hogy csak 100%-ban újrahasznosítható csomagoló anyagokat használjanak a gyártáshoz.</P>
<P style=\"TEXT-ALIGN: justify; MARGIN: 0cm 0cm 10pt\">A KINESSENCES - &nbsp;5 OES &ndash; termék család tükrözi KIN Cosmetics gyár elkötelezettségét az elérhető legmagasabb minőség, a természetes vonal &nbsp;iránt, szem előtt tartva a kedvező ár megtartását is. TISZTASÁG &ndash; FINOMSÁG &ndash; TERMÉSZETESSÉG &ndash; TÖKÉLETESSÉG</P>
<P style=\"TEXT-ALIGN: justify; MARGIN: 0cm 0cm 10pt\"><STRONG><U>A hajregeneráló, kímélő&nbsp; Kinessences Sampon speciális fő összetevői.</U></STRONG></P>
<P style=\"MARGIN: 0cm 0cm 0pt\"><STRONG><U>Soft tenso - active agents:</U></STRONG><STRONG> </STRONG>Kímélő, lágy aktív összetevőkkel,&nbsp;különösen kímélő tisztító hatással. Nagyon újszerű összetevő, ideális nagyon érzékeny bőrűeknek is.</P>
<P style=\"MARGIN: 0cm 0cm 0pt\"><B style=\"mso-bidi-font-weight: normal\">Jótékony hatásai: </B></P>
<P style=\"MARGIN: 0cm 0cm 0pt 36pt; TEXT-INDENT: -18pt\">·&nbsp;&nbsp;&nbsp;&nbsp;&nbsp;&nbsp;&nbsp;&nbsp; finoman tisztítja még a legérzékenyebb hajat és bőrt is </P>
<P style=\"MARGIN: 0cm 0cm 0pt 36pt; TEXT-INDENT: -18pt\">·&nbsp;&nbsp;&nbsp;&nbsp;&nbsp;&nbsp;&nbsp;&nbsp; maximálisan védi a hajat és a bőrt, nem irritál</P>
<P style=\"MARGIN: 0cm 0cm 0pt 36pt; TEXT-INDENT: -18pt\">·&nbsp;&nbsp;&nbsp;&nbsp;&nbsp;&nbsp;&nbsp;&nbsp; helyreállítja a természetes egyensúlyt minden típusú hajnál<BR>meghosszabbítja a szín tartósságát, nedvesíti és ragyogóvá teszi a kapilláris rostot. </P>
<P style=\"MARGIN: 0cm 0cm 0pt 36pt; TEXT-INDENT: -18pt\">·&nbsp;&nbsp;&nbsp;&nbsp;&nbsp;&nbsp;&nbsp;&nbsp; lágy érintés ad</P>
<P style=\"MARGIN: 0cm 0cm 0pt 36pt; TEXT-INDENT: -18pt\">·&nbsp;&nbsp;&nbsp;&nbsp;&nbsp;&nbsp;&nbsp;&nbsp; táplálja a kapilláris rost külső és belső rétegeit is</P>
<P style=\"MARGIN: 0cm 0cm 10pt 36pt; TEXT-INDENT: -18pt\">·&nbsp;&nbsp;&nbsp;&nbsp;&nbsp;&nbsp;&nbsp;&nbsp; nem mattosítja a hajat, táplál és fényt ad minden hajtípusnak</P>
<P style=\"MARGIN: 0cm 0cm 0pt\"><STRONG><U>Hajkondicionáló polimer:</U></STRONG><STRONG>&nbsp;</STRONG>Ez a&nbsp;polimer egy olyan vegyület, amelyben bizonyos strukturális egységek időszakosan ismétlik magukat és önálló részekből állnak össze.</P>
<P style=\"MARGIN: 0cm 0cm 0pt\"><B style=\"mso-bidi-font-weight: normal\">Jótékony hatásai: &nbsp;</B></P>
<P style=\"MARGIN: 0cm 0cm 0pt 54pt; TEXT-INDENT: -18pt; mso-add-space: auto\">-&nbsp;&nbsp;&nbsp;&nbsp;&nbsp;&nbsp;&nbsp;&nbsp;&nbsp; lefedi és lezárja a hajrostokat </P>
<P style=\"MARGIN: 0cm 0cm 0pt 54pt; TEXT-INDENT: -18pt; mso-add-space: auto\">-&nbsp;&nbsp;&nbsp;&nbsp;&nbsp;&nbsp;&nbsp;&nbsp;&nbsp; finom, selymes textúrát ad a hajnak</P>
<P style=\"MARGIN: 0cm 0cm 0pt 54pt; TEXT-INDENT: -18pt; mso-add-space: auto\">-&nbsp;&nbsp;&nbsp;&nbsp;&nbsp;&nbsp;&nbsp;&nbsp;&nbsp; minden hajrostot elszeparál és megvéd </P>
<P style=\"MARGIN: 0cm 0cm 10pt 54pt; TEXT-INDENT: -18pt; mso-add-space: auto\">-&nbsp;&nbsp;&nbsp;&nbsp;&nbsp;&nbsp;&nbsp;&nbsp;&nbsp; könnyen fésülhetővé teszi a hajat</P>
<P style=\"MARGIN: 0cm 0cm 10pt\"><STRONG><U>KINESSENCES Shampoo - Sampon használata:</U></STRONG>&nbsp;Masszírozza be nedves hajba, hagyja hatni pár percig, majd öblítse ki, és ismételje meg a folyamatot.</P>
<P style=\"MARGIN: 0cm 0cm 10pt\">A felhasznált illóolajok, hatóanyagok nagy tisztasága, a tökéletes arányok megtalálása biztosítja minden hajtípus számára, hogy az eredmény azonnal láthatóvá válik, már az első használat után.</P>', `item_id`='0818-kiness-512001-300ml', `default_pic`='3902', `active`='1', `category_id`='104', `root_category_id`='0', `seo_name`='kinessences-5-kontinens-olaj-esszenciaival-keszult-sampon-ajandek-50ml-hajmaszk', `fullurl`='fodraszkellek/kinessences-5-kontinens-olaj-esszenciaival-keszult-sampon-ajandek-50ml-hajmaszk', `other_categories`='104,131,133,134,143,144,145,146,147,148,149,150,151,157,165,166,168,170,180,182,216,222,225,226,227,231,245,246,284,296,298,346,395' WHERE id=3620

[2019-11-08 16:41:43] UPDATE webshop_gallery SET original_name='Nirvel Peeling mélytisztító sampon 1000ml', date=1573227703 WHERE id=7275

[2019-11-08 16:41:43] UPDATE webshop_special_fields SET `value`='Nirvel' WHERE `key`='manufacturer' AND `product_id`=4197

[2019-11-08 16:41:43] UPDATE webshop_special_fields SET `value`='ml' WHERE `key`='quantityunit' AND `product_id`=4197

[2019-11-08 16:41:43] UPDATE webshop_special_fields SET `value`='1000' WHERE `key`='kiszereles' AND `product_id`=4197

[2019-11-08 16:41:43] UPDATE webshop_products SET `name_hun`='Nirvel Peeling fejbőr mélytisztító sampon 1000ml',`content_short`='Fejbőr mélytisztító sampon a legjobb hajmosási eredmény érdekében.&nbsp;A samponnal nem csak a hajat, de a...',`content`='<P style=\"TEXT-ALIGN: justify; MARGIN: 0cm 0cm 10pt\"><FONT face=Calibri>Fejbőr mélytisztító sampon a legjobb hajmosási eredmény érdekében.&nbsp;A samponnal nem csak a hajat, de a fejbőrt is, hatékonyan és mélyen tisztítjuk. Rendkívül jól előkészíti&nbsp; a hajat bármilyen vegyi kezelésre is, a mélyen tisztító hatásának köszönhetően, a fejbőrt revitalizálja, helyes működésre készteti.</FONT></P>
<P style=\"TEXT-ALIGN: justify; MARGIN: 0cm 0cm 10pt\"><FONT face=Calibri>1000ml - A Nirvel mélytisztító sampon professzionális fodrászcikk, fodrászkellék!</FONT></P>
<P style=\"TEXT-ALIGN: justify; MARGIN: 0cm 0cm 10pt\"><B style=\"mso-bidi-font-weight: normal\"><U><FONT face=Calibri>Sampon a haj és fejbőr mély tisztításhoz.&nbsp; - Használata.</FONT></U></B></P>
<P style=\"TEXT-ALIGN: justify; MARGIN: 0cm 0cm 10pt\"><FONT face=Calibri>Vigye fel a hajra és a fejbőrre a sampont, habosítsa fel, hagyja hatni pár percig, majd meleg vízzel öblítse ki, majd törölközővel törölje meg.</FONT></P>
<P style=\"TEXT-ALIGN: justify; MARGIN: 0cm 0cm 10pt\"><FONT face=Calibri>Haj kezeléséhez, gyógyításhoz, ápoláshoz, használja a Nirvel termékcsalád,&nbsp;többi&nbsp; szükséges hajápoló termékét&nbsp;is!</FONT></P>', `item_id`='0118-nptp-8387-1000ml', `default_pic`='7275', `active`='1', `category_id`='131', `root_category_id`='0', `seo_name`='nirvel-peeling-fejbor-melytisztito-sampon-1000ml', `fullurl`='hajapolas/nirvel-peeling-fejbor-melytisztito-sampon-1000ml', `other_categories`='131,169,225,249,388' WHERE id=4197

[2019-11-08 16:41:43] UPDATE webshop_gallery SET original_name='KINESSENCES 5 Kontinens Olaj Esszenciáival készült sampon 1000ml', date=1573227703 WHERE id=8618

[2019-11-08 16:41:43] UPDATE webshop_special_fields SET `value`='KIN Cosmetics' WHERE `key`='manufacturer' AND `product_id`=4492

[2019-11-08 16:41:43] UPDATE webshop_special_fields SET `value`='ml' WHERE `key`='quantityunit' AND `product_id`=4492

[2019-11-08 16:41:43] UPDATE webshop_special_fields SET `value`='1000' WHERE `key`='kiszereles' AND `product_id`=4492

[2019-11-08 16:41:43] UPDATE webshop_products SET `name_hun`='KINESSENCES 5 Kontinens Olaj Esszenciáival készült sampon 1000ml+ 3db Ajándék 50ml hajmaszk',`content_short`='Természetes, Organikus&nbsp;Olajok&nbsp;esszenciájával készült&nbsp;sampon. - - Hajkezelés, hajápolás az öt...',`content`='<P style=\"TEXT-ALIGN: justify; MARGIN: 0cm 0cm 10pt\">Természetes, Organikus&nbsp;Olajok&nbsp;esszenciájával készült&nbsp;sampon. - - Hajkezelés, hajápolás az öt kontinens 5 legnemesebb, 100%-ban természetes, organikus olajainak felhasználásával készült hajápolóval, <STRONG>dehidratált, száraz, törékeny hajak ápolásához, mély kezeléséhez,</STRONG> hogy tartós, gyors, látványos, és az elérhető legjobb eredményt érjük el. <STRONG>Paraben, Szulfát, és Szilikon mentes!</STRONG></P>
<P style=\"TEXT-ALIGN: justify\"><STRONG>1000ml - Luxus minőségű hajápolás, hajkezelés megvalósításához készült!</STRONG></P>
<P style=\"TEXT-ALIGN: justify\"><U>Az elérhető legjobb eredményért készült 5 </U><U>olaj esszenciás hajápolók.</U>&nbsp; - A KIN Cosmetics által kidolgozott ( 5 OES ) eljárásnak köszönhetően, minden ember típus haján, (Európai, Skandináv, Mediterrán, Afrikai&hellip;.) és alap haj típuson (egyenes, göndör, vastag, vékony, normál) &nbsp;a lehető legjobb eredményt érjük el használatával. Már az első hajkezelés is látványos eredményt produkál. </P>
<P style=\"TEXT-ALIGN: justify; MARGIN: 0cm 0cm 10pt\"><FONT face=Calibri><B style=\"mso-bidi-font-weight: normal\"><U>KINESSENCES</U></B><B style=\"mso-bidi-font-weight: normal\"><U>&nbsp; -&nbsp; 5 OES, olajos hajápolók használatának eredményei.</U>&nbsp; - &nbsp;Nedvesíti, hidratálja és mélyen táplálja a hajat. - &nbsp;A kapilláris szálakat mélyen regenerálja, különösen a legjobban sérült zónákban. -&nbsp; Javítja a haj ellenállását a környezet külső káros behatásai ellen. - Természetes fényt, bársonyos, selymes tapintású felületet, könnyű fésülhetőséget biztosít a hajnak.</B></FONT></P>
<P style=\"TEXT-ALIGN: justify; MARGIN: 0cm 0cm 0pt; LINE-HEIGHT: normal\"><FONT face=Calibri><U>A&nbsp; HAJ, a BŐR, és a LÉLEK együttes kezelése.</U>&nbsp; A KINESSENCES hajápolókkal, a teljes termék család használatával Luxus haj wellness kezelést adunk a hajnak, a bőrnek egyaránt, és az eredmény azonnal láthatóvá válik, már az első használat után. A hajápolási folyamat közben, a bőrünkkel is találkozó termékek bársonyos érintése, az olajesszenciák kellemes illata, majd a végeredmény, a ragyogóan fényes haj látványa, a testnek és léleknek is egyaránt nyugtató, kellemes ellazulást nyújt.</FONT></P>
<P style=\"TEXT-ALIGN: justify; MARGIN: 0cm 0cm 0pt; LINE-HEIGHT: normal\"><FONT face=Calibri>&nbsp;</FONT></P>
<P style=\"TEXT-ALIGN: justify; MARGIN: 0cm 0cm 10pt\"><FONT face=Calibri><U>KINESSENCES&nbsp; - 5 OES ( Oleo Essences Science) &nbsp;- olaj esszenciás hajkezelési metodika.</U> &nbsp;&nbsp;Az öt kontinens, 5 legnemesebb olajainak fúziója, és a tiszta E-vitamin garantálja a tökéletes hajápolást. (&nbsp;Argán olaj/<B style=\"mso-bidi-font-weight: normal\">Afrika</B>, Makadámia olaj/<B style=\"mso-bidi-font-weight: normal\">Ausztrália</B>, Cameilia olaj/<B style=\"mso-bidi-font-weight: normal\">Ázsia</B>, Kukui olaj/<B style=\"mso-bidi-font-weight: normal\">Amerika</B>, Szőlőmag olaj/<B style=\"mso-bidi-font-weight: normal\">Európa</B>. ) &nbsp;A felhasznált, 100%-ban természetes, organikus illóolajok és a hagyományos innovatív szépségipari összetevők nagy tisztasága, ezek legjobb arányainak megtalálása biztosítja a tökéletes eredményt. Nem terhelik túl a hajat, hatékonyan táplálják a kapilláris szálakat, hogy az eredményt azonnal láthatóvá tegyék. Az ezekből készült OES formula eléri a kapilláris rost legbelsőbb rétegeit, ahol az aktív összetevők minden jótékony hatásukat szabadon engedik.&nbsp; Az eredmény egy olyan kondicionáló hatás, amely belülről kifelé hat.</FONT></P>
<P style=\"TEXT-ALIGN: justify; MARGIN: 0cm 0cm 10pt\">A KIN Cosmeticsnél felhalmozódott tudás, tapasztalat, és az innovatív technológia lehetővé tette a 100%-ban természetes fő alkotó elemek, az olaj esszenciák, és a hagyományos összetevők ötvözését úgy, hogy a kombinációból a lehető legjobb végeredmény szülessen. &nbsp;Eredménye a KINESSENCES hajápolási termékcsalád, amely megfelel minden típusú ember hajának kapilláris rost igényeinek. Különös figyelmet fordítottak arra is, hogy csak 100%-ban újrahasznosítható csomagoló anyagokat használjanak a gyártáshoz.</P>
<P style=\"TEXT-ALIGN: justify; MARGIN: 0cm 0cm 10pt\">A KINESSENCES - &nbsp;5 OES &ndash; termék család tükrözi KIN Cosmetics gyár elkötelezettségét az elérhető legmagasabb minőség, a természetes vonal &nbsp;iránt, szem előtt tartva a kedvező ár megtartását is. TISZTASÁG &ndash; FINOMSÁG &ndash; TERMÉSZETESSÉG &ndash; TÖKÉLETESSÉG</P>
<P style=\"TEXT-ALIGN: justify; MARGIN: 0cm 0cm 10pt\"><STRONG><U>A hajregeneráló, kímélő&nbsp; Kinessences Sampon speciális fő összetevői.</U></STRONG></P>
<P style=\"MARGIN: 0cm 0cm 0pt\"><STRONG><U>Soft tenso - active agents:</U></STRONG><STRONG> </STRONG>Kímélő, lágy aktív összetevőkkel,&nbsp;különösen kímélő tisztító hatással. Nagyon újszerű összetevő, ideális nagyon érzékeny bőrűeknek is.</P>
<P style=\"MARGIN: 0cm 0cm 0pt\"><B style=\"mso-bidi-font-weight: normal\">Jótékony hatásai: </B></P>
<P style=\"MARGIN: 0cm 0cm 0pt 36pt; TEXT-INDENT: -18pt\">·&nbsp;&nbsp;&nbsp;&nbsp;&nbsp;&nbsp;&nbsp;&nbsp; finoman tisztítja még a legérzékenyebb hajat és bőrt is </P>
<P style=\"MARGIN: 0cm 0cm 0pt 36pt; TEXT-INDENT: -18pt\">·&nbsp;&nbsp;&nbsp;&nbsp;&nbsp;&nbsp;&nbsp;&nbsp; maximálisan védi a hajat és a bőrt, nem irritál</P>
<P style=\"MARGIN: 0cm 0cm 0pt 36pt; TEXT-INDENT: -18pt\">·&nbsp;&nbsp;&nbsp;&nbsp;&nbsp;&nbsp;&nbsp;&nbsp; helyreállítja a természetes egyensúlyt minden típusú hajnál<BR>meghosszabbítja a szín tartósságát, nedvesíti és ragyogóvá teszi a kapilláris rostot. </P>
<P style=\"MARGIN: 0cm 0cm 0pt 36pt; TEXT-INDENT: -18pt\">·&nbsp;&nbsp;&nbsp;&nbsp;&nbsp;&nbsp;&nbsp;&nbsp; lágy érintés ad</P>
<P style=\"MARGIN: 0cm 0cm 0pt 36pt; TEXT-INDENT: -18pt\">·&nbsp;&nbsp;&nbsp;&nbsp;&nbsp;&nbsp;&nbsp;&nbsp; táplálja a kapilláris rost külső és belső rétegeit is</P>
<P style=\"MARGIN: 0cm 0cm 10pt 36pt; TEXT-INDENT: -18pt\">·&nbsp;&nbsp;&nbsp;&nbsp;&nbsp;&nbsp;&nbsp;&nbsp; nem mattosítja a hajat, táplál és fényt ad minden hajtípusnak</P>
<P style=\"MARGIN: 0cm 0cm 0pt\"><STRONG><U>Hajkondicionáló polimer:</U></STRONG><STRONG>&nbsp;</STRONG>Ez a&nbsp;polimer egy olyan vegyület, amelyben bizonyos strukturális egységek időszakosan ismétlik magukat és önálló részekből állnak össze.</P>
<P style=\"MARGIN: 0cm 0cm 0pt\"><B style=\"mso-bidi-font-weight: normal\">Jótékony hatásai: &nbsp;</B></P>
<P style=\"MARGIN: 0cm 0cm 0pt 54pt; TEXT-INDENT: -18pt; mso-add-space: auto\">-&nbsp;&nbsp;&nbsp;&nbsp;&nbsp;&nbsp;&nbsp;&nbsp;&nbsp; lefedi és lezárja a hajrostokat </P>
<P style=\"MARGIN: 0cm 0cm 0pt 54pt; TEXT-INDENT: -18pt; mso-add-space: auto\">-&nbsp;&nbsp;&nbsp;&nbsp;&nbsp;&nbsp;&nbsp;&nbsp;&nbsp; finom, selymes textúrát ad a hajnak</P>
<P style=\"MARGIN: 0cm 0cm 0pt 54pt; TEXT-INDENT: -18pt; mso-add-space: auto\">-&nbsp;&nbsp;&nbsp;&nbsp;&nbsp;&nbsp;&nbsp;&nbsp;&nbsp; minden hajrostot elszeparál és megvéd </P>
<P style=\"MARGIN: 0cm 0cm 10pt 54pt; TEXT-INDENT: -18pt; mso-add-space: auto\">-&nbsp;&nbsp;&nbsp;&nbsp;&nbsp;&nbsp;&nbsp;&nbsp;&nbsp; könnyen fésülhetővé teszi a hajat</P>
<P style=\"MARGIN: 0cm 0cm 10pt\"><STRONG><U>KINESSENCES Shampoo - Sampon használata:</U></STRONG>&nbsp;Masszírozza be nedves hajba, hagyja hatni pár percig, majd öblítse ki, és ismételje meg a folyamatot.</P>
<P style=\"MARGIN: 0cm 0cm 10pt\">A felhasznált illóolajok, hatóanyagok nagy tisztasága, a tökéletes arányok megtalálása biztosítja minden hajtípus számára, hogy az eredmény azonnal láthatóvá válik, már az első használat után.</P>', `item_id`='0818-kiness-512068-1000ml', `default_pic`='8618', `active`='1', `category_id`='104', `root_category_id`='0', `seo_name`='kinessences-5-kontinens-olaj-esszenciaival-keszult-sampon-1000ml-3db-ajandek-50ml-hajmaszk', `fullurl`='fodraszkellek/kinessences-5-kontinens-olaj-esszenciaival-keszult-sampon-1000ml-3db-ajandek-50ml-hajmaszk', `other_categories`='104,131,133,134,143,144,145,146,147,148,149,150,151,157,165,166,168,170,180,182,216,222,225,226,227,231,245,246,284,296,298,346,395' WHERE id=4492

[2019-11-08 16:41:43] UPDATE webshop_products SET sort=1 WHERE id=3326

[2019-11-08 16:41:50] UPDATE users SET lastlogin = NOW() WHERE id = '11'

[2019-11-08 16:41:53] UPDATE users SET lastlogin = NOW() WHERE id = '11'

[2019-11-08 16:41:53] UPDATE webshop_products SET `price1_name`='Beszerzési ár', `price1_currency`='HUF', `price1_value`='244644' WHERE id=4055

[2019-11-08 16:41:53] UPDATE webshop_products SET `price2_name`='Kereskedő -27,6%', `price2_currency`='HUF', `price2_value`='502009' WHERE id=4055

[2019-11-08 16:41:53] UPDATE webshop_products SET `price3_name`='Kereskedő -33,6%', `price3_currency`='HUF', `price3_value`='502009' WHERE id=4055

[2019-11-08 16:41:53] UPDATE webshop_products SET `price4_name`='Szakmai 1 ár -7%', `price4_currency`='HUF', `price4_value`='557788' WHERE id=4055

[2019-11-08 16:41:53] UPDATE webshop_products SET `price5_name`='Szakmai 2 ár -14%', `price5_currency`='HUF', `price5_value`='557788' WHERE id=4055

[2019-11-08 16:41:53] UPDATE webshop_products SET `price6_name`='Vásárló', `price6_currency`='HUF', `price6_value`='557788' WHERE id=4055

[2019-11-08 16:41:53] UPDATE webshop_products SET `price7_name`='W Lista ár', `price7_currency`='HUF', `price7_value`='557788' WHERE id=4055

[2019-11-08 16:41:53] UPDATE webshop_products SET `price`='557788', `reduced_price`=0 WHERE id=4055

[2019-11-08 16:41:53] UPDATE webshop_products SET `price1_name`='Beszerzési ár', `price1_currency`='HUF', `price1_value`='244644' WHERE id=4573

[2019-11-08 16:41:53] UPDATE webshop_products SET `price2_name`='Kereskedő -27,6%', `price2_currency`='HUF', `price2_value`='403838' WHERE id=4573

[2019-11-08 16:41:53] UPDATE webshop_products SET `price3_name`='Kereskedő -33,6%', `price3_currency`='HUF', `price3_value`='370371' WHERE id=4573

[2019-11-08 16:41:53] UPDATE webshop_products SET `price4_name`='Szakmai 1 ár -7%', `price4_currency`='HUF', `price4_value`='518743' WHERE id=4573

[2019-11-08 16:41:53] UPDATE webshop_products SET `price5_name`='Szakmai 2 ár -14%', `price5_currency`='HUF', `price5_value`='479698' WHERE id=4573

[2019-11-08 16:41:53] UPDATE webshop_products SET `price6_name`='Vásárló', `price6_currency`='HUF', `price6_value`='557788' WHERE id=4573

[2019-11-08 16:41:53] UPDATE webshop_products SET `price7_name`='W Lista ár', `price7_currency`='HUF', `price7_value`='557788' WHERE id=4573

[2019-11-08 16:41:53] UPDATE webshop_products SET `price`='557788', `reduced_price`=0 WHERE id=4573

[2019-11-08 16:41:56] UPDATE users SET lastlogin = NOW() WHERE id = '11'

[2019-11-08 16:41:58] UPDATE users SET lastlogin = NOW() WHERE id = '11'

[2019-11-08 16:42:15] DELETE FROM webshop_gallery WHERE id='12914'

[2019-11-08 16:42:15] INSERT INTO webshop_gallery (`id`, `product_id`, `original_name`, `new_name`, `date`) VALUES (12917, 3421, 'Kinactif Force hajhullás ellen sokk terápia csomag', '12917.jpg', 1573227735)

[2019-11-08 16:42:17] UPDATE users SET lastlogin = NOW() WHERE id = '11'

[2019-11-08 16:42:30] INSERT INTO webshop_gallery (`id`, `product_id`, `original_name`, `new_name`, `date`) VALUES (12918, 4573, 'megszünt - Hajsütővas Ion kerámia', '12918.jpg', 1573227750)

[2019-11-08 16:42:33] UPDATE users SET lastlogin = NOW() WHERE id = '11'

