[2020-11-05 23:20:52] UPDATE users SET lastlogin = NOW() WHERE id = '11'

[2020-11-05 23:20:55] UPDATE users SET lastlogin = NOW() WHERE id = '11'

[2020-11-05 23:20:57] UPDATE users SET lastlogin = NOW() WHERE id = '11'

[2020-11-05 23:20:57] INSERT INTO webshop_gallery (`id`, `product_id`, `original_name`, `new_name`, `date`) VALUES (15321, 5053, 'Baxter Rice hajhidratáló maszk minden hajtípusra', '15321.jpg', 1604614857)

[2020-11-05 23:20:58] INSERT INTO webshop_products (`id`, `name_hun`, `name_eng`, `item_id`, `price`, `reduced_price`, `status`, `currency`, `content_short`, `content`, `details`, `date`, `default_pic`, `active`, `main`, `sort`, `category_id`, `root_category_id`, `seo_name`, `fullurl`, `websyx_id`, `quantity`, `other_categories`) VALUES ('5053', 'Baxter Rice hajhidratáló maszk minden hajtípusra', 'Baxter Rice hajhidratáló maszk minden hajtípusra', '0914-baxter-mask-rice-500ml', 0, 0, 1, 'Ft', 'Hajhidratáló maszk, hajpakolás minden hajtípusra. A városi, légköri szennyezettségnek, szmog, klór kitett...', '<P style=\"TEXT-ALIGN: justify; MARGIN: 0cm 0cm 10pt\">Hajhidratáló maszk, hajpakolás minden hajtípusra. A városi, légköri szennyezettségnek, szmog, klór kitett hajaknak mélyen ható hidratációra van szükségük. Ez a hajmaszk a rizsfehérjéknek köszönhetően mélyen hidratálja a hajat, sima, fényes, lágy, könnyen kifésülhetővé lesz.</P>
<P style=\"TEXT-ALIGN: justify\">500ml &ndash; <STRONG>Hajpakolás, hajmaszk aktív összetevői:&nbsp; </STRONG>rizsfehérjék</P>
<P style=\"TEXT-ALIGN: justify\"><B><U>A hajpakoló használata</U></B><B style=\"mso-bidi-font-weight: normal\"><U>:</U></B>&nbsp; </P>
<P style=\"TEXT-ALIGN: justify\">A hajmosás után a törölköző száraz hajra vigye fel a megfelelő mennyiségű hajpakolót, és finoman masszírozza bele a hajba. 3-5 perc hatóidő után, a hajat öblítsük le bő meleg vízzel.</P>', '', 1604614858, '15321', '1', 0, 1, 435, '417', 'baxter-rice-hajhidratalo-maszk-minden-hajtipusra', 'drogeria/hajapolok/baxter-rice-hajhidratalo-maszk-minden-hajtipusra', '1408', 1, '435')

[2020-11-05 23:20:58] INSERT INTO webshop_special_fields (`key`, `value`, `product_id`) VALUES ('manufacturer', 'PDV Baxter-Nuance-Concerto', 5053)

[2020-11-05 23:20:58] INSERT INTO webshop_special_fields (`key`, `value`, `product_id`) VALUES ('quantityunit', 'ml', 5053)

[2020-11-05 23:20:58] INSERT INTO webshop_special_fields (`key`, `value`, `product_id`) VALUES ('kiszereles', '500', 5053)

[2020-11-05 23:20:58] UPDATE webshop_gallery SET original_name='Hajvasaló hajgöndörítő Luxus szett LIM-HAIR pc6.2-Mirror', date=1604614858 WHERE id=4995

[2020-11-05 23:20:58] UPDATE webshop_special_fields SET `value`='LIM HAIR hajformázók' WHERE `key`='manufacturer' AND `product_id`=3868

[2020-11-05 23:20:58] UPDATE webshop_special_fields SET `value`='db' WHERE `key`='quantityunit' AND `product_id`=3868

[2020-11-05 23:20:58] UPDATE webshop_special_fields SET `value`='1' WHERE `key`='kiszereles' AND `product_id`=3868

[2020-11-05 23:20:58] UPDATE webshop_products SET `name_hun`='Hajvasaló és hajgöndörítő Luxus kivitelben LIM-HAIR pc6.2-Mirror',`content_short`='
Luxus minőségű és kivitelezésű hajvasaló, hő védő utazó táskával, mágneses záródású...',`content`='<FONT face=Calibri>
<P style=\"TEXT-ALIGN: justify; MARGIN: 0cm 0cm 10pt; LINE-HEIGHT: normal; mso-margin-top-alt: auto; mso-margin-bottom-alt: auto\">Luxus minőségű és kivitelezésű hajvasaló, hő védő utazó táskával, mágneses záródású díszdobozban.&nbsp;A rendkívül elegáns&nbsp; megjelenésű professzionális hajvasalót a LIM HAIR professzionális hajformázó gép márkák gyártója készíti. A szetthez egy hő védelemmel ellátott, extrém kidolgozású&nbsp;hajvasaló tartó táska, és díszes tároló doboz&nbsp;is tartozik, amelybe még melegen is beletehetjük a hajvasalót.</P>
<P style=\"TEXT-ALIGN: justify; MARGIN: 0cm 0cm 10pt; LINE-HEIGHT: normal; mso-margin-top-alt: auto; mso-margin-bottom-alt: auto\">A LIM-HAIR-pc29 silk&nbsp;egy Professzionális, fodrászoknak készült hajvasaló. A Nano Silber Titanium kerámia lapon nagyon könnyen, siklik a haj! A Nano Silber Titanium technikának köszönhetően,&nbsp; a hajvasaló fertőtlenítő hatású kerámia bevonattal rendelkezik.&nbsp; A Nano - Ezüst technológia célirányosan viszi fel az ezüstrészecskéket a kerámialapra, ez lehetővé teszi, hogy az első kontaktustól a haj antibakteriális, és mélyrehatóan tiszta legyen. A finom ezüst csökkenti súrlódást és garantálja a tökéletes hajformázást.</P>
<P style=\"TEXT-ALIGN: justify; MARGIN: 0cm 0cm 10pt; LINE-HEIGHT: normal; mso-margin-top-alt: auto; mso-margin-bottom-alt: auto\">Digitális vezérlésű, 6 fokozatban, 100°C-tól 230°C ig, állítható hőfokú, így a nagyon erős hajak hajvasalásához is alkalmas!</P>
<P style=\"TEXT-ALIGN: justify; MARGIN: 0cm 0cm 10pt; LINE-HEIGHT: normal; mso-margin-top-alt: auto; mso-margin-bottom-alt: auto\">A hajvasalóval, hajsimítóval a teljes hajegyenesítésig, az extra síkos hajvasaló felület kialakítása miatt, 1-2 alkalommal kell végig simítani a hajat, a tökéletesen egyenes haj eléréséhez, ezért a hajat kevés igénybevétel éri, nem károsodik, és gyorsan végzünk a hajegyenesítéssel. </P>
<P style=\"TEXT-ALIGN: justify; MARGIN: 0cm 0cm 10pt; LINE-HEIGHT: normal; mso-margin-top-alt: auto; mso-margin-bottom-alt: auto\">Ionos ápolás az egészséges és fényes hajért: A hajvasaló lapok bevonatán keletkező negatív ionok,&nbsp; semlegesítik a haj pozitív feltöltődését, és lehetővé teszik, hogy a haj nedvességének egy részét a haj belsejébe juttassuk. A haj hidratált, fényes, egészséges marad a hajszárítás után!</P>
<P style=\"TEXT-ALIGN: justify; MARGIN: 0cm 0cm 10pt; LINE-HEIGHT: normal; mso-margin-top-alt: auto; mso-margin-bottom-alt: auto\">Hajvasalásnál, hajgöndörítésnél, mindig használjunk hő védő folyadékot, krémet! </P>
<P style=\"TEXT-ALIGN: justify; MARGIN: 0cm 0cm 10pt; LINE-HEIGHT: normal; mso-margin-top-alt: auto; mso-margin-bottom-alt: auto\"><U>Hajvasaló LIM-HAIR-pc29 silk -- tartozékok, műszaki adatok,</U></P>
<UL type=disc>
<LI style=\"TEXT-ALIGN: justify; MARGIN: 0cm 0cm 10pt; LINE-HEIGHT: normal; mso-margin-top-alt: auto; mso-margin-bottom-alt: auto; mso-list: l0 level1 lfo1; tab-stops: list 36.0pt\">A hajvasalás rendkívüli használati gyorsasága a hajvasaló lapoknak köszönhető, melyek antibakteriális fertőtlenítő hatása hajvasaláskor elpusztítja a baktériumokat is. 
<LI style=\"TEXT-ALIGN: justify; MARGIN: 0cm 0cm 10pt; LINE-HEIGHT: normal; mso-margin-top-alt: auto; mso-margin-bottom-alt: auto; mso-list: l0 level1 lfo1; tab-stops: list 36.0pt\">A LIM hajvasaló rugalmasan összezáró hajsimító lapokkal készül, amelyek fixen is összezárhatók, ez a fixálható hajvasaló lap zár. 
<LI style=\"TEXT-ALIGN: justify; MARGIN: 0cm 0cm 10pt; LINE-HEIGHT: normal; mso-margin-top-alt: auto; mso-margin-bottom-alt: auto; mso-list: l0 level1 lfo1; tab-stops: list 36.0pt\">Hajvasaláskor a pehelykönnyű és ergonomikus géptest kialakítás nem veszi igénybe a kéz izmait. 
<LI style=\"TEXT-ALIGN: justify; MARGIN: 0cm 0cm 10pt; LINE-HEIGHT: normal; mso-margin-top-alt: auto; mso-margin-bottom-alt: auto; mso-list: l0 level1 lfo1; tab-stops: list 36.0pt\">A fűtőlap extra gyors felmelegedési idővel rendelkezik,&nbsp; és felel a tökéletes hő elosztásért . A hajvasaló lap szélessége kb. 22mm, hosszúsága kb. 90mm, a hajvasaló gép teljes hossza kb. 300mm. 
<LI style=\"TEXT-ALIGN: justify; MARGIN: 0cm 0cm 10pt; LINE-HEIGHT: normal; mso-margin-top-alt: auto; mso-margin-bottom-alt: auto; mso-list: l0 level1 lfo1; tab-stops: list 36.0pt\">További paraméterek,&nbsp; -- potméteres hőfok szabályozás, hőfok kijelzése leddel, intelligens digitális hőmérsékletszabályzás a jobb formázási eredményért , hajvasalás hőfoka: 100°C-tól 230°C ig, állítható hőfokú, &nbsp;3 m-es, forgó kuplungos kábellel rendelkezik, a hajvasaló teljesítmény felvétele 220-240V&nbsp; 50/60Hz&nbsp;&nbsp; 40Watt, automatikus kikapcsolás 40 perc után. 
<LI style=\"TEXT-ALIGN: justify; MARGIN: 0cm 0cm 10pt; LINE-HEIGHT: normal; mso-margin-top-alt: auto; mso-margin-bottom-alt: auto; mso-list: l0 level1 lfo1; tab-stops: list 36.0pt\">A hajvasalóval elérhető az ion-effekt hatás, mely simább hajstruktúrát, egészséges fényt és jobb formázhatóságot kölcsönöz a hajnak. </LI></UL></FONT>', `item_id`='2830-lim-pc62-silk', `default_pic`='4995', `active`='1', `category_id`='99', `root_category_id`='92', `seo_name`='hajvasalo-es-hajgondorito-luxus-kivitelben-lim-hair-pc62-mirror', `fullurl`='hajformazo-gepek/hajvasalo/hajvasalo-es-hajgondorito-luxus-kivitelben-lim-hair-pc62-mirror', `other_categories`='99' WHERE id=3868

[2020-11-05 23:20:58] UPDATE webshop_gallery SET original_name='Hajvasaló és göndörítő extra széles Luxus szett LIM-HAIR-pc6.0-cooperxl', date=1604614858 WHERE id=4996

[2020-11-05 23:20:58] UPDATE webshop_special_fields SET `value`='LIM HAIR hajformázók' WHERE `key`='manufacturer' AND `product_id`=3869

[2020-11-05 23:20:58] UPDATE webshop_special_fields SET `value`='db' WHERE `key`='quantityunit' AND `product_id`=3869

[2020-11-05 23:20:58] UPDATE webshop_special_fields SET `value`='1' WHERE `key`='kiszereles' AND `product_id`=3869

[2020-11-05 23:20:58] UPDATE webshop_products SET `name_hun`='Hajvasaló és göndörítő extra széles Extrém kivitelben LIM-HAIR-pc6.0-cooperxl',`content_short`='
Hajvasaló extra 35mm&nbsp;széles hajvasaló lappal, hő védő utazó táska és alátét kombinációval.&nbsp;A...',`content`='<FONT face=Calibri>
<P style=\"TEXT-ALIGN: justify; MARGIN: 0cm 0cm 10pt; LINE-HEIGHT: normal; mso-margin-top-alt: auto; mso-margin-bottom-alt: auto\">Hajvasaló extra 35mm&nbsp;széles hajvasaló lappal, hő védő utazó táska és alátét kombinációval.&nbsp;A különleges bronzos - rezes szín összeállítású&nbsp;extrém kidolgozású, és megjelenésű professzionális Ionos hajvasalót a LIM HAIR professzionális hajformázó gép márkák gyártója készíti. A szetthez egy hő védelemmel ellátott hajvasaló tartó táska is tartozik, amelybe akár forrón is beletehetjük a hajvasalót.</P>
<P style=\"TEXT-ALIGN: justify; MARGIN: 0cm 0cm 10pt; LINE-HEIGHT: normal; mso-margin-top-alt: auto; mso-margin-bottom-alt: auto\">Professzionális,&nbsp;Luxus kivitelben&nbsp;készült hajvasaló, bronz színű. A Nano Silber Titanium kerámia lapon nagyon könnyen, siklik a haj! A Nano Silber Titanium technikának köszönhetően,&nbsp; a hajvasaló fertőtlenítő hatású kerámia bevonattal rendelkezik.&nbsp; A Nano - Ezüst technológia célirányosan viszi fel az ezüstrészecskéket a kerámialapra, ez lehetővé teszi, hogy az első kontaktustól a haj antibakteriális, és mélyrehatóan tiszta legyen. A finom ezüst csökkenti súrlódást és garantálja a tökéletes hajformázást.</P>
<P style=\"TEXT-ALIGN: justify; MARGIN: 0cm 0cm 10pt; LINE-HEIGHT: normal; mso-margin-top-alt: auto; mso-margin-bottom-alt: auto\">Digitálisan, 6 fokozatban, 100°C-tól 230°C ig, állítható hőfokú, így a nagyon erős hajak hajvasalásához is alkalmas!</P>
<P style=\"TEXT-ALIGN: justify; MARGIN: 0cm 0cm 10pt; LINE-HEIGHT: normal; mso-margin-top-alt: auto; mso-margin-bottom-alt: auto\">A hajvasalóval, hajsimítóval a teljes hajegyenesítésig, az extra síkos hajvasaló felület kialakítása miatt, 1-2 alkalommal kell végig simítani a hajat, a tökéletesen egyenes haj eléréséhez, ezért a hajat kevés igénybevétel éri, nem károsodik, és gyorsan végzünk a hajegyenesítéssel. </P>
<P style=\"TEXT-ALIGN: justify; MARGIN: 0cm 0cm 10pt; LINE-HEIGHT: normal; mso-margin-top-alt: auto; mso-margin-bottom-alt: auto\">Ionos ápolás az egészséges és fényes hajért: A hajvasaló lapok bevonatán keletkező negatív ionok,&nbsp; semlegesítik a haj pozitív feltöltődését, és lehetővé teszik, hogy a haj nedvességének egy részét a haj belsejébe juttassuk. A haj hidratált, fényes, egészséges marad a hajszárítás után!</P>
<P style=\"TEXT-ALIGN: justify; MARGIN: 0cm 0cm 10pt; LINE-HEIGHT: normal; mso-margin-top-alt: auto; mso-margin-bottom-alt: auto\">Hajvasalásnál, hajgöndörítésnél, mindig használjunk hő védő folyadékot, krémet! </P>
<P style=\"TEXT-ALIGN: justify; MARGIN: 0cm 0cm 10pt; LINE-HEIGHT: normal; mso-margin-top-alt: auto; mso-margin-bottom-alt: auto\"><U>Hajvasaló LIM-HAIR-pc6.0 -- tartozékok, műszaki adatok,</U></P>
<UL type=disc>
<LI style=\"TEXT-ALIGN: justify; MARGIN: 0cm 0cm 10pt; LINE-HEIGHT: normal; mso-margin-top-alt: auto; mso-margin-bottom-alt: auto; mso-list: l0 level1 lfo1; tab-stops: list 36.0pt\">A hajvasalás rendkívüli használati gyorsasága a hajvasaló lapoknak köszönhető, melyek antibakteriális fertőtlenítő hatása hajvasaláskor elpusztítja a baktériumokat is. 
<LI style=\"TEXT-ALIGN: justify; MARGIN: 0cm 0cm 10pt; LINE-HEIGHT: normal; mso-margin-top-alt: auto; mso-margin-bottom-alt: auto; mso-list: l0 level1 lfo1; tab-stops: list 36.0pt\">A LIM hajvasaló rugalmasan összezáró hajsimító lapokkal készül, amelyek fixen is összezárhatók, ez a fixálható hajvasaló lap zár. 
<LI style=\"TEXT-ALIGN: justify; MARGIN: 0cm 0cm 10pt; LINE-HEIGHT: normal; mso-margin-top-alt: auto; mso-margin-bottom-alt: auto; mso-list: l0 level1 lfo1; tab-stops: list 36.0pt\">Hajvasaláskor a pehelykönnyű és ergonomikus géptest kialakítás nem veszi igénybe a kéz izmait. 
<LI style=\"TEXT-ALIGN: justify; MARGIN: 0cm 0cm 10pt; LINE-HEIGHT: normal; mso-margin-top-alt: auto; mso-margin-bottom-alt: auto; mso-list: l0 level1 lfo1; tab-stops: list 36.0pt\">A fűtőlap extra gyors felmelegedési idővel rendelkezik,&nbsp; és felel a tökéletes hő elosztásért . A hajvasaló lap szélessége kb. 35mm, hosszúsága kb. 90mm, a hajvasaló gép teljes hossza kb. 300mm. 
<LI style=\"TEXT-ALIGN: justify; MARGIN: 0cm 0cm 10pt; LINE-HEIGHT: normal; mso-margin-top-alt: auto; mso-margin-bottom-alt: auto; mso-list: l0 level1 lfo1; tab-stops: list 36.0pt\">További paraméterek,&nbsp; -- potméteres hőfok szabályozás, hőfok kijelzése leddel, intelligens digitális hőmérsékletszabályzás a jobb formázási eredményért , hajvasalás hőfoka: 100°C-tól 230°C ig, állítható hőfokú, &nbsp;3 m-es, forgó kuplungos kábellel rendelkezik, a hajvasaló teljesítmény felvétele 220-240V&nbsp; 50/60Hz&nbsp;&nbsp; 40Watt, automatikus kikapcsolás 40 perc után. 
<LI style=\"TEXT-ALIGN: justify; MARGIN: 0cm 0cm 10pt; LINE-HEIGHT: normal; mso-margin-top-alt: auto; mso-margin-bottom-alt: auto; mso-list: l0 level1 lfo1; tab-stops: list 36.0pt\">A hajvasalóval elérhető az ion-effekt hatás, mely simább hajstruktúrát, egészséges fényt és jobb formázhatóságot kölcsönöz a hajnak. </LI></UL></FONT>', `item_id`='2830-lim-pc6.0-cooper-xl', `default_pic`='4996', `active`='1', `category_id`='99', `root_category_id`='92', `seo_name`='hajvasalo-es-gondorito-extra-szeles-extrem-kivitelben-lim-hair-pc60-cooperxl', `fullurl`='hajformazo-gepek/hajvasalo/hajvasalo-es-gondorito-extra-szeles-extrem-kivitelben-lim-hair-pc60-cooperxl', `other_categories`='99' WHERE id=3869

[2020-11-05 23:20:59] INSERT INTO webshop_gallery (`id`, `product_id`, `original_name`, `new_name`, `date`) VALUES (15322, 5054, 'Baxter Acid Mask gyümölcsös hajpakolás festett dauerolt szőkített hajra 500ml', '15322.jpg', 1604614859)

[2020-11-05 23:20:59] INSERT INTO webshop_products (`id`, `name_hun`, `name_eng`, `item_id`, `price`, `reduced_price`, `status`, `currency`, `content_short`, `content`, `details`, `date`, `default_pic`, `active`, `main`, `sort`, `category_id`, `root_category_id`, `seo_name`, `fullurl`, `websyx_id`, `quantity`, `other_categories`) VALUES ('5054', 'Baxter Acid Mask gyümölcsös hajpakolás festett dauerolt szőkített hajra 500ml', 'Baxter Acid Mask gyümölcsös hajpakolás festett dauerolt szőkített hajra 500ml', '0914-baxter-mask-frutta-500ml', 0, 0, 1, 'Ft', 'Gyümölcsös hajpakolás festett, dauerolt, szőkített, vegyi kezelésen átesett, &nbsp;hajra.&nbsp; Hajtápláló...', '<P style=\"TEXT-ALIGN: justify\"><FONT face=Calibri>Gyümölcsös hajpakolás festett, dauerolt, szőkített, vegyi kezelésen átesett, &nbsp;hajra.&nbsp; Hajtápláló természetes összetevők (gyümölcs, zöldség, tej protein) keverékéből áll, ennek köszönhetően a hajat lággyá, fényessé és könnyen kifésülhetővé teszi. Különlegessége az egzotikus passion fruit (maracuja) illat. A hajpakolások&nbsp;segítenek a&nbsp;dauerolt, szőkített&nbsp;és festett hajak ideális Ph értékének beállításában is.</P>
<P style=\"TEXT-ALIGN: justify; MARGIN: 0cm 0cm 10pt; LINE-HEIGHT: normal; mso-margin-top-alt: auto; mso-margin-bottom-alt: auto\"><FONT face=Calibri>500ml &ndash; <STRONG>A hajmaszk aktív összetevői:&nbsp; </STRONG>gyümölcs, zöldség, tej protein és vitaminok</FONT></P>
<P style=\"TEXT-ALIGN: justify; MARGIN: 0cm 0cm 10pt; LINE-HEIGHT: normal; mso-margin-top-alt: auto; mso-margin-bottom-alt: auto\"><FONT face=Calibri><B><U>A hajpakolást hogyan&nbsp;használjuk</U></B><B style=\"mso-bidi-font-weight: normal\"><U>:</U></B>&nbsp; </FONT></P>
<P style=\"TEXT-ALIGN: justify; MARGIN: 0cm 0cm 10pt; LINE-HEIGHT: normal; mso-margin-top-alt: auto; mso-margin-bottom-alt: auto\"><FONT face=Calibri>A hajmosás után a törölköző száraz hajra vigye fel a megfelelő mennyiségű hajpakolót, és finoman masszírozza bele a hajba. 3-5 perc hatóidő után, a hajat öblítsük le bő meleg vízzel.</FONT></P>
<P style=\"TEXT-ALIGN: justify; MARGIN: 0cm 0cm 10pt; LINE-HEIGHT: normal; mso-margin-top-alt: auto; mso-margin-bottom-alt: auto\"><B style=\"mso-bidi-font-weight: normal\"><U><FONT face=Calibri>Kezelés a hajpakolóval, hajmaszkal:</FONT></U></B></P>
<P style=\"TEXT-ALIGN: justify; MARGIN: 0cm 0cm 10pt; LINE-HEIGHT: normal; mso-margin-top-alt: auto; mso-margin-bottom-alt: auto\"><FONT face=Calibri>Tartósabb hatás eléréséhez növeljük a hatóidőt. Miután alaposan belemasszíroztuk a hajba, fedjük le a hajat egy törülközővel vagy sapkával, hagyjuk a hajon legalább 10 vagy 15 percig, majd öblítsük le a hajat bő, meleg vízzel.</FONT></P>
<P style=\"TEXT-ALIGN: justify; MARGIN: 0cm 0cm 10pt; LINE-HEIGHT: normal; mso-margin-top-alt: auto; mso-margin-bottom-alt: auto\"><FONT face=Calibri>A hajpakolással történő hajkezelés hatóidejét jelentősen lecsökkenthetjük hajgőzölő, gőzbúra, klimazon használatával.</FONT></P></FONT>', '', 1604614859, '15322', '1', 0, 1, 435, '417', 'baxter-acid-mask-gyumolcsos-hajpakolas-festett-dauerolt-szokitett-hajra-500ml', 'drogeria/hajapolok/baxter-acid-mask-gyumolcsos-hajpakolas-festett-dauerolt-szokitett-hajra-500ml', '1922', 1, '435')

[2020-11-05 23:20:59] INSERT INTO webshop_special_fields (`key`, `value`, `product_id`) VALUES ('manufacturer', 'PDV Baxter-Nuance-Concerto', 5054)

[2020-11-05 23:20:59] INSERT INTO webshop_special_fields (`key`, `value`, `product_id`) VALUES ('quantityunit', 'ml', 5054)

[2020-11-05 23:20:59] INSERT INTO webshop_special_fields (`key`, `value`, `product_id`) VALUES ('kiszereles', '500', 5054)

[2020-11-05 23:20:59] UPDATE webshop_gallery SET original_name='Hajvasaló hajgöndörítő Luxus szett LIM-HAIR fekete', date=1604614859 WHERE id=733

[2020-11-05 23:20:59] UPDATE webshop_special_fields SET `value`='LIM HAIR hajformázók' WHERE `key`='manufacturer' AND `product_id`=2729

[2020-11-05 23:20:59] UPDATE webshop_special_fields SET `value`='db' WHERE `key`='quantityunit' AND `product_id`=2729

[2020-11-05 23:20:59] UPDATE webshop_special_fields SET `value`='1' WHERE `key`='kiszereles' AND `product_id`=2729

[2020-11-05 23:20:59] UPDATE webshop_products SET `name_hun`='Hajvasaló Exclusive hővédő táskával LIM-HAIR Luxus',`content_short`='
Hajvasaló fekete színben, Exclusive kidolgozású, fekete hő védő utazó táskával, 120mm hosszú hajvasaló...',`content`='<FONT face=Calibri>
<P style=\"TEXT-ALIGN: justify; MARGIN: 0cm 0cm 10pt; LINE-HEIGHT: normal; mso-margin-top-alt: auto; mso-margin-bottom-alt: auto\">Hajvasaló fekete színben, Exclusive kidolgozású, fekete hő védő utazó táskával, 120mm hosszú hajvasaló lapokkal. &nbsp;A különleges, extrém kidolgozású, és megjelenésű professzionális hajvasalót a LIM HAIR professzionális hajformázó gép márkák gyártója készíti. A szetthez egy hő védelemmel ellátott hajvasaló tartó táska is tartozik, amelybe akár forrón is beletehetjük a hajvasalót.</P>
<P style=\"TEXT-ALIGN: justify; MARGIN: 0cm 0cm 10pt; LINE-HEIGHT: normal; mso-margin-top-alt: auto; mso-margin-bottom-alt: auto\">A LIM-HAIR-pc8.0 egy Professzionális, fodrászoknak készült hajvasaló. A Nano Silber Titanium kerámia lapon nagyon könnyen, siklik a haj! A Nano Silber Titanium technikának köszönhetően,&nbsp; a hajvasaló fertőtlenítő hatású kerámia bevonattal rendelkezik.&nbsp; A Nano - Ezüst technológia célirányosan viszi fel az ezüstrészecskéket a kerámialapra, ez lehetővé teszi, hogy az első kontaktustól a haj antibakteriális, és mélyrehatóan tiszta legyen. A finom ezüst csökkenti súrlódást és garantálja a tökéletes hajformázást.</P>
<P style=\"TEXT-ALIGN: justify; MARGIN: 0cm 0cm 10pt; LINE-HEIGHT: normal; mso-margin-top-alt: auto; mso-margin-bottom-alt: auto\">80°C-tól 230°C ig, állítható hőfokú, így a nagyon erős hajak hajvasalásához is alkalmas!</P>
<P style=\"TEXT-ALIGN: justify; MARGIN: 0cm 0cm 10pt; LINE-HEIGHT: normal; mso-margin-top-alt: auto; mso-margin-bottom-alt: auto\">A hajvasalóval, hajsimítóval a teljes hajegyenesítésig, az extra síkos hajvasaló felület kialakítása miatt, 1-2 alkalommal kell végig simítani a hajat, a tökéletesen egyenes haj eléréséhez, ezért a hajat kevés igénybevétel éri, nem károsodik, és gyorsan végzünk a hajegyenesítéssel. </P>
<P style=\"TEXT-ALIGN: justify; MARGIN: 0cm 0cm 10pt; LINE-HEIGHT: normal; mso-margin-top-alt: auto; mso-margin-bottom-alt: auto\">Ionos ápolás az egészséges és fényes hajért: A hajvasaló lapok bevonatán keletkező negatív ionok,&nbsp; semlegesítik a haj pozitív feltöltődését, és lehetővé teszik, hogy a haj nedvességének egy részét a haj belsejébe juttassuk. A haj hidratált, fényes, egészséges marad a hajszárítás után!</P>
<P style=\"TEXT-ALIGN: justify; MARGIN: 0cm 0cm 10pt; LINE-HEIGHT: normal; mso-margin-top-alt: auto; mso-margin-bottom-alt: auto\">Hajvasalásnál, hajgöndörítésnél, mindig használjunk hő védő folyadékot, krémet! </P>
<P style=\"TEXT-ALIGN: justify; MARGIN: 0cm 0cm 10pt; LINE-HEIGHT: normal; mso-margin-top-alt: auto; mso-margin-bottom-alt: auto\"><U>pink - Hajvasaló LIM-HAIR-8.0 -- tartozékok, műszaki adatok,</U></P>
<P style=\"TEXT-ALIGN: justify; MARGIN: 0cm 0cm 10pt; LINE-HEIGHT: normal; mso-margin-top-alt: auto; mso-margin-bottom-alt: auto\">A pink szetthez egy hő védelemmel ellátott, pink&nbsp;hajvasaló tartó táska is tartozik, amelybe akár forrón is beletehetjük a hajvasalót.</P>
<UL type=disc>
<LI style=\"TEXT-ALIGN: justify; MARGIN: 0cm 0cm 10pt; LINE-HEIGHT: normal; mso-margin-top-alt: auto; mso-margin-bottom-alt: auto; mso-list: l0 level1 lfo1; tab-stops: list 36.0pt\">A hajvasalás rendkívüli használati gyorsasága a hajvasaló lapoknak köszönhető, melyek antibakteriális fertőtlenítő hatása hajvasaláskor elpusztítja a baktériumokat is. 
<LI style=\"TEXT-ALIGN: justify; MARGIN: 0cm 0cm 10pt; LINE-HEIGHT: normal; mso-margin-top-alt: auto; mso-margin-bottom-alt: auto; mso-list: l0 level1 lfo1; tab-stops: list 36.0pt\">A LIM hajvasaló rugalmasan összezáró hajsimító lapokkal készül, amelyek fixen is összezárhatók, ez a fixálható hajvasaló lap zár. 
<LI style=\"TEXT-ALIGN: justify; MARGIN: 0cm 0cm 10pt; LINE-HEIGHT: normal; mso-margin-top-alt: auto; mso-margin-bottom-alt: auto; mso-list: l0 level1 lfo1; tab-stops: list 36.0pt\">Hajvasaláskor a pehelykönnyű és ergonomikus géptest kialakítás nem veszi igénybe a kéz izmait. 
<LI style=\"TEXT-ALIGN: justify; MARGIN: 0cm 0cm 10pt; LINE-HEIGHT: normal; mso-margin-top-alt: auto; mso-margin-bottom-alt: auto; mso-list: l0 level1 lfo1; tab-stops: list 36.0pt\">A fűtőlap extra gyors felmelegedési idővel rendelkezik,&nbsp; és felel a tökéletes hő elosztásért . A hajvasaló lap szélessége kb. 22mm, hosszúsága kb. 120mm, a hajvasaló gép teljes hossza kb. 300mm. 
<LI style=\"TEXT-ALIGN: justify; MARGIN: 0cm 0cm 10pt; LINE-HEIGHT: normal; mso-margin-top-alt: auto; mso-margin-bottom-alt: auto; mso-list: l0 level1 lfo1; tab-stops: list 36.0pt\">További paraméterek,&nbsp; -- potméteres hőfok szabályozás, hőfok kijelzése leddel, intelligens digitális hőmérsékletszabályzás a jobb formázási eredményért , hajvasalás hőfoka: 80°C-tól 230°C ig, állítható hőfokú, &nbsp;3 m-es, forgó kuplungos kábellel rendelkezik, a hajvasaló teljesítmény felvétele 220-240V&nbsp; 50/60Hz&nbsp;&nbsp; 40Watt, automatikus kikapcsolás 40 perc után. 
<LI style=\"TEXT-ALIGN: justify; MARGIN: 0cm 0cm 10pt; LINE-HEIGHT: normal; mso-margin-top-alt: auto; mso-margin-bottom-alt: auto; mso-list: l0 level1 lfo1; tab-stops: list 36.0pt\">A hajvasalóval elérhető az ion-effekt hatás, mely simább hajstruktúrát, egészséges fényt és jobb formázhatóságot kölcsönöz a hajnak. </LI></UL></FONT>', `item_id`='2830-lim-pc8.0-szett', `default_pic`='733', `active`='1', `category_id`='99', `root_category_id`='92', `seo_name`='hajvasalo-exclusive-hovedo-taskaval-lim-hair-luxus', `fullurl`='hajformazo-gepek/hajvasalo/hajvasalo-exclusive-hovedo-taskaval-lim-hair-luxus', `other_categories`='99,222' WHERE id=2729

[2020-11-05 23:20:59] UPDATE webshop_products SET sort=1 WHERE id=3326

[2020-11-05 23:20:59] UPDATE webshop_products SET sort=2 WHERE id=5053

[2020-11-05 23:20:59] UPDATE webshop_products SET sort=3 WHERE id=5054

[2020-11-05 23:21:21] UPDATE users SET lastlogin = NOW() WHERE id = '11'

[2020-11-05 23:21:24] UPDATE users SET lastlogin = NOW() WHERE id = '11'

[2020-11-05 23:21:24] UPDATE webshop_products SET `price1_name`='', `price1_currency`='', `price1_value`='0' WHERE id=5053

[2020-11-05 23:21:24] UPDATE webshop_products SET `price2_name`='Kereskedő -27,6%', `price2_currency`='HUF', `price2_value`='1280' WHERE id=5053

[2020-11-05 23:21:24] UPDATE webshop_products SET `price3_name`='Kereskedő -33,6%', `price3_currency`='HUF', `price3_value`='1174' WHERE id=5053

[2020-11-05 23:21:24] UPDATE webshop_products SET `price4_name`='Szakmai 1 ár -7%', `price4_currency`='HUF', `price4_value`='1644' WHERE id=5053

[2020-11-05 23:21:24] UPDATE webshop_products SET `price5_name`='Szakmai 2 ár -14%', `price5_currency`='HUF', `price5_value`='1521' WHERE id=5053

[2020-11-05 23:21:24] UPDATE webshop_products SET `price6_name`='Vásárló', `price6_currency`='HUF', `price6_value`='1768' WHERE id=5053

[2020-11-05 23:21:24] UPDATE webshop_products SET `price7_name`='W Lista ár', `price7_currency`='HUF', `price7_value`='1768' WHERE id=5053

[2020-11-05 23:21:24] UPDATE webshop_products SET `price`='1768', `reduced_price`=0 WHERE id=5053

[2020-11-05 23:21:24] UPDATE webshop_products SET `price1_name`='', `price1_currency`='', `price1_value`='0' WHERE id=3868

[2020-11-05 23:21:24] UPDATE webshop_products SET `price2_name`='Kereskedő -27,6%', `price2_currency`='HUF', `price2_value`='27996' WHERE id=3868

[2020-11-05 23:21:24] UPDATE webshop_products SET `price3_name`='Kereskedő -33,6%', `price3_currency`='HUF', `price3_value`='25676' WHERE id=3868

[2020-11-05 23:21:24] UPDATE webshop_products SET `price4_name`='Szakmai 1 ár -7%', `price4_currency`='HUF', `price4_value`='35961' WHERE id=3868

[2020-11-05 23:21:24] UPDATE webshop_products SET `price5_name`='Szakmai 2 ár -14%', `price5_currency`='HUF', `price5_value`='33254' WHERE id=3868

[2020-11-05 23:21:24] UPDATE webshop_products SET `price6_name`='Vásárló', `price6_currency`='HUF', `price6_value`='38668' WHERE id=3868

[2020-11-05 23:21:24] UPDATE webshop_products SET `price7_name`='W Lista ár', `price7_currency`='HUF', `price7_value`='38668' WHERE id=3868

[2020-11-05 23:21:24] UPDATE webshop_products SET `price`='38668', `reduced_price`=0 WHERE id=3868

[2020-11-05 23:21:24] UPDATE webshop_products SET `price1_name`='', `price1_currency`='', `price1_value`='0' WHERE id=5054

[2020-11-05 23:21:24] UPDATE webshop_products SET `price2_name`='Kereskedő -27,6%', `price2_currency`='HUF', `price2_value`='1280' WHERE id=5054

[2020-11-05 23:21:24] UPDATE webshop_products SET `price3_name`='Kereskedő -33,6%', `price3_currency`='HUF', `price3_value`='1174' WHERE id=5054

[2020-11-05 23:21:24] UPDATE webshop_products SET `price4_name`='Szakmai 1 ár -7%', `price4_currency`='HUF', `price4_value`='1644' WHERE id=5054

[2020-11-05 23:21:24] UPDATE webshop_products SET `price5_name`='Szakmai 2 ár -14%', `price5_currency`='HUF', `price5_value`='1521' WHERE id=5054

[2020-11-05 23:21:24] UPDATE webshop_products SET `price6_name`='Vásárló', `price6_currency`='HUF', `price6_value`='1768' WHERE id=5054

[2020-11-05 23:21:24] UPDATE webshop_products SET `price7_name`='W Lista ár', `price7_currency`='HUF', `price7_value`='1768' WHERE id=5054

[2020-11-05 23:21:24] UPDATE webshop_products SET `price`='1768', `reduced_price`=0 WHERE id=5054

[2020-11-05 23:21:24] UPDATE webshop_products SET `price1_name`='', `price1_currency`='', `price1_value`='0' WHERE id=2729

[2020-11-05 23:21:24] UPDATE webshop_products SET `price2_name`='Kereskedő -27,6%', `price2_currency`='HUF', `price2_value`='39942' WHERE id=2729

[2020-11-05 23:21:24] UPDATE webshop_products SET `price3_name`='Kereskedő -33,6%', `price3_currency`='HUF', `price3_value`='36631' WHERE id=2729

[2020-11-05 23:21:24] UPDATE webshop_products SET `price4_name`='Szakmai 1 ár -7%', `price4_currency`='HUF', `price4_value`='51305' WHERE id=2729

[2020-11-05 23:21:24] UPDATE webshop_products SET `price5_name`='Szakmai 2 ár -14%', `price5_currency`='HUF', `price5_value`='47445' WHERE id=2729

[2020-11-05 23:21:24] UPDATE webshop_products SET `price6_name`='Vásárló', `price6_currency`='HUF', `price6_value`='55168' WHERE id=2729

[2020-11-05 23:21:24] UPDATE webshop_products SET `price7_name`='W Lista ár', `price7_currency`='HUF', `price7_value`='55168' WHERE id=2729

[2020-11-05 23:21:24] UPDATE webshop_products SET `price`='55168', `reduced_price`=0 WHERE id=2729

[2020-11-05 23:21:40] UPDATE users SET lastlogin = NOW() WHERE id = '11'

[2020-11-05 23:21:43] UPDATE users SET lastlogin = NOW() WHERE id = '11'

[2020-11-05 23:21:50] DELETE FROM webshop_gallery WHERE id=15320

[2020-11-05 23:22:00] INSERT INTO webshop_gallery (`id`, `product_id`, `original_name`, `new_name`, `date`) VALUES (15323, 5053, 'Baxter Rice hajhidratáló maszk minden hajtípusra', '15323.jpg', 1604614920)

[2020-11-05 23:22:01] INSERT INTO webshop_gallery (`id`, `product_id`, `original_name`, `new_name`, `date`) VALUES (15324, 5054, 'Baxter Acid Mask gyümölcsös hajpakolás festett dauerolt szőkített hajra 500ml', '15324.jpg', 1604614921)

[2020-11-05 23:22:01] DELETE FROM webshop_gallery WHERE id='14011'

[2020-11-05 23:22:01] INSERT INTO webshop_gallery (`id`, `product_id`, `original_name`, `new_name`, `date`) VALUES (15325, 2729, 'Hajvasaló Luxus szett LIM-HAIR fekete', '15325.jpg', 1604614921)

[2020-11-05 23:22:12] UPDATE users SET lastlogin = NOW() WHERE id = '11'

[2020-11-05 23:37:54] UPDATE users SET lastlogin = NOW() WHERE id = '11'

[2020-11-05 23:37:57] UPDATE users SET lastlogin = NOW() WHERE id = '11'

[2020-11-05 23:37:59] UPDATE users SET lastlogin = NOW() WHERE id = '11'

[2020-11-05 23:37:59] UPDATE webshop_gallery SET original_name='Extra széles hajvasaló digitális kijelzővel ES06173/53', date=1604615879 WHERE id=7887

[2020-11-05 23:37:59] UPDATE webshop_special_fields SET `value`='Euro fodrászkellék' WHERE `key`='manufacturer' AND `product_id`=4310

[2020-11-05 23:37:59] UPDATE webshop_special_fields SET `value`='db' WHERE `key`='quantityunit' AND `product_id`=4310

[2020-11-05 23:37:59] UPDATE webshop_special_fields SET `value`='1' WHERE `key`='kiszereles' AND `product_id`=4310

[2020-11-05 23:38:00] UPDATE webshop_products SET `name_hun`='Extra széles hajvasaló digitális kijelzővel ES06173/53 Tourmalin',`content_short`='Hajvasaló, 38mm, Extra széles, Tourmalin Ion kerámia&nbsp;hajsimító lapokkal,&nbsp;digitális kijelzővel....',`content`='<P>Hajvasaló, 38mm, Extra széles, Tourmalin Ion kerámia&nbsp;hajsimító lapokkal,&nbsp;digitális kijelzővel. Professzionális, fodrászoknak készült hajvasaló. A Tourmalin Ion kerámia&nbsp;kerámia lapon nagyon könnyen, siklik a haj! 80°C-tól 230°C ig, 10°C fokonként állítható hőfokú, így a nagyon erős hajak hajvasalásához is alkalmas!</P>
<P style=\"TEXT-ALIGN: justify; MARGIN: 0cm 0cm 10pt; LINE-HEIGHT: normal; mso-margin-top-alt: auto; mso-margin-bottom-alt: auto\">A hajvasalóval, hajsimítóval a teljes hajegyenesítésig, az extra síkos hajvasaló felület kialakítása miatt, 1-2 alkalommal kell végig simítani a hajat, a tökéletesen egyenes haj eléréséhez, ezért a hajat kevés igénybevétel éri, nem károsodik, és gyorsan végzünk a hajegyenesítéssel. </P>
<P style=\"TEXT-ALIGN: justify; MARGIN: 0cm 0cm 10pt; LINE-HEIGHT: normal; mso-margin-top-alt: auto; mso-margin-bottom-alt: auto\">Ionos ápolás az egészséges és fényes hajért: A hajvasaló lapok bevonatán keletkező negatív ionok,&nbsp; semlegesítik a haj pozitív feltöltődését, és lehetővé teszik, hogy a haj nedvességének egy részét a haj belsejébe juttassuk. A haj hidratált, fényes, egészséges marad a hajszárítás után!</P>
<P style=\"TEXT-ALIGN: justify; MARGIN: 0cm 0cm 10pt; LINE-HEIGHT: normal; mso-margin-top-alt: auto; mso-margin-bottom-alt: auto\">Hajvasalásnál, hajgöndörítésnél, mindig használjunk hő védő folyadékot, krémet! </P>
<P style=\"TEXT-ALIGN: justify; MARGIN: 0cm 0cm 10pt; LINE-HEIGHT: normal; mso-margin-top-alt: auto; mso-margin-bottom-alt: auto\"><U>Hajvasaló tartozékok, műszaki adatok,</U></P>
<UL type=disc>
<LI style=\"TEXT-ALIGN: justify; MARGIN: 0cm 0cm 10pt; LINE-HEIGHT: normal; mso-margin-top-alt: auto; mso-margin-bottom-alt: auto; mso-list: l0 level1 lfo1; tab-stops: list 36.0pt\">A hajvasalás rendkívüli használati gyorsasága a hajvasaló lapoknak köszönhetően. 
<LI style=\"TEXT-ALIGN: justify; MARGIN: 0cm 0cm 10pt; LINE-HEIGHT: normal; mso-margin-top-alt: auto; mso-margin-bottom-alt: auto; mso-list: l0 level1 lfo1; tab-stops: list 36.0pt\">Hajvasaláskor a pehelykönnyű és ergonomikus géptest kialakítás nem veszi igénybe a kéz izmait. 
<LI style=\"TEXT-ALIGN: justify; MARGIN: 0cm 0cm 10pt; LINE-HEIGHT: normal; mso-margin-top-alt: auto; mso-margin-bottom-alt: auto; mso-list: l0 level1 lfo1; tab-stops: list 36.0pt\">A fűtőlap extra gyors felmelegedési idővel rendelkezik,&nbsp; és felel a tökéletes hő elosztásért . A hajvasaló lap szélessége kb. 38mm, hosszúsága kb. 90mm, a hajvasaló gép teljes hossza kb. 300mm. 
<LI style=\"TEXT-ALIGN: justify; MARGIN: 0cm 0cm 10pt; LINE-HEIGHT: normal; mso-margin-top-alt: auto; mso-margin-bottom-alt: auto; mso-list: l0 level1 lfo1; tab-stops: list 36.0pt\">További paraméterek: &nbsp;digitális hőfok vezérlés,&nbsp;és kijelzés.&nbsp;Intelligens digitális hőmérsékletszabályzás a jobb formázási eredményért, hajvasalás hőfoka: 80°C-tól 230°C ig, állítható hőfokú, &nbsp;3 m-es, forgó kuplungos kábellel rendelkezik, a hajvasaló teljesítmény felvétele 110-240V&nbsp; 50/60Hz&nbsp;&nbsp; 43Watt, automatikus kikapcsolás 40 perc után. 
<LI style=\"TEXT-ALIGN: justify; MARGIN: 0cm 0cm 10pt; LINE-HEIGHT: normal; mso-margin-top-alt: auto; mso-margin-bottom-alt: auto; mso-list: l0 level1 lfo1; tab-stops: list 36.0pt\">A hajvasalóval elérhető az ion-effekt hatás, mely simább hajstruktúrát, egészséges fényt és jobb formázhatóságot kölcsönöz a hajnak. </LI></UL>', `item_id`='3130-eh-06173/53-golden', `default_pic`='7887', `active`='1', `category_id`='92', `root_category_id`='0', `seo_name`='extra-szeles-hajvasalo-digitalis-kijelzovel-es06173-53-tourmalin', `fullurl`='hajformazo-gepek/extra-szeles-hajvasalo-digitalis-kijelzovel-es06173-53-tourmalin', `other_categories`='92,99,415' WHERE id=4310

[2020-11-05 23:38:00] UPDATE webshop_gallery SET original_name='Mini hajvasaló LIM-nanoPC2.0', date=1604615880 WHERE id=299

[2020-11-05 23:38:00] UPDATE webshop_special_fields SET `value`='LIM HAIR hajformázók' WHERE `key`='manufacturer' AND `product_id`=2295

[2020-11-05 23:38:00] UPDATE webshop_special_fields SET `value`='db' WHERE `key`='quantityunit' AND `product_id`=2295

[2020-11-05 23:38:00] UPDATE webshop_special_fields SET `value`='1' WHERE `key`='kiszereles' AND `product_id`=2295

[2020-11-05 23:38:00] UPDATE webshop_products SET `name_hun`='Mini hajvasaló LIM-nanoPC2.0 Nano Silver Titanium',`content_short`='
Mini hajvasaló, hő védő tokkal a szállításhoz, és professzionális tulajdonságokkal a hajvasaláshoz. A...',`content`='<FONT face=Calibri>
<P style=\"TEXT-ALIGN: justify; MARGIN: 0cm 0cm 10pt; LINE-HEIGHT: normal; mso-margin-top-alt: auto; mso-margin-bottom-alt: auto\"><B>Mini hajvasaló, hő védő tokkal a szállításhoz, és professzionális tulajdonságokkal a hajvasaláshoz. A </B>LIM-HAIR-Nano kis helyen elfér, 17cm hosszú. A hajvasalásért felelős <B>Nano Silber&nbsp;Titanium</B>&nbsp;hajsimító lapok bevonata &nbsp;megegyezik a nagy, professzionális hajvasalókéval. </P>
<P style=\"TEXT-ALIGN: justify; MARGIN: 0cm 0cm 10pt; LINE-HEIGHT: normal; mso-margin-top-alt: auto; mso-margin-bottom-alt: auto\">A <B>Nano Silver&nbsp;Titanium</B>&nbsp;bevonatú lapon nagyon könnyen, siklik a haj! Ionos ápolás az <B>egészséges és fényes hajért</B>: A hajvasaló lapok bevonatán keletkező negatív ionok,&nbsp; semlegesítik a haj pozitív feltöltődését, és lehetővé teszik, hogy a haj nedvességének egy részét a haj belsejébe juttassuk. A haj hidratált, fényes, egészséges marad a hajszárítás után!</P>
<P style=\"TEXT-ALIGN: justify; MARGIN: 0cm 0cm 10pt; LINE-HEIGHT: normal; mso-margin-top-alt: auto; mso-margin-bottom-alt: auto\"><U>LIM-HAIR-nano -- hajvasaló tartozékok, műszaki adatok és leírás.</U></P>
<UL type=disc>
<LI style=\"TEXT-ALIGN: justify; MARGIN: 0cm 0cm 10pt; LINE-HEIGHT: normal; mso-margin-top-alt: auto; mso-margin-bottom-alt: auto; mso-list: l0 level1 lfo1; tab-stops: list 36.0pt\">&nbsp;A hajvasalás rendkívüli használati gyorsasága a síkos nano ezüst hajvasaló lapoknak köszönhető. 
<LI style=\"TEXT-ALIGN: justify; MARGIN: 0cm 0cm 10pt; LINE-HEIGHT: normal; mso-margin-top-alt: auto; mso-margin-bottom-alt: auto; mso-list: l0 level1 lfo1; tab-stops: list 36.0pt\">A LIM hajvasaló rugalmasan összezáró hajsimító lapokkal készül. 
<LI style=\"TEXT-ALIGN: justify; MARGIN: 0cm 0cm 10pt; LINE-HEIGHT: normal; mso-margin-top-alt: auto; mso-margin-bottom-alt: auto; mso-list: l0 level1 lfo1; tab-stops: list 36.0pt\">Hajvasaláskor a pehelykönnyű és ergonomikus géptest kialakítás nem veszi igénybe a kéz izmait. 
<LI style=\"TEXT-ALIGN: justify; MARGIN: 0cm 0cm 10pt; LINE-HEIGHT: normal; mso-margin-top-alt: auto; mso-margin-bottom-alt: auto; mso-list: l0 level1 lfo1; tab-stops: list 36.0pt\">A szupersíkos tömör&nbsp;Titanium Nano Silber kerámia fűtőlap extra gyors felmelegedési idővel rendelkezik, &nbsp;és felel a tökéletes hő elosztásért . A hajvasaló lap szélessége kb. 18mm, hosszúsága kb. 70mm, a hajvasaló gép teljes hossza kb. 175mm. 
<LI style=\"TEXT-ALIGN: justify; MARGIN: 0cm 0cm 10pt; LINE-HEIGHT: normal; mso-margin-top-alt: auto; mso-margin-bottom-alt: auto; mso-list: l0 level1 lfo1; tab-stops: list 36.0pt\">digitális automatikus hőmérsékletszabályzás a jobb formázási eredményért, a hajvasalás hőfoka: 210°C 
<LI style=\"TEXT-ALIGN: justify; MARGIN: 0cm 0cm 10pt; LINE-HEIGHT: normal; mso-margin-top-alt: auto; mso-margin-bottom-alt: auto; mso-list: l0 level1 lfo1; tab-stops: list 36.0pt\">&nbsp;teljesítmény felvétele 220-240V&nbsp; 50/60Hz&nbsp;&nbsp; 18Watt, automatikus kikapcsolás 40 perc után. 
<LI style=\"TEXT-ALIGN: justify; MARGIN: 0cm 0cm 10pt; LINE-HEIGHT: normal; mso-margin-top-alt: auto; mso-margin-bottom-alt: auto; mso-list: l0 level1 lfo1; tab-stops: list 36.0pt\">A hajvasalóval elérhető az ion-effekt hatás, mely simább hajstruktúrát, egészséges fényt és jobb formázhatóságot kölcsönöz a hajnak. </LI></UL></FONT>', `item_id`='2830-lim-pc2.0-nano', `default_pic`='299', `active`='1', `category_id`='99', `root_category_id`='92', `seo_name`='mini-hajvasalo-lim-nanopc20-nano-silver-titanium', `fullurl`='hajformazo-gepek/hajvasalo/mini-hajvasalo-lim-nanopc20-nano-silver-titanium', `other_categories`='99,222,248' WHERE id=2295

[2020-11-05 23:38:00] UPDATE webshop_gallery SET original_name='Extra hosszú digitális hajvasaló Hw04102', date=1604615880 WHERE id=652

[2020-11-05 23:38:00] UPDATE webshop_special_fields SET `value`='LIM HAIR hajformázók' WHERE `key`='manufacturer' AND `product_id`=2648

[2020-11-05 23:38:00] UPDATE webshop_special_fields SET `value`='db' WHERE `key`='quantityunit' AND `product_id`=2648

[2020-11-05 23:38:00] UPDATE webshop_special_fields SET `value`='1' WHERE `key`='kiszereles' AND `product_id`=2648

[2020-11-05 23:38:00] UPDATE webshop_products SET `name_hun`='Extra hosszú digitális hajvasaló Hw04102 Nano Silber Tourmalin',`content_short`='Hajvasaló, hajsimító digitális hőfok szabályozóval, 6db beállítható hőfokkal, ledes kijelzővel.&nbsp;Gyors...',`content`='<P style=\"TEXT-ALIGN: justify\">Hajvasaló, hajsimító digitális hőfok szabályozóval, 6db beállítható hőfokkal, ledes kijelzővel.&nbsp;Gyors hajvasaláshoz, hajsimításhoz készült, extra hosszú&nbsp; (120mm) hajsimító lapokkal rendelkező <B>Nano Silber Tourmalin hajvasaló.</B> Az összezárható vasaló lapokon nagyon könnyen, szinte siklik a haj, használata védi haj hámszerkezetét! A <B>Nano Silber Tourmalin</B> a technikának köszönhetően,&nbsp; a hajsimító fertőtlenítő hatású bevonattal rendelkezik.&nbsp; A Nano - Ezüst technológia célirányosan viszi fel az ezüstrészecskéket a kerámialapra, ez lehetővé teszi, hogy az első kontaktustól a haj antibakteriális és mélyrehatóan tiszta legyen. A finom ezüst csökkenti súrlódást és garantálja a tökéletes hajformázást.</P>
<P style=\"TEXT-ALIGN: justify; MARGIN: 0cm 0cm 10pt\">A Hairway Márkájú &nbsp;hajsimítók &nbsp;Ion bevonatos felülettel, és&nbsp; digitális, nyomógombos 6 fokozatú hőmérsékleti beállítással rendelkezik, melyek ledekkel kontrolálhatók. 150°C-tól 230°C-ig, kb.15°C-os közökkel. A 6 hő fokozat lehetővé teszi minden hajtípus, és a hosszabbított hajak&nbsp;hajvasalását is, legyen az vékony, normál, vastag vagy extrém erős.</P>
<P style=\"TEXT-ALIGN: justify; MARGIN: 0cm 0cm 10pt; LINE-HEIGHT: normal; mso-margin-top-alt: auto; mso-margin-bottom-alt: auto\"><FONT face=Calibri>Elég közvetlen a hajvasalás előtt bekapcsolni, a vasaló lapok hőmérséklete 10 másodperc alatt eléri a&nbsp;200°C-ot.</FONT></P>
<P style=\"TEXT-ALIGN: justify\">A hajvasalóval, hajsimítóval a teljes hajegyenesítésig, az extra síkos hajvasaló felület kialakítása miatt, csak 1-2 alkalommal kell végig simítani a hajat, a tökéletesen egyenes haj eléréséhez. A hajat kevés igénybevétel éri, nem károsodik, és percek alatt végez a hajegyenesítéssel! </P>
<P style=\"TEXT-ALIGN: justify\">Ionos ápolás az <B>egészséges és fényes hajért</B>: A hajvasaló lapok bevonatán keletkező negatív ionok,&nbsp; semlegesítik a haj pozitív feltöltődését, és lehetővé teszik, hogy a haj nedvességének egy részét a haj belsejébe juttassuk. A haj hidratált, fényes, egészséges marad a hajszárítás után! **- Hajvasalásnál, hajgöndörítésnél, mindig használjunk hő védő folyadékot, krémet! </P>
<P style=\"TEXT-ALIGN: justify\"><B style=\"mso-bidi-font-weight: normal\"><U>04102 extra hosszú hajvasaló, hajsimító tartozékok, műszaki adatok.</U></B></P>
<P style=\"MARGIN: 0cm 0cm 10pt\">Az Extra hosszú hajsimító lap hosszúsága 120mm, szélessége 22mm.</P>
<P style=\"MARGIN: 0cm 0cm 10pt\">A hajvasaló gép teljes hossza 270mm.</P>
<P style=\"MARGIN: 0cm 0cm 10pt\">Extra funkciók, gyors felmelegedési idő kb. 10mp. 200°C, antibakteriális effektus.</P>
<P style=\"TEXT-ALIGN: justify; MARGIN-LEFT: 36pt; TEXT-INDENT: -18pt; tab-stops: list 36.0pt\">·&nbsp;&nbsp;&nbsp;&nbsp;&nbsp;&nbsp;&nbsp;&nbsp; hajvasaló funkciók: hajsimítás, hajvasalás.</P>
<P style=\"TEXT-ALIGN: justify; MARGIN-LEFT: 36pt; TEXT-INDENT: -18pt; tab-stops: list 36.0pt\">·&nbsp;&nbsp;&nbsp;&nbsp;&nbsp;&nbsp;&nbsp;&nbsp; összezárható rugalmas simító, hajvasaló lapok.</P>
<P style=\"TEXT-ALIGN: justify; MARGIN-LEFT: 36pt; TEXT-INDENT: -18pt; tab-stops: list 36.0pt\">·&nbsp;&nbsp;&nbsp;&nbsp;&nbsp;&nbsp;&nbsp;&nbsp; pehelykönnyű és ergonomikus kialakítás</P>
<P style=\"TEXT-ALIGN: justify; MARGIN-LEFT: 36pt; TEXT-INDENT: -18pt; tab-stops: list 36.0pt\">·&nbsp;&nbsp;&nbsp;&nbsp;&nbsp;&nbsp;&nbsp;&nbsp; szupersíkos tömör Tourmalin Nano Silber kerámia fűtőlap a tökéletes hő elosztásért</P>
<P style=\"TEXT-ALIGN: justify; MARGIN-LEFT: 36pt; TEXT-INDENT: -18pt; tab-stops: list 36.0pt\">·&nbsp;&nbsp;&nbsp;&nbsp;&nbsp;&nbsp;&nbsp;&nbsp; digitális 6 fokozatú nyomógombos vezérlés.</P>
<P style=\"TEXT-ALIGN: justify; MARGIN-LEFT: 36pt; TEXT-INDENT: -18pt; tab-stops: list 36.0pt\">·&nbsp;&nbsp;&nbsp;&nbsp;&nbsp;&nbsp;&nbsp;&nbsp; hajvasaló hőfok kijelzése led sorral.</P>
<P style=\"TEXT-ALIGN: justify; MARGIN-LEFT: 36pt; TEXT-INDENT: -18pt; tab-stops: list 36.0pt\">·&nbsp;&nbsp;&nbsp;&nbsp;&nbsp;&nbsp;&nbsp;&nbsp; intelligens automata fűtő hőmérsékletszabályzása a jobb formázási eredményért.</P>
<P style=\"TEXT-ALIGN: justify; MARGIN-LEFT: 36pt; TEXT-INDENT: -18pt; tab-stops: list 36.0pt\">·&nbsp;&nbsp;&nbsp;&nbsp;&nbsp;&nbsp;&nbsp;&nbsp; Tourmalin kerámia fűtőlap a tökéletes hő elosztásért.</P>
<P style=\"TEXT-ALIGN: justify; MARGIN-LEFT: 36pt; TEXT-INDENT: -18pt; tab-stops: list 36.0pt\">·&nbsp;&nbsp;&nbsp;&nbsp;&nbsp;&nbsp;&nbsp;&nbsp; az ion-effekt egy simább hajstruktúrát, egészséges fényt és jobb formázhatóságot kölcsönöz a hajnak</P>
<P style=\"TEXT-ALIGN: justify; MARGIN-LEFT: 36pt; TEXT-INDENT: -18pt; tab-stops: list 36.0pt\">·&nbsp;&nbsp;&nbsp;&nbsp;&nbsp;&nbsp;&nbsp;&nbsp; hajvasaló hőfok 150°C-tól 230°C ig állítható</P>
<P style=\"TEXT-ALIGN: justify; MARGIN-LEFT: 36pt; TEXT-INDENT: -18pt; tab-stops: list 36.0pt\">·&nbsp;&nbsp;&nbsp;&nbsp;&nbsp;&nbsp;&nbsp;&nbsp; 3 m-es, forgó kuplungos kábellel.</P>
<P style=\"TEXT-ALIGN: justify; MARGIN-LEFT: 36pt; TEXT-INDENT: -18pt; tab-stops: list 36.0pt\">·&nbsp;&nbsp;&nbsp;&nbsp;&nbsp;&nbsp;&nbsp;&nbsp; 220-240V&nbsp; 50/60Hz&nbsp;&nbsp; 48Watt</P>
<P style=\"TEXT-ALIGN: justify; MARGIN-LEFT: 36pt; TEXT-INDENT: -18pt; tab-stops: list 36.0pt\">·&nbsp;&nbsp;&nbsp;&nbsp;&nbsp;&nbsp;&nbsp;&nbsp; automatikus kikapcsolás 40 perc után.</P>
<P style=\"TEXT-ALIGN: justify; MARGIN-LEFT: 36pt; TEXT-INDENT: -18pt; tab-stops: list 36.0pt\">·&nbsp;&nbsp;&nbsp;&nbsp;&nbsp;&nbsp;&nbsp;&nbsp; Hajvasaló, hajsimító márka származási helye, Németország.</P>', `item_id`='1830-hw04102', `default_pic`='652', `active`='1', `category_id`='99', `root_category_id`='92', `seo_name`='extra-hosszu-digitalis-hajvasalo-hw04102-nano-silber-tourmalin', `fullurl`='hajformazo-gepek/hajvasalo/extra-hosszu-digitalis-hajvasalo-hw04102-nano-silber-tourmalin', `other_categories`='99,222' WHERE id=2648

[2020-11-05 23:38:00] UPDATE webshop_gallery SET original_name='Hajvasaló LIM-HAIR-pc28-purple', date=1604615880 WHERE id=162

[2020-11-05 23:38:00] UPDATE webshop_special_fields SET `value`='LIM HAIR hajformázók' WHERE `key`='manufacturer' AND `product_id`=2157

[2020-11-05 23:38:00] UPDATE webshop_special_fields SET `value`='db' WHERE `key`='quantityunit' AND `product_id`=2157

[2020-11-05 23:38:00] UPDATE webshop_special_fields SET `value`='1' WHERE `key`='kiszereles' AND `product_id`=2157

[2020-11-05 23:38:00] UPDATE webshop_products SET `name_hun`='Hajvasaló LIM-HAIR-pc28-purple Nano Silver Titanium',`content_short`='
Hajvasaló szett, hő védő utazó táskával.&nbsp;A különleges, extrém kidolgozású, és megjelenésű...',`content`='<FONT face=Calibri>
<P style=\"TEXT-ALIGN: justify; MARGIN: 0cm 0cm 10pt; LINE-HEIGHT: normal; mso-margin-top-alt: auto; mso-margin-bottom-alt: auto\">Hajvasaló szett, hő védő utazó táskával.&nbsp;A különleges, extrém kidolgozású, és megjelenésű professzionális hajvasalót a LIM HAIR professzionális hajformázó gép márkák gyártója készíti. A szetthez egy hő védelemmel ellátott hajvasaló tartó táska is tartozik, amelybe akár forrón is beletehetjük a hajvasalót.</P>
<P style=\"TEXT-ALIGN: justify; MARGIN: 0cm 0cm 10pt; LINE-HEIGHT: normal; mso-margin-top-alt: auto; mso-margin-bottom-alt: auto\">A LIM-HAIR-pc28-b egy Professzionális, fodrászoknak készült hajvasaló. A Nano Silber Titanium kerámia lapon nagyon könnyen, siklik a haj! A Nano Silber Titanium technikának köszönhetően,&nbsp; a hajvasaló fertőtlenítő hatású kerámia bevonattal rendelkezik.&nbsp; A Nano - Ezüst technológia célirányosan viszi fel az ezüstrészecskéket a kerámialapra, ez lehetővé teszi, hogy az első kontaktustól a haj antibakteriális, és mélyrehatóan tiszta legyen. A finom ezüst csökkenti súrlódást és garantálja a tökéletes hajformázást.</P>
<P style=\"TEXT-ALIGN: justify; MARGIN: 0cm 0cm 10pt; LINE-HEIGHT: normal; mso-margin-top-alt: auto; mso-margin-bottom-alt: auto\">80°C-tól 230°C ig, állítható hőfokú, így a nagyon erős hajak hajvasalásához is alkalmas!</P>
<P style=\"TEXT-ALIGN: justify; MARGIN: 0cm 0cm 10pt; LINE-HEIGHT: normal; mso-margin-top-alt: auto; mso-margin-bottom-alt: auto\">A hajvasalóval, hajsimítóval a teljes hajegyenesítésig, az extra síkos hajvasaló felület kialakítása miatt, 1-2 alkalommal kell végig simítani a hajat, a tökéletesen egyenes haj eléréséhez, ezért a hajat kevés igénybevétel éri, nem károsodik, és gyorsan végzünk a hajegyenesítéssel. </P>
<P style=\"TEXT-ALIGN: justify; MARGIN: 0cm 0cm 10pt; LINE-HEIGHT: normal; mso-margin-top-alt: auto; mso-margin-bottom-alt: auto\">Ionos ápolás az egészséges és fényes hajért: A hajvasaló lapok bevonatán keletkező negatív ionok,&nbsp; semlegesítik a haj pozitív feltöltődését, és lehetővé teszik, hogy a haj nedvességének egy részét a haj belsejébe juttassuk. A haj hidratált, fényes, egészséges marad a hajszárítás után!</P>
<P style=\"TEXT-ALIGN: justify; MARGIN: 0cm 0cm 10pt; LINE-HEIGHT: normal; mso-margin-top-alt: auto; mso-margin-bottom-alt: auto\">Hajvasalásnál, hajgöndörítésnél, mindig használjunk hő védő folyadékot, krémet! </P>
<P style=\"TEXT-ALIGN: justify; MARGIN: 0cm 0cm 10pt; LINE-HEIGHT: normal; mso-margin-top-alt: auto; mso-margin-bottom-alt: auto\"><U>Hajvasaló LIM-HAIR-pc28-b -- tartozékok, műszaki adatok,</U></P>
<UL type=disc>
<LI style=\"TEXT-ALIGN: justify; MARGIN: 0cm 0cm 10pt; LINE-HEIGHT: normal; mso-margin-top-alt: auto; mso-margin-bottom-alt: auto; mso-list: l0 level1 lfo1; tab-stops: list 36.0pt\">A hajvasalás rendkívüli használati gyorsasága a hajvasaló lapoknak köszönhető, melyek antibakteriális fertőtlenítő hatása hajvasaláskor elpusztítja a baktériumokat is. 
<LI style=\"TEXT-ALIGN: justify; MARGIN: 0cm 0cm 10pt; LINE-HEIGHT: normal; mso-margin-top-alt: auto; mso-margin-bottom-alt: auto; mso-list: l0 level1 lfo1; tab-stops: list 36.0pt\">A LIM hajvasaló rugalmasan összezáró hajsimító lapokkal készül, amelyek fixen is összezárhatók, ez a fixálható hajvasaló lap zár. 
<LI style=\"TEXT-ALIGN: justify; MARGIN: 0cm 0cm 10pt; LINE-HEIGHT: normal; mso-margin-top-alt: auto; mso-margin-bottom-alt: auto; mso-list: l0 level1 lfo1; tab-stops: list 36.0pt\">Hajvasaláskor a pehelykönnyű és ergonomikus géptest kialakítás nem veszi igénybe a kéz izmait. 
<LI style=\"TEXT-ALIGN: justify; MARGIN: 0cm 0cm 10pt; LINE-HEIGHT: normal; mso-margin-top-alt: auto; mso-margin-bottom-alt: auto; mso-list: l0 level1 lfo1; tab-stops: list 36.0pt\">A fűtőlap extra gyors felmelegedési idővel rendelkezik,&nbsp; és felel a tökéletes hő elosztásért . A hajvasaló lap szélessége kb. 22mm, hosszúsága kb. 90mm, a hajvasaló gép teljes hossza kb. 300mm. 
<LI style=\"TEXT-ALIGN: justify; MARGIN: 0cm 0cm 10pt; LINE-HEIGHT: normal; mso-margin-top-alt: auto; mso-margin-bottom-alt: auto; mso-list: l0 level1 lfo1; tab-stops: list 36.0pt\">További paraméterek,&nbsp; -- potméteres hőfok szabályozás, hőfok kijelzése leddel, intelligens digitális hőmérsékletszabályzás a jobb formázási eredményért , hajvasalás hőfoka: 80°C-tól 230°C ig, állítható hőfokú, &nbsp;3 m-es, forgó kuplungos kábellel rendelkezik, a hajvasaló teljesítmény felvétele 220-240V&nbsp; 50/60Hz&nbsp;&nbsp; 40Watt, automatikus kikapcsolás 40 perc után. 
<LI style=\"TEXT-ALIGN: justify; MARGIN: 0cm 0cm 10pt; LINE-HEIGHT: normal; mso-margin-top-alt: auto; mso-margin-bottom-alt: auto; mso-list: l0 level1 lfo1; tab-stops: list 36.0pt\">A hajvasalóval elérhető az ion-effekt hatás, mely simább hajstruktúrát, egészséges fényt és jobb formázhatóságot kölcsönöz a hajnak. </LI></UL></FONT>', `item_id`='2830-lim-pc28-lila', `default_pic`='162', `active`='1', `category_id`='99', `root_category_id`='92', `seo_name`='hajvasalo-lim-hair-pc28-purple-nano-silver-titanium', `fullurl`='hajformazo-gepek/hajvasalo/hajvasalo-lim-hair-pc28-purple-nano-silver-titanium', `other_categories`='99,222' WHERE id=2157

[2020-11-05 23:38:00] UPDATE webshop_gallery SET original_name='Hajvasaló LIM-HAIR-pc28-pink', date=1604615880 WHERE id=163

[2020-11-05 23:38:00] UPDATE webshop_special_fields SET `value`='LIM HAIR hajformázók' WHERE `key`='manufacturer' AND `product_id`=2158

[2020-11-05 23:38:00] UPDATE webshop_special_fields SET `value`='db' WHERE `key`='quantityunit' AND `product_id`=2158

[2020-11-05 23:38:00] UPDATE webshop_special_fields SET `value`='1' WHERE `key`='kiszereles' AND `product_id`=2158

[2020-11-05 23:38:00] UPDATE webshop_products SET `name_hun`='Hajvasaló LIM-HAIR-pc28-pink Nano Silver Titanium',`content_short`='
Hajvasaló szett, hő védő utazó táskával.&nbsp;A különleges, extrém kidolgozású, és megjelenésű...',`content`='<FONT face=Calibri>
<P style=\"TEXT-ALIGN: justify; MARGIN: 0cm 0cm 10pt; LINE-HEIGHT: normal; mso-margin-top-alt: auto; mso-margin-bottom-alt: auto\"><FONT face=Calibri>Hajvasaló szett, hő védő utazó táskával.&nbsp;A különleges, extrém kidolgozású, és megjelenésű professzionális hajvasalót a LIM HAIR professzionális hajformázó gép márkák gyártója készíti. A szetthez egy hő védelemmel ellátott hajvasaló tartó táska is tartozik, amelybe akár forrón is beletehetjük a hajvasalót.</FONT></P>
<P style=\"TEXT-ALIGN: justify; MARGIN: 0cm 0cm 10pt; LINE-HEIGHT: normal; mso-margin-top-alt: auto; mso-margin-bottom-alt: auto\"><FONT face=Calibri>A LIM-HAIR-pc28-b egy Professzionális, fodrászoknak készült hajvasaló. A Nano Silber Titanium kerámia lapon nagyon könnyen, siklik a haj! A Nano Silver Titanium technikának köszönhetően,&nbsp; a hajvasaló fertőtlenítő hatású kerámia bevonattal rendelkezik.&nbsp; A Nano - Ezüst technológia célirányosan viszi fel az ezüstrészecskéket a kerámialapra, ez lehetővé teszi, hogy az első kontaktustól a haj antibakteriális, és mélyrehatóan tiszta legyen. A finom ezüst csökkenti súrlódást és garantálja a tökéletes hajformázást.</FONT></P>
<P style=\"TEXT-ALIGN: justify; MARGIN: 0cm 0cm 10pt; LINE-HEIGHT: normal; mso-margin-top-alt: auto; mso-margin-bottom-alt: auto\"><FONT face=Calibri>80°C-tól 230°C ig, állítható hőfokú, így minden típusú, még a nagyon erős hajak hajvasalásához is a legjobb hajvasaló hőmérsékletet biztosítja!</FONT></P>
<P style=\"TEXT-ALIGN: justify; MARGIN: 0cm 0cm 10pt; LINE-HEIGHT: normal; mso-margin-top-alt: auto; mso-margin-bottom-alt: auto\"><FONT face=Calibri>A professzionális hajvasalóval, hajsimítóval a teljes hajegyenesítésig, az extra síkos hajvasaló felület kialakítása miatt, 1-2 alkalommal kell végig simítani a hajat, a tökéletesen egyenes haj eléréséhez, ezért a hajat kevés igénybevétel éri, nem károsodik, és gyorsan végzünk a hajegyenesítéssel. </FONT></P>
<P style=\"TEXT-ALIGN: justify; MARGIN: 0cm 0cm 10pt; LINE-HEIGHT: normal; mso-margin-top-alt: auto; mso-margin-bottom-alt: auto\"><FONT face=Calibri>Ionos ápolás az egészséges és fényes hajért: A hajvasaló lapok bevonatán keletkező negatív ionok,&nbsp; semlegesítik a haj pozitív feltöltődését, és lehetővé teszik, hogy a haj nedvességének egy részét a haj belsejébe juttassuk. A haj hidratált, fényes, egészséges marad a hajszárítás után!</FONT></P>
<P style=\"TEXT-ALIGN: justify; MARGIN: 0cm 0cm 10pt; LINE-HEIGHT: normal; mso-margin-top-alt: auto; mso-margin-bottom-alt: auto\"><FONT face=Calibri>Hajvasalásnál, hajgöndörítésnél, mindig használjunk hő védő folyadékot, krémet! </FONT></P>
<P style=\"TEXT-ALIGN: justify; MARGIN: 0cm 0cm 10pt; LINE-HEIGHT: normal; mso-margin-top-alt: auto; mso-margin-bottom-alt: auto\"><FONT face=Calibri><U>Hajvasaló LIM-HAIR-pc28-b -- tartozékok, műszaki adatok,</U></FONT></P>
<UL type=disc>
<LI style=\"TEXT-ALIGN: justify; MARGIN: 0cm 0cm 10pt; LINE-HEIGHT: normal; mso-margin-top-alt: auto; mso-margin-bottom-alt: auto; mso-list: l0 level1 lfo1; tab-stops: list 36.0pt\"><FONT face=Calibri>A hajvasalás rendkívüli használati gyorsasága a hajvasaló lapoknak köszönhető, melyek antibakteriális fertőtlenítő hatása hajvasaláskor elpusztítja a baktériumokat is. </FONT>
<LI style=\"TEXT-ALIGN: justify; MARGIN: 0cm 0cm 10pt; LINE-HEIGHT: normal; mso-margin-top-alt: auto; mso-margin-bottom-alt: auto; mso-list: l0 level1 lfo1; tab-stops: list 36.0pt\"><FONT face=Calibri>A LIM hajvasaló rugalmasan összezáró hajsimító lapokkal készül, amelyek fixen is összezárhatók, ez a fixálható hajvasaló lap zár. </FONT>
<LI style=\"TEXT-ALIGN: justify; MARGIN: 0cm 0cm 10pt; LINE-HEIGHT: normal; mso-margin-top-alt: auto; mso-margin-bottom-alt: auto; mso-list: l0 level1 lfo1; tab-stops: list 36.0pt\"><FONT face=Calibri>Hajvasaláskor a pehelykönnyű és ergonomikus géptest kialakítás nem veszi igénybe a kéz izmait. </FONT>
<LI style=\"TEXT-ALIGN: justify; MARGIN: 0cm 0cm 10pt; LINE-HEIGHT: normal; mso-margin-top-alt: auto; mso-margin-bottom-alt: auto; mso-list: l0 level1 lfo1; tab-stops: list 36.0pt\"><FONT face=Calibri>A fűtőlap extra gyors felmelegedési idővel rendelkezik,&nbsp; és felel a tökéletes hő elosztásért . A hajvasaló lap szélessége kb. 22mm, hosszúsága kb. 90mm, a hajvasaló gép teljes hossza kb. 300mm. </FONT>
<LI style=\"TEXT-ALIGN: justify; MARGIN: 0cm 0cm 10pt; LINE-HEIGHT: normal; mso-margin-top-alt: auto; mso-margin-bottom-alt: auto; mso-list: l0 level1 lfo1; tab-stops: list 36.0pt\"><FONT face=Calibri>További paraméterek,&nbsp; -- potméteres hőfok szabályozás, hőfok kijelzése leddel, intelligens digitális fűtőlap hőmérsékletszabályzás a jobb formázási eredményért , hajvasalás hőfoka: 80°C-tól 230°C ig, állítható hőfokú, &nbsp;3 m-es, forgó kuplungos kábellel rendelkezik, a hajvasaló teljesítmény felvétele 220-240V&nbsp; 50/60Hz&nbsp;&nbsp; 40Watt, automatikus kikapcsolás 40 perc után. </FONT>
<LI style=\"TEXT-ALIGN: justify; MARGIN: 0cm 0cm 10pt; LINE-HEIGHT: normal; mso-margin-top-alt: auto; mso-margin-bottom-alt: auto; mso-list: l0 level1 lfo1; tab-stops: list 36.0pt\"><FONT face=Calibri>A hajvasalóval elérhető az ion-effekt hatás, mely simább hajstruktúrát, egészséges fényt és jobb formázhatóságot kölcsönöz a hajnak.</FONT> </LI></UL></FONT>', `item_id`='2830-lim-pc28-pink', `default_pic`='163', `active`='1', `category_id`='99', `root_category_id`='92', `seo_name`='hajvasalo-lim-hair-pc28-pink-nano-silver-titanium', `fullurl`='hajformazo-gepek/hajvasalo/hajvasalo-lim-hair-pc28-pink-nano-silver-titanium', `other_categories`='99,222' WHERE id=2158

[2020-11-05 23:38:00] UPDATE webshop_gallery SET original_name='Hajvasaló gyémántporos LIM-HAIR-pc5.0 Digitális Diamond black', date=1604615880 WHERE id=1504

[2020-11-05 23:38:00] UPDATE webshop_special_fields SET `value`='LIM HAIR hajformázók' WHERE `key`='manufacturer' AND `product_id`=3220

[2020-11-05 23:38:00] UPDATE webshop_special_fields SET `value`='db' WHERE `key`='quantityunit' AND `product_id`=3220

[2020-11-05 23:38:01] UPDATE webshop_special_fields SET `value`='1' WHERE `key`='kiszereles' AND `product_id`=3220

[2020-11-05 23:38:01] UPDATE webshop_products SET `name_hun`='Gyémántporos hajvasaló LIM-HAIR-pc5.0 Digitális Diamond black',`content_short`='
Hajvasaló ultrasíkos gyémántporos kerámia simító felülettel, digitális kijelzővel, + hővédő utazó...',`content`='<FONT face=Calibri>
<P style=\"TEXT-ALIGN: justify; MARGIN: 0cm 0cm 10pt; LINE-HEIGHT: normal; mso-margin-top-alt: auto; mso-margin-bottom-alt: auto\">Hajvasaló ultrasíkos gyémántporos kerámia simító felülettel, digitális kijelzővel, + hővédő utazó táskával!&nbsp;&nbsp;- A LIM-HAIR gyémántporos hajsimító lapok síkosabbak, mint valaha. A hajvasalás után a látványosan magas végeredmény, ezekben a gyémántporos hajvasaló lapokban rejlik. A LIM-HAIR technológiának köszönhetően ezek rendkívül síkosak, hajvasaláskor könnyedén siklik a haj, ennek köszönhetően a haj fényes és egészséges marad. Fénylik mint a gyémánt!</P>
<P style=\"TEXT-ALIGN: justify; MARGIN: 0cm 0cm 10pt; LINE-HEIGHT: normal; mso-margin-top-alt: auto; mso-margin-bottom-alt: auto\">Ingyenes házhoz szállítással, + hővédő utazó táskával! </P>
<P style=\"TEXT-ALIGN: justify; MARGIN: 0cm 0cm 10pt; LINE-HEIGHT: normal; mso-margin-top-alt: auto; mso-margin-bottom-alt: auto\">Ultragyors felmelegedési idejű, és intelligens digitális hőmérsékletszabályzású, és kijelzésű,&nbsp;a tökéletes formázási eredményért. A hajvasalás hőfoka: 130°C-tól 230°C ig, 5 fix (130-160-180-200-230°C) hőmérsékletre állítható.&nbsp;&nbsp;A diamond extrém kidolgozású és&nbsp;megjelenésű professzionális hajvasaló a LIM HAIR professzionális hajformázó gépek Magyarországi kizárólagos forgalmazójától! </P>
<P style=\"TEXT-ALIGN: justify; MARGIN: 0cm 0cm 10pt; LINE-HEIGHT: normal; mso-margin-top-alt: auto; mso-margin-bottom-alt: auto\">A&nbsp;hajvasaló lap fertőtlenítő hatású, ez lehetővé teszi, hogy az első kontaktustól a haj antibakteriális, és mélyrehatóan tiszta legyen. </P>
<P style=\"TEXT-ALIGN: justify; MARGIN: 0cm 0cm 10pt; LINE-HEIGHT: normal; mso-margin-top-alt: auto; mso-margin-bottom-alt: auto\">A hajvasalóval, hajsimítóval a teljes hajegyenesítésig, az extra síkos hajvasaló felület kialakítása miatt, 1-2 alkalommal kell végig simítani a hajat, a tökéletesen egyenes haj eléréséhez, ezért a hajat kevés igénybevétel éri, nem károsodik, és gyorsan végzünk a hajegyenesítéssel. </P>
<P style=\"TEXT-ALIGN: justify; MARGIN: 0cm 0cm 10pt; LINE-HEIGHT: normal; mso-margin-top-alt: auto; mso-margin-bottom-alt: auto\">Ionos ápolás az egészséges és fényes hajért.&nbsp; A hajvasaló lapok bevonatán keletkező negatív ionok,&nbsp; semlegesítik a haj pozitív feltöltődését, és lehetővé teszik, hogy a haj nedvességének egy részét a haj belsejébe juttassuk. A haj hidratált, fényes, egészséges marad a hajszárítás után!</P>
<P style=\"TEXT-ALIGN: justify; MARGIN: 0cm 0cm 10pt; LINE-HEIGHT: normal; mso-margin-top-alt: auto; mso-margin-bottom-alt: auto\">diamond&nbsp; -- <U>Hajvasaló tartozékok, műszaki adatok, és leírás.</U></P>
<UL type=disc>
<LI style=\"TEXT-ALIGN: justify; MARGIN: 0cm 0cm 10pt; LINE-HEIGHT: normal; mso-margin-top-alt: auto; mso-margin-bottom-alt: auto; mso-list: l0 level1 lfo1; tab-stops: list 36.0pt\">&nbsp;A hajvasalás rendkívüli használati gyorsasága a gyémántporos hajvasaló lapoknak köszönhető, melyek antibakteriális fertőtlenítő hatása hajvasaláskor elpusztítja a baktériumokat is. 
<LI style=\"TEXT-ALIGN: justify; MARGIN: 0cm 0cm 10pt; LINE-HEIGHT: normal; mso-margin-top-alt: auto; mso-margin-bottom-alt: auto; mso-list: l0 level1 lfo1; tab-stops: list 36.0pt\">A LIM hajvasaló rugalmasan összezáró hajsimító, oszcilláló&nbsp;vasaló lapokkal készül.. 
<LI style=\"TEXT-ALIGN: justify; MARGIN: 0cm 0cm 10pt; LINE-HEIGHT: normal; mso-margin-top-alt: auto; mso-margin-bottom-alt: auto; mso-list: l0 level1 lfo1; tab-stops: list 36.0pt\">Hajvasaláskor a pehelykönnyű és ergonomikus géptest kialakítás nem veszi igénybe a kéz izmait. 
<LI style=\"TEXT-ALIGN: justify; MARGIN: 0cm 0cm 10pt; LINE-HEIGHT: normal; mso-margin-top-alt: auto; mso-margin-bottom-alt: auto; mso-list: l0 level1 lfo1; tab-stops: list 36.0pt\">A fűtőlap extra gyors felmelegedési idővel rendelkezik,&nbsp; és felel a tökéletes hő elosztásért . A hajvasaló lap szélessége kb. 22mm, hosszúsága kb. 90mm, a hajvasaló gép teljes hossza kb. 270mm. 
<LI style=\"TEXT-ALIGN: justify; MARGIN: 0cm 0cm 10pt; LINE-HEIGHT: normal; mso-margin-top-alt: auto; mso-margin-bottom-alt: auto; mso-list: l0 level1 lfo1; tab-stops: list 36.0pt\">További paraméterek,&nbsp; -- digitális &nbsp;hőfok vezérlés, hőfok kijelzése, intelligens digitális hajvasalólap hőmérsékletszabályzás a jobb formázási eredményért , hajvasalás hőfoka: 130°C-tól 230°C ig, állítható hőfokú, &nbsp;3 m-es, forgó kuplungos kábellel rendelkezik, a hajvasaló teljesítmény felvétele 220-240V&nbsp; 50/60Hz&nbsp;&nbsp; 45Watt, automatikus kikapcsolás 40 perc után. 
<LI style=\"TEXT-ALIGN: justify; MARGIN: 0cm 0cm 10pt; LINE-HEIGHT: normal; mso-margin-top-alt: auto; mso-margin-bottom-alt: auto; mso-list: l0 level1 lfo1; tab-stops: list 36.0pt\">A hajvasalóval elérhető az ion-effekt hatás, mely simább hajstruktúrát, egészséges fényt és jobb formázhatóságot kölcsönöz a hajnak. </LI></UL></FONT>', `item_id`='2830-lim-pc50-diamond-fekete', `default_pic`='1504', `active`='1', `category_id`='92', `root_category_id`='0', `seo_name`='gyemantporos-hajvasalo-lim-hair-pc50-digitalis-diamond-black', `fullurl`='hajformazo-gepek/gyemantporos-hajvasalo-lim-hair-pc50-digitalis-diamond-black', `other_categories`='92,99,104,222' WHERE id=3220

[2020-11-05 23:38:01] UPDATE webshop_products SET sort=1 WHERE id=3326

[2020-11-05 23:38:13] UPDATE users SET lastlogin = NOW() WHERE id = '11'

[2020-11-05 23:38:15] UPDATE users SET lastlogin = NOW() WHERE id = '11'

[2020-11-05 23:38:15] UPDATE webshop_products SET `price1_name`='', `price1_currency`='', `price1_value`='0' WHERE id=2295

[2020-11-05 23:38:15] UPDATE webshop_products SET `price2_name`='Kereskedő -27,6%', `price2_currency`='HUF', `price2_value`='7130' WHERE id=2295

[2020-11-05 23:38:15] UPDATE webshop_products SET `price3_name`='Kereskedő -33,6%', `price3_currency`='HUF', `price3_value`='6539' WHERE id=2295

[2020-11-05 23:38:15] UPDATE webshop_products SET `price4_name`='Szakmai 1 ár -7%', `price4_currency`='HUF', `price4_value`='9158' WHERE id=2295

[2020-11-05 23:38:15] UPDATE webshop_products SET `price5_name`='Szakmai 2 ár -14%', `price5_currency`='HUF', `price5_value`='8468' WHERE id=2295

[2020-11-05 23:38:15] UPDATE webshop_products SET `price6_name`='Vásárló', `price6_currency`='HUF', `price6_value`='9848' WHERE id=2295

[2020-11-05 23:38:15] UPDATE webshop_products SET `price7_name`='W Lista ár', `price7_currency`='HUF', `price7_value`='9848' WHERE id=2295

[2020-11-05 23:38:15] UPDATE webshop_products SET `price`='9848', `reduced_price`=0 WHERE id=2295

[2020-11-05 23:38:19] UPDATE users SET lastlogin = NOW() WHERE id = '11'

[2020-11-05 23:38:21] UPDATE users SET lastlogin = NOW() WHERE id = '11'

[2020-11-05 23:50:51] UPDATE users SET lastlogin = NOW() WHERE id = '11'

[2020-11-05 23:50:53] UPDATE users SET lastlogin = NOW() WHERE id = '11'

[2020-11-05 23:50:55] UPDATE users SET lastlogin = NOW() WHERE id = '11'

[2020-11-05 23:50:55] UPDATE webshop_gallery SET original_name='Hajvasaló és hajgöndörítő Luxus kivitelben LIM-HAIR pc6.2-Mirror', date=1604616655 WHERE id=4995

[2020-11-05 23:50:55] UPDATE webshop_special_fields SET `value`='LIM HAIR hajformázók' WHERE `key`='manufacturer' AND `product_id`=3868

[2020-11-05 23:50:55] UPDATE webshop_special_fields SET `value`='db' WHERE `key`='quantityunit' AND `product_id`=3868

[2020-11-05 23:50:55] UPDATE webshop_special_fields SET `value`='1' WHERE `key`='kiszereles' AND `product_id`=3868

[2020-11-05 23:50:55] UPDATE webshop_products SET `name_hun`='Hajvasaló és hajgöndörítő Luxus kivitelben LIM-HAIR pc6.2 Mirror Titanium',`content_short`='
Luxus minőségű és kivitelezésű hajvasaló, hő védő utazó táskával, mágneses záródású...',`content`='<FONT face=Calibri>
<P style=\"TEXT-ALIGN: justify; MARGIN: 0cm 0cm 10pt; LINE-HEIGHT: normal; mso-margin-top-alt: auto; mso-margin-bottom-alt: auto\">Luxus minőségű és kivitelezésű hajvasaló, hő védő utazó táskával, mágneses záródású díszdobozban.&nbsp;A rendkívül elegáns&nbsp; megjelenésű professzionális hajvasalót a LIM HAIR professzionális hajformázó gép márkák gyártója készíti. A szetthez egy hő védelemmel ellátott, extrém kidolgozású&nbsp;hajvasaló tartó táska, és díszes tároló doboz&nbsp;is tartozik, amelybe még melegen is beletehetjük a hajvasalót.</P>
<P style=\"TEXT-ALIGN: justify; MARGIN: 0cm 0cm 10pt; LINE-HEIGHT: normal; mso-margin-top-alt: auto; mso-margin-bottom-alt: auto\">A LIM-HAIR-pc29 silk&nbsp;egy Professzionális, fodrászoknak készült hajvasaló. A&nbsp;Mirror Titanium kerámia lapon nagyon könnyen, siklik a haj! A Titaniumos technikának köszönhetően,&nbsp; a hajvasaló fertőtlenítő hatású kerámia bevonattal rendelkezik.&nbsp; Digitális vezérlésű, 6 fokozatban, 100°C-tól 230°C ig, állítható hőfokú, így a nagyon erős hajak hajvasalásához is alkalmas!</P>
<P style=\"TEXT-ALIGN: justify; MARGIN: 0cm 0cm 10pt; LINE-HEIGHT: normal; mso-margin-top-alt: auto; mso-margin-bottom-alt: auto\">A hajvasalóval, hajsimítóval a teljes hajegyenesítésig, az extra síkos hajvasaló felület kialakítása miatt, 1-2 alkalommal kell végig simítani a hajat, a tökéletesen egyenes haj eléréséhez, ezért a hajat kevés igénybevétel éri, nem károsodik, és gyorsan végzünk a hajegyenesítéssel. </P>
<P style=\"TEXT-ALIGN: justify; MARGIN: 0cm 0cm 10pt; LINE-HEIGHT: normal; mso-margin-top-alt: auto; mso-margin-bottom-alt: auto\">Ionos ápolás az egészséges és fényes hajért: A hajvasaló lapok bevonatán keletkező negatív ionok,&nbsp; semlegesítik a haj pozitív feltöltődését, és lehetővé teszik, hogy a haj nedvességének egy részét a haj belsejébe juttassuk. A haj hidratált, fényes, egészséges marad a hajszárítás után!</P>
<P style=\"TEXT-ALIGN: justify; MARGIN: 0cm 0cm 10pt; LINE-HEIGHT: normal; mso-margin-top-alt: auto; mso-margin-bottom-alt: auto\">Hajvasalásnál, hajgöndörítésnél, mindig használjunk hő védő folyadékot, krémet! </P>
<P style=\"TEXT-ALIGN: justify; MARGIN: 0cm 0cm 10pt; LINE-HEIGHT: normal; mso-margin-top-alt: auto; mso-margin-bottom-alt: auto\"><U>Hajvasaló LIM-HAIR-pc29 silk -- tartozékok, műszaki adatok,</U></P>
<UL type=disc>
<LI style=\"TEXT-ALIGN: justify; MARGIN: 0cm 0cm 10pt; LINE-HEIGHT: normal; mso-margin-top-alt: auto; mso-margin-bottom-alt: auto; mso-list: l0 level1 lfo1; tab-stops: list 36.0pt\">A hajvasalás rendkívüli használati gyorsasága a hajvasaló lapoknak köszönhető, melyek antibakteriális fertőtlenítő hatása hajvasaláskor elpusztítja a baktériumokat is. 
<LI style=\"TEXT-ALIGN: justify; MARGIN: 0cm 0cm 10pt; LINE-HEIGHT: normal; mso-margin-top-alt: auto; mso-margin-bottom-alt: auto; mso-list: l0 level1 lfo1; tab-stops: list 36.0pt\">A LIM hajvasaló rugalmasan összezáró hajsimító lapokkal készül, amelyek fixen is összezárhatók, ez a fixálható hajvasaló lap zár. 
<LI style=\"TEXT-ALIGN: justify; MARGIN: 0cm 0cm 10pt; LINE-HEIGHT: normal; mso-margin-top-alt: auto; mso-margin-bottom-alt: auto; mso-list: l0 level1 lfo1; tab-stops: list 36.0pt\">Hajvasaláskor a pehelykönnyű és ergonomikus géptest kialakítás nem veszi igénybe a kéz izmait. 
<LI style=\"TEXT-ALIGN: justify; MARGIN: 0cm 0cm 10pt; LINE-HEIGHT: normal; mso-margin-top-alt: auto; mso-margin-bottom-alt: auto; mso-list: l0 level1 lfo1; tab-stops: list 36.0pt\">A fűtőlap extra gyors felmelegedési idővel rendelkezik,&nbsp; és felel a tökéletes hő elosztásért . A hajvasaló lap szélessége kb. 22mm, hosszúsága kb. 90mm, a hajvasaló gép teljes hossza kb. 300mm. 
<LI style=\"TEXT-ALIGN: justify; MARGIN: 0cm 0cm 10pt; LINE-HEIGHT: normal; mso-margin-top-alt: auto; mso-margin-bottom-alt: auto; mso-list: l0 level1 lfo1; tab-stops: list 36.0pt\">További paraméterek,&nbsp; -- potméteres hőfok szabályozás, hőfok kijelzése leddel, intelligens digitális hőmérsékletszabályzás a jobb formázási eredményért , hajvasalás hőfoka: 100°C-tól 230°C ig, állítható hőfokú, &nbsp;3 m-es, forgó kuplungos kábellel rendelkezik, a hajvasaló teljesítmény felvétele 220-240V&nbsp; 50/60Hz&nbsp;&nbsp; 40Watt, automatikus kikapcsolás 40 perc után. 
<LI style=\"TEXT-ALIGN: justify; MARGIN: 0cm 0cm 10pt; LINE-HEIGHT: normal; mso-margin-top-alt: auto; mso-margin-bottom-alt: auto; mso-list: l0 level1 lfo1; tab-stops: list 36.0pt\">A hajvasalóval elérhető az ion-effekt hatás, mely simább hajstruktúrát, egészséges fényt és jobb formázhatóságot kölcsönöz a hajnak. </LI></UL></FONT>', `item_id`='2830-lim-pc62-silk', `default_pic`='4995', `active`='1', `category_id`='99', `root_category_id`='92', `seo_name`='hajvasalo-es-hajgondorito-luxus-kivitelben-lim-hair-pc62-mirror-titanium', `fullurl`='hajformazo-gepek/hajvasalo/hajvasalo-es-hajgondorito-luxus-kivitelben-lim-hair-pc62-mirror-titanium', `other_categories`='99' WHERE id=3868

[2020-11-05 23:50:55] UPDATE webshop_gallery SET original_name='Titanium hajvasaló digitális kijelzővel ES06174/54', date=1604616655 WHERE id=3226

[2020-11-05 23:50:55] UPDATE webshop_special_fields SET `value`='Euro fodrászkellék' WHERE `key`='manufacturer' AND `product_id`=3506

[2020-11-05 23:50:56] UPDATE webshop_special_fields SET `value`='db' WHERE `key`='quantityunit' AND `product_id`=3506

[2020-11-05 23:50:56] UPDATE webshop_special_fields SET `value`='1' WHERE `key`='kiszereles' AND `product_id`=3506

[2020-11-05 23:50:56] UPDATE webshop_products SET `name_hun`='Titanium hajvasaló digitális kijelzővel ES06174/54 Nano Silber Titanium',`content_short`='Hajvasaló, Nano Silber Titanium kerámia hajsimító lapokkal,&nbsp;digitális kijelzővel. Professzionális,...',`content`='<P style=\"TEXT-ALIGN: justify; MARGIN: 0cm 0cm 10pt; LINE-HEIGHT: normal; mso-margin-top-alt: auto; mso-margin-bottom-alt: auto\"><FONT face=Calibri>Hajvasaló, Nano Silber Titanium kerámia hajsimító lapokkal,&nbsp;digitális kijelzővel. Professzionális, fodrászoknak készült hajvasaló. A Tourmalin Ion kerámia&nbsp;kerámia lapon nagyon könnyen, siklik a haj! 80°C-tól 230°C ig, 10°C fokonként állítható hőfokú, így a nagyon erős hajak hajvasalásához is alkalmas!</FONT></P>
<P style=\"TEXT-ALIGN: justify; MARGIN: 0cm 0cm 10pt; LINE-HEIGHT: normal; mso-margin-top-alt: auto; mso-margin-bottom-alt: auto\"><FONT face=Calibri>Professzionális, fodrászoknak készült hajvasaló. A Nano Silber Titanium kerámia lapon nagyon könnyen, siklik a haj! A Nano Silber Titanium technikának köszönhetően,&nbsp; a hajvasaló fertőtlenítő hatású kerámia bevonattal rendelkezik.&nbsp; A Nano - Ezüst technológia célirányosan viszi fel az ezüstrészecskéket a kerámialapra, ez lehetővé teszi, hogy az első kontaktustól a haj antibakteriális, és mélyrehatóan tiszta legyen. A finom ezüst csökkenti súrlódást és garantálja a tökéletes hajformázást.</FONT></P>
<P style=\"TEXT-ALIGN: justify; MARGIN: 0cm 0cm 10pt; LINE-HEIGHT: normal; mso-margin-top-alt: auto; mso-margin-bottom-alt: auto\"><FONT face=Calibri>A hajvasalóval, hajsimítóval a teljes hajegyenesítésig, az extra síkos hajvasaló felület kialakítása miatt, 1-2 alkalommal kell végig simítani a hajat, a tökéletesen egyenes haj eléréséhez, ezért a hajat kevés igénybevétel éri, nem károsodik, és gyorsan végzünk a hajegyenesítéssel. </FONT></P>
<P style=\"TEXT-ALIGN: justify; MARGIN: 0cm 0cm 10pt; LINE-HEIGHT: normal; mso-margin-top-alt: auto; mso-margin-bottom-alt: auto\"><FONT face=Calibri>Ionos ápolás az egészséges és fényes hajért: A hajvasaló lapok bevonatán keletkező negatív ionok,&nbsp; semlegesítik a haj pozitív feltöltődését, és lehetővé teszik, hogy a haj nedvességének egy részét a haj belsejébe juttassuk. A haj hidratált, fényes, egészséges marad a hajszárítás után!</FONT></P>
<P style=\"TEXT-ALIGN: justify; MARGIN: 0cm 0cm 10pt; LINE-HEIGHT: normal; mso-margin-top-alt: auto; mso-margin-bottom-alt: auto\"><FONT face=Calibri>Hajvasalásnál, hajgöndörítésnél, mindig használjunk hő védő folyadékot, krémet! </FONT></P>
<P style=\"TEXT-ALIGN: justify; MARGIN: 0cm 0cm 10pt; LINE-HEIGHT: normal; mso-margin-top-alt: auto; mso-margin-bottom-alt: auto\"><FONT face=Calibri><U>Hajvasaló tartozékok, műszaki adatok,</U></FONT></P>
<UL type=disc>
<LI style=\"TEXT-ALIGN: justify; MARGIN: 0cm 0cm 10pt; LINE-HEIGHT: normal; mso-margin-top-alt: auto; mso-margin-bottom-alt: auto; mso-list: l0 level1 lfo1; tab-stops: list 36.0pt\"><FONT face=Calibri>A hajvasalás rendkívüli használati gyorsasága a hajvasaló lapoknak köszönhetően. </FONT>
<LI style=\"TEXT-ALIGN: justify; MARGIN: 0cm 0cm 10pt; LINE-HEIGHT: normal; mso-margin-top-alt: auto; mso-margin-bottom-alt: auto; mso-list: l0 level1 lfo1; tab-stops: list 36.0pt\"><FONT face=Calibri>Hajvasaláskor a pehelykönnyű és ergonomikus géptest kialakítás nem veszi igénybe a kéz izmait. </FONT>
<LI style=\"TEXT-ALIGN: justify; MARGIN: 0cm 0cm 10pt; LINE-HEIGHT: normal; mso-margin-top-alt: auto; mso-margin-bottom-alt: auto; mso-list: l0 level1 lfo1; tab-stops: list 36.0pt\"><FONT face=Calibri>A fűtőlap extra gyors felmelegedési idővel rendelkezik,&nbsp; és felel a tökéletes hő elosztásért . A hajvasaló lap szélessége kb. 24mm, hosszúsága kb. 90mm, a hajvasaló gép teljes hossza kb. 300mm. </FONT>
<LI style=\"TEXT-ALIGN: justify; MARGIN: 0cm 0cm 10pt; LINE-HEIGHT: normal; mso-margin-top-alt: auto; mso-margin-bottom-alt: auto; mso-list: l0 level1 lfo1; tab-stops: list 36.0pt\"><FONT face=Calibri>További paraméterek: &nbsp;digitális hőfok vezérlés,&nbsp;és kijelzés.&nbsp;Intelligens digitális hőmérsékletszabályzás a jobb formázási eredményért, hajvasalás hőfoka: 80°C-tól 230°C ig, állítható hőfokú, &nbsp;3 m-es, forgó kuplungos kábellel rendelkezik, a hajvasaló teljesítmény felvétele 110-240V&nbsp; 50/60Hz&nbsp;&nbsp; 38Watt, automatikus kikapcsolás 40 perc után. </FONT>
<LI style=\"TEXT-ALIGN: justify; MARGIN: 0cm 0cm 10pt; LINE-HEIGHT: normal; mso-margin-top-alt: auto; mso-margin-bottom-alt: auto; mso-list: l0 level1 lfo1; tab-stops: list 36.0pt\"><FONT face=Calibri>A hajvasalóval elérhető az ion-effekt hatás, mely simább hajstruktúrát, egészséges fényt és jobb formázhatóságot kölcsönöz a hajnak.</FONT></LI></UL>', `item_id`='3130-eh-06174/54-silver', `default_pic`='3226', `active`='1', `category_id`='92', `root_category_id`='0', `seo_name`='titanium-hajvasalo-digitalis-kijelzovel-es06174-54-nano-silber-titanium', `fullurl`='hajformazo-gepek/titanium-hajvasalo-digitalis-kijelzovel-es06174-54-nano-silber-titanium', `other_categories`='92,99,104,222' WHERE id=3506

[2020-11-05 23:50:56] UPDATE webshop_gallery SET original_name='Hajvasaló Exclusive hővédő táskával LIM-HAIR Luxus', date=1604616656 WHERE id=733

[2020-11-05 23:50:56] UPDATE webshop_special_fields SET `value`='LIM HAIR hajformázók' WHERE `key`='manufacturer' AND `product_id`=2729

[2020-11-05 23:50:56] UPDATE webshop_special_fields SET `value`='db' WHERE `key`='quantityunit' AND `product_id`=2729

[2020-11-05 23:50:56] UPDATE webshop_special_fields SET `value`='1' WHERE `key`='kiszereles' AND `product_id`=2729

[2020-11-05 23:50:56] UPDATE webshop_products SET `name_hun`='Hajvasaló Exclusive hővédő táskával LIM-HAIR-pc8.0 Luxus Nano Silber Titanium',`content_short`='
Hajvasaló fekete színben, Exclusive kidolgozású, fekete hő védő utazó táskával, 120mm hosszú hajvasaló...',`content`='<FONT face=Calibri>
<P style=\"TEXT-ALIGN: justify; MARGIN: 0cm 0cm 10pt; LINE-HEIGHT: normal; mso-margin-top-alt: auto; mso-margin-bottom-alt: auto\">Hajvasaló fekete színben, Exclusive kidolgozású, fekete hő védő utazó táskával, 120mm hosszú hajvasaló lapokkal. &nbsp;A különleges, extrém kidolgozású, és megjelenésű professzionális hajvasalót a LIM HAIR professzionális hajformázó gép márkák gyártója készíti. A szetthez egy hő védelemmel ellátott hajvasaló tartó táska is tartozik, amelybe akár forrón is beletehetjük a hajvasalót.</P>
<P style=\"TEXT-ALIGN: justify; MARGIN: 0cm 0cm 10pt; LINE-HEIGHT: normal; mso-margin-top-alt: auto; mso-margin-bottom-alt: auto\">A LIM-HAIR-pc8.0 egy Professzionális, fodrászoknak készült hajvasaló. A <STRONG>Nano Silber Titanium</STRONG> kerámia lapon nagyon könnyen, siklik a haj! A Nano Silber Titanium technikának köszönhetően,&nbsp; a hajvasaló fertőtlenítő hatású kerámia bevonattal rendelkezik.&nbsp; A Nano - Ezüst technológia célirányosan viszi fel az ezüstrészecskéket a kerámialapra, ez lehetővé teszi, hogy az első kontaktustól a haj antibakteriális, és mélyrehatóan tiszta legyen. A finom ezüst csökkenti súrlódást és garantálja a tökéletes hajformázást.</P>
<P style=\"TEXT-ALIGN: justify; MARGIN: 0cm 0cm 10pt; LINE-HEIGHT: normal; mso-margin-top-alt: auto; mso-margin-bottom-alt: auto\">80°C-tól 230°C ig, állítható hőfokú, így a nagyon erős hajak hajvasalásához is alkalmas!</P>
<P style=\"TEXT-ALIGN: justify; MARGIN: 0cm 0cm 10pt; LINE-HEIGHT: normal; mso-margin-top-alt: auto; mso-margin-bottom-alt: auto\">A hajvasalóval, hajsimítóval a teljes hajegyenesítésig, az extra síkos hajvasaló felület kialakítása miatt, 1-2 alkalommal kell végig simítani a hajat, a tökéletesen egyenes haj eléréséhez, ezért a hajat kevés igénybevétel éri, nem károsodik, és gyorsan végzünk a hajegyenesítéssel. </P>
<P style=\"TEXT-ALIGN: justify; MARGIN: 0cm 0cm 10pt; LINE-HEIGHT: normal; mso-margin-top-alt: auto; mso-margin-bottom-alt: auto\">Ionos ápolás az egészséges és fényes hajért: A hajvasaló lapok bevonatán keletkező negatív ionok,&nbsp; semlegesítik a haj pozitív feltöltődését, és lehetővé teszik, hogy a haj nedvességének egy részét a haj belsejébe juttassuk. A haj hidratált, fényes, egészséges marad a hajszárítás után!</P>
<P style=\"TEXT-ALIGN: justify; MARGIN: 0cm 0cm 10pt; LINE-HEIGHT: normal; mso-margin-top-alt: auto; mso-margin-bottom-alt: auto\">Hajvasalásnál, hajgöndörítésnél, mindig használjunk hő védő folyadékot, krémet! </P>
<P style=\"TEXT-ALIGN: justify; MARGIN: 0cm 0cm 10pt; LINE-HEIGHT: normal; mso-margin-top-alt: auto; mso-margin-bottom-alt: auto\"><U>pink - Hajvasaló LIM-HAIR-8.0 -- tartozékok, műszaki adatok,</U></P>
<P style=\"TEXT-ALIGN: justify; MARGIN: 0cm 0cm 10pt; LINE-HEIGHT: normal; mso-margin-top-alt: auto; mso-margin-bottom-alt: auto\">A pink szetthez egy hő védelemmel ellátott, pink&nbsp;hajvasaló tartó táska is tartozik, amelybe akár forrón is beletehetjük a hajvasalót.</P>
<UL type=disc>
<LI style=\"TEXT-ALIGN: justify; MARGIN: 0cm 0cm 10pt; LINE-HEIGHT: normal; mso-margin-top-alt: auto; mso-margin-bottom-alt: auto; mso-list: l0 level1 lfo1; tab-stops: list 36.0pt\">A hajvasalás rendkívüli használati gyorsasága a hajvasaló lapoknak köszönhető, melyek antibakteriális fertőtlenítő hatása hajvasaláskor elpusztítja a baktériumokat is. 
<LI style=\"TEXT-ALIGN: justify; MARGIN: 0cm 0cm 10pt; LINE-HEIGHT: normal; mso-margin-top-alt: auto; mso-margin-bottom-alt: auto; mso-list: l0 level1 lfo1; tab-stops: list 36.0pt\">A LIM hajvasaló rugalmasan összezáró hajsimító lapokkal készül, amelyek fixen is összezárhatók, ez a fixálható hajvasaló lap zár. 
<LI style=\"TEXT-ALIGN: justify; MARGIN: 0cm 0cm 10pt; LINE-HEIGHT: normal; mso-margin-top-alt: auto; mso-margin-bottom-alt: auto; mso-list: l0 level1 lfo1; tab-stops: list 36.0pt\">Hajvasaláskor a pehelykönnyű és ergonomikus géptest kialakítás nem veszi igénybe a kéz izmait. 
<LI style=\"TEXT-ALIGN: justify; MARGIN: 0cm 0cm 10pt; LINE-HEIGHT: normal; mso-margin-top-alt: auto; mso-margin-bottom-alt: auto; mso-list: l0 level1 lfo1; tab-stops: list 36.0pt\">A fűtőlap extra gyors felmelegedési idővel rendelkezik,&nbsp; és felel a tökéletes hő elosztásért . A hajvasaló lap szélessége kb. 22mm, hosszúsága kb. 120mm, a hajvasaló gép teljes hossza kb. 300mm. 
<LI style=\"TEXT-ALIGN: justify; MARGIN: 0cm 0cm 10pt; LINE-HEIGHT: normal; mso-margin-top-alt: auto; mso-margin-bottom-alt: auto; mso-list: l0 level1 lfo1; tab-stops: list 36.0pt\">További paraméterek,&nbsp; -- potméteres hőfok szabályozás, hőfok kijelzése leddel, intelligens digitális hőmérsékletszabályzás a jobb formázási eredményért , hajvasalás hőfoka: 80°C-tól 230°C ig, állítható hőfokú, &nbsp;3 m-es, forgó kuplungos kábellel rendelkezik, a hajvasaló teljesítmény felvétele 220-240V&nbsp; 50/60Hz&nbsp;&nbsp; 40Watt, automatikus kikapcsolás 40 perc után. 
<LI style=\"TEXT-ALIGN: justify; MARGIN: 0cm 0cm 10pt; LINE-HEIGHT: normal; mso-margin-top-alt: auto; mso-margin-bottom-alt: auto; mso-list: l0 level1 lfo1; tab-stops: list 36.0pt\">A hajvasalóval elérhető az ion-effekt hatás, mely simább hajstruktúrát, egészséges fényt és jobb formázhatóságot kölcsönöz a hajnak. </LI></UL></FONT>', `item_id`='2830-lim-pc8.0-szett', `default_pic`='733', `active`='1', `category_id`='99', `root_category_id`='92', `seo_name`='hajvasalo-exclusive-hovedo-taskaval-lim-hair-pc80-luxus-nano-silber-titanium', `fullurl`='hajformazo-gepek/hajvasalo/hajvasalo-exclusive-hovedo-taskaval-lim-hair-pc80-luxus-nano-silber-titanium', `other_categories`='99,222' WHERE id=2729

[2020-11-05 23:50:56] UPDATE webshop_gallery SET original_name='Hajvasaló hővédő tasakkal LIM-HAIR-pc4.0 Tiatanium fekete', date=1604616656 WHERE id=161

[2020-11-05 23:50:56] UPDATE webshop_special_fields SET `value`='LIM HAIR hajformázók' WHERE `key`='manufacturer' AND `product_id`=2156

[2020-11-05 23:50:56] UPDATE webshop_special_fields SET `value`='db' WHERE `key`='quantityunit' AND `product_id`=2156

[2020-11-05 23:50:56] UPDATE webshop_special_fields SET `value`='1' WHERE `key`='kiszereles' AND `product_id`=2156

[2020-11-05 23:50:56] UPDATE webshop_products SET `name_hun`='Hajvasaló hővédő tasakkal LIM-HAIR-pc4.0 Tiatanium fekete',`content_short`='
Hajvasaló szett, hő védő utazó tasakkal. A szetthez egy hővédelemmel ellátott hajvasalót tartó tásak is...',`content`='<FONT face=Calibri>
<P style=\"TEXT-ALIGN: justify; MARGIN: 0cm 0cm 10pt; LINE-HEIGHT: normal; mso-margin-top-alt: auto; mso-margin-bottom-alt: auto\">Hajvasaló szett, hő védő utazó tasakkal. A szetthez egy hővédelemmel ellátott hajvasalót tartó tásak is tartozik, amelybe akár forrón is beletehetjük a hajvasalót.</P>
<P style=\"TEXT-ALIGN: justify; MARGIN: 0cm 0cm 10pt; LINE-HEIGHT: normal; mso-margin-top-alt: auto; mso-margin-bottom-alt: auto\">Professzionális, fodrászoknak készült hajvasaló. A Titanium kerámia lapon nagyon könnyen, siklik a haj! 130°C-tól 230°C ig, 5 fokozatban állítható hőfokú, így a nagyon erős hajak hajvasalásához is alkalmas!</P>
<P style=\"TEXT-ALIGN: justify; MARGIN: 0cm 0cm 10pt; LINE-HEIGHT: normal; mso-margin-top-alt: auto; mso-margin-bottom-alt: auto\">A hajvasalóval, hajsimítóval a teljes hajegyenesítésig, az extra síkos hajvasaló felület kialakítása miatt, 1-2 alkalommal kell végig simítani a hajat, a tökéletesen egyenes haj eléréséhez, ezért a hajat kevés igénybevétel éri, nem károsodik, és gyorsan végzünk a hajegyenesítéssel. </P>
<P style=\"TEXT-ALIGN: justify; MARGIN: 0cm 0cm 10pt; LINE-HEIGHT: normal; mso-margin-top-alt: auto; mso-margin-bottom-alt: auto\">Ionos ápolás az egészséges és fényes hajért: A hajvasaló lapok bevonatán keletkező negatív ionok,&nbsp; semlegesítik a haj pozitív feltöltődését, és lehetővé teszik, hogy a haj nedvességének egy részét a haj belsejébe juttassuk. A haj hidratált, fényes, egészséges marad a hajszárítás után!</P>
<P style=\"TEXT-ALIGN: justify; MARGIN: 0cm 0cm 10pt; LINE-HEIGHT: normal; mso-margin-top-alt: auto; mso-margin-bottom-alt: auto\">Hajvasalásnál, hajgöndörítésnél, mindig használjunk hő védő folyadékot, krémet! </P>
<P style=\"TEXT-ALIGN: justify; MARGIN: 0cm 0cm 10pt; LINE-HEIGHT: normal; mso-margin-top-alt: auto; mso-margin-bottom-alt: auto\"><U>Hajvasaló tartozékok, műszaki adatok,</U></P>
<UL type=disc>
<LI style=\"TEXT-ALIGN: justify; MARGIN: 0cm 0cm 10pt; LINE-HEIGHT: normal; mso-margin-top-alt: auto; mso-margin-bottom-alt: auto; mso-list: l0 level1 lfo1; tab-stops: list 36.0pt\">A hajvasalás rendkívüli használati gyorsasága a hajvasaló lapoknak köszönhető, melyek antibakteriális fertőtlenítő hatása hajvasaláskor elpusztítja a baktériumokat is. 
<LI style=\"TEXT-ALIGN: justify; MARGIN: 0cm 0cm 10pt; LINE-HEIGHT: normal; mso-margin-top-alt: auto; mso-margin-bottom-alt: auto; mso-list: l0 level1 lfo1; tab-stops: list 36.0pt\">A LIM hajvasaló rugalmasan összezáró hajsimító lapokkal készül, amelyek fixen is összezárhatók, ez a fixálható hajvasaló lap zár. 
<LI style=\"TEXT-ALIGN: justify; MARGIN: 0cm 0cm 10pt; LINE-HEIGHT: normal; mso-margin-top-alt: auto; mso-margin-bottom-alt: auto; mso-list: l0 level1 lfo1; tab-stops: list 36.0pt\">Hajvasaláskor a pehelykönnyű és ergonomikus géptest kialakítás nem veszi igénybe a kéz izmait. 
<LI style=\"TEXT-ALIGN: justify; MARGIN: 0cm 0cm 10pt; LINE-HEIGHT: normal; mso-margin-top-alt: auto; mso-margin-bottom-alt: auto; mso-list: l0 level1 lfo1; tab-stops: list 36.0pt\">A fűtőlap extra gyors felmelegedési idővel rendelkezik,&nbsp; és felel a tökéletes hő elosztásért . A hajvasaló lap szélessége kb. 22mm, hosszúsága kb. 90mm, a hajvasaló gép teljes hossza kb. 300mm. 
<LI style=\"TEXT-ALIGN: justify; MARGIN: 0cm 0cm 10pt; LINE-HEIGHT: normal; mso-margin-top-alt: auto; mso-margin-bottom-alt: auto; mso-list: l0 level1 lfo1; tab-stops: list 36.0pt\">További paraméterek,&nbsp; -- potméteres hőfok vezérlés, hőfok kijelzése leddel, intelligens digitális hőmérsékletszabályzás a jobb formázási eredményért , hajvasalás hőfoka: 130°C-tól 230°C ig, állítható hőfokú, &nbsp;3 m-es, forgó kuplungos kábellel rendelkezik, a hajvasaló teljesítmény felvétele 220-240V&nbsp; 50/60Hz&nbsp;&nbsp; 40Watt, automatikus kikapcsolás 40 perc után. 
<LI style=\"TEXT-ALIGN: justify; MARGIN: 0cm 0cm 10pt; LINE-HEIGHT: normal; mso-margin-top-alt: auto; mso-margin-bottom-alt: auto; mso-list: l0 level1 lfo1; tab-stops: list 36.0pt\">A hajvasalóval elérhető az ion-effekt hatás, mely simább hajstruktúrát, egészséges fényt és jobb formázhatóságot kölcsönöz a hajnak. </LI></UL></FONT>', `item_id`='2830-lim-pc4.0-titanium-NEIDE', `default_pic`='161', `active`='1', `category_id`='99', `root_category_id`='92', `seo_name`='hajvasalo-hovedo-tasakkal-lim-hair-pc40-tiatanium-fekete', `fullurl`='hajformazo-gepek/hajvasalo/hajvasalo-hovedo-tasakkal-lim-hair-pc40-tiatanium-fekete', `other_categories`='99,222' WHERE id=2156

[2020-11-05 23:50:56] UPDATE webshop_gallery SET original_name='Fodrász hajvasaló szett LIM-PC4.0 Titanium', date=1604616656 WHERE id=1505

[2020-11-05 23:50:56] UPDATE webshop_special_fields SET `value`='LIM HAIR hajformázók' WHERE `key`='manufacturer' AND `product_id`=3221

[2020-11-05 23:50:56] UPDATE webshop_special_fields SET `value`='db' WHERE `key`='quantityunit' AND `product_id`=3221

[2020-11-05 23:50:56] UPDATE webshop_special_fields SET `value`='1' WHERE `key`='kiszereles' AND `product_id`=3221

[2020-11-05 23:50:56] UPDATE webshop_products SET `name_hun`='Fodrász hajvasaló szett LIM-PC4.0 Titanium',`content_short`='Hajvasaló szett, hő védő utazó táskával.&nbsp;A különleges, extrém kidolgozású, és megjelenésű...',`content`='<P style=\"TEXT-ALIGN: justify; MARGIN: 0cm 0cm 10pt; LINE-HEIGHT: normal; mso-margin-top-alt: auto; mso-margin-bottom-alt: auto\"><FONT face=Calibri>Hajvasaló szett, hő védő utazó táskával.&nbsp;A különleges, extrém kidolgozású, és megjelenésű professzionális hajvasalót a LIM HAIR professzionális hajformázó gép márkák gyártója készíti. A szetthez egy hő védelemmel ellátott hajvasaló tartó táska is tartozik, amelybe akár forrón is beletehetjük a hajvasalót.</FONT></P>
<P style=\"TEXT-ALIGN: justify; MARGIN: 0cm 0cm 10pt; LINE-HEIGHT: normal; mso-margin-top-alt: auto; mso-margin-bottom-alt: auto\"><FONT face=Calibri>Professzionális, fodrászoknak készült hajvasaló ára tartalmazza a hővédő táskát és a szállítási költséget is.</FONT></P>
<P style=\"TEXT-ALIGN: justify; MARGIN: 0cm 0cm 10pt; LINE-HEIGHT: normal; mso-margin-top-alt: auto; mso-margin-bottom-alt: auto\"><FONT face=Calibri>A Titanium kerámia lapon nagyon könnyen, siklik a haj!&nbsp; </FONT><FONT face=Calibri>80°C-tól 230°C ig, állítható hőfokú, így minden típusú, még a nagyon erős hajak hajvasalásához is a legjobb hajvasaló hőmérsékletet biztosítja!</FONT></P>
<P style=\"TEXT-ALIGN: justify; MARGIN: 0cm 0cm 10pt; LINE-HEIGHT: normal; mso-margin-top-alt: auto; mso-margin-bottom-alt: auto\"><FONT face=Calibri>A professzionális hajvasalóval, hajsimítóval a teljes hajegyenesítésig, az extra síkos hajvasaló felület kialakítása miatt, 1-2 alkalommal kell végig simítani a hajat, a tökéletesen egyenes haj eléréséhez, ezért a hajat kevés igénybevétel éri, nem károsodik, és gyorsan végzünk a hajegyenesítéssel. </FONT></P>
<P style=\"TEXT-ALIGN: justify; MARGIN: 0cm 0cm 10pt; LINE-HEIGHT: normal; mso-margin-top-alt: auto; mso-margin-bottom-alt: auto\"><FONT face=Calibri>Ionos ápolás az egészséges és fényes hajért: A hajvasaló lapok bevonatán keletkező negatív ionok,&nbsp; semlegesítik a haj pozitív feltöltődését, és lehetővé teszik, hogy a haj nedvességének egy részét a haj belsejébe juttassuk. A haj hidratált, fényes, egészséges marad a hajszárítás után!</FONT></P>
<P style=\"TEXT-ALIGN: justify; MARGIN: 0cm 0cm 10pt; LINE-HEIGHT: normal; mso-margin-top-alt: auto; mso-margin-bottom-alt: auto\"><FONT face=Calibri>Hajvasalásnál, hajgöndörítésnél, mindig használjunk hő védő folyadékot, krémet! </FONT></P>
<P style=\"TEXT-ALIGN: justify; MARGIN: 0cm 0cm 10pt; LINE-HEIGHT: normal; mso-margin-top-alt: auto; mso-margin-bottom-alt: auto\"><FONT face=Calibri><U>Hajvasaló LIM-HAIR-pc28-b -- tartozékok, műszaki adatok,</U></FONT></P>
<UL type=disc>
<LI style=\"TEXT-ALIGN: justify; MARGIN: 0cm 0cm 10pt; LINE-HEIGHT: normal; mso-margin-top-alt: auto; mso-margin-bottom-alt: auto; mso-list: l0 level1 lfo1; tab-stops: list 36.0pt\"><FONT face=Calibri>A hajvasalás rendkívüli használati gyorsasága a hajvasaló lapoknak köszönhető, melyek antibakteriális fertőtlenítő hatása hajvasaláskor elpusztítja a baktériumokat is. </FONT>
<LI style=\"TEXT-ALIGN: justify; MARGIN: 0cm 0cm 10pt; LINE-HEIGHT: normal; mso-margin-top-alt: auto; mso-margin-bottom-alt: auto; mso-list: l0 level1 lfo1; tab-stops: list 36.0pt\"><FONT face=Calibri>A LIM hajvasaló rugalmasan összezáró hajsimító lapokkal készül, amelyek fixen is összezárhatók, ez a fixálható hajvasaló lap zár. </FONT>
<LI style=\"TEXT-ALIGN: justify; MARGIN: 0cm 0cm 10pt; LINE-HEIGHT: normal; mso-margin-top-alt: auto; mso-margin-bottom-alt: auto; mso-list: l0 level1 lfo1; tab-stops: list 36.0pt\"><FONT face=Calibri>Hajvasaláskor a pehelykönnyű és ergonomikus géptest kialakítás nem veszi igénybe a kéz izmait. </FONT>
<LI style=\"TEXT-ALIGN: justify; MARGIN: 0cm 0cm 10pt; LINE-HEIGHT: normal; mso-margin-top-alt: auto; mso-margin-bottom-alt: auto; mso-list: l0 level1 lfo1; tab-stops: list 36.0pt\"><FONT face=Calibri>A fűtőlap extra gyors felmelegedési idővel rendelkezik,&nbsp; és felel a tökéletes hő elosztásért . A hajvasaló lap szélessége kb. 22mm, hosszúsága kb. 90mm, a hajvasaló gép teljes hossza kb. 300mm. </FONT>
<LI style=\"TEXT-ALIGN: justify; MARGIN: 0cm 0cm 10pt; LINE-HEIGHT: normal; mso-margin-top-alt: auto; mso-margin-bottom-alt: auto; mso-list: l0 level1 lfo1; tab-stops: list 36.0pt\"><FONT face=Calibri>További paraméterek,&nbsp; -- potméteres hőfok szabályozás, hőfok kijelzése leddel, intelligens digitális fűtőlap hőmérsékletszabályzás a jobb formázási eredményért , hajvasalás hőfoka: 80°C-tól 230°C ig, állítható hőfokú, &nbsp;3 m-es, forgó kuplungos kábellel rendelkezik, a hajvasaló teljesítmény felvétele 220-240V&nbsp; 50/60Hz&nbsp;&nbsp; 40Watt, automatikus kikapcsolás 40 perc után. </FONT>
<LI style=\"TEXT-ALIGN: justify; MARGIN: 0cm 0cm 10pt; LINE-HEIGHT: normal; mso-margin-top-alt: auto; mso-margin-bottom-alt: auto; mso-list: l0 level1 lfo1; tab-stops: list 36.0pt\"><FONT face=Calibri>A hajvasalóval elérhető az ion-effekt hatás, mely simább hajstruktúrát, egészséges fényt és jobb formázhatóságot kölcsönöz a hajnak.</FONT> </LI></UL>', `item_id`='2830-lim-pc4.0-titanium', `default_pic`='1505', `active`='1', `category_id`='94', `root_category_id`='92', `seo_name`='fodrasz-hajvasalo-szett-lim-pc40-titanium', `fullurl`='hajformazo-gepek/hajsutovas/fodrasz-hajvasalo-szett-lim-pc40-titanium', `other_categories`='94,222' WHERE id=3221

[2020-11-05 23:50:56] UPDATE webshop_products SET sort=1 WHERE id=3326

[2020-11-05 23:51:02] UPDATE users SET lastlogin = NOW() WHERE id = '11'

[2020-11-05 23:51:04] UPDATE users SET lastlogin = NOW() WHERE id = '11'

[2020-11-05 23:51:06] UPDATE users SET lastlogin = NOW() WHERE id = '11'

