[2019-10-22 14:17:59] UPDATE users SET lastlogin = NOW() WHERE id = '11'

[2019-10-22 14:18:01] UPDATE users SET lastlogin = NOW() WHERE id = '11'

[2019-10-22 14:18:03] UPDATE users SET lastlogin = NOW() WHERE id = '11'

[2019-10-22 14:18:03] INSERT INTO webshop_gallery (`id`, `product_id`, `original_name`, `new_name`, `date`) VALUES (12905, 4568, 'Masszázskrém 1000ml SPA1489', '12905.jpg', 1571746683)

[2019-10-22 14:18:03] INSERT INTO webshop_products (`id`, `name_hun`, `name_eng`, `item_id`, `price`, `reduced_price`, `status`, `currency`, `content_short`, `content`, `details`, `date`, `default_pic`, `active`, `main`, `sort`, `category_id`, `root_category_id`, `seo_name`, `fullurl`, `websyx_id`, `quantity`, `other_categories`) VALUES ('4568', 'Masszázskrém 1000ml SPA1489', 'Masszázskrém 1000ml SPA1489', '0760-kallos-spa1489', 0, 0, 1, 'Ft', 'Masszázskrém. Speciális hatóanyagai, mint a Kókuszolaj, Avokádó olaj, Olívaolaj, Hialuronsav és Kollagén...', '<P>Masszázskrém. Speciális hatóanyagai, mint a Kókuszolaj, Avokádó olaj, Olívaolaj, Hialuronsav és Kollagén egyedülálló módon hidratálják és ápolják az igénybevett, száraz, repedezett bőrt. Használatával a bőr puha tapintású, selymes és egészséges lesz. Kifejezetten ajánlott professzionális kéz- és lábápolásra.&nbsp;</P>', '', 1571746683, '12905', '1', 0, 1, 211, '191', 'masszazskrem-1000ml-spa1489', 'arcapolas-testapolas/masszazs-pedikur/masszazskrem-1000ml-spa1489', '189', 1, '211,213')

[2019-10-22 14:18:04] INSERT INTO webshop_special_fields (`key`, `value`, `product_id`) VALUES ('manufacturer', 'Egyéb kozmetika', 4568)

[2019-10-22 14:18:04] INSERT INTO webshop_special_fields (`key`, `value`, `product_id`) VALUES ('quantityunit', 'ml', 4568)

[2019-10-22 14:18:04] INSERT INTO webshop_special_fields (`key`, `value`, `product_id`) VALUES ('kiszereles', '1000', 4568)

[2019-10-22 14:18:04] INSERT INTO webshop_gallery (`id`, `product_id`, `original_name`, `new_name`, `date`) VALUES (12906, 4569, 'Körömvágó olló nagyon erős NI1221 matt', '12906.jpg', 1571746684)

[2019-10-22 14:18:04] INSERT INTO webshop_products (`id`, `name_hun`, `name_eng`, `item_id`, `price`, `reduced_price`, `status`, `currency`, `content_short`, `content`, `details`, `date`, `default_pic`, `active`, `main`, `sort`, `category_id`, `root_category_id`, `seo_name`, `fullurl`, `websyx_id`, `quantity`, `other_categories`) VALUES ('4569', 'Körömvágó olló nagyon erős NI1221 matt', 'Körömvágó olló nagyon erős NI1221 matt', '0771-niko-ni1221-matt', 0, 0, 1, 'Ft', 'Körömvágó olló, nagyon erős kiképzéssel, Rostfrei Solingen acélból.&nbsp;A körömvágó &nbsp;ollóval a...', '<P><FONT face=Calibri>Körömvágó olló, nagyon erős kiképzéssel, Rostfrei Solingen acélból.&nbsp;A körömvágó &nbsp;ollóval a minden típusú körmöt vághatunk, könnyen tisztítható, jól ellen áll a felületfertőtlenítő anyagoknak. A körömvágó olló a legjobb használat érdekében ergonómikus kialakítású.</FONT></P>
<P>Körömvágó olló penge kialakítása: egyenes</P>
<P>A&nbsp;&nbsp;körömvágó penge legnagyobb szélesége kb.10mm.</P>', '', 1571746684, '12906', '1', 0, 1, 104, '0', 'koromvago-ollo-nagyon-eros-ni1221-matt', 'fodraszkellek/koromvago-ollo-nagyon-eros-ni1221-matt', '1264', 1, '104,199,200,375')

[2019-10-22 14:18:04] INSERT INTO webshop_special_fields (`key`, `value`, `product_id`) VALUES ('manufacturer', 'Egyéb fodrászkellék', 4569)

[2019-10-22 14:18:04] INSERT INTO webshop_special_fields (`key`, `value`, `product_id`) VALUES ('quantityunit', 'db', 4569)

[2019-10-22 14:18:04] INSERT INTO webshop_special_fields (`key`, `value`, `product_id`) VALUES ('kiszereles', '1', 4569)

[2019-10-22 14:18:04] UPDATE webshop_gallery SET original_name='Barber férfi haj vizező flakon 15101', date=1571746684 WHERE id=8608

[2019-10-22 14:18:04] UPDATE webshop_special_fields SET `value`='Euro fodrászkellék' WHERE `key`='manufacturer' AND `product_id`=4487

[2019-10-22 14:18:04] UPDATE webshop_special_fields SET `value`='db' WHERE `key`='quantityunit' AND `product_id`=4487

[2019-10-22 14:18:04] UPDATE webshop_special_fields SET `value`='1' WHERE `key`='kiszereles' AND `product_id`=4487

[2019-10-22 14:18:04] UPDATE webshop_products SET `name_hun`='Barber haj vizező vízpára felhő készítő flakon 15101',`content_short`='Haj vizező, vízpára felhő készítő, speciális pumpás&nbsp;flakon. A nyomásfokozó pumpának köszönhetően,...',`content`='<P style=\"MARGIN: 0cm 0cm 10pt\"><FONT face=Calibri>Haj vizező, vízpára felhő készítő, speciális pumpás&nbsp;flakon. A nyomásfokozó pumpának köszönhetően, nagyon finoman porlasztja el a vizet, így egy pára felhőt képezhetünk vele.</FONT></P>
<P style=\"MARGIN: 0cm 0cm 10pt\"><FONT face=Calibri>A hajvizező flakon jellemzői:</FONT></P>
<P style=\"MARGIN: 0cm 0cm 10pt\"><FONT face=Calibri>&nbsp;A </FONT><FONT face=Calibri>műanyag haj vizező,&nbsp;&nbsp;trigger&nbsp;pumpás spray palack térfogata: 300ml</FONT></P>
<P style=\"MARGIN: 0cm 0cm 10pt\"><FONT face=Calibri>&nbsp;&nbsp;&nbsp;&nbsp; Barber felirattal rendelkezik, ideális férfiak és fodrász üzletek számára</FONT></P>
<P style=\"MARGIN: 0cm 0cm 10pt\"><FONT face=Calibri>&nbsp;&nbsp;&nbsp;&nbsp; kiváló minőségű trigger&nbsp;pumpával készül</FONT></P>
<P style=\"MARGIN: 0cm 0cm 10pt\"><FONT face=Calibri>&nbsp;&nbsp;&nbsp;&nbsp; japán technológia: a&nbsp;pumpa finom permetezést biztosít</FONT></P>', `item_id`='1834-hwa-15101-300ml-fekete', `default_pic`='8608', `active`='1', `category_id`='104', `root_category_id`='0', `seo_name`='barber-haj-vizezo-vizpara-felho-keszito-flakon-15101', `fullurl`='fodraszkellek/barber-haj-vizezo-vizpara-felho-keszito-flakon-15101', `other_categories`='104,112,250,314,315,361' WHERE id=4487

[2019-10-22 14:18:04] UPDATE webshop_gallery SET original_name='megszünt - Gyanta korong titándioxidos', date=1571746684 WHERE id=72

[2019-10-22 14:18:04] UPDATE webshop_special_fields SET `value`='Ro.ial papír és kozmetika' WHERE `key`='manufacturer' AND `product_id`=2067

[2019-10-22 14:18:04] UPDATE webshop_special_fields SET `value`='gr' WHERE `key`='quantityunit' AND `product_id`=2067

[2019-10-22 14:18:04] UPDATE webshop_special_fields SET `value`='1000' WHERE `key`='kiszereles' AND `product_id`=2067

[2019-10-22 14:18:04] UPDATE webshop_products SET `name_hun`='Gyanta korong titándioxidos',`content_short`='...',`content`='', `item_id`='2141-ri-gkt-1000gr', `default_pic`='72', `active`='1', `category_id`='22', `root_category_id`='0', `seo_name`='gyanta-korong-titandioxidos', `fullurl`='hajfestek/gyanta-korong-titandioxidos', `other_categories`='22,236,242' WHERE id=2067

[2019-10-22 14:18:04] UPDATE webshop_gallery SET original_name='Hajkisimító és szuper hajbontó kefe Tanglim econ-pink--fekete-Hw', date=1571746684 WHERE id=169

[2019-10-22 14:18:04] UPDATE webshop_special_fields SET `value`='Egyéb fodrászkellék' WHERE `key`='manufacturer' AND `product_id`=2164

[2019-10-22 14:18:04] UPDATE webshop_special_fields SET `value`='db' WHERE `key`='quantityunit' AND `product_id`=2164

[2019-10-22 14:18:04] UPDATE webshop_special_fields SET `value`='1' WHERE `key`='kiszereles' AND `product_id`=2164

[2019-10-22 14:18:04] UPDATE webshop_products SET `name_hun`='megszünt - Hajkisimító és szuper hajbontó kefe Tanglim econ-pink--fekete-Hw',`content_short`='fekete&nbsp;kefeszőr - fpink házzal - Rugalmas felépítésű, Luxus kivitelezésű, csepp alakú, szuper hajkibontó...',`content`='<P style=\"TEXT-ALIGN: justify\">fekete&nbsp;kefeszőr - fpink házzal - Rugalmas felépítésű, Luxus kivitelezésű, csepp alakú, szuper hajkibontó kefe. A&nbsp;HW - HAIR TANGLIM, a Tangle Teezer hajkefék luxus kidolgozású változata, ergonómikus nyeles, és tenyérbe fogható csepp alakú változatban készülnek. A fésülő rész, 3 különböző magasságú rugalmas hajkefe tüske sorok többszörös ismétlődésével készül, hogy használata a lehető legkíméletesebb hajbontást tegye lehetővé.</P>
<P style=\"MARGIN: 0cm 0cm 10pt\"><FONT face=Calibri>- Forradalmian új sörtéinek köszönhetően, fájdalom nélkül kibontja a csomókat. Nem roncsolja a hajvégeket.</FONT></P>
<P style=\"MARGIN: 0cm 0cm 10pt\"><FONT face=Calibri>- Még a vizes hajat is kíméletesen és gyorsan kifésüli.</FONT></P>
<P style=\"MARGIN: 0cm 0cm 10pt\"><FONT face=Calibri>- Megvédi a hajat a mechanikai sérülésektől, csökkenti a töredezettséget</FONT></P>
<P style=\"MARGIN: 0cm 0cm 10pt\"><FONT face=Calibri>- Bármilyen hajtípushoz használható. (egyenes, göndör, száraz, vizes)</FONT></P>
<P style=\"MARGIN: 0cm 0cm 10pt\"><FONT face=Calibri>- Speciálisan ívelt elrendezésének köszönhetően a hajtövektől a végekig egyenletesen hat.</FONT></P>
<P style=\"MARGIN: 0cm 0cm 10pt\"><FONT face=Calibri>- Formatervezett külső, jól illeszkedik a tenyérbe, kényelmes használat.</FONT></P>
<P style=\"MARGIN: 0cm 0cm 10pt\"><FONT face=Calibri>- Ilyen gyors még sosem volt a fésülködés</FONT></P>
<P style=\"TEXT-ALIGN: justify\">
<P style=\"TEXT-ALIGN: justify\">Hw&nbsp;- HAIR TANGLIM és Tangle Teezer hajkefe ideális minden típusú haj kibontására, egyenesre fésülésére. Úgy tervezték, hogy az egész hajkefe ( a hajkefe nyél és test, a tüskék) rugalmas legyen, és a 3 különböző magasságú, rugalmas hajkefe tüske sorokból álló kefe rész alkalmazkodjon minden hajhoz. Ezek a hajkefe tüskék finoman, tépés nélkül bontanak ki, minden típusú haj csomót, legyen az bármilyen kesze - kusza is, és varázsolják egyenesre a hajtincseket. A hajkefe test rugalmas hajlásával a nyomás először csökken a hajra, majd kiegyenlítődik, így megakadályozza a haj rángatását, a haj megtörését, a haj kitépését, de ugyanabban az időben rendkívül hatékonyan kibont, és kiegyenesít mindenféle hajcsomót.</P>
<P style=\"TEXT-ALIGN: justify\" data-mce-style=\"text-align: justify;\">Rugalmas felépítésű, Luxus kivitelezésű hajkefe. A&nbsp;Hw - HAIR TANGLIM&nbsp; a Tangle Teezer hajkefék változata, ergonómikus nyeles, és tenyérbe fogható változatban készülnek. A fésülő rész, 3 különböző magasságú rugalmas hajkefe tüske sorok többszörös ismétlődésével készül, hogy használata a lehető legkíméletesebb hajbontást tegye lehetővé.</P>
<P style=\"TEXT-ALIGN: justify\" data-mce-style=\"text-align: justify;\">Hw&nbsp;- HAIR TANGLIM&nbsp;és Tangle Teezer hajkefe ideális minden típusú haj kibontására, egyenesre fésülésére. Úgy tervezték hogy az egész hajkefe ( a hajkefe nyél és&nbsp;test, a&nbsp;tüskék) &nbsp;rugalmas legyen, és a 3 különböző magasságú, rugalmas hajkefe tüske sorokból álló kefe rész alkalmazkodjon minden hajhoz. Ezek a hajkefe tüskék finoman, tépés nélkül bontanak ki, minden típusú haj csomót, legyen az bármilyen kesze - kusza is, és varázsolják egyenesre a hajtincseket. A hajkefe test rugalmas hajlásával a nyomás először csökken a hajra, majd kiegyenlítődik,&nbsp;így megakadályozza a haj rángatását, a haj megtörését, a haj kitépését, de ugyanabban az időben rendkívül hatékonyan kibont, és kiegyenesít mindenféle hajcsomót.</P>
<P style=\"TEXT-ALIGN: justify\" data-mce-style=\"text-align: justify;\">A TANGLIM hajkefével egy nagyon sima, feltöltődés mentes hajat készíthetünk, mivel Antisztatikus. A hajkefék&nbsp;&nbsp;sokoldalúsága ideálissá teszi használatukat a vékony, közepes és durva, &nbsp;a göndör vagy egyenes, a rövid vagy közepes, a hosszú, és nagyon dús hajak ápolásához.</P>
<P style=\"TEXT-ALIGN: justify\" data-mce-style=\"text-align: justify;\">A TANGLIM hajkefét még a zuhany alatt is használhatjuk, pl. a keratinos hajápolási termékek felvitelére, a hajba fésülésére.</P>
<P style=\"TEXT-ALIGN: justify\" data-mce-style=\"text-align: justify; line-height: normal;\"><B><U>A HwTANGLIM&nbsp; hajkefe adatai, használata:</U></B></P>
<P style=\"TEXT-ALIGN: justify\" data-mce-style=\"text-align: justify; line-height: normal;\">A&nbsp;Hw - HAIR TANGLIM Tangle Teezer Econ hajkefe hossza: kb. 180mm</P>
<P style=\"TEXT-ALIGN: justify\" data-mce-style=\"text-align: justify; line-height: normal;\">A&nbsp;Hw - HAIR TANGLIM&nbsp;Tangle Teezer hajkefe fejszélessége változó: kb. 30-80mm</P>
<P style=\"TEXT-ALIGN: justify\" data-mce-style=\"text-align: justify; line-height: normal;\">A Hajkefe szőr anyaga: rugalmas antisztatikus műanyag bontó tüske</P>
<P style=\"TEXT-ALIGN: justify\" data-mce-style=\"text-align: justify; line-height: normal;\"><BR>A hajkefét a hajszárító csőrénél kiáramló nagyon magas hőtől óvni kell! 25cm-nél közelebb ne közelítse a hajkeféhez a hajszárítót!</P>
<P style=\"TEXT-ALIGN: justify\" data-mce-style=\"text-align: justify; line-height: normal;\">Hajkefe márka: HAIR &ndash;HwTANGLIM</P>
<P style=\"TEXT-ALIGN: justify\">Hajkefe származási helye: Németország</P>
<P></P>', `item_id`='1827-hw08253-fekete-pink ház-econ', `default_pic`='169', `active`='1', `category_id`='104', `root_category_id`='0', `seo_name`='megszunt-hajkisimito-es-szuper-hajbonto-kefe-tanglim-econ-pink-fekete-hw', `fullurl`='fodraszkellek/megszunt-hajkisimito-es-szuper-hajbonto-kefe-tanglim-econ-pink-fekete-hw', `other_categories`='104,117,120,222' WHERE id=2164

[2019-10-22 14:18:04] UPDATE webshop_gallery SET original_name='Hajkisimító és szuper hajbontó kefe Tangle Teezer econ-Hw', date=1571746684 WHERE id=3001

[2019-10-22 14:18:04] UPDATE webshop_special_fields SET `value`='Egyéb fodrászkellék' WHERE `key`='manufacturer' AND `product_id`=3430

[2019-10-22 14:18:04] UPDATE webshop_special_fields SET `value`='db' WHERE `key`='quantityunit' AND `product_id`=3430

[2019-10-22 14:18:05] UPDATE webshop_special_fields SET `value`='1' WHERE `key`='kiszereles' AND `product_id`=3430

[2019-10-22 14:18:05] UPDATE webshop_products SET `name_hun`='megszünt - Hajkisimító és szuper hajbontó kefe Tangle Teezer econ-Hw',`content_short`='Hajkefe. Hajkisimító és szuper hajbontó kefe. fekete&nbsp;kefeszőr - fekete ház - Rugalmas felépítésű, Luxus...',`content`='<P style=\"TEXT-ALIGN: justify\">Hajkefe. Hajkisimító és szuper hajbontó kefe. fekete&nbsp;kefeszőr - fekete ház - Rugalmas felépítésű, Luxus kivitelezésű, csepp alakú, szuper hajkibontó kefe. a <STRONG>Tangle Teezer</STRONG> hajkefék luxus kidolgozású változata, tenyérbe fogható csepp alakú változatban készülnek. A fésülő rész, 3 különböző magasságú rugalmas hajkefe tüske sorok többszörös ismétlődésével készül, hogy használata a lehető legkíméletesebb hajbontást tegye lehetővé.</P>
<P style=\"MARGIN: 0cm 0cm 10pt\"><FONT size=3 face=Calibri>- Forradalmian új sörtéinek köszönhetően, fájdalom nélkül kibontja a csomókat. Nem roncsolja a hajvégeket.</FONT></P>
<P style=\"MARGIN: 0cm 0cm 10pt\"><FONT size=3 face=Calibri>- Még a vizes hajat is kíméletesen és gyorsan kifésüli.</FONT></P>
<P style=\"MARGIN: 0cm 0cm 10pt\"><FONT size=3 face=Calibri>- Megvédi a hajat a mechanikai sérülésektől, csökkenti a töredezettséget</FONT></P>
<P style=\"MARGIN: 0cm 0cm 10pt\"><FONT size=3 face=Calibri>- Bármilyen hajtípushoz használható. (egyenes, göndör, száraz, vizes)</FONT></P>
<P style=\"MARGIN: 0cm 0cm 10pt\"><FONT size=3 face=Calibri>- Speciálisan ívelt elrendezésének köszönhetően a hajtövektől a végekig egyenletesen hat.</FONT></P>
<P style=\"MARGIN: 0cm 0cm 10pt\"><FONT size=3 face=Calibri>- Formatervezett külső, jól illeszkedik a tenyérbe, kényelmes használat.</FONT></P>
<P style=\"MARGIN: 0cm 0cm 10pt\"><FONT size=3 face=Calibri>- Ilyen gyors még sosem volt a fésülködés</FONT></P>
<P style=\"TEXT-ALIGN: justify\">
<P style=\"TEXT-ALIGN: justify\">ATangle Teezer hajkefe ideális minden típusú haj kibontására, egyenesre fésülésére. Úgy tervezték, hogy az egész hajkefe ( a hajkefe nyél és test, a tüskék) rugalmas legyen, és a 3 különböző magasságú, rugalmas hajkefe tüske sorokból álló kefe rész alkalmazkodjon minden hajhoz. Ezek a hajkefe tüskék finoman, tépés nélkül bontanak ki, minden típusú haj csomót, legyen az bármilyen kesze - kusza is, és varázsolják egyenesre a hajtincseket. A hajkefe test rugalmas hajlásával a nyomás először csökken a hajra, majd kiegyenlítődik, így megakadályozza a haj rángatását, a haj megtörését, a haj kitépését, de ugyanabban az időben rendkívül hatékonyan kibont, és kiegyenesít mindenféle hajcsomót.</P>
<P style=\"TEXT-ALIGN: justify\">A hajkefét a hajszárító csőrénél kiáramló nagyon magas hőtől óvni kell! 25cm-nél közelebb ne közelítse a hajkeféhez a hajszárítót!</P>
<P style=\"TEXT-ALIGN: justify\" data-mce-style=\"text-align: justify;\">A TANGLIM hajkefével egy nagyon sima, feltöltődés mentes hajat készíthetünk, mivel Antisztatikus. A hajkefék&nbsp;&nbsp;sokoldalúsága ideálissá teszi használatukat a vékony, közepes és durva, &nbsp;a göndör vagy egyenes, a rövid vagy közepes, a hosszú, és nagyon dús hajak ápolásához.</P>
<P style=\"TEXT-ALIGN: justify\" data-mce-style=\"text-align: justify;\">A TANGLIM hajkefét még a zuhany alatt is használhatjuk, pl. a keratinos hajápolási termékek felvitelére, a hajba fésülésére.</P>
<P style=\"TEXT-ALIGN: justify\" data-mce-style=\"text-align: justify; line-height: normal;\"><B><U>A TANGLIM&nbsp; hajkefe adatai, használata:</U></B></P>
<P style=\"TEXT-ALIGN: justify\" data-mce-style=\"text-align: justify; line-height: normal;\">--A LIM - HAIR TANGLIM Tangle Teezer Econ hajkefe hossza: kb. 180mm</P>
<P style=\"TEXT-ALIGN: justify\" data-mce-style=\"text-align: justify; line-height: normal;\">A LIM - HAIR TANGLIM&nbsp;Tangle Teezer hajkefe fejszélessége változó: kb. 30-80mm</P>
<P style=\"TEXT-ALIGN: justify\" data-mce-style=\"text-align: justify; line-height: normal;\">A Hajkefe szőr anyaga: rugalmas antisztatikus műanyag bontó tüske</P>
<P style=\"TEXT-ALIGN: justify\" data-mce-style=\"text-align: justify; line-height: normal;\"><BR>&nbsp;</P>
<P style=\"TEXT-ALIGN: justify\" data-mce-style=\"text-align: justify; line-height: normal;\">Hajkefe márka: HW Tangle Teezer </P>
<P style=\"TEXT-ALIGN: justify\" data-mce-style=\"text-align: justify; line-height: normal;\">Hajkefe származási helye: EU</P>', `item_id`='1827-hw08253-tanglim-econ-fekete', `default_pic`='3001', `active`='1', `category_id`='104', `root_category_id`='0', `seo_name`='megszunt-hajkisimito-es-szuper-hajbonto-kefe-tangle-teezer-econ-hw', `fullurl`='fodraszkellek/megszunt-hajkisimito-es-szuper-hajbonto-kefe-tangle-teezer-econ-hw', `other_categories`='104,117,120,222' WHERE id=3430

[2019-10-22 14:18:05] UPDATE webshop_gallery SET original_name='megszünt - Szőrtelenítő gyanta fémtálcás nyeles melegítő tégelyben 100ml normál', date=1571746685 WHERE id=7722

[2019-10-22 14:18:05] UPDATE webshop_special_fields SET `value`='Egyéb fodrászkellék' WHERE `key`='manufacturer' AND `product_id`=4233

[2019-10-22 14:18:05] UPDATE webshop_special_fields SET `value`='ml' WHERE `key`='quantityunit' AND `product_id`=4233

[2019-10-22 14:18:05] UPDATE webshop_special_fields SET `value`='100' WHERE `key`='kiszereles' AND `product_id`=4233

[2019-10-22 14:18:05] UPDATE webshop_products SET `name_hun`='Szőrtelenítő gyanta fémtálcás melegítő tégelyben 100ml normál',`content_short`='Szőrtelenítő gyanta fémtálcás melegítő...',`content`='Szőrtelenítő gyanta fémtálcás melegítő tégelyben.&nbsp;&nbsp;', `item_id`='1841-hwgt-n-25131-gyanta', `default_pic`='7722', `active`='1', `category_id`='196', `root_category_id`='191', `seo_name`='szortelenito-gyanta-femtalcas-melegito-tegelyben-100ml-normal', `fullurl`='arcapolas-testapolas/szortelenites/szortelenito-gyanta-femtalcas-melegito-tegelyben-100ml-normal', `other_categories`='196,236' WHERE id=4233

[2019-10-22 14:18:05] UPDATE webshop_products SET sort=1 WHERE id=3326

[2019-10-22 14:18:05] UPDATE webshop_products SET sort=2 WHERE id=4568

[2019-10-22 14:18:05] UPDATE webshop_products SET sort=3 WHERE id=4569

[2019-10-22 14:18:08] UPDATE users SET lastlogin = NOW() WHERE id = '11'

[2019-10-22 14:18:12] UPDATE users SET lastlogin = NOW() WHERE id = '11'

[2019-10-22 14:18:12] UPDATE webshop_products SET `price1_name`='Beszerzési ár', `price1_currency`='HUF', `price1_value`='993' WHERE id=4568

[2019-10-22 14:18:12] UPDATE webshop_products SET `price2_name`='Kereskedő -27,6%', `price2_currency`='HUF', `price2_value`='1280' WHERE id=4568

[2019-10-22 14:18:12] UPDATE webshop_products SET `price3_name`='Kereskedő -33,6%', `price3_currency`='HUF', `price3_value`='1174' WHERE id=4568

[2019-10-22 14:18:12] UPDATE webshop_products SET `price4_name`='Szakmai 1 ár -7%', `price4_currency`='HUF', `price4_value`='1644' WHERE id=4568

[2019-10-22 14:18:12] UPDATE webshop_products SET `price5_name`='Szakmai 2 ár -14%', `price5_currency`='HUF', `price5_value`='1520' WHERE id=4568

[2019-10-22 14:18:12] UPDATE webshop_products SET `price6_name`='Vásárló', `price6_currency`='HUF', `price6_value`='1768' WHERE id=4568

[2019-10-22 14:18:12] UPDATE webshop_products SET `price7_name`='W Lista ár', `price7_currency`='HUF', `price7_value`='1768' WHERE id=4568

[2019-10-22 14:18:12] UPDATE webshop_products SET `price`='1768', `reduced_price`=0 WHERE id=4568

[2019-10-22 14:18:12] UPDATE webshop_products SET `price1_name`='Beszerzési ár', `price1_currency`='HUF', `price1_value`='3302' WHERE id=4569

[2019-10-22 14:18:12] UPDATE webshop_products SET `price2_name`='Kereskedő -27,6%', `price2_currency`='HUF', `price2_value`='4495' WHERE id=4569

[2019-10-22 14:18:12] UPDATE webshop_products SET `price3_name`='Kereskedő -33,6%', `price3_currency`='HUF', `price3_value`='4122' WHERE id=4569

[2019-10-22 14:18:12] UPDATE webshop_products SET `price4_name`='Szakmai 1 ár -7%', `price4_currency`='HUF', `price4_value`='5773' WHERE id=4569

[2019-10-22 14:18:12] UPDATE webshop_products SET `price5_name`='Szakmai 2 ár -14%', `price5_currency`='HUF', `price5_value`='5339' WHERE id=4569

[2019-10-22 14:18:12] UPDATE webshop_products SET `price6_name`='Vásárló', `price6_currency`='HUF', `price6_value`='6208' WHERE id=4569

[2019-10-22 14:18:12] UPDATE webshop_products SET `price7_name`='W Lista ár', `price7_currency`='HUF', `price7_value`='6208' WHERE id=4569

[2019-10-22 14:18:12] UPDATE webshop_products SET `price`='6208', `reduced_price`=0 WHERE id=4569

[2019-10-22 14:18:12] UPDATE webshop_products SET `price1_name`='Beszerzési ár', `price1_currency`='HUF', `price1_value`='121' WHERE id=2613

[2019-10-22 14:18:12] UPDATE webshop_products SET `price2_name`='Kereskedő -27,6%', `price2_currency`='HUF', `price2_value`='251' WHERE id=2613

[2019-10-22 14:18:12] UPDATE webshop_products SET `price3_name`='Kereskedő -33,6%', `price3_currency`='HUF', `price3_value`='231' WHERE id=2613

[2019-10-22 14:18:12] UPDATE webshop_products SET `price4_name`='Szakmai 1 ár -7%', `price4_currency`='HUF', `price4_value`='324' WHERE id=2613

[2019-10-22 14:18:12] UPDATE webshop_products SET `price5_name`='Szakmai 2 ár -14%', `price5_currency`='HUF', `price5_value`='300' WHERE id=2613

[2019-10-22 14:18:12] UPDATE webshop_products SET `price6_name`='Vásárló', `price6_currency`='HUF', `price6_value`='348' WHERE id=2613

[2019-10-22 14:18:12] UPDATE webshop_products SET `price7_name`='W Lista ár', `price7_currency`='HUF', `price7_value`='348' WHERE id=2613

[2019-10-22 14:18:12] UPDATE webshop_products SET `price`='348', `reduced_price`=0 WHERE id=2613

[2019-10-22 14:18:12] UPDATE webshop_products SET `price1_name`='Beszerzési ár', `price1_currency`='HUF', `price1_value`='121' WHERE id=2614

[2019-10-22 14:18:12] UPDATE webshop_products SET `price2_name`='Kereskedő -27,6%', `price2_currency`='HUF', `price2_value`='251' WHERE id=2614

[2019-10-22 14:18:12] UPDATE webshop_products SET `price3_name`='Kereskedő -33,6%', `price3_currency`='HUF', `price3_value`='231' WHERE id=2614

[2019-10-22 14:18:12] UPDATE webshop_products SET `price4_name`='Szakmai 1 ár -7%', `price4_currency`='HUF', `price4_value`='324' WHERE id=2614

[2019-10-22 14:18:12] UPDATE webshop_products SET `price5_name`='Szakmai 2 ár -14%', `price5_currency`='HUF', `price5_value`='300' WHERE id=2614

[2019-10-22 14:18:12] UPDATE webshop_products SET `price6_name`='Vásárló', `price6_currency`='HUF', `price6_value`='348' WHERE id=2614

[2019-10-22 14:18:12] UPDATE webshop_products SET `price7_name`='W Lista ár', `price7_currency`='HUF', `price7_value`='348' WHERE id=2614

[2019-10-22 14:18:12] UPDATE webshop_products SET `price`='348', `reduced_price`=0 WHERE id=2614

[2019-10-22 14:18:12] UPDATE webshop_products SET `price1_name`='Beszerzési ár', `price1_currency`='HUF', `price1_value`='2634' WHERE id=2067

[2019-10-22 14:18:12] UPDATE webshop_products SET `price2_name`='Kereskedő -27,6%', `price2_currency`='HUF', `price2_value`='3395' WHERE id=2067

[2019-10-22 14:18:12] UPDATE webshop_products SET `price3_name`='Kereskedő -33,6%', `price3_currency`='HUF', `price3_value`='3113' WHERE id=2067

[2019-10-22 14:18:12] UPDATE webshop_products SET `price4_name`='Szakmai 1 ár -7%', `price4_currency`='HUF', `price4_value`='4361' WHERE id=2067

[2019-10-22 14:18:12] UPDATE webshop_products SET `price5_name`='Szakmai 2 ár -14%', `price5_currency`='HUF', `price5_value`='4032' WHERE id=2067

[2019-10-22 14:18:12] UPDATE webshop_products SET `price6_name`='Vásárló', `price6_currency`='HUF', `price6_value`='4689' WHERE id=2067

[2019-10-22 14:18:12] UPDATE webshop_products SET `price7_name`='W Lista ár', `price7_currency`='HUF', `price7_value`='4689' WHERE id=2067

[2019-10-22 14:18:12] UPDATE webshop_products SET `price`='4689', `reduced_price`=0 WHERE id=2067

[2019-10-22 14:18:12] UPDATE webshop_products SET `price1_name`='Beszerzési ár', `price1_currency`='HUF', `price1_value`='789' WHERE id=4233

[2019-10-22 14:18:12] UPDATE webshop_products SET `price2_name`='Kereskedő -27,6%', `price2_currency`='HUF', `price2_value`='1302' WHERE id=4233

[2019-10-22 14:18:12] UPDATE webshop_products SET `price3_name`='Kereskedő -33,6%', `price3_currency`='HUF', `price3_value`='1194' WHERE id=4233

[2019-10-22 14:18:12] UPDATE webshop_products SET `price4_name`='Szakmai 1 ár -7%', `price4_currency`='HUF', `price4_value`='1673' WHERE id=4233

[2019-10-22 14:18:12] UPDATE webshop_products SET `price5_name`='Szakmai 2 ár -14%', `price5_currency`='HUF', `price5_value`='1547' WHERE id=4233

[2019-10-22 14:18:12] UPDATE webshop_products SET `price6_name`='Vásárló', `price6_currency`='HUF', `price6_value`='1798' WHERE id=4233

[2019-10-22 14:18:12] UPDATE webshop_products SET `price7_name`='W Lista ár', `price7_currency`='HUF', `price7_value`='1798' WHERE id=4233

[2019-10-22 14:18:12] UPDATE webshop_products SET `price`='1798', `reduced_price`=0 WHERE id=4233

[2019-10-22 14:18:17] UPDATE users SET lastlogin = NOW() WHERE id = '11'

[2019-10-22 14:18:20] UPDATE users SET lastlogin = NOW() WHERE id = '11'

[2019-10-22 14:18:22] DELETE FROM webshop_gallery WHERE id=12904

[2019-10-22 14:18:34] INSERT INTO webshop_gallery (`id`, `product_id`, `original_name`, `new_name`, `date`) VALUES (12907, 4569, 'Körömvágó olló nagyon erős NI1221 matt', '12907.jpg', 1571746714)

[2019-10-22 14:18:36] UPDATE users SET lastlogin = NOW() WHERE id = '11'

[2019-10-22 14:18:46] DELETE FROM webshop_gallery WHERE id=12907

[2019-10-22 14:18:51] INSERT INTO webshop_gallery (`id`, `product_id`, `original_name`, `new_name`, `date`) VALUES (12907, 4568, 'Masszázskrém 1000ml SPA1489', '12907.jpg', 1571746731)

[2019-10-22 14:18:52] UPDATE users SET lastlogin = NOW() WHERE id = '11'

[2019-10-22 14:19:01] DELETE FROM webshop_gallery WHERE id=12907

[2019-10-22 14:19:06] INSERT INTO webshop_gallery (`id`, `product_id`, `original_name`, `new_name`, `date`) VALUES (12907, 4233, 'Szőrtelenítő gyanta fémtálcás melegítő tégelyben 100ml normál', '12907.jpg', 1571746746)

[2019-10-22 14:19:11] UPDATE users SET lastlogin = NOW() WHERE id = '11'

