[2019-09-20 18:25:20] UPDATE users SET lastlogin = NOW() WHERE id = '11'

[2019-09-20 18:25:23] UPDATE users SET lastlogin = NOW() WHERE id = '11'

[2019-09-20 18:25:25] UPDATE users SET lastlogin = NOW() WHERE id = '11'

[2019-09-20 18:25:25] INSERT INTO webshop_gallery (`id`, `product_id`, `original_name`, `new_name`, `date`) VALUES (12836, 4559, 'Gyerek fodrász szék 04726', '12836.jpg', 1568996725)

[2019-09-20 18:25:25] INSERT INTO webshop_products (`id`, `name_hun`, `name_eng`, `item_id`, `price`, `reduced_price`, `status`, `currency`, `content_short`, `content`, `details`, `date`, `default_pic`, `active`, `main`, `sort`, `category_id`, `root_category_id`, `seo_name`, `fullurl`, `websyx_id`, `quantity`, `other_categories`) VALUES ('4559', 'Gyerek fodrász szék 04726', 'Gyerek fodrász szék 04726', '3139-es-04726', 0, 0, 1, 'Ft', 'Gyerek fodrász szék hidraulikus emelővel, csak rendelésre.
emelési magasság...', '<P>Gyerek fodrász szék hidraulikus emelővel, csak rendelésre.</P>
<P>emelési magasság 57-68cm</P>', '', 1568996725, '12836', '1', 0, 1, 86, '0', 'gyerek-fodrasz-szek-04726', 'fodrasz-butorok-hajmoso/gyerek-fodrasz-szek-04726', '324', 1, '86,89,104,374')

[2019-09-20 18:25:26] INSERT INTO webshop_special_fields (`key`, `value`, `product_id`) VALUES ('manufacturer', '21.Egyéb fodrászkellék gyártó', 4559)

[2019-09-20 18:25:26] INSERT INTO webshop_special_fields (`key`, `value`, `product_id`) VALUES ('quantityunit', 'db', 4559)

[2019-09-20 18:25:26] INSERT INTO webshop_special_fields (`key`, `value`, `product_id`) VALUES ('kiszereles', '1', 4559)

[2019-09-20 18:25:26] INSERT INTO webshop_gallery (`id`, `product_id`, `original_name`, `new_name`, `date`) VALUES (12837, 4560, 'Gyerek fodrász szék 04727', '12837.jpg', 1568996726)

[2019-09-20 18:25:26] INSERT INTO webshop_products (`id`, `name_hun`, `name_eng`, `item_id`, `price`, `reduced_price`, `status`, `currency`, `content_short`, `content`, `details`, `date`, `default_pic`, `active`, `main`, `sort`, `category_id`, `root_category_id`, `seo_name`, `fullurl`, `websyx_id`, `quantity`, `other_categories`) VALUES ('4560', 'Gyerek fodrász szék 04727', 'Gyerek fodrász szék 04727', '3139-es-04727', 0, 0, 1, 'Ft', 'Gyerek fodrász szék hidraulikus emelővel, csak rendelésre.
emelési magasság...', '<P>Gyerek fodrász szék hidraulikus emelővel, csak rendelésre.</P>
<P>emelési magasság 57-68cm</P>', '', 1568996726, '12837', '1', 0, 1, 86, '0', 'gyerek-fodrasz-szek-04727', 'fodrasz-butorok-hajmoso/gyerek-fodrasz-szek-04727', '364', 1, '86,89,104,374')

[2019-09-20 18:25:26] INSERT INTO webshop_special_fields (`key`, `value`, `product_id`) VALUES ('manufacturer', '01.KIN Cosmetics fodrászcikk', 4560)

[2019-09-20 18:25:26] INSERT INTO webshop_special_fields (`key`, `value`, `product_id`) VALUES ('quantityunit', 'db', 4560)

[2019-09-20 18:25:26] INSERT INTO webshop_special_fields (`key`, `value`, `product_id`) VALUES ('kiszereles', '1', 4560)

[2019-09-20 18:25:26] INSERT INTO webshop_gallery (`id`, `product_id`, `original_name`, `new_name`, `date`) VALUES (12838, 4561, 'Gyerek fodrász szék 02733', '12838.jpg', 1568996726)

[2019-09-20 18:25:26] INSERT INTO webshop_products (`id`, `name_hun`, `name_eng`, `item_id`, `price`, `reduced_price`, `status`, `currency`, `content_short`, `content`, `details`, `date`, `default_pic`, `active`, `main`, `sort`, `category_id`, `root_category_id`, `seo_name`, `fullurl`, `websyx_id`, `quantity`, `other_categories`) VALUES ('4561', 'Gyerek fodrász szék 02733', 'Gyerek fodrász szék 02733', '3139-es-02733', 0, 0, 1, 'Ft', 'Gyerek fodrász szék&nbsp;pneumatius állítással, csak rendelésre.
emelési magasság 54-79cm...', '<P>Gyerek fodrász szék&nbsp;pneumatius állítással, csak rendelésre.</P>
<P>emelési magasság 54-79cm között</P>
<P>&nbsp;</P>', '', 1568996726, '12838', '1', 0, 1, 86, '0', 'gyerek-fodrasz-szek-02733', 'fodrasz-butorok-hajmoso/gyerek-fodrasz-szek-02733', '562', 1, '86,89,104,374')

[2019-09-20 18:25:26] INSERT INTO webshop_special_fields (`key`, `value`, `product_id`) VALUES ('manufacturer', '21.Egyéb fodrászkellék gyártó', 4561)

[2019-09-20 18:25:26] INSERT INTO webshop_special_fields (`key`, `value`, `product_id`) VALUES ('quantityunit', 'db', 4561)

[2019-09-20 18:25:26] INSERT INTO webshop_special_fields (`key`, `value`, `product_id`) VALUES ('kiszereles', '1', 4561)

[2019-09-20 18:25:26] UPDATE webshop_gallery SET original_name='Nirvel Homme Barber férfi ammóniamentes hajfesték', date=1568996726 WHERE id=491

[2019-09-20 18:25:26] UPDATE webshop_special_fields SET `value`='09.Nirvel fodrászcikk' WHERE `key`='manufacturer' AND `product_id`=2487

[2019-09-20 18:25:26] UPDATE webshop_special_fields SET `value`='db' WHERE `key`='quantityunit' AND `product_id`=2487

[2019-09-20 18:25:26] UPDATE webshop_special_fields SET `value`='1' WHERE `key`='kiszereles' AND `product_id`=2487

[2019-09-20 18:25:26] UPDATE webshop_products SET `name_hun`='Nirvel Homme Barber férfi ammóniamentes hajfesték',`content_short`='
Férfi hajfesték. Top minőség, Vörösödés, Ammóniamentes,&nbsp;&nbsp;PPD mentes, Extra gyors, Professzionális,...',`content`='<FONT face=Calibri>
<P style=\"TEXT-ALIGN: justify; MARGIN: 0cm 0cm 10pt\"><FONT face=\"Times New Roman\">Férfi hajfesték. Top minőség, Vörösödés, Ammóniamentes,&nbsp;&nbsp;PPD mentes, Extra gyors, Professzionális, ősz hajat is takaró hajfesték csomag&nbsp;férfi hajra. Gyorsan ható ( 5-10 perc) Barber hajfestékek, melyek&nbsp;férfiaknak készültek.&nbsp;&ndash; A&nbsp;férfi hajra készült hajfestő csomag&nbsp; 30ml hajfestékből + 30ml oxigentából áll.</FONT></P><FONT face=\"Times New Roman\">
<P>1 hajfestékkel 4 -5 árnyalatát festhetjük meg egy színnek, a ható idő változtatásával.&nbsp;A színek: &nbsp;G3 &ndash; sötétszürkék, G4 - világosszürkék, CT6 - sötétbarnák, CT7 - világosbarnák. <STRONG>A hajfestékek árnyalatai a hatóidő növelésével sötétednek 5perctől, egészen 10percig.</STRONG></P></FONT>
<P><FONT face=\"Times New Roman\">A Barber, férfi hajfesték csomag&nbsp;ára tartalmazza a hajfestéket, az oxidálót tartalmazó csőrös felvivő flakont, és egy hajfestő védő kesztyűt.</FONT></FONT></P>
<P style=\"TEXT-ALIGN: justify; MARGIN: 0cm 0cm 10pt\">A férfiak mindig sietnek, ezért ez a hajfesték nagyon gyorsan dolgozik. <B style=\"mso-bidi-font-weight: normal\">A Nirvel&nbsp; Homme Barber férfi hajfesték nem tartalmaz ammóniát és p-fenilént, nagyon egyszerűen a használata, és a hatóidő változtatásával tág határok között sötétíthetünk a hajszínárnyalatokon.</B></P>
<P style=\"TEXT-ALIGN: justify; MARGIN: 0cm 0cm 10pt\">A férfiaknál a legtöbbet előforduló két hajszín probléma amiért haj festésre adják a fejüket, az őszülés, a fehér hajszálak eltüntetése, vagy a kifakult hajszín frissítése. Mindkét hajszínváltoztatás jelentős változást hoz a megjelenésben.</P>
<P style=\"TEXT-ALIGN: justify; MARGIN: 0cm 0cm 10pt\">A Nirvel Home Barber férfiaknak készült hajfestékeiből ezért a hamvas és a barna árnyalatok készültek.</P>
<P style=\"TEXT-ALIGN: justify; MARGIN: 0cm 0cm 10pt\">A férfiak többségének a fehér, vagy esetleg hófehér haj kevésbé áll jól, sokkal szebb, pl. egy&nbsp; hamvas szürke árnyalat, ezért nekik a hamvas valamelyik színmélységét javasoljuk. A legtöbb őszülő, vagy csak kopott hajszínű férfi barna hajú, ezért nekik a barna hajszín valamelyik árnyalta lesz a legmegfelelőbb, hogy észrevétlenül éveket fiatalodjanak.</P>
<P style=\"TEXT-ALIGN: justify; MARGIN: 0cm 0cm 10pt\">A Nirvel Homme Barber férfiaknak készült hajfestékkel a hatóidő változtatásával, nagyon egyszerűen állíthatjuk be az ideális árnyalatot.&nbsp; 5 perc minimális hatóidő után, az idő múlásával a lenti képen is jól látható, egyre sötétedő újabb hajszíneket kapunk.</P>
<P style=\"TEXT-ALIGN: justify; MARGIN: 0cm 0cm 10pt\">Gyors, kifejezetten férfi hajra készült hajfesték. A férfi haj sajátosságinak figyelembevételével készült hajfestékkel rendkívül gyors megoldást kap a fehér ősz hajszálak eltüntetésére, vagy a természetes hajszín visszaállítására. Ammónia és P-fenilén mentes, ápoló és kondicionáló összetétele védi a haj szál és a fejbőr egészségét. Az arginin csökkenti alkalmazási időt, mindössze 5 vagy 10 perc alatt olyan lesz a haj, mint fiatal korában.</P>
<P style=\"MARGIN: 0cm 0cm 10pt\"><STRONG>A Nirvel Home Barber férfi hajfestékek színárnyalatai.</STRONG></P>
<P style=\"MARGIN: 0cm 0cm 10pt\"><STRONG>1 hajfestékkel kb. 4 -5 színmélységet festhetünk meg ugyanazon színben (pl. barna), a ható idő függvényében.</STRONG></P>
<P style=\"MARGIN: 0cm 0cm 10pt\"><STRONG>A hajfestékek árnyalatai a hatóidő növelésével sötétednek 5perc után egészen 10percig,</STRONG></P>
<P style=\"MARGIN: 0cm 0cm 10pt\"><STRONG>ezért pl. CT6 sötétbarna hajfestékkel, a következő színmélységek, a 6-os (kb.5perc), az &nbsp;5-ös (kb.7perc), a 4-es (kb.8perc), a 3-as (kb.9perc), a 2-es (kb.10perc) festhetők meg.</STRONG></P>
<P style=\"MARGIN: 0cm 0cm 10pt\">G3 &ndash; Sötét szürke - 6-os világos szürke árnyaltról indul, 5,4, 3-as sötét szürke árnyalatig</P>
<P style=\"MARGIN: 0cm 0cm 10pt\">G4 &ndash; Világos szürke 8-os világos árnyaltról indul, 7,6, 5-ös világos szürke árnyalatig </P>
<P style=\"MARGIN: 0cm 0cm 10pt\">CT6 &ndash; Sötét barna 6-os világos barna árnyaltról indul, 5,4, 3-as sötét barna árnyalatig<STRONG>)</STRONG></P>
<P style=\"MARGIN: 0cm 0cm 10pt\">CT7 &ndash; Világos barna 8-os világos árnyaltról indul, 7,6, 5-ös világos barna árnyalatig</P>
<P style=\"MARGIN: 0cm 0cm 10pt\">A jól nagyítható hajszín ajánlón a barna hajszínek sajnos nem jól látszódnak! Ezek valós színét&nbsp;a hajfestésben már ismert hajszínek színeivel, színmélységével&nbsp;azonosítsa! pl a CT6 -ot az ismert&nbsp;sötét barna hajszínnel, ami 3-as színmélységnek felel meg.</P>
<P style=\"MARGIN: 0cm 0cm 10pt\">
<P>
<P><IMG border=0 alt=\"frfi hajfestk.jpg - 212.57 Kb\" src=\"http://www.fodraszcikkbolt.hu/images/Szinskalak/Nirvel/frfi%20hajfestk.jpg\" width=150 height=135></P>
<P></P>
<P style=\"MARGIN: 0cm 0cm 10pt\"><B>A Nirvel Homme ammóniamentes férfi hajfesték használatának eredményi:<BR></B><BR>- A Makadámia olaj táplálja hajat, hajfestés után egészséges, ragyogó hajszínt kapunk.<BR>- Nem tartalmaz ammóniát, ami a fő oka a bőr irritációnak és a kellemetlen szagoknak.<BR>- Nem tartalmaz p-fenilént -, ez a színező okozza a legtöbb problémát, bőr érzékenységet.<BR>- Krémes és könnyen alkalmazható, akár otthon, akár a szalonban.<BR>- Férfi hajfesték használata gyors és egyszerű: mindössze 5 perc alatt eléri a lágyabb színeket.<BR>- Erős pigmentjeivel természetes hajszíneket varázsol.<BR>- Takarja az ősz hajszálakat is.</P>
<P style=\"MARGIN: 0cm 0cm 10pt\"><BR><B><U>Nirvel Homme ammóniamentes férfi hajfesték használata.</U></B></P>
<P>A férfi hajfesték színének intenzitását a hatóidővel tág határok között változtathatjuk! Már öt perc után lágy színeket eredményez. A legerősebb tónust 10 perc után érhetjük el vele. 10 percnél tovább ne hagyja a hajon, a szín nem fog tovább erősödni.</P>
<P>1.. Öntse a hajfestéket a csőrös, felvivő flakonként is szolgáló oxigentához, és rázza jól össze!<BR>2.. Vigye fel a az elegyet a hajra egyenletesen, és jól fésülje össze.<BR>3.. Hagyja, 5 - 10 perc között a hajon, az elérni kívánt intenzitástól függően.<BR>4.. Öblítse le bő vízzel és szárítsa meg a hajat.</P>
<P>
<P>Nagyítható kép a&nbsp;ható idők tanulmányozásához!</P>
<P><A href=\"http://www.fodraszcikkbolt.hu/images/Szinskalak/Nirvel/frfi%20hajfestk%20diagram.jpg\" target=_blank><IMG border=0 alt=\"frfi hajfestk diagram.jpg - 118.58 Kb\" src=\"http://www.fodraszcikkbolt.hu/images/Szinskalak/Nirvel/frfi%20hajfestk%20diagram.jpg\" width=334 height=133></A></P>', `item_id`='0101-nfh-30+30ml-alap', `default_pic`='491', `active`='1', `category_id`='22', `root_category_id`='0', `seo_name`='nirvel-homme-barber-ferfi-ammoniamentes-hajfestek', `fullurl`='hajfestek/nirvel-homme-barber-ferfi-ammoniamentes-hajfestek', `other_categories`='22,24,25,27,84,131,170,173,219,222,253,256,313,314,362,365,372' WHERE id=2487

[2019-09-20 18:25:26] UPDATE webshop_gallery SET original_name='Testápoló és gyantázás utáni balzsam P-CHEM', date=1568996726 WHERE id=819

[2019-09-20 18:25:26] UPDATE webshop_special_fields SET `value`='24.Kozmetika arcápolás testápoló' WHERE `key`='manufacturer' AND `product_id`=2815

[2019-09-20 18:25:26] UPDATE webshop_special_fields SET `value`='ml' WHERE `key`='quantityunit' AND `product_id`=2815

[2019-09-20 18:25:26] UPDATE webshop_special_fields SET `value`='500' WHERE `key`='kiszereles' AND `product_id`=2815

[2019-09-20 18:25:27] UPDATE webshop_products SET `name_hun`='Testápoló és gyantázás utáni balzsam Pipere-CHEM ajándék 50db gyantatépő csíkkal',`content_short`='
Testápoló és gyantázás utáni balzsam. Általános testápoló balzsam, kamilla és körömvirág kivonattal....',`content`='<FONT face=Calibri>
<P style=\"TEXT-ALIGN: justify; MARGIN: 0cm 0cm 10pt; LINE-HEIGHT: normal; mso-margin-top-alt: auto; mso-margin-bottom-alt: auto\">Testápoló és gyantázás utáni balzsam. Általános testápoló balzsam, kamilla és körömvirág kivonattal. Használata minden bőrtípusra ajánlott, ideális gyantázás után,&nbsp; és napozás után a bőr ápolására, nyugtatására.</P>
<P style=\"TEXT-ALIGN: justify; MARGIN: 0cm 0cm 10pt; LINE-HEIGHT: normal; mso-margin-top-alt: auto; mso-margin-bottom-alt: auto\">A gyantázás utáni használata nyugtatja, hűsíti, bársonyossá teszi&nbsp;a bőrt,&nbsp;megszünteti az irritációt.&nbsp;A balzsam gyantázás utáni használatkor eltávolítja a bőrre került gyantamaradványokat is, megtisztítja a bőrfelületet a szőrtelenítő gyantától. Csak bőrfelületre használjuk, a gyantázó gép és gyantázó eszközök tisztítására, a géptisztító folyadék alkalmas!</P>
<P style=\"TEXT-ALIGN: justify; MARGIN: 0cm 0cm 10pt; LINE-HEIGHT: normal; mso-margin-top-alt: auto; mso-margin-bottom-alt: auto\"><B><U>500ml&nbsp; - Testápoló és Gyantázás utáni balzsam használata.</U></B></P>
<P style=\"MARGIN: 0cm 0cm 10pt; LINE-HEIGHT: normal; mso-margin-top-alt: auto; mso-margin-bottom-alt: auto\">Vigye fel a bőr felületre, várja meg amíg felszívódik!<B><U><BR></U></B>Gyantázás, szőrtelenítés után bőrnyugtatásra, kondícionálásra:</P>
<P style=\"MARGIN: 0cm 0cm 10pt; LINE-HEIGHT: normal; mso-margin-top-alt: auto; mso-margin-bottom-alt: auto\">Vigye fel az gyantázás utáni balzsamot vékonyan egy vatta korong segítségével a kívánt bőrfelületre.</P>
<P style=\"TEXT-ALIGN: justify; MARGIN: 0cm 0cm 10pt; LINE-HEIGHT: normal; mso-margin-top-alt: auto; mso-margin-bottom-alt: auto\"></FONT>&nbsp;</P>', `item_id`='0743-pgub-500ml', `default_pic`='819', `active`='1', `category_id`='193', `root_category_id`='191', `seo_name`='testapolo-es-gyantazas-utani-balzsam-pipere-chem-ajandek-50db-gyantatepo-csikkal', `fullurl`='arcapolas-testapolas/szortelenites/gyantazas-utani-termekek/testapolo-es-gyantazas-utani-balzsam-pipere-chem-ajandek-50db-gyantatepo-csikkal', `other_categories`='193,213,239,240' WHERE id=2815

[2019-09-20 18:25:27] UPDATE webshop_gallery SET original_name='Testápoló és gyantázás utáni olaj P-CHEM', date=1568996727 WHERE id=860

[2019-09-20 18:25:27] UPDATE webshop_special_fields SET `value`='24.Kozmetika arcápolás testápoló' WHERE `key`='manufacturer' AND `product_id`=2856

[2019-09-20 18:25:27] UPDATE webshop_special_fields SET `value`='ml' WHERE `key`='quantityunit' AND `product_id`=2856

[2019-09-20 18:25:27] UPDATE webshop_special_fields SET `value`='500' WHERE `key`='kiszereles' AND `product_id`=2856

[2019-09-20 18:25:27] UPDATE webshop_products SET `name_hun`='Testápoló és gyantázás utáni olaj Pipere-CHEM ajándék 50db gyantatépő csíkkal',`content_short`='Testápoló és gyantázás utáni olaj. Általános testápoló olaj, kamilla, orbáncfű&nbsp;és körömvirág...',`content`='<P style=\"TEXT-ALIGN: justify; MARGIN: 0cm 0cm 10pt; LINE-HEIGHT: normal; mso-margin-top-alt: auto; mso-margin-bottom-alt: auto\">Testápoló és gyantázás utáni olaj. Általános testápoló olaj, kamilla, orbáncfű&nbsp;és körömvirág kivonattal, a&nbsp;bőr ápolására, nyugtatására. Használata minden bőrtípusra ajánlott!</P>
<P style=\"TEXT-ALIGN: justify; MARGIN: 0cm 0cm 10pt; LINE-HEIGHT: normal; mso-margin-top-alt: auto; mso-margin-bottom-alt: auto\">A gyantázás utáni használata nyugtatja, hűsíti, bársonyossá teszi&nbsp;a bőrt,&nbsp;megszünteti az irritációt.&nbsp; A testápoló olaj gyantázás utáni használatkor eltávolítja a bőrre került gyantamaradványokat is, megtisztítja a bőrfelületet. Csak bőrfelületre használjuk, a gyantázó gép és gyantázó eszközök tisztítására, a géptisztító folyadék alkalmas!</P>
<P style=\"TEXT-ALIGN: justify; MARGIN: 0cm 0cm 10pt; LINE-HEIGHT: normal; mso-margin-top-alt: auto; mso-margin-bottom-alt: auto\"><U><STRONG>500ml - Testápoló és gyantázás utáni olaj használata.</STRONG></U></P>
<P><STRONG>Gyantázás, szőrtelenítés után bőrnyugtatásra, kondícionálásra, száraz bőr ápolására:</STRONG></P>
<P style=\"MARGIN-LEFT: 36pt; TEXT-INDENT: -18pt\">·&nbsp;&nbsp;&nbsp;&nbsp;&nbsp;&nbsp;&nbsp;&nbsp; Vigye fel az olajat vékonyan egy vatta korong segítségével a kívánt bőrfelületre.</P>
<P><STRONG>Szőrtelenítő gyanta maradványok eltávolítása:</STRONG></P>
<P style=\"MARGIN-LEFT: 36pt; TEXT-INDENT: -18pt\">·&nbsp;&nbsp;&nbsp;&nbsp;&nbsp;&nbsp;&nbsp;&nbsp; Vigye fel a gyantázás utáni olajat vastagon egy vatta korong segítségével a kívánt bőrfelületre. Óvatosan dörzsölje amíg a gyanta fel nem oldódik. Ezután törölje át a bőr felületet egy friss olajos vatta koronggal. </P>
<P style=\"TEXT-ALIGN: justify\">&nbsp;</P>', `item_id`='0743-pguo-500ml', `default_pic`='860', `active`='1', `category_id`='193', `root_category_id`='191', `seo_name`='testapolo-es-gyantazas-utani-olaj-pipere-chem-ajandek-50db-gyantatepo-csikkal', `fullurl`='arcapolas-testapolas/szortelenites/gyantazas-utani-termekek/testapolo-es-gyantazas-utani-olaj-pipere-chem-ajandek-50db-gyantatepo-csikkal', `other_categories`='193,213,222' WHERE id=2856

[2019-09-20 18:25:27] UPDATE webshop_gallery SET original_name='Nirvel extra erős hajspray 400ml', date=1568996727 WHERE id=715

[2019-09-20 18:25:27] UPDATE webshop_special_fields SET `value`='09.Nirvel fodrászcikk' WHERE `key`='manufacturer' AND `product_id`=2711

[2019-09-20 18:25:27] UPDATE webshop_special_fields SET `value`='ml' WHERE `key`='quantityunit' AND `product_id`=2711

[2019-09-20 18:25:27] UPDATE webshop_special_fields SET `value`='400' WHERE `key`='kiszereles' AND `product_id`=2711

[2019-09-20 18:25:27] UPDATE webshop_products SET `name_hun`='Nirvel extra erős hajspray 400ml',`content_short`='Hajspray. Az extra erős tartású,&nbsp;&nbsp;hajlakk, egy professzionális aktív hajfixáló, ami hosszan tartó...',`content`='<P style=\"TEXT-ALIGN: justify\">Hajspray. Az extra erős tartású,&nbsp;&nbsp;hajlakk, egy professzionális aktív hajfixáló, ami hosszan tartó erős, de rugalmas tartást biztosít. A hajlakk a Nirvel által kifejlesztett védőformuláival fixálja, óvja és vitalizálja a hajat. Ideális kész frizurák, formázott hajak fixálására. A könnyen kifésülhető hajlakk márkák, hosszan tartják hatásukat, nem hagy maradványokat a hajban.</P>
<P style=\"TEXT-ALIGN: justify\">400ml - <STRONG>A hajlakkok használata professzionális szolgáltatást tesz lehetővé</STRONG> a fodrászatokban és otthon, alacsony anyagfelhasználás melett.&nbsp;A Nirvel által kifejlesztett összetételnek köszönhetően, a <B style=\"mso-bidi-font-weight: normal\">Nirvel hajlakk márkák</B>, hajsprayk, antiallergén virág illattal, környezetbarát összetevőkkel készülnek.</P>
<P style=\"MARGIN: 0cm 0cm 10pt; LINE-HEIGHT: normal; mso-margin-top-alt: auto; mso-margin-bottom-alt: auto\"><FONT face=Calibri><B><U>A Nirvel extra erős hajspray 400ml, hajlakk védőformulái óvják és vitalizálják a hajat, használatának hatásai.</U></B></FONT></P>
<UL type=disc>
<LI style=\"MARGIN: 0cm 0cm 10pt; LINE-HEIGHT: normal; mso-margin-top-alt: auto; mso-margin-bottom-alt: auto; mso-list: l0 level1 lfo1; tab-stops: list 36.0pt\"><FONT face=Calibri>Extra erős tartású. </FONT><FONT face=Calibri>
<UL type=disc>
<LI style=\"TEXT-ALIGN: justify; MARGIN: 0cm 0cm 10pt; LINE-HEIGHT: normal; mso-margin-top-alt: auto; mso-margin-bottom-alt: auto; mso-list: l0 level1 lfo1; tab-stops: list 36.0pt\">A hajlakk rugalmasan, láthatatlanul tartja a hajat. 
<LI style=\"TEXT-ALIGN: justify; MARGIN: 0cm 0cm 10pt; LINE-HEIGHT: normal; mso-margin-top-alt: auto; mso-margin-bottom-alt: auto; mso-list: l0 level1 lfo1; tab-stops: list 36.0pt\">Könnyen kifésülhető, gyors hatású&nbsp;hajfixáló. 
<LI style=\"TEXT-ALIGN: justify; MARGIN: 0cm 0cm 10pt; LINE-HEIGHT: normal; mso-margin-top-alt: auto; mso-margin-bottom-alt: auto; mso-list: l0 level1 lfo1; tab-stops: list 36.0pt\">A hajlakkal hosszan tartó hatását érünk el, nem hagy maradványokat a hajban. 
<LI style=\"TEXT-ALIGN: justify; MARGIN: 0cm 0cm 10pt; LINE-HEIGHT: normal; mso-margin-top-alt: auto; mso-margin-bottom-alt: auto; mso-list: l0 level1 lfo1; tab-stops: list 36.0pt\">Párataszító hatású hajlakk. 
<LI style=\"TEXT-ALIGN: justify; MARGIN: 0cm 0cm 10pt; LINE-HEIGHT: normal; mso-margin-top-alt: auto; mso-margin-bottom-alt: auto; mso-list: l0 level1 lfo1; tab-stops: list 36.0pt\">A hajlakknak UV szűrő hatása is van, amely véd a káros környezeti hatásoktól.</FONT></LI></UL></LI></UL>
<P style=\"MARGIN: 0cm 0cm 10pt; LINE-HEIGHT: normal; mso-margin-top-alt: auto; mso-margin-bottom-alt: auto\"><FONT face=Calibri><B><U>A Nirvel extra erős hajspray 400ml, &nbsp;hajlakk márkák használata.</U></B></FONT></P>
<P>A hajlakkot fújja száraz hajra kb. 30 cm távolságról. Ha a haj volumenét szeretné növelni, fújja a hajlakkot közvetlenül a hajtövekre.</P>
<P>Ez a hajlakk, egy professzionális fodrászcikk, fodrászkellék!</P>', `item_id`='0110-nhs-7444-extraerős-400ml', `default_pic`='715', `active`='1', `category_id`='62', `root_category_id`='73', `seo_name`='nirvel-extra-eros-hajspray-400ml', `fullurl`='hajfixalo-hajformazo/hajlakk/extra-eros-hajlakk/nirvel-extra-eros-hajspray-400ml', `other_categories`='62,222' WHERE id=2711

[2019-09-20 18:25:27] UPDATE webshop_gallery SET original_name='Nirvel extrém erős hajlakk', date=1568996727 WHERE id=3299

[2019-09-20 18:25:27] UPDATE webshop_special_fields SET `value`='09.Nirvel fodrászcikk' WHERE `key`='manufacturer' AND `product_id`=3547

[2019-09-20 18:25:27] UPDATE webshop_special_fields SET `value`='ml' WHERE `key`='quantityunit' AND `product_id`=3547

[2019-09-20 18:25:27] UPDATE webshop_special_fields SET `value`='400' WHERE `key`='kiszereles' AND `product_id`=3547

[2019-09-20 18:25:27] UPDATE webshop_products SET `name_hun`='Nirvel extrém erős hajlakk',`content_short`='Hajlakk extrém erős tartással. Az extrém erős tartású, virágillatú &nbsp;hajlakk, egy professzionális aktív...',`content`='<P style=\"TEXT-ALIGN: justify\">Hajlakk extrém erős tartással. Az extrém erős tartású, virágillatú &nbsp;hajlakk, egy professzionális aktív hajfixáló, ami hosszan tartó erős, de rugalmas tartást biztosít. A hajlakk a Nirvel által kifejlesztett védőformuláival fixálja, óvja és vitalizálja a hajat. Ideális kész frizurák, formázott hajak fixálására. A könnyen kifésülhető hajlakk márkák, hosszan tartják hatásukat, nem hagy maradványokat a hajban.</P>
<P style=\"TEXT-ALIGN: justify\">400ml - Az extrém erős&nbsp;hajlakk használata professzionális szolgáltatást tesz lehetővé a fodrászatokban és otthon is.&nbsp; A Nirvel által kifejlesztett összetételnek köszönhetően, a Nirvel hajlakk márkák, hajsprayk, antiallergén virág illattal, környezetbarát összetevőkkel készülnek.</P>
<P style=\"MARGIN: 0cm 0cm 10pt; LINE-HEIGHT: normal; mso-margin-top-alt: auto; mso-margin-bottom-alt: auto\"><FONT face=Calibri><B><U>Az extrém&nbsp;erős hajlakkok védőformulái óvják és vitalizálják a hajat, használatának hatásai:</U></B></FONT></P>
<UL type=disc>
<LI style=\"MARGIN: 0cm 0cm 10pt; LINE-HEIGHT: normal; mso-margin-top-alt: auto; mso-margin-bottom-alt: auto; mso-list: l0 level1 lfo1; tab-stops: list 36.0pt\"><FONT face=Calibri>Extra erős tartású. </FONT><FONT face=Calibri>
<UL type=disc>
<LI style=\"TEXT-ALIGN: justify; MARGIN: 0cm 0cm 10pt; LINE-HEIGHT: normal; mso-margin-top-alt: auto; mso-margin-bottom-alt: auto; mso-list: l0 level1 lfo1; tab-stops: list 36.0pt\">A hajlakk rugalmasan, láthatatlanul tartja a hajat. 
<LI style=\"TEXT-ALIGN: justify; MARGIN: 0cm 0cm 10pt; LINE-HEIGHT: normal; mso-margin-top-alt: auto; mso-margin-bottom-alt: auto; mso-list: l0 level1 lfo1; tab-stops: list 36.0pt\">Könnyen kifésülhető, gyors hatású&nbsp;hajfixáló. 
<LI style=\"TEXT-ALIGN: justify; MARGIN: 0cm 0cm 10pt; LINE-HEIGHT: normal; mso-margin-top-alt: auto; mso-margin-bottom-alt: auto; mso-list: l0 level1 lfo1; tab-stops: list 36.0pt\">A hajlakkal hosszan tartó hatását érünk el, nem hagy maradványokat a hajban. 
<LI style=\"TEXT-ALIGN: justify; MARGIN: 0cm 0cm 10pt; LINE-HEIGHT: normal; mso-margin-top-alt: auto; mso-margin-bottom-alt: auto; mso-list: l0 level1 lfo1; tab-stops: list 36.0pt\">Párataszító hatású hajlakk. 
<LI style=\"TEXT-ALIGN: justify; MARGIN: 0cm 0cm 10pt; LINE-HEIGHT: normal; mso-margin-top-alt: auto; mso-margin-bottom-alt: auto; mso-list: l0 level1 lfo1; tab-stops: list 36.0pt\">A hajlakknak UV szűrő hatása is van, amely véd a káros környezeti hatásoktól.</FONT></LI></UL></LI></UL>
<P style=\"MARGIN: 0cm 0cm 10pt; LINE-HEIGHT: normal; mso-margin-top-alt: auto; mso-margin-bottom-alt: auto\"><FONT face=Calibri><B><U>A Nirvel extrém erős tartású hajlakk márkák használata:</U></B></FONT></P>
<P>A hajlakkot fújja száraz hajra kb. 30 cm távolságról. Ha a haj volumenét szeretné növelni, fújja a hajlakkot közvetlenül a hajtövekre.</P>
<P>Ez a hajlakk, professzionális fodrászcikk, fodrászkellék!</P>', `item_id`='0110-nhm-7444-400ml-extrem', `default_pic`='3299', `active`='1', `category_id`='60', `root_category_id`='73', `seo_name`='nirvel-extrem-eros-hajlakk', `fullurl`='hajfixalo-hajformazo/hajlakk/nirvel-extrem-eros-hajlakk', `other_categories`='60,61,62,73,104' WHERE id=3547

[2019-09-20 18:25:27] UPDATE webshop_gallery SET original_name='Homme vörösödés mentes férfi hajfesték', date=1568996727 WHERE id=7132

[2019-09-20 18:25:27] UPDATE webshop_special_fields SET `value`='09.Nirvel fodrászcikk' WHERE `key`='manufacturer' AND `product_id`=4148

[2019-09-20 18:25:27] UPDATE webshop_special_fields SET `value`='db' WHERE `key`='quantityunit' AND `product_id`=4148

[2019-09-20 18:25:27] UPDATE webshop_special_fields SET `value`='1' WHERE `key`='kiszereles' AND `product_id`=4148

[2019-09-20 18:25:27] UPDATE webshop_products SET `name_hun`='Homme vörösödés mentes férfi hajfesték',`content_short`='Férfi hajfesték. Vörösödés, Ammónia,&nbsp;&nbsp;PPD mentes, Extra gyors, ősz hajat is takaró Professzionális,...',`content`='<P><FONT face=\"Times New Roman\">Férfi hajfesték. Vörösödés, Ammónia,&nbsp;&nbsp;PPD mentes, Extra gyors, ősz hajat is takaró Professzionális, hajfesték csomag&nbsp;férfi hajra. Gyorsan ható ( 5-10 perc) Barber hajfestékek, melyek&nbsp;férfiaknak készültek.&nbsp;&ndash; A&nbsp;férfi hajra készült hajfestő csomag&nbsp; 30ml hajfestékből + 30ml oxigentából áll.</FONT></P>
<P><FONT face=\"Times New Roman\">1 hajfestékkel 4 -5 árnyalatát festhetjük meg egy színnek, a ható idő változtatásával.&nbsp;A színek: &nbsp;G3 &ndash; sötétszürkék, G4 - világosszürkék, CT6 - sötétbarnák, CT7 - világosbarnák. <STRONG>A hajfestékek árnyalatai a hatóidő növelésével sötétednek 5perctől, egészen 10percig.</STRONG></FONT></P>
<P><FONT face=\"Times New Roman\">A Barber, férfi hajfesték csomag&nbsp;ára tartalmazza a hajfestéket, az oxidálót tartalmazó csőrös felvivő flakont, és egy hajfestő védő kesztyűt.</FONT></P>
<P style=\"TEXT-ALIGN: justify; MARGIN: 0cm 0cm 10pt\">A férfiak mindig sietnek, ezért ez a hajfesték nagyon gyorsan dolgozik. <B style=\"mso-bidi-font-weight: normal\">A Nirvel&nbsp; Homme Barber férfi hajfesték nem tartalmaz ammóniát és p-fenilént, nagyon egyszerűen a használata, és a hatóidő változtatásával tág határok között sötétíthetünk a hajszínárnyalatokon.</B></P>
<P style=\"TEXT-ALIGN: justify; MARGIN: 0cm 0cm 10pt\">A férfiaknál a legtöbbet előforduló két hajszín probléma amiért haj festésre adják a fejüket, az őszülés, a fehér hajszálak eltüntetése, vagy a kifakult hajszín frissítése. Mindkét hajszínváltoztatás jelentős változást hoz a megjelenésben.</P>
<P style=\"TEXT-ALIGN: justify; MARGIN: 0cm 0cm 10pt\">A Nirvel Home Barber férfiaknak készült hajfestékeiből ezért a hamvas és a barna árnyalatok készültek.</P>
<P style=\"TEXT-ALIGN: justify; MARGIN: 0cm 0cm 10pt\">A férfiak többségének a fehér, vagy esetleg hófehér haj kevésbé áll jól, sokkal szebb, pl. egy&nbsp; hamvas szürke árnyalat, ezért nekik a hamvas valamelyik színmélységét javasoljuk. A legtöbb őszülő, vagy csak kopott hajszínű férfi barna hajú, ezért nekik a barna hajszín valamelyik árnyalta lesz a legmegfelelőbb, hogy észrevétlenül éveket fiatalodjanak.</P>
<P style=\"TEXT-ALIGN: justify; MARGIN: 0cm 0cm 10pt\">A Nirvel Homme Barber férfiaknak készült hajfestékkel a hatóidő változtatásával, nagyon egyszerűen állíthatjuk be az ideális árnyalatot.&nbsp; 5 perc minimális hatóidő után, az idő múlásával a lenti képen is jól látható, egyre sötétedő újabb hajszíneket kapunk.</P>
<P style=\"TEXT-ALIGN: justify; MARGIN: 0cm 0cm 10pt\">Gyors, kifejezetten férfi hajra készült hajfesték. A férfi haj sajátosságinak figyelembevételével készült hajfestékkel rendkívül gyors megoldást kap a fehér ősz hajszálak eltüntetésére, vagy a természetes hajszín visszaállítására. Ammónia és P-fenilén mentes, ápoló és kondicionáló összetétele védi a haj szál és a fejbőr egészségét. Az arginin csökkenti alkalmazási időt, mindössze 5 vagy 10 perc alatt olyan lesz a haj, mint fiatal korában.</P>
<P style=\"MARGIN: 0cm 0cm 10pt\"><STRONG>A Nirvel Home Barber férfi hajfestékek színárnyalatai.</STRONG></P>
<P style=\"MARGIN: 0cm 0cm 10pt\"><STRONG>1 hajfestékkel kb. 4 -5 színmélységet festhetünk meg ugyanazon színben (pl. barna), a ható idő függvényében.</STRONG></P>
<P style=\"MARGIN: 0cm 0cm 10pt\"><STRONG>A hajfestékek árnyalatai a hatóidő növelésével sötétednek 5perc után egészen 10percig,</STRONG></P>
<P style=\"MARGIN: 0cm 0cm 10pt\"><STRONG>ezért pl. CT6 sötétbarna hajfestékkel, a következő színmélységek, a 6-os (kb.5perc), az &nbsp;5-ös (kb.7perc), a 4-es (kb.8perc), a 3-as (kb.9perc), a 2-es (kb.10perc) festhetők meg.</STRONG></P>
<P style=\"MARGIN: 0cm 0cm 10pt\">G3 &ndash; Sötét szürke - 6-os világos szürke árnyaltról indul, 5,4, 3-as sötét szürke árnyalatig</P>
<P style=\"MARGIN: 0cm 0cm 10pt\">G4 &ndash; Világos szürke 8-os világos árnyaltról indul, 7,6, 5-ös világos szürke árnyalatig </P>
<P style=\"MARGIN: 0cm 0cm 10pt\">CT6 &ndash; Sötét barna 6-os világos barna árnyaltról indul, 5,4, 3-as sötét barna árnyalatig<STRONG>)</STRONG></P>
<P style=\"MARGIN: 0cm 0cm 10pt\">CT7 &ndash; Világos barna 8-os világos árnyaltról indul, 7,6, 5-ös világos barna árnyalatig</P>
<P style=\"MARGIN: 0cm 0cm 10pt\">A jól nagyítható hajszín ajánlón a barna hajszínek sajnos nem jól látszódnak! Ezek valós színét&nbsp;a hajfestésben már ismert hajszínek színeivel, színmélységével&nbsp;azonosítsa! pl a CT6 -ot az ismert&nbsp;sötét barna hajszínnel, ami 3-as színmélységnek felel meg.</P>
<P style=\"MARGIN: 0cm 0cm 10pt\">
<P>
<P><IMG border=0 alt=\"frfi hajfestk.jpg - 212.57 Kb\" src=\"http://www.fodraszcikkbolt.hu/images/Szinskalak/Nirvel/frfi%20hajfestk.jpg\" width=150 height=135></P>
<P></P>
<P style=\"MARGIN: 0cm 0cm 10pt\"><BR><B><U>Nirvel Homme ammóniamentes férfi hajfesték használata.</U></B></P>
<P>A férfi hajfesték színének intenzitását a hatóidővel tág határok között változtathatjuk! Már öt perc után lágy színeket eredményez. A legerősebb tónust 10 perc után érhetjük el vele. 10 percnél tovább ne hagyja a hajon, a szín nem fog tovább erősödni.</P>
<P>1.. Öntse a hajfestéket a csőrös, felvivő flakonként is szolgáló oxigentához, és rázza jól össze!<BR>2.. Vigye fel a az elegyet a hajra egyenletesen, és jól fésülje össze.<BR>3.. Hagyja, 5 - 10 perc között a hajon, az elérni kívánt intenzitástól függően.<BR>4.. Öblítse le bő vízzel és szárítsa meg a hajat.</P>
<P>
<P>Nagyítható kép a&nbsp;ható idők tanulmányozásához!</P>
<P><A href=\"http://www.fodraszcikkbolt.hu/images/Szinskalak/Nirvel/frfi%20hajfestk%20diagram.jpg\" target=_blank><IMG border=0 alt=\"frfi hajfestk diagram.jpg - 118.58 Kb\" src=\"http://www.fodraszcikkbolt.hu/images/Szinskalak/Nirvel/frfi%20hajfestk%20diagram.jpg\" width=334 height=133></A></P>', `item_id`='0101-nfh-30+30ml-alap-NEIDE', `default_pic`='7132', `active`='1', `category_id`='23', `root_category_id`='22', `seo_name`='homme-vorosodes-mentes-ferfi-hajfestek', `fullurl`='hajfestek/hajfestek-csomagok-fodraszoknak/homme-vorosodes-mentes-ferfi-hajfestek', `other_categories`='23,25,27,84,219,253,256,313,314,362,365' WHERE id=4148

[2019-09-20 18:25:27] UPDATE webshop_gallery SET original_name='Maxima Argán olaj -os hajszőkítő por 25gr', date=1568996727 WHERE id=2970

[2019-09-20 18:25:27] UPDATE webshop_special_fields SET `value`='06.Vitalfarco Milano fodrászcikk' WHERE `key`='manufacturer' AND `product_id`=3415

[2019-09-20 18:25:27] UPDATE webshop_special_fields SET `value`='gr' WHERE `key`='quantityunit' AND `product_id`=3415

[2019-09-20 18:25:27] UPDATE webshop_special_fields SET `value`='25' WHERE `key`='kiszereles' AND `product_id`=3415

[2019-09-20 18:25:27] UPDATE webshop_products SET `name_hun`='Maxima Argán olaj -os hajszőkítő por 25gr',`content_short`='hajszőkítő por. Kék színű, &nbsp;Argán olajos,&nbsp; gyors, bio szőkítő por, nagyon alacsony ammónia...',`content`='<P style=\"TEXT-ALIGN: justify; MARGIN: 0cm 0cm 10pt\"><FONT face=Calibri>hajszőkítő por. Kék színű, &nbsp;Argán olajos,&nbsp; gyors, bio szőkítő por, nagyon alacsony ammónia tartalommal, sárgulást megakadályozó pigmentekkel, komplex hajápolókkal. &nbsp;A szőkítő por ára, erős, aromazárós alufólia tasakos kiszerelésének köszönhetően, a dobozos változathoz képest rendkívül kedvező! 7 tónus világosítását</FONT></P>
<P style=\"TEXT-ALIGN: justify\">25gr - A <STRONG>Maxima&nbsp;Argan&nbsp; </STRONG><STRONG>szőkítő por</STRONG> bármilyen szőkítési technikához ajánlott. Az aktív összetevők egyenletesen és intenzíven szőkítik a hajat az elérhető legvilágosabb tónusig is, miközben a növényi ápoló anyagok maximálisan védik a hajat a szőkítés ideje alatt. Speciális állagának köszönhetően könnyedén beivódik a hajrostokba, de emellett óvja a haj szerkezetét. -A <STRONG>szőkítő por</STRONG> minden színtelenítési eljáráshoz (hajfesték és hajszínező) tökéletes.&nbsp; -&nbsp; Könnyű a kezelése, nem fúvódik, állaga egységes a kezelés ideje alatt, a legmakacsabb szín pigmenteket is eltávolítja.</P>
<P style=\"TEXT-ALIGN: justify\"><U><STRONG><FONT face=Calibri>Kék színű, &nbsp;Argán olaj -os </FONT>Maxima&nbsp;Argan hajszőkítőpor használata:</STRONG></U></P>
<P style=\"TEXT-ALIGN: justify\">1 rész szőkítő <STRONG>port</STRONG> keverjen össze 2 rész&nbsp; 10-20-30-40 vol oxi creammel, a világosítás mértékének megfelelően. Hatóidő 20-50 perc a világosítás mértékének és a haj minőségének függvényében. A kikevert krémet száraz hajra vigyük fel és hagyjuk rajta a hatóidő lejártáig. Öblítsük le, majd mossuk meg a hajat, hamvasító hajápoló samponnal.</P>
<P style=\"TEXT-ALIGN: justify\"><STRONG><U><FONT face=Calibri>Kék színű, &nbsp;Argán olaj -os</FONT> Maxima&nbsp;Argan -</U></STRONG><STRONG><U>&nbsp;hajszőkítő por keverési aránya:</U></STRONG> 1+2 </P>
<P style=\"TEXT-ALIGN: justify\"><STRONG><U><FONT face=Calibri>Kék színű, &nbsp;Argán olajos</FONT> Maxima&nbsp;Argan - haj</U></STRONG><STRONG><U>szőkítő por ható ideje, szőkítési idő:</U></STRONG></P>
<P style=\"TEXT-ALIGN: justify\">1-3 tónus&nbsp; &nbsp;&nbsp;10vol-3% &nbsp;&nbsp;20-40perc</P>
<P style=\"TEXT-ALIGN: justify\">3-4 tónus&nbsp; &nbsp;&nbsp;20vol-6%&nbsp;&nbsp; 20-30perc</P>
<P style=\"TEXT-ALIGN: justify\">4-5 tónus&nbsp; &nbsp;&nbsp;30vol-9%&nbsp;&nbsp; 30-40perc</P>
<P style=\"TEXT-ALIGN: justify\">6-7 tónustól&nbsp;&nbsp; &nbsp;40vol-12% &nbsp;&nbsp;45-50perc</P>', `item_id`='1405-vmdc-7002-25gr-argan', `default_pic`='2970', `active`='1', `category_id`='45', `root_category_id`='0', `seo_name`='maxima-argan-olaj-os-hajszokito-por-25gr', `fullurl`='hajszokites/maxima-argan-olaj-os-hajszokito-por-25gr', `other_categories`='45,46,222,331' WHERE id=3415

[2019-09-20 18:25:27] UPDATE webshop_products SET sort=1 WHERE id=3326

[2019-09-20 18:25:27] UPDATE webshop_products SET sort=2 WHERE id=4559

[2019-09-20 18:25:27] UPDATE webshop_products SET sort=3 WHERE id=4560

[2019-09-20 18:25:28] UPDATE webshop_products SET sort=4 WHERE id=4561

[2019-09-20 18:25:29] UPDATE users SET lastlogin = NOW() WHERE id = '11'

[2019-09-20 18:25:29] UPDATE webshop_gallery SET original_name='Olio Argan masszázsolaj RO.ial + ajándék 250ml Hw Dopo care gyantázás utáni olaj', date=1568996729 WHERE id=3987

[2019-09-20 18:25:29] UPDATE webshop_special_fields SET `value`='51.Masszőr termékek' WHERE `key`='manufacturer' AND `product_id`=3668

[2019-09-20 18:25:29] UPDATE webshop_special_fields SET `value`='ml' WHERE `key`='quantityunit' AND `product_id`=3668

[2019-09-20 18:25:29] UPDATE webshop_special_fields SET `value`='500' WHERE `key`='kiszereles' AND `product_id`=3668

[2019-09-20 18:25:29] UPDATE webshop_products SET `name_hun`='Olio Argan masszázsolaj RO.ial+ ajándék 250ml Dopo care gyantázás utáni olaj+50db gyantatépő csík',`content_short`='Masszírozó olaj, masszázsolaj argán olajjal. Az olasz országban készült&nbsp;argán olajos masszázs olaj...',`content`='<P style=\"TEXT-ALIGN: justify; MARGIN: 0cm 0cm 10pt\"><FONT face=Calibri>Masszírozó olaj, masszázsolaj </FONT>argán olajjal. Az olasz országban készült&nbsp;argán olajos masszázs olaj visszaadja a száraz vagy a zsíros bőr egyensúlyát. Javítja a testfelszín vérellátását, ezért a narancsbőr gyógyulását is előmozdítja. <FONT face=Calibri>Ideális sikosító hatású, könnyű maszírozást&nbsp;tesz lehetővé.</FONT></P>
<P style=\"TEXT-ALIGN: justify; MARGIN: 0cm 0cm 10pt\">500ml -A masszázsolajban található gondosan kiválasztott növényi megkönnyítik a tökéletes masszázs kivitelezését.</P>
<P style=\"TEXT-ALIGN: justify; MARGIN: 0cm 0cm 10pt\">A természetes masszázsolaj növényi hatóanyagainak és összetételének köszönhetően jótékonyan, aktívan fejtik ki hatásukat a masszázs során. Argán olaj és E-vitamin tartalmuk ápolják és regenerálják a bőrt,&nbsp; és a természetes illóolajok illatai nemcsak a testet, de a lelket is kényeztetik. A masszázsolajok hosszantartó csúszósságot biztosítanak. A masszázs teljes ideje alatt csúszósak maradnak, csak a masszírozás végére szívódnak be a bőrbe.</P>
<P style=\"TEXT-ALIGN: justify; MARGIN: 0cm 0cm 10pt\">A masszírozó olaj ideális reumatikus fájdalmak enyhítésére is. Az E-vitamin nagymértékben tápláló és regeneráló, a masszázzsal a bőrt, puhává és simává alakítja. Illatanyag-mentes.</P>
<P style=\"TEXT-ALIGN: justify; MARGIN: 0cm 0cm 10pt\">Masszírozáskor ötvözheti illóolajokkal, attól függően, hogy a kezelést hogyan szeretné elvégezni.</P>', `item_id`='2160-ri-dep2078-500ml', `default_pic`='3987', `active`='1', `category_id`='193', `root_category_id`='191', `seo_name`='olio-argan-masszazsolaj-roial-ajandek-250ml-dopo-care-gyantazas-utani-olaj-50db-gyantatepo-csik', `fullurl`='arcapolas-testapolas/szortelenites/gyantazas-utani-termekek/olio-argan-masszazsolaj-roial-ajandek-250ml-dopo-care-gyantazas-utani-olaj-50db-gyantatepo-csik', `other_categories`='193,197,211,213,222,239,240' WHERE id=3668

[2019-09-20 18:25:29] UPDATE webshop_gallery SET original_name='Maxima Argán olaj -os szőkítő krém', date=1568996729 WHERE id=60

[2019-09-20 18:25:29] UPDATE webshop_special_fields SET `value`='06.Vitalfarco Milano fodrászcikk' WHERE `key`='manufacturer' AND `product_id`=2055

[2019-09-20 18:25:29] UPDATE webshop_special_fields SET `value`='gr' WHERE `key`='quantityunit' AND `product_id`=2055

[2019-09-20 18:25:29] UPDATE webshop_special_fields SET `value`='500' WHERE `key`='kiszereles' AND `product_id`=2055

[2019-09-20 18:25:29] UPDATE webshop_products SET `name_hun`='Maxima Argán olaj -os szőkítő krém',`content_short`='szőkítő krém. Argán olaj -os,&nbsp; gyors, bio nagyon alacsony ammónia tartalommal, sárgulást megakadályozó...',`content`='<P style=\"TEXT-ALIGN: justify\">szőkítő krém. Argán olaj -os,&nbsp; gyors, bio nagyon alacsony ammónia tartalommal, sárgulást megakadályozó pigmentekkel, komplex hajápolókkal. &nbsp;<STRONG>A hajfestékhez hasonló, krém állagú szőkítő. A por állaggra érzékeny felhasználóknak készült, de sok szempontból praktikus. Krémes állaga miatt könnyen keverhető, a felhasználandó mennyiség pontosan mérhető, nem kell óvni a párától.</STRONG></P>
<P style=\"TEXT-ALIGN: justify\">500gr- A szőkítő krém ára, a tubus kinyomóval rendelkező, fólia tasakos kiszerelésének köszönhetően rendkívül kedvező! &nbsp;Erős, aromazárós alufólia tasakban kapható, melyen egy csavaros kupakkal zárható, kinyomó nyílás található.&nbsp; A zacskóból a szőkítő krémet kézzel könnyedén&nbsp; kinyomhatjuk, mely a hajfestékhez hasonló állagú, és könnyen összekeverhető az oxival.</P>
<P style=\"TEXT-ALIGN: justify\">A Maxima Argan szőkítő krém használata magas minőségű szolgáltatást, tökéletes szőkítést tesz lehetővé, alacsony költségek mellett, ára üzletpolitikánkat tükrözi. Magas minőség rendkívül kedvező áron! A szőkítő krémet, a 45 éves tapasztalattal rendelkező Milánoi Vitalfarco készíti.</P>
<P style=\"TEXT-ALIGN: justify\">A professzionális maxima szőkítő krém bármilyen szőkítési technikához ajánlott. Az aktív összetevők egyenletesen és intenzíven szőkítik a hajat az elérhető legvilágosabb tónusig is, miközben a növényi ápoló anyagok maximálisan védik a hajat a szőkítés ideje alatt. Speciális állagának köszönhetően könnyedén beivódik a hajrostokba, de emellett óvja a haj szerkezetét. A szőkítő krém minden színtelenítési eljáráshoz (hajfesték és hajszínező) tökéletes. Könnyű a kezelése, állaga egységes a kezelés ideje alatt, a legmakacsabb szín pigmenteket is eltávolítja.</P>
<P style=\"MARGIN: 0cm 0cm 10pt\"><B style=\"mso-bidi-font-weight: normal\"><U>MaximaArgan - szőkítő krém használata.</U></B></P>
<P style=\"TEXT-ALIGN: justify\">1 rész szőkítő <STRONG>krémet</STRONG> keverjen össze 2 rész&nbsp; 10-20-30-40 vol oxi creammel, a világosítás mértékének megfelelően. Hatóidő 20-50 perc a világosítás mértékének és a haj minőségének függvényében. A kikevert krémet száraz hajra vigyük fel és hagyjuk rajta a hatóidő lejártáig. Öblítsük le, majd mossuk meg a hajat, hamvasító hajápoló samponnal.</P>
<P style=\"TEXT-ALIGN: justify\"><B style=\"mso-bidi-font-weight: normal\"><U>-----A MaximaArgan szőkítő krém keverési aránya:</U></B> 1+2 </P>
<P style=\"TEXT-ALIGN: justify\"><B style=\"mso-bidi-font-weight: normal\"><U>---- A szőkítő krém ható ideje, szőkítési idő:</U></B></P>
<P style=\"TEXT-ALIGN: justify\">.1-3 tónus&nbsp;&nbsp;&nbsp; 10vol-3%&nbsp;&nbsp; 20-40perc</P>
<P style=\"TEXT-ALIGN: justify\">.3-4 tónus&nbsp;&nbsp;&nbsp; 20vol-6%&nbsp;&nbsp; 20-30perc</P>
<P style=\"TEXT-ALIGN: justify\">.4-5 tónus&nbsp;&nbsp;&nbsp; 30vol-9%&nbsp;&nbsp; 30-40perc</P>
<P style=\"TEXT-ALIGN: justify\">.6-7 tónustól&nbsp;&nbsp; &nbsp;40vol-12% &nbsp;&nbsp;45-50perc</P>
<P style=\"TEXT-ALIGN: justify\">A szőkítő krém ható ideje alatt, figyelje a hajat! A haj minőségétől függően, a ható idő rövidebb is lehet az előírtnál! Ha a levilágosítás mértéke elérte a kívánt szintet, mossa le a szőkítést!</P>
<P style=\"TEXT-ALIGN: justify\"><STRONG><U>Fontos tanács a szőkítéshez!</U></STRONG></P>
<P style=\"TEXT-ALIGN: justify\">A Vitalfarco <STRONG>szőkítő porokat, krémeket</STRONG> a használati utasítások betartása mellett minden hajtípusra használhatjuk, rendkívül <STRONG>kíméletesek és hatékonyak!</STRONG><STRONG>Szőkítéskor, a hatóidőt nem érdemes túllépni!</STRONG> Amennyiben pontosan fel tudja mérni a haj állapotát, ezzel a szőkítő krémmel megvalósítható, az egymás utáni többszöri használat. Előfordulhat pl. makacs festett fekete haj szőkítésekor, hogy első lépésben nem sikerül tökéletesen eltávolítani a fekete hajszínt. Ha a haj állapota megengedi ( nem roncsolt) , sokkal jobb eredményt érünk el a szőkítő elegy újbóli felvitelével, egy újabb szőkítéssel, mint az ajánlott hatóidő, túllépésével! Ebben az esetben az oxidáló szer erősségét csökkentsük, a még levilágosítandó tónusnak megfelelően.</P>
<P style=\"TEXT-ALIGN: justify\"><STRONG>Professzionális fodrászcikk, fodrászkellék! </STRONG>A magas minőséget képviselő professzionális szőkítő krém, tökéletes közreműködő minden típusú haj roncsolás mentes szőkítésben, a nem kívánt természetes, és festett hajszín eltávolításában. Több évtizedes felhasználói és gyártói tapasztalatok alapján készül, a mindenkori elvárások maximális figyelembevételével.&nbsp; A szőkítő krémmel gyorsan, tökéletes eredménnyel, és károsodás nélkül világosíthatjuk a hajat.</P>
<P style=\"TEXT-ALIGN: justify\"><STRONG>&nbsp;</STRONG></P>', `item_id`='1405-vmdc-7009-500gr-arganolajos', `default_pic`='60', `active`='1', `category_id`='45', `root_category_id`='0', `seo_name`='maxima-argan-olaj-os-szokito-krem', `fullurl`='hajszokites/maxima-argan-olaj-os-szokito-krem', `other_categories`='45,47,222,240' WHERE id=2055

[2019-09-20 18:25:30] UPDATE webshop_gallery SET original_name='Maxima fehér szőkítőpor', date=1568996730 WHERE id=221

[2019-09-20 18:25:30] UPDATE webshop_special_fields SET `value`='06.Vitalfarco Milano fodrászcikk' WHERE `key`='manufacturer' AND `product_id`=2216

[2019-09-20 18:25:30] UPDATE webshop_special_fields SET `value`='gr' WHERE `key`='quantityunit' AND `product_id`=2216

[2019-09-20 18:25:30] UPDATE webshop_special_fields SET `value`='500' WHERE `key`='kiszereles' AND `product_id`=2216

[2019-09-20 18:25:30] UPDATE webshop_products SET `name_hun`='Maxima fehér szőkítőpor',`content_short`='Fehér szőkítőpor normál hajakhoz. A normál, sárgulásra nem hajlamos&nbsp;hajak szőkítéskor a...',`content`='<P style=\"TEXT-ALIGN: justify; MARGIN: 0cm 0cm 10pt\"><FONT face=Calibri>Fehér szőkítőpor normál hajakhoz. A normál, sárgulásra nem hajlamos&nbsp;hajak szőkítéskor a legjobb&nbsp;fehéres hajszín,&nbsp;készítésére fehér színű szőkítőporok használata &nbsp;javasolt.&nbsp;&nbsp;Ezeknél a hajaknál a kék pigmentekkel dúsított szőkítőporral, a használat nagyon hideg, kékes lilás árnyalatához is vezethet. A fehér szőkítőporos szőkítés &nbsp;a normál, nem sárgulásra hajlamos hajhoz lett kifejlesztve, a lehető leg ideálisabb fehéres hajszín elérésének megvalósításához, ennek megfelelő ideális arányban tartalmazza az ehhez szükséges, összetevőket.</FONT></P>
<P style=\"TEXT-ALIGN: justify; MARGIN: 0cm 0cm 10pt\"><FONT face=Calibri>A fehér szőkítőpor használatakor a fehér állag miatt jobban követhető a világosítás folyamata.</FONT></P>
<P style=\"TEXT-ALIGN: justify\">
<P style=\"TEXT-ALIGN: justify\">
<P style=\"TEXT-ALIGN: justify\">500gr - Maxima White, fehér színű&nbsp;szőkítőpor, használata magas minőségű szolgáltatást, tökéletes szőkítést tesz lehetővé. A szőkítő port, a 45 éves tapasztalattal rendelkező Milánoi Vitalfarco készíti.</P>
<P style=\"TEXT-ALIGN: justify\">A szőkítő por<FONT face=Calibri> ára a kiszereléstől függően változik</FONT>, bármilyen szőkítési technikához ajánlott. Az aktív összetevők egyenletesen és intenzíven szőkítik a hajat az elérhető legvilágosabb tónusig is, miközben a növényi ápoló anyagok maximálisan védik a hajat a szőkítés ideje alatt. Speciális állagának köszönhetően könnyedén beivódik a hajrostokba, de emellett óvja a haj szerkezetét. A szőkítő por minden színtelenítési eljáráshoz (hajfesték és hajszínező) tökéletes. Könnyű a kezelése, nem fúvódik, állaga egységes a kezelés ideje alatt, a legmakacsabb szín pigmenteket is eltávolítja.</P>
<P style=\"TEXT-ALIGN: justify\"><U>fehér szőkítőpor, Maxima White&nbsp;&nbsp;használata.</U> - - 1 rész szőkítőport keverjen össze 2 rész&nbsp; 10-20-30-40 vol oxi creammel, a világosítás mértékének megfelelően. Hatóidő 20-50 perc a világosítás mértékének és a haj minőségének függvényében. A kikevert krémet száraz hajra vigyük fel és hagyjuk rajta a hatóidő lejártáig. Öblítsük le, majd mossuk meg a hajat, hamvasító hajápoló samponnal.</P>
<P style=\"TEXT-ALIGN: justify\"><U>A Maxima White szőkítőpor keverési aránya</U> 1+2&nbsp;.</P>
<P style=\"TEXT-ALIGN: justify\"><U>A&nbsp; Maxima White&nbsp;szőkítőporos kezelés, szőkítés&nbsp;ható ideje, szőkítési idők.</U></P>
<P style=\"TEXT-ALIGN: justify\">1-3 tónus&nbsp; &nbsp;&nbsp;10vol-3% &nbsp;&nbsp;20-40perc</P>
<P style=\"TEXT-ALIGN: justify\">3-4 tónus&nbsp; &nbsp;&nbsp;20vol-6%&nbsp;&nbsp; 20-30perc</P>
<P style=\"TEXT-ALIGN: justify\">4-5 tónus&nbsp; &nbsp;&nbsp;30vol-9%&nbsp;&nbsp; 30-40perc</P>
<P style=\"TEXT-ALIGN: justify\">6 -7&nbsp;tónustól 40vol-12% &nbsp;&nbsp;45-50perc</P>
<P style=\"TEXT-ALIGN: justify\"><STRONG>Fontos tanács a szőkítéshez:</STRONG> A szőkítő por ható ideje alatt, figyelje a hajat! A haj minőségétől függően, a ható idő rövidebb is lehet az előírtnál! Ha a levilágosítás mértéke elérte a kívánt szintet, mossa le a szőkítést!</P>
<P style=\"TEXT-ALIGN: justify\">Szőkítéskor, a hatóidőt nem érdemes túllépni! Amennyiben pontosan fel tudja mérni a haj állapotát, ezzel a szőkítő porral megvalósítható, az egymás utáni többszöri használat. Előfordulhat pl. makacs festett fekete haj szőkítésekor, hogy első lépésben nem sikerül tökéletesen eltávolítani a fekete hajszínt. - - Ha a haj állapota megengedi ( nem roncsolt) , sokkal jobb eredményt érünk el a szőkítő elegy újbóli felvitelével, egy újabb szőkítéssel, mint az ajánlott hatóidő, túllépésével! Ebben az esetben az oxidáló szer erősségét csökkentsük, a még levilágosítandó tónusnak megfelelően. A Vitalfarco szőkítő porokat, krémeket a használati utasítások betartása mellett minden hajtípusra használhatjuk, rendkívül kíméletesek és hatékonyak!</P>
<P style=\"TEXT-ALIGN: justify\">A Maxima szőkítő porral gyorsan, tökéletes eredménnyel, és károsodás nélkül világosíthatjuk a hajat.A magas minőséget képviselő professzionális szőkítő por, tökéletes közreműködő minden típusú haj roncsolás mentes szőkítésben, a nem kívánt természetes, és festett hajszín eltávolításában. Több évtizedes felhasználói és gyártói tapasztalatok alapján készül, a mindenkori elvárások maximális figyelembevételével.&nbsp;&nbsp;Professzionális m. fodrászcikk, fodrászkellék! </P>
<P></P>', `item_id`='1405-vmdc-7003-500gr-fehér', `default_pic`='221', `active`='1', `category_id`='45', `root_category_id`='0', `seo_name`='maxima-feher-szokitopor', `fullurl`='hajszokites/maxima-feher-szokitopor', `other_categories`='45,46,222' WHERE id=2216

[2019-09-20 18:25:30] UPDATE webshop_gallery SET original_name='Maxima Argánolajos szőkítőpor', date=1568996730 WHERE id=224

[2019-09-20 18:25:30] UPDATE webshop_special_fields SET `value`='06.Vitalfarco Milano fodrászcikk' WHERE `key`='manufacturer' AND `product_id`=2219

[2019-09-20 18:25:30] UPDATE webshop_special_fields SET `value`='gr' WHERE `key`='quantityunit' AND `product_id`=2219

[2019-09-20 18:25:30] UPDATE webshop_special_fields SET `value`='500' WHERE `key`='kiszereles' AND `product_id`=2219

[2019-09-20 18:25:30] UPDATE webshop_products SET `name_hun`='Maxima Argánolajos szőkítőpor',`content_short`='Szőkítőpor argánolajjal.&nbsp;porzás mentes, kék színű, nagyon alacsony ammónia tartalommal, sárgulást...',`content`='<P style=\"TEXT-ALIGN: justify\"><STRONG>Szőkítőpor argánolajjal.&nbsp;p</STRONG><STRONG>orzás mentes, kék színű, </STRONG><STRONG>nagyon alacsony ammónia tartalommal</STRONG>, sárgulást megakadályozó kék pigmentekkel, levendula haj ápolóval. </P>
<P style=\"TEXT-ALIGN: justify\">500gr - Az argánolajos szőkítőpor használata magas minőségű szolgáltatást, tökéletes szőkítést tesz lehetővé. A szőkítőporok ára, a kiszereléstől függően változik. A Maxima szőkítő port, a 45 éves tapasztalattal rendelkező Milánoi Vitalfarco készíti.</P>
<P style=\"TEXT-ALIGN: justify\">Az aktív összetevők egyenletesen és intenzíven szőkítik a hajat az elérhető legvilágosabb tónusig is, miközben a növényi ápoló anyagok maximálisan védik a hajat a szőkítés ideje alatt.A <STRONG>szőkítő por</STRONG> bármilyen szőkítési technikához ajánlott.&nbsp; Speciális állagának köszönhetően könnyedén beivódik a hajrostokba, de emellett óvja a haj szerkezetét. A <STRONG>szőkítő por</STRONG> minden színtelenítési eljáráshoz (hajfesték és hajszínező) tökéletes. Könnyű a kezelése, nem fúvódik, állaga egységes a kezelés ideje alatt, a legmakacsabb szín pigmenteket is eltávolítja.</P>
<P style=\"TEXT-ALIGN: justify\"><STRONG><U>Szőkítőpor kék Vital Maxima Rapid Bleach használata</U></STRONG><STRONG>:</STRONG>1 rész szőkítő<STRONG>port</STRONG> keverjen össze 2 rész&nbsp; 10-20-30-40 vol oxi creammel, a világosítás mértékének megfelelően. Hatóidő 20-50 perc a világosítás mértékének és a haj minőségének függvényében. A kikevert krémet száraz hajra vigyük fel és hagyjuk rajta a hatóidő lejártáig. Öblítsük le, majd mossuk meg a hajat, hamvasító hajápoló samponnal.</P>
<P style=\"TEXT-ALIGN: justify\"><B style=\"mso-bidi-font-weight: normal\"><U>A kék szőkítőpor keverési aránya:</U></B> 1+2 </P>
<P style=\"TEXT-ALIGN: justify\"><B style=\"mso-bidi-font-weight: normal\"><U>A Maxima argan olajos szőkítőporok ható ideje, szőkítési idővel:</U></B></P>
<P style=\"TEXT-ALIGN: justify\">1-3 tónus&nbsp;&nbsp;&nbsp; 10vol-3%&nbsp;&nbsp; 20-40perc</P>
<P style=\"TEXT-ALIGN: justify\">3-4 tónus&nbsp;&nbsp;&nbsp; 20vol-6%&nbsp;&nbsp; 20-30perc</P>
<P style=\"TEXT-ALIGN: justify\">4-5 tónus&nbsp;&nbsp;&nbsp; 30vol-9%&nbsp;&nbsp; 30-40perc</P>
<P style=\"TEXT-ALIGN: justify\">6 -7 tónustól 40vol-12%&nbsp;&nbsp; 45-50perc</P>
<P style=\"TEXT-ALIGN: justify\">&nbsp;<STRONG><U>Fontos tanács a szőkítéshez!</U>---Szőkítéskor, a hatóidőt nem érdemes túllépni!</STRONG>A szőkítő por ható ideje alatt, figyelje a hajat! A haj minőségétől függően, a ható idő rövidebb is lehet az előírtnál! Ha a levilágosítás mértéke elérte a kívánt szintet, mossa le a szőkítést! --Amennyiben pontosan fel tudja mérni a haj állapotát, ezzel a szőkítő porral megvalósítható, az egymás utáni többszöri használat. Előfordulhat pl. makacs festett fekete haj szőkítésekor, hogy első lépésben nem sikerül tökéletesen eltávolítani a fekete hajszínt. Ha a haj állapota megengedi ( nem roncsolt) , sokkal jobb eredményt érünk el a szőkítő elegy újbóli felvitelével, egy újabb szőkítéssel, mint az ajánlott hatóidő, túllépésével! Ebben az esetben az oxidáló szer erősségét csökkentsük, a még levilágosítandó tónusnak megfelelően.</P>
<P style=\"TEXT-ALIGN: justify\">A Vitalfarco <STRONG>szőkítő porokat, krémeket</STRONG> a használati utasítások betartása mellett minden hajtípusra használhatjuk, rendkívül <STRONG>kíméletesek és hatékonyak!Professzionális fodrászcikkek, fodrászkellékek! </STRONG>Több évtizedes felhasználói és gyártói tapasztalatok alapján készül, a mindenkori elvárások maximális figyelembevételével.&nbsp;&nbsp; A magas minőséget képviselő professzionális szőkítő por, tökéletes közreműködő minden típusú haj roncsolás mentes szőkítésben, a nem kívánt természetes, és festett hajszín eltávolításában. </P>
<P style=\"TEXT-ALIGN: justify\">A szőkítő porral gyorsan, tökéletes eredménnyel, és károsodás nélkül világosíthatjuk a hajat.</P>', `item_id`='1405-vmdc-7006N-500gr', `default_pic`='224', `active`='1', `category_id`='45', `root_category_id`='0', `seo_name`='maxima-arganolajos-szokitopor', `fullurl`='hajszokites/maxima-arganolajos-szokitopor', `other_categories`='45,46,222' WHERE id=2219

[2019-09-20 18:25:30] UPDATE webshop_gallery SET original_name='Maxima Argán olaj -os szőkítőpor', date=1568996730 WHERE id=2795

[2019-09-20 18:25:30] UPDATE webshop_special_fields SET `value`='06.Vitalfarco Milano fodrászcikk' WHERE `key`='manufacturer' AND `product_id`=3287

[2019-09-20 18:25:30] UPDATE webshop_special_fields SET `value`='gr' WHERE `key`='quantityunit' AND `product_id`=3287

[2019-09-20 18:25:30] UPDATE webshop_special_fields SET `value`='500' WHERE `key`='kiszereles' AND `product_id`=3287

[2019-09-20 18:25:30] UPDATE webshop_products SET `name_hun`='Maxima Argán olaj -os szőkítőpor',`content_short`='Szőkítőpor argánolajjal, alacsony amóniatartalommal. &nbsp;500gr - Az Argán olajos,&nbsp; kék színű gyors, bio...',`content`='<P style=\"TEXT-ALIGN: justify; MARGIN: 0cm 0cm 10pt\">Szőkítőpor argánolajjal, alacsony amóniatartalommal. &nbsp;500gr - Az Argán olajos,&nbsp; kék színű gyors, bio szőkítő por, nagyon alacsony ammónia tartalommal, sárgulást megakadályozó pigmentekkel, komplex hajápolókkal készül. &nbsp;A szőkítő por ára, erős, aromazárós alufólia tasakos kiszerelésének köszönhetően, a dobozos változathoz képest rendkívül kedvező! </P>
<P style=\"TEXT-ALIGN: justify\">A szőkítő por használata magas minőségű szolgáltatást, tökéletes szőkítést tesz lehetővé, alacsony költségek mellett.&nbsp; A szőkítő port, a 45 éves tapasztalattal rendelkező Milánoi Vitalfarco készíti.</P>
<P style=\"TEXT-ALIGN: justify\">A <STRONG>Maxima&nbsp;Argan&nbsp; szőkítő por </STRONG>ára a dobozos, vagy tasakos kiszereléstől függően változik, bármilyen szőkítési technikához ajánlott. Az aktív összetevők egyenletesen és intenzíven szőkítik a hajat az elérhető legvilágosabb tónusig is, miközben a növényi ápoló anyagok maximálisan védik a hajat a szőkítés ideje alatt. Speciális állagának köszönhetően könnyedén beivódik a hajrostokba, de emellett óvja a haj szerkezetét. -A <STRONG>szőkítő por</STRONG> minden színtelenítési eljáráshoz (hajfesték és hajszínező) tökéletes.&nbsp; -&nbsp; Könnyű a kezelése, nem fúvódik, állaga egységes a kezelés ideje alatt, a legmakacsabb szín pigmenteket is eltávolítja.</P>
<P style=\"TEXT-ALIGN: justify\"><STRONG><U>A&nbsp;Maxima&nbsp;Argan kék szőkítőpor használata</U></STRONG><STRONG>:</STRONG></P>
<P style=\"TEXT-ALIGN: justify\">1 rész szőkítő <STRONG>port</STRONG> keverjen össze 2 rész&nbsp; 10-20-30-40 vol oxi creammel, a világosítás mértékének megfelelően. Hatóidő 20-50 perc a világosítás mértékének és a haj minőségének függvényében. A kikevert krémet száraz hajra vigyük fel és hagyjuk rajta a hatóidő lejártáig. Öblítsük le, majd mossuk meg a hajat, hamvasító hajápoló samponnal.</P>
<P style=\"TEXT-ALIGN: justify\"><STRONG><U>******A Maxima&nbsp;Argan szőkítő por keverési aránya:</U></STRONG> 1+2 </P>
<P style=\"TEXT-ALIGN: justify\"><STRONG><U>****A Maxima&nbsp;Argan szőkítő por ható ideje, szőkítési idő:</U></STRONG></P>
<P style=\"TEXT-ALIGN: justify\">------1-3 tónus&nbsp; &nbsp;&nbsp;10vol-3% &nbsp;&nbsp;20-40perc</P>
<P style=\"TEXT-ALIGN: justify\">------3-4 tónus&nbsp; &nbsp;&nbsp;20vol-6%&nbsp;&nbsp; 20-30perc</P>
<P style=\"TEXT-ALIGN: justify\">------4-5 tónus&nbsp; &nbsp;&nbsp;30vol-9%&nbsp;&nbsp; 30-40perc</P>
<P style=\"TEXT-ALIGN: justify\">------6 -7 tónustól 40vol-12% &nbsp;&nbsp;45-50perc</P>
<P style=\"TEXT-ALIGN: justify\">A szőkítő por ható ideje alatt, mindig figyelje a hajat! A haj minőségétől függően, a ható idő rövidebb is lehet az előírtnál! Ha a levilágosítás mértéke elérte a kívánt szintet, mossa le a szőkítést!</P>
<P style=\"TEXT-ALIGN: justify\"><STRONG><U>*&nbsp;- Fontos tanács a szőkítéshez!</U></STRONG></P>
<P style=\"TEXT-ALIGN: justify\"><STRONG>Szőkítéskor, a hatóidőt nem érdemes túllépni!</STRONG> Amennyiben pontosan fel tudja mérni a haj állapotát, ezzel a szőkítő porral megvalósítható, az egymás utáni többszöri használat. Előfordulhat pl. makacs festett fekete haj szőkítésekor, hogy első lépésben nem sikerül tökéletesen eltávolítani a fekete hajszínt. </P>
<P style=\"TEXT-ALIGN: justify\">******Ha a haj állapota megengedi ( nem roncsolt) , sokkal jobb eredményt érünk el a szőkítő elegy újbóli felvitelével, egy újabb szőkítéssel, mint az ajánlott hatóidő, túllépésével! Ebben az esetben az oxidáló szer erősségét csökkentsük, a még levilágosítandó tónusnak megfelelően. - - A Vitalfarco <STRONG>szőkítő porokat, krémeket</STRONG> a használati utasítások betartása mellett minden hajtípusra használhatjuk, rendkívül <STRONG>kíméletesek és hatékonyak!</STRONG></P>
<P style=\"TEXT-ALIGN: justify\">A magas minőséget képviselő professzionális szőkítő por, tökéletes közreműködő minden típusú haj roncsolás mentes szőkítésben, a nem kívánt természetes, és festett hajszín eltávolításában. Több évtizedes felhasználói és gyártói tapasztalatok alapján készül, a mindenkori elvárások maximális figyelembevételével. *A szőkítő porral gyorsan, tökéletes eredménnyel, és károsodás nélkül világosíthatjuk a hajat.</P>
<P style=\"TEXT-ALIGN: justify\"><STRONG>----------Professzionális fodrászcikk, fodrászkellék! --------</STRONG></P>', `item_id`='1405-vmdc-7006/B-500gr-tasak', `default_pic`='2795', `active`='1', `category_id`='45', `root_category_id`='0', `seo_name`='maxima-argan-olaj-os-szokitopor', `fullurl`='hajszokites/maxima-argan-olaj-os-szokitopor', `other_categories`='45,46,222' WHERE id=3287

[2019-09-20 18:25:30] UPDATE webshop_gallery SET original_name='Homme férfi ammóniamentes hajfesték legjobb ára - ajándék 2db mini sampon', date=1568996730 WHERE id=7208

[2019-09-20 18:25:30] UPDATE webshop_special_fields SET `value`='09.Nirvel fodrászcikk' WHERE `key`='manufacturer' AND `product_id`=4171

[2019-09-20 18:25:30] UPDATE webshop_special_fields SET `value`='db' WHERE `key`='quantityunit' AND `product_id`=4171

[2019-09-20 18:25:30] UPDATE webshop_special_fields SET `value`='1' WHERE `key`='kiszereles' AND `product_id`=4171

[2019-09-20 18:25:30] UPDATE webshop_products SET `name_hun`='Homme férfi ammóniamentes hajfesték legjobb ára - ajándék 2db mini sampon',`content_short`='Férfi hajfesték. Top minőség, Vörösödés, Ammóniamentes,&nbsp;&nbsp;PPD mentes, Extra gyors, Professzionális,...',`content`='<P style=\"TEXT-ALIGN: justify\"><FONT face=\"Times New Roman\">Férfi hajfesték. Top minőség, Vörösödés, Ammóniamentes,&nbsp;&nbsp;PPD mentes, Extra gyors, Professzionális, ősz hajat is takaró hajfesték csomag&nbsp;férfi hajra. Gyorsan ható ( 5-10 perc) Barber hajfestékek, melyek&nbsp;férfiaknak készültek.&nbsp;&ndash; A&nbsp;férfi hajra készült hajfestő csomag&nbsp; 30ml hajfestékből + 30ml oxigentából áll.</FONT></P>
<P style=\"TEXT-ALIGN: justify\"><FONT face=\"Times New Roman\">1 hajfestékkel 4 -5 árnyalatát festhetjük meg egy színnek, a ható idő változtatásával.&nbsp;A színek: &nbsp;G3 &ndash; sötétszürkék, G4 - világosszürkék, CT6 - sötétbarnák, CT7 - világosbarnák. <STRONG>A hajfestékek árnyalatai a hatóidő növelésével sötétednek 5perctől, egészen 10percig.</STRONG></FONT></P>
<P><FONT face=\"Times New Roman\">A Barber, férfi hajfesték csomag&nbsp;ára tartalmazza a hajfestéket, az oxidálót tartalmazó csőrös felvivő flakont, és egy hajfestő védő kesztyűt.</FONT></P>
<P style=\"TEXT-ALIGN: justify; MARGIN: 0cm 0cm 10pt\">A férfiak mindig sietnek, ezért ez a hajfesték nagyon gyorsan dolgozik. <B style=\"mso-bidi-font-weight: normal\">A Nirvel&nbsp; Homme Barber férfi hajfesték nem tartalmaz ammóniát és p-fenilént, nagyon egyszerűen a használata, és a hatóidő változtatásával tág határok között sötétíthetünk a hajszínárnyalatokon.</B></P>
<P style=\"TEXT-ALIGN: justify; MARGIN: 0cm 0cm 10pt\">A férfiaknál a legtöbbet előforduló két hajszín probléma amiért haj festésre adják a fejüket, az őszülés, a fehér hajszálak eltüntetése, vagy a kifakult hajszín frissítése. Mindkét hajszínváltoztatás jelentős változást hoz a megjelenésben.</P>
<P style=\"TEXT-ALIGN: justify; MARGIN: 0cm 0cm 10pt\">A Nirvel Home Barber férfiaknak készült hajfestékeiből ezért a hamvas és a barna árnyalatok készültek.</P>
<P style=\"TEXT-ALIGN: justify; MARGIN: 0cm 0cm 10pt\">A férfiak többségének a fehér, vagy esetleg hófehér haj kevésbé áll jól, sokkal szebb, pl. egy&nbsp; hamvas szürke árnyalat, ezért nekik a hamvas valamelyik színmélységét javasoljuk. A legtöbb őszülő, vagy csak kopott hajszínű férfi barna hajú, ezért nekik a barna hajszín valamelyik árnyalta lesz a legmegfelelőbb, hogy észrevétlenül éveket fiatalodjanak.</P>
<P style=\"TEXT-ALIGN: justify; MARGIN: 0cm 0cm 10pt\">A Nirvel Homme Barber férfiaknak készült hajfestékkel a hatóidő változtatásával, nagyon egyszerűen állíthatjuk be az ideális árnyalatot.&nbsp; 5 perc minimális hatóidő után, az idő múlásával a lenti képen is jól látható, egyre sötétedő újabb hajszíneket kapunk.</P>
<P style=\"TEXT-ALIGN: justify; MARGIN: 0cm 0cm 10pt\">Gyors, kifejezetten férfi hajra készült hajfesték. A férfi haj sajátosságinak figyelembevételével készült hajfestékkel rendkívül gyors megoldást kap a fehér ősz hajszálak eltüntetésére, vagy a természetes hajszín visszaállítására. Ammónia és P-fenilén mentes, ápoló és kondicionáló összetétele védi a haj szál és a fejbőr egészségét. Az arginin csökkenti alkalmazási időt, mindössze 5 vagy 10 perc alatt olyan lesz a haj, mint fiatal korában.</P>
<P style=\"MARGIN: 0cm 0cm 10pt\"><STRONG>A Nirvel Home Barber férfi hajfestékek színárnyalatai.</STRONG></P>
<P style=\"MARGIN: 0cm 0cm 10pt\"><STRONG>1 hajfestékkel kb. 4 -5 színmélységet festhetünk meg ugyanazon színben (pl. barna), a ható idő függvényében.</STRONG></P>
<P style=\"MARGIN: 0cm 0cm 10pt\"><STRONG>A hajfestékek árnyalatai a hatóidő növelésével sötétednek 5perc után egészen 10percig,</STRONG></P>
<P style=\"MARGIN: 0cm 0cm 10pt\"><STRONG>ezért pl. CT6 sötétbarna hajfestékkel, a következő színmélységek, a 6-os (kb.5perc), az &nbsp;5-ös (kb.7perc), a 4-es (kb.8perc), a 3-as (kb.9perc), a 2-es (kb.10perc) festhetők meg.</STRONG></P>
<P style=\"MARGIN: 0cm 0cm 10pt\">G3 &ndash; Sötét szürke - 6-os világos szürke árnyaltról indul, 5,4, 3-as sötét szürke árnyalatig</P>
<P style=\"MARGIN: 0cm 0cm 10pt\">G4 &ndash; Világos szürke 8-os világos árnyaltról indul, 7,6, 5-ös világos szürke árnyalatig </P>
<P style=\"MARGIN: 0cm 0cm 10pt\">CT6 &ndash; Sötét barna 6-os világos barna árnyaltról indul, 5,4, 3-as sötét barna árnyalatig<STRONG>)</STRONG></P>
<P style=\"MARGIN: 0cm 0cm 10pt\">CT7 &ndash; Világos barna 8-os világos árnyaltról indul, 7,6, 5-ös világos barna árnyalatig</P>
<P style=\"MARGIN: 0cm 0cm 10pt\">A jól nagyítható hajszín ajánlón a barna hajszínek sajnos nem jól látszódnak! Ezek valós színét&nbsp;a hajfestésben már ismert hajszínek színeivel, színmélységével&nbsp;azonosítsa! pl a CT6 -ot az ismert&nbsp;sötét barna hajszínnel, ami 3-as színmélységnek felel meg.</P>
<P style=\"MARGIN: 0cm 0cm 10pt\"><BR><B><U>Nirvel Homme ammóniamentes férfi hajfesték használata.</U></B></P>
<P>A férfi hajfesték színének intenzitását a hatóidővel tág határok között változtathatjuk! Már öt perc után lágy színeket eredményez. A legerősebb tónust 10 perc után érhetjük el vele. 10 percnél tovább ne hagyja a hajon, a szín nem fog tovább erősödni.</P>
<P>1.. Öntse a hajfestéket a csőrös, felvivő flakonként is szolgáló oxigentához, és rázza jól össze!<BR>2.. Vigye fel a az elegyet a hajra egyenletesen, és jól fésülje össze.<BR>3.. Hagyja, 5 - 10 perc között a hajon, az elérni kívánt intenzitástól függően.<BR>4.. Öblítse le bő vízzel és szárítsa meg a hajat.</P>', `item_id`='0101-nfh-7010-50ml', `default_pic`='7208', `active`='1', `category_id`='345', `root_category_id`='56', `seo_name`='homme-ferfi-ammoniamentes-hajfestek-legjobb-ara-ajandek-2db-mini-sampon', `fullurl`='dauer/akcio/legjobb-bio-hajfestek-arak/homme-ferfi-ammoniamentes-hajfestek-legjobb-ara-ajandek-2db-mini-sampon', `other_categories`='345' WHERE id=4171

[2019-09-20 18:25:30] UPDATE webshop_gallery SET original_name='Maxima fehér szőkítőpor zacskóban', date=1568996730 WHERE id=3995

[2019-09-20 18:25:30] UPDATE webshop_special_fields SET `value`='06.Vitalfarco Milano fodrászcikk' WHERE `key`='manufacturer' AND `product_id`=3680

[2019-09-20 18:25:30] UPDATE webshop_special_fields SET `value`='gr' WHERE `key`='quantityunit' AND `product_id`=3680

[2019-09-20 18:25:30] UPDATE webshop_special_fields SET `value`='500' WHERE `key`='kiszereles' AND `product_id`=3680

[2019-09-20 18:25:30] UPDATE webshop_products SET `name_hun`='Maxima fehér szőkítőpor zacskóban',`content_short`='Fehér szőkítőpor 500gr - zacskós kiszerelésben kedvezőbb áron. - Maxima White, fehér színű szőkítő por...',`content`='<P style=\"TEXT-ALIGN: justify; MARGIN: 0cm 0cm 10pt\"><FONT face=Calibri>Fehér szőkítőpor 500gr - zacskós kiszerelésben kedvezőbb áron. - Maxima White, fehér színű szőkítő por alacsony ammónia tartalommal, levendula haj ápolóval készül. </FONT></P><FONT face=Calibri>
<P style=\"TEXT-ALIGN: justify; MARGIN: 0cm 0cm 10pt\">Fehér szőkítőpor normál hajakhoz. A normál, sárgulásra nem hajlamos&nbsp;hajak szőkítéskor a legjobb&nbsp;fehéres hajszín,&nbsp;készítésére fehér színű szőkítőporok használata &nbsp;javasolt.&nbsp;&nbsp;Ezeknél a hajaknál a kék pigmentekkel dúsított szőkítőporral, a használat nagyon hideg, kékes lilás árnyalatához is vezethet. A fehér szőkítőporos szőkítés &nbsp;a normál, nem sárgulásra hajlamos hajhoz lett kifejlesztve, a lehető leg ideálisabb fehéres hajszín elérésének megvalósításához, ennek megfelelő ideális arányban tartalmazza az ehhez szükséges, összetevőket.</P>
<P style=\"TEXT-ALIGN: justify; MARGIN: 0cm 0cm 10pt\">A fehér szőkítőpor használatakor a fehér állag miatt jobban követhető a világosítás folyamata.</P>
<P style=\"TEXT-ALIGN: justify; MARGIN: 0cm 0cm 10pt\"></FONT></P>
<P style=\"TEXT-ALIGN: justify; MARGIN: 0cm 0cm 10pt\"><FONT face=Calibri>A szőkítő por használata magas minőségű szolgáltatást, tökéletes szőkítést tesz lehetővé. A szőkítő port, a 45 éves tapasztalattal rendelkező Milánoi Vitalfarco készíti.</FONT></P>
<P style=\"TEXT-ALIGN: justify; MARGIN: 0cm 0cm 10pt\"><FONT face=Calibri>A szőkítőpor ára a kiszereléstől függően változik, ezért a doboz nélküli zacskós szőkítőporok olcsóbbak.&nbsp;Bármilyen szőkítési technikához ajánlott. Az aktív összetevők egyenletesen és intenzíven szőkítik a hajat az elérhető legvilágosabb tónusig is, miközben a növényi ápoló anyagok maximálisan védik a hajat a szőkítés ideje alatt. Speciális állagának köszönhetően könnyedén beivódik a hajrostokba, de emellett óvja a haj szerkezetét. A szőkítő por minden színtelenítési eljáráshoz (hajfesték és hajszínező) tökéletes. Könnyű a kezelése, nem fúvódik, állaga egységes a kezelés ideje alatt, a legmakacsabb szín pigmenteket is eltávolítja.</FONT></P>
<P style=\"TEXT-ALIGN: justify; MARGIN: 0cm 0cm 10pt\"><FONT face=Calibri><U>fehér szőkítőpor, Vital Maxima White használata.</U> - - 1 rész szőkítő port keverjen össze 2 rész&nbsp; 10-20-30-40 vol oxi creammel, a világosítás mértékének megfelelően. Hatóidő 20-50 perc a világosítás mértékének és a haj minőségének függvényében. A kikevert krémet száraz hajra vigyük fel és hagyjuk rajta a hatóidő lejártáig. Öblítsük le, majd mossuk meg a hajat, hamvasító hajápoló samponnal.</FONT></P>
<P style=\"TEXT-ALIGN: justify; MARGIN: 0cm 0cm 10pt\"><FONT face=Calibri>A Maxima White szőkítő por keverési aránya 1+2&nbsp;.</FONT></P>
<P style=\"TEXT-ALIGN: justify\"><U>A&nbsp;szőkítőporos kezelés, szőkítés&nbsp;ható ideje, szőkítési idők.</U></P>
<P style=\"TEXT-ALIGN: justify\">1-3 tónus&nbsp; &nbsp;&nbsp;10vol-3% &nbsp;&nbsp;20-40perc</P>
<P style=\"TEXT-ALIGN: justify\">3-4 tónus&nbsp; &nbsp;&nbsp;20vol-6%&nbsp;&nbsp; 20-30perc</P>
<P style=\"TEXT-ALIGN: justify\">4-5 tónus&nbsp; &nbsp;&nbsp;30vol-9%&nbsp;&nbsp; 30-40perc</P>
<P style=\"TEXT-ALIGN: justify\">6 -7 tónustól 40vol-12% &nbsp;&nbsp;45-50perc</P>', `item_id`='1405-vmb-7003BOXW-500g', `default_pic`='3995', `active`='1', `category_id`='45', `root_category_id`='0', `seo_name`='maxima-feher-szokitopor-zacskoban', `fullurl`='hajszokites/maxima-feher-szokitopor-zacskoban', `other_categories`='45,46' WHERE id=3680

[2019-09-20 18:25:31] UPDATE webshop_gallery SET original_name='Gyantázás utáni bőrnyugtató zselé P-CHEM', date=1568996731 WHERE id=7291

[2019-09-20 18:25:31] UPDATE webshop_special_fields SET `value`='24.Kozmetika arcápolás testápoló' WHERE `key`='manufacturer' AND `product_id`=4200

[2019-09-20 18:25:31] UPDATE webshop_special_fields SET `value`='ml' WHERE `key`='quantityunit' AND `product_id`=4200

[2019-09-20 18:25:31] UPDATE webshop_special_fields SET `value`='500' WHERE `key`='kiszereles' AND `product_id`=4200

[2019-09-20 18:25:31] UPDATE webshop_products SET `name_hun`='Gyantázás utáni bőrnyugtató zselé Pipere-CHEM ajándék 50db gyantatépő csíkkal',`content_short`='Gyantázás utáni pumpás bőrnyugtató zselé.&nbsp;Természetes balzsam, gyantázás utáni használata nyugtatja,...',`content`='<P style=\"TEXT-ALIGN: justify; MARGIN: 0cm 0cm 10pt; LINE-HEIGHT: normal; mso-margin-top-alt: auto; mso-margin-bottom-alt: auto\"><FONT face=Calibri>Gyantázás utáni pumpás bőrnyugtató zselé.&nbsp;Természetes balzsam, gyantázás utáni használata nyugtatja, hűsíti, bársonyossá teszi&nbsp;a bőrt,&nbsp;megszünteti az irritációt.&nbsp;Használható a száraz bőr kezelésére is, testápolóként.&nbsp;&nbsp;A gyantázás utáni bőrnyugtató zselé hatékonyan eltávolítja a bőrre került gyantamaradványokat is, megtisztítja a bőrfelületet. </FONT></P>
<P style=\"TEXT-ALIGN: justify; MARGIN: 0cm 0cm 10pt; LINE-HEIGHT: normal; mso-margin-top-alt: auto; mso-margin-bottom-alt: auto\">&nbsp;</P>
<P style=\"TEXT-ALIGN: justify; MARGIN: 0cm 0cm 10pt; LINE-HEIGHT: normal; mso-margin-top-alt: auto; mso-margin-bottom-alt: auto\"><FONT face=Calibri>500ml&nbsp; - </FONT><STRONG><U>Gyantázás utáni bőrnyugtató zselé használata:</U></STRONG></P>
<P style=\"MARGIN: 0cm 0cm 10pt; LINE-HEIGHT: normal; mso-margin-top-alt: auto; mso-margin-bottom-alt: auto\"><FONT face=Calibri>Gyantázás, szőrtelenítés után bőrnyugtatásra, kondícionálásra:</FONT></P>
<UL type=disc>
<LI style=\"MARGIN: 0cm 0cm 10pt; LINE-HEIGHT: normal; mso-margin-top-alt: auto; mso-margin-bottom-alt: auto; mso-list: l0 level1 lfo1; tab-stops: list 36.0pt\"><FONT face=Calibri>Vigye fel az gyantázás utáni bőrnyugtató zselét vékonyan a kívánt bőrfelületre.</FONT></LI></UL>', `item_id`='0743-pgub-zselé-500ml', `default_pic`='7291', `active`='1', `category_id`='191', `root_category_id`='0', `seo_name`='gyantazas-utani-bornyugtato-zsele-pipere-chem-ajandek-50db-gyantatepo-csikkal', `fullurl`='arcapolas-testapolas/gyantazas-utani-bornyugtato-zsele-pipere-chem-ajandek-50db-gyantatepo-csikkal', `other_categories`='191,193,196,197,239,240' WHERE id=4200

[2019-09-20 18:25:31] UPDATE webshop_gallery SET original_name='Homme férfi ammóniamentes hajfesték csomag fodrászoknak', date=1568996731 WHERE id=7209

[2019-09-20 18:25:31] UPDATE webshop_special_fields SET `value`='09.Nirvel fodrászcikk' WHERE `key`='manufacturer' AND `product_id`=4172

[2019-09-20 18:25:31] UPDATE webshop_special_fields SET `value`='db' WHERE `key`='quantityunit' AND `product_id`=4172

[2019-09-20 18:25:31] UPDATE webshop_special_fields SET `value`='1' WHERE `key`='kiszereles' AND `product_id`=4172

[2019-09-20 18:25:31] UPDATE webshop_products SET `name_hun`='Homme férfi ammóniamentes hajfesték csomag fodrászoknak',`content_short`='Férfi hajfesték. Top minőség, Vörösödés, Ammóniamentes,&nbsp;&nbsp;PPD mentes, Extra gyors, Professzionális,...',`content`='<P style=\"TEXT-ALIGN: justify; MARGIN: 0cm 0cm 10pt\">Férfi hajfesték. Top minőség, Vörösödés, Ammóniamentes,&nbsp;&nbsp;PPD mentes, Extra gyors, Professzionális, ősz hajat is takaró hajfesték csomag&nbsp;férfi hajra. Gyorsan ható ( 5-10 perc) Barber hajfestékek, melyek&nbsp;férfiaknak készültek.&nbsp;&ndash; A&nbsp;férfi hajra készült hajfestő csomag&nbsp; 30ml hajfestékből + 30ml oxigentából áll.</P>
<P style=\"TEXT-ALIGN: justify; MARGIN: 0cm 0cm 10pt\">1 hajfestékkel 4 -5 árnyalatát festhetjük meg egy színnek, a ható idő változtatásával.&nbsp;A színek: &nbsp;G3 &ndash; sötétszürkék, G4 - világosszürkék, CT6 - sötétbarnák, CT7 - világosbarnák. <STRONG>A hajfestékek árnyalatai a hatóidő növelésével sötétednek 5perctől, egészen 10percig.</STRONG></P>
<P style=\"TEXT-ALIGN: justify; MARGIN: 0cm 0cm 10pt\"><STRONG>A Fodrász csomag a Nirvel Home Barber férfi hajfestékek 4db színárnyalatát tartalmazza, + ajándék 1db Barber papír termék kiállító, 1db Barber tincses hajszínskála, 1db Barber poszter</STRONG></P>
<P style=\"TEXT-ALIGN: justify; MARGIN: 0cm 0cm 10pt\"><STRONG>A hajfestékek teljes leírás a -&nbsp; Nirvel Homme Barber férfi ammóniamentes hajfesték -&nbsp; nevű terméknél</STRONG></P>
<P style=\"TEXT-ALIGN: justify; MARGIN: 0cm 0cm 10pt\"><STRONG>1 hajfestékkel kb. 4 -5 színmélységet festhetünk meg ugyanazon színben (pl. barna), a ható idő függvényében.</STRONG><B style=\"mso-bidi-font-weight: normal\"></B></P>
<P style=\"TEXT-ALIGN: justify; MARGIN: 0cm 0cm 10pt\"><STRONG>A hajfestékek árnyalatai a hatóidő növelésével sötétednek 5perc után egészen 10percig,</STRONG><B style=\"mso-bidi-font-weight: normal\"></B></P>
<P style=\"TEXT-ALIGN: justify; MARGIN: 0cm 0cm 10pt\"><STRONG>ezért pl. CT6 sötétbarna hajfestékkel, a következő színmélységek, a 6-os (kb.5perc), az &nbsp;5-ös (kb.7perc), a 4-es (kb.8perc), a 3-as (kb.9perc), a 2-es (kb.10perc) festhetők meg.</STRONG></P>
<P style=\"TEXT-ALIGN: justify; MARGIN: 0cm 0cm 10pt\">G3 &ndash; Sötét szürke - 6-os világos szürke árnyaltról indul, 5,4, 3-as sötét szürke árnyalatig</P>
<P style=\"TEXT-ALIGN: justify; MARGIN: 0cm 0cm 10pt\">G4 &ndash; Világos szürke 8-os világos árnyaltról indul, 7,6, 5-ös világos szürke árnyalatig </P>
<P style=\"TEXT-ALIGN: justify; MARGIN: 0cm 0cm 10pt\">CT6 &ndash; Sötét barna 6-os világos barna árnyaltról indul, 5,4, 3-as sötét barna árnyalatig<STRONG>)</STRONG></P>
<P style=\"TEXT-ALIGN: justify; MARGIN: 0cm 0cm 10pt\">CT7 &ndash; Világos barna 8-os világos árnyaltról indul, 7,6, 5-ös világos barna árnyalatig</P>', `item_id`='0101-nfh-30+30ml-alap-csomag', `default_pic`='7209', `active`='1', `category_id`='22', `root_category_id`='0', `seo_name`='homme-ferfi-ammoniamentes-hajfestek-csomag-fodraszoknak', `fullurl`='hajfestek/homme-ferfi-ammoniamentes-hajfestek-csomag-fodraszoknak', `other_categories`='22,23,220,372' WHERE id=4172

[2019-09-20 18:25:31] UPDATE webshop_gallery SET original_name='Hajvágószék Voler', date=1568996731 WHERE id=128

[2019-09-20 18:25:31] UPDATE webshop_special_fields SET `value`='21.Egyéb fodrászkellék gyártó' WHERE `key`='manufacturer' AND `product_id`=2123

[2019-09-20 18:25:31] UPDATE webshop_special_fields SET `value`='db' WHERE `key`='quantityunit' AND `product_id`=2123

[2019-09-20 18:25:31] UPDATE webshop_special_fields SET `value`='1' WHERE `key`='kiszereles' AND `product_id`=2123

[2019-09-20 18:25:31] UPDATE webshop_products SET `name_hun`='Landen hajvágószék 7000047',`content_short`='Hajvágózszék 150kg terhelhetőség -&nbsp; Hidraulikus emelővel rendelkező, erős, jól párnázott...',`content`='<P style=\"TEXT-ALIGN: justify\">Hajvágózszék 150kg terhelhetőség -&nbsp; Hidraulikus emelővel rendelkező, erős, jól párnázott kényelmes&nbsp;hajvágó szék.&nbsp; A Németországból importált hajvágó szék, fodrász szék&nbsp;fekete színű műbőr ülőrésszel készült.</P>
<P style=\"TEXT-ALIGN: justify\"><STRONG><U>A hajvágó szék, fodrászszék paraméterei:</U></STRONG></P>
<P>* hajvágó szék, fodrász szék szélessége&nbsp;&nbsp;kb. 58cm</P>
<P>* hajvágó szék, fodrász szék&nbsp;mélysége kb.57cm</P>
<P>* hajvágó szék, fodrász szék emelési ülő magasság 51-65,5cm</P>
<P>&nbsp;&nbsp;&nbsp;a hajvágó szék, fodrász szék emelt, legnagyobb magassága 90 -104,5cm</P>
<P>* Csillag talpakkal rendelkezik</P>
<P>* Hidraulikus emelő</P>
<P>* A hajvágó szék, fodrászszék normál sebességgel emel és süllyeszt.</P>
<P>* Elfordulás elleni rögzíthetőség láb fékkel</P>
<P>* A hajvágó szék fekete műbőr huzattal rendelkezik</P>
<P>* Hajvágó szék, fodrászszék származási hely: Németország</P>
<P>A hajvágó szék, fodrászszék ára a szállítási költségetn nem tartalmazza!</P>', `item_id`='1739-cm-7000047-szállítás+5600Ft', `default_pic`='128', `active`='1', `category_id`='86', `root_category_id`='0', `seo_name`='landen-hajvagoszek-7000047', `fullurl`='fodrasz-butorok-hajmoso/landen-hajvagoszek-7000047', `other_categories`='86,89,222,341' WHERE id=2123

[2019-09-20 18:25:31] UPDATE webshop_products SET sort=1 WHERE id=3326

[2019-09-20 18:25:33] UPDATE users SET lastlogin = NOW() WHERE id = '11'

[2019-09-20 18:25:33] UPDATE webshop_gallery SET original_name='Wandy Fodrász szék', date=1568996733 WHERE id=5605

[2019-09-20 18:25:33] UPDATE webshop_special_fields SET `value`='21.Egyéb fodrászkellék gyártó' WHERE `key`='manufacturer' AND `product_id`=4102

[2019-09-20 18:25:33] UPDATE webshop_special_fields SET `value`='db' WHERE `key`='quantityunit' AND `product_id`=4102

[2019-09-20 18:25:33] UPDATE webshop_special_fields SET `value`='1' WHERE `key`='kiszereles' AND `product_id`=4102

[2019-09-20 18:25:33] UPDATE webshop_products SET `name_hun`='Milen fodrász szék 3070030',`content_short`='
Fodrász szék elfordulás ellen rögzíthető erős hidraulikus emelővel, csillag talpal.&nbsp;150kg...',`content`='<P style=\"TEXT-ALIGN: justify\"><FONT face=Calibri></FONT></P>
<P style=\"TEXT-ALIGN: justify\">Fodrász szék elfordulás ellen rögzíthető erős hidraulikus emelővel, csillag talpal.&nbsp;150kg terhelhetőséggel rendelkeznek.&nbsp;&nbsp;-</P>
<P style=\"MARGIN: 0cm 0cm 10pt\"><FONT face=Calibri>Olasz design és kivitelezés.</FONT></P>
<P style=\"TEXT-ALIGN: justify\">Elfordulás ellen rögzíthető,&nbsp;fékezhető székemelő, süllyesztő hidraulikával is rendelkezik.&nbsp;A rögzítéshez&nbsp;az emelő, süllyesztő kart nyomja meg felfelé!</P><FONT face=Calibri>
<P style=\"TEXT-ALIGN: justify\">Hajvágózszék 150kg terhelhetőség -&nbsp; Hidraulikus emelővel rendelkező, erős, jól párnázott kényelmes&nbsp;hajvágó szék.&nbsp; A Németországból importált hajvágó szék, fodrász szék&nbsp;fekete színű műbőr ülőrésszel készült.</P>
<P style=\"TEXT-ALIGN: justify\"><STRONG><U>A hajvágó szék, fodrászszék paraméterei:</U></STRONG></P>
<P>* hajvágó szék, fodrász szék szélessége&nbsp;&nbsp;kb. 60cm</P>
<P>* hajvágó szék, fodrász szék&nbsp;mélysége kb.&nbsp; 63,5cm</P>
<P>* hajvágó szék, fodrász szék emelési ülő magasság 53-67,5cm</P>
<P>&nbsp;&nbsp;&nbsp;a hajvágó szék, fodrász szék emelt, legnagyobb magassága 90 -104,5cm</P>
<P>* Csillag talpakkal rendelkezik</P>
<P>* Hidraulikus emelő</P>
<P>* A hajvágó szék, fodrászszék normál sebességgel emel és süllyeszt.</P>
<P>* Elfordulás elleni rögzíthetőség láb fékkel</P>
<P>* A hajvágó szék fekete műbőr huzattal rendelkezik</P>
<P>* Hajvágó szék, fodrászszék származási hely: Németország</P>
<P>A hajvágó szék, fodrászszék ára a szállítási költségetn nem tartalmazza!</P></FONT>
<P>&nbsp;</P>', `item_id`='1739-cm-3070030-milano', `default_pic`='5605', `active`='1', `category_id`='89', `root_category_id`='86', `seo_name`='milen-fodrasz-szek-3070030', `fullurl`='fodrasz-butorok-hajmoso/fodrasz-szek/milen-fodrasz-szek-3070030', `other_categories`='89,341' WHERE id=4102

[2019-09-20 18:25:33] UPDATE webshop_gallery SET original_name='Maxima Argán olajos szőkítőpor póthaj készítőknek 10db', date=1568996733 WHERE id=7276

[2019-09-20 18:25:33] UPDATE webshop_special_fields SET `value`='06.Vitalfarco Milano fodrászcikk' WHERE `key`='manufacturer' AND `product_id`=4198

[2019-09-20 18:25:33] UPDATE webshop_special_fields SET `value`='db' WHERE `key`='quantityunit' AND `product_id`=4198

[2019-09-20 18:25:33] UPDATE webshop_special_fields SET `value`='1' WHERE `key`='kiszereles' AND `product_id`=4198

[2019-09-20 18:25:33] UPDATE webshop_products SET `name_hun`='Maxima Argán olajos szőkítőpor póthaj készítőknek 10db',`content_short`='Szőkítőpor argánolajjal, póthaj készítőknek. &nbsp;10db Az Argán olajos,&nbsp; kék színű gyors, bio...',`content`='<P style=\"TEXT-ALIGN: justify; MARGIN: 0cm 0cm 10pt\"><FONT face=Calibri>Szőkítőpor argánolajjal, póthaj készítőknek. </FONT><FONT face=Calibri>&nbsp;10db Az Argán olajos,&nbsp; kék színű gyors, bio szőkítő por, alacsony ammónia tartalommal, sárgulást megakadályozó pigmentekkel, komplex hajápolókkal készül. &nbsp;A szőkítő por ára, erős, alufólia tasakos kiszerelésének köszönhetően, a dobozos változathoz képest rendkívül kedvező, és nagyobb mennyiség rendszere vásálásakor&nbsp;magas kedvezményeket is tudunk biztosítani.&nbsp;Póthaj készítő partnereink maximális elégedettséggel használják.</FONT></P>
<P style=\"TEXT-ALIGN: justify; MARGIN: 0cm 0cm 10pt\"><FONT face=Calibri>Póthaj készítők figyelmébe!&nbsp;Az 500gr - os tasakos kiszerelésű&nbsp;Maxima Argán olajos szőkítőporral a póthaj készítők nagy biztonsággal, gyorsan, alacsony költségekkel dolgozhatnak, és a nagyobb mennyiségek vásárlása miatt, magas kedvezményeket tudunk biztosítani, telefonos egyeztetés után. +36/20/3371605</FONT></P>
<P style=\"TEXT-ALIGN: justify; MARGIN: 0cm 0cm 10pt\"><FONT face=Calibri>A szőkítőpor legjobb használatához rendkívül kedvező áron, oxidálót, hajápolókat és hajfestéket is biztosítunk!</FONT></P>
<P style=\"TEXT-ALIGN: justify\">A szőkítő por használata magas minőségű szolgáltatást, tökéletes szőkítést tesz lehetővé.&nbsp; A szőkítő port, a 45 éves tapasztalattal rendelkező Milánoi Vitalfarco készíti.</P>
<P style=\"TEXT-ALIGN: justify\"><STRONG><U>A&nbsp;Maxima&nbsp;Argan kék szőkítőpor használata.</U></STRONG></P>
<P style=\"TEXT-ALIGN: justify\">1 rész szőkítő <STRONG>port</STRONG> keverjen össze 2 rész&nbsp; 10-20-30-40 vol oxi creammel, a világosítás mértékének megfelelően. Hatóidő 20-50 perc a világosítás mértékének és a haj minőségének függvényében. A kikevert krémet száraz hajra vigyük fel és hagyjuk rajta a hatóidő lejártáig. Öblítsük le, majd mossuk meg a hajat, hamvasító hajápoló samponnal.</P>
<P style=\"TEXT-ALIGN: justify\"><STRONG><U>szőkítő por ható ideje, szőkítési idő:</U></STRONG></P>
<P style=\"TEXT-ALIGN: justify\">------1-3 tónus&nbsp; &nbsp;&nbsp;10vol-3% &nbsp;&nbsp;20-40perc</P>
<P style=\"TEXT-ALIGN: justify\">------3-4 tónus&nbsp; &nbsp;&nbsp;20vol-6%&nbsp;&nbsp; 20-30perc</P>
<P style=\"TEXT-ALIGN: justify\">------4-5 tónus&nbsp; &nbsp;&nbsp;30vol-9%&nbsp;&nbsp; 30-40perc</P>
<P style=\"TEXT-ALIGN: justify\">------6 -7 tónustól 40vol-12% &nbsp;&nbsp;45-50perc</P>', `item_id`='1405-vmdc-7006/B-500gr-tasak-NEIDE', `default_pic`='7276', `active`='1', `category_id`='186', `root_category_id`='0', `seo_name`='maxima-argan-olajos-szokitopor-pothaj-keszitoknek-10db', `fullurl`='hajhosszabbitas/maxima-argan-olajos-szokitopor-pothaj-keszitoknek-10db', `other_categories`='186,187,189,220,324' WHERE id=4198

[2019-09-20 18:25:33] UPDATE webshop_gallery SET original_name='Férfi hajfesték', date=1568996733 WHERE id=7267

[2019-09-20 18:25:33] UPDATE webshop_special_fields SET `value`='09.Nirvel fodrászcikk' WHERE `key`='manufacturer' AND `product_id`=4189

[2019-09-20 18:25:33] UPDATE webshop_special_fields SET `value`='db' WHERE `key`='quantityunit' AND `product_id`=4189

[2019-09-20 18:25:33] UPDATE webshop_special_fields SET `value`='1' WHERE `key`='kiszereles' AND `product_id`=4189

[2019-09-20 18:25:33] UPDATE webshop_products SET `name_hun`='Férfi hajfesték',`content_short`='
Férfi hajfesték, színenként 4 hajszín árnyalathoz. Top minőség, Vörösödés, Ammóniamentes,&nbsp;&nbsp;PPD...',`content`='<FONT face=Calibri>
<P style=\"TEXT-ALIGN: justify; MARGIN: 0cm 0cm 10pt\"><FONT face=\"Times New Roman\">Férfi hajfesték, színenként 4 hajszín árnyalathoz. Top minőség, Vörösödés, Ammóniamentes,&nbsp;&nbsp;PPD mentes, Extra gyors, Professzionális, ősz hajat is takaró hajfesték csomag&nbsp;férfi hajra. Gyorsan ható ( 5-10 perc) Barber hajfestékek, melyek&nbsp;férfiaknak készültek.&nbsp;&ndash; A&nbsp;férfi hajra készült hajfestő csomag&nbsp; 30ml hajfestékből + 30ml oxigentából áll.</FONT></P>
<P style=\"TEXT-ALIGN: justify; MARGIN: 0cm 0cm 10pt\"><FONT face=\"Times New Roman\">1 hajfestékkel 4 -5 árnyalatát festhetjük meg egy színnek, a ható idő változtatásával.&nbsp;A színek: &nbsp;G3 &ndash; sötétszürkék, G4 - világosszürkék, CT6 - sötétbarnák, CT7 - világosbarnák. <STRONG>A hajfestékek árnyalatai a hatóidő növelésével sötétednek 5perctől, egészen 10percig.</STRONG></FONT></P>
<P><FONT face=\"Times New Roman\">A Barber, férfi hajfesték csomag&nbsp;ára tartalmazza a hajfestéket, az oxidálót tartalmazó csőrös felvivő flakont, és egy hajfestő védő kesztyűt.</FONT></FONT></P>
<P style=\"TEXT-ALIGN: justify; MARGIN: 0cm 0cm 10pt\">A férfiak mindig sietnek, ezért ez a hajfesték nagyon gyorsan dolgozik. <B style=\"mso-bidi-font-weight: normal\">A Nirvel&nbsp; Homme Barber férfi hajfesték nem tartalmaz ammóniát és p-fenilént, nagyon egyszerűen a használata, és a hatóidő változtatásával tág határok között sötétíthetünk a hajszínárnyalatokon.</B></P>
<P style=\"TEXT-ALIGN: justify; MARGIN: 0cm 0cm 10pt\">A férfiaknál a legtöbbet előforduló két hajszín probléma amiért haj festésre adják a fejüket, az őszülés, a fehér hajszálak eltüntetése, vagy a kifakult hajszín frissítése. Mindkét hajszínváltoztatás jelentős változást hoz a megjelenésben.</P>
<P style=\"TEXT-ALIGN: justify; MARGIN: 0cm 0cm 10pt\">A Nirvel Home Barber férfiaknak készült hajfestékeiből ezért a hamvas és a barna árnyalatok készültek.</P>
<P style=\"TEXT-ALIGN: justify; MARGIN: 0cm 0cm 10pt\">A férfiak többségének a fehér, vagy esetleg hófehér haj kevésbé áll jól, sokkal szebb, pl. egy&nbsp; hamvas szürke árnyalat, ezért nekik a hamvas valamelyik színmélységét javasoljuk. A legtöbb őszülő, vagy csak kopott hajszínű férfi barna hajú, ezért nekik a barna hajszín valamelyik árnyalta lesz a legmegfelelőbb, hogy észrevétlenül éveket fiatalodjanak.</P>
<P style=\"TEXT-ALIGN: justify; MARGIN: 0cm 0cm 10pt\">A Nirvel Homme Barber férfiaknak készült hajfestékkel a hatóidő változtatásával, nagyon egyszerűen állíthatjuk be az ideális árnyalatot.&nbsp; 5 perc minimális hatóidő után, az idő múlásával a lenti képen is jól látható, egyre sötétedő újabb hajszíneket kapunk.</P>
<P style=\"TEXT-ALIGN: justify; MARGIN: 0cm 0cm 10pt\">Gyors, kifejezetten férfi hajra készült hajfesték. A férfi haj sajátosságinak figyelembevételével készült hajfestékkel rendkívül gyors megoldást kap a fehér ősz hajszálak eltüntetésére, vagy a természetes hajszín visszaállítására. Ammónia és P-fenilén mentes, ápoló és kondicionáló összetétele védi a haj szál és a fejbőr egészségét. Az arginin csökkenti alkalmazási időt, mindössze 5 vagy 10 perc alatt olyan lesz a haj, mint fiatal korában.</P>
<P style=\"MARGIN: 0cm 0cm 10pt\"><STRONG>A Nirvel Home Barber férfi hajfestékek színárnyalatai.</STRONG></P>
<P style=\"MARGIN: 0cm 0cm 10pt\"><STRONG>1 hajfestékkel kb. 4 -5 színmélységet festhetünk meg ugyanazon színben (pl. barnák), a ható idő függvényében. </STRONG><STRONG>A hajfestékek árnyalatai a hatóidő növelésével sötétednek 5perc után egészen 10percig,</STRONG></P>
<P style=\"MARGIN: 0cm 0cm 10pt\"><STRONG>ezért pl. CT6 sötétbarna hajfestékkel, a következő színmélységek, a 6-os (kb.5perc), az &nbsp;5-ös (kb.7perc), a 4-es (kb.8perc), a 3-as (kb.9perc), a 2-es (kb.10perc) festhetők meg.</STRONG></P>
<P style=\"MARGIN: 0cm 0cm 10pt\">G3 &ndash; Sötét szürke - 6-os világos szürke árnyaltról indul, 5,4, 3-as sötét szürke árnyalatig</P>
<P style=\"MARGIN: 0cm 0cm 10pt\">G4 &ndash; Világos szürke 8-os világos árnyaltról indul, 7,6, 5-ös világos szürke árnyalatig </P>
<P style=\"MARGIN: 0cm 0cm 10pt\">CT6 &ndash; Sötét barna 6-os világos barna árnyaltról indul, 5,4, 3-as sötét barna árnyalatig<STRONG>)</STRONG></P>
<P style=\"MARGIN: 0cm 0cm 10pt\">CT7 &ndash; Világos barna 8-os világos árnyaltról indul, 7,6, 5-ös világos barna árnyalatig</P>
<P style=\"MARGIN: 0cm 0cm 10pt\">A jól nagyítható hajszín ajánlón a barna hajszínek sajnos nem jól látszódnak! Ezek valós színét&nbsp;a hajfestésben már ismert hajszínek színeivel, színmélységével&nbsp;azonosítsa! pl a CT6 -ot az ismert&nbsp;sötét barna hajszínnel, ami 3-as színmélységnek felel meg.</P>
<P style=\"MARGIN: 0cm 0cm 10pt\">
<P>
<P><IMG border=0 alt=\"frfi hajfestk.jpg - 212.57 Kb\" src=\"http://www.fodraszcikkbolt.hu/images/Szinskalak/Nirvel/frfi%20hajfestk.jpg\" width=150 height=135></P>
<P></P>
<P style=\"MARGIN: 0cm 0cm 10pt\"><B>A Nirvel Homme ammóniamentes férfi hajfesték használatának eredményi:<BR></B><BR>- A Makadámia olaj táplálja hajat, hajfestés után egészséges, ragyogó hajszínt kapunk.<BR>- Nem tartalmaz ammóniát, ami a fő oka a bőr irritációnak és a kellemetlen szagoknak.<BR>- Nem tartalmaz p-fenilént -, ez a színező okozza a legtöbb problémát, bőr érzékenységet.<BR>- Krémes és könnyen alkalmazható, akár otthon, akár a szalonban.<BR>- Férfi hajfesték használata gyors és egyszerű: mindössze 5 perc alatt eléri a lágyabb színeket.<BR>- Erős pigmentjeivel természetes hajszíneket varázsol.<BR>- Takarja az ősz hajszálakat is.</P>
<P style=\"MARGIN: 0cm 0cm 10pt\"><BR><B><U>Nirvel Homme ammóniamentes férfi hajfesték használata.</U></B></P>
<P>A férfi hajfesték színének intenzitását a hatóidővel tág határok között változtathatjuk! Már öt perc után lágy színeket eredményez. A legerősebb tónust 10 perc után érhetjük el vele. 10 percnél tovább ne hagyja a hajon, a szín nem fog tovább erősödni.</P>
<P>1.. Öntse a hajfestéket a csőrös, felvivő flakonként is szolgáló oxigentához, és rázza jól össze!<BR>2.. Vigye fel a az elegyet a hajra egyenletesen, és jól fésülje össze.<BR>3.. Hagyja, 5 - 10 perc között a hajon, az elérni kívánt intenzitástól függően.<BR>4.. Öblítse le bő vízzel és szárítsa meg a hajat.</P>
<P>
<P>Nagyítható kép a&nbsp;ható idők tanulmányozásához!</P>
<P><A href=\"http://www.fodraszcikkbolt.hu/images/Szinskalak/Nirvel/frfi%20hajfestk%20diagram.jpg\" target=_blank><IMG border=0 alt=\"frfi hajfestk diagram.jpg - 118.58 Kb\" src=\"http://www.fodraszcikkbolt.hu/images/Szinskalak/Nirvel/frfi%20hajfestk%20diagram.jpg\" width=334 height=133></A></P>', `item_id`='0101-nfh-30+30ml-alap-NEIDE2', `default_pic`='7267', `active`='1', `category_id`='22', `root_category_id`='0', `seo_name`='ferfi-hajfestek', `fullurl`='hajfestek/ferfi-hajfestek', `other_categories`='22,24,25,26,27,84,131,170,173,219,222,253,256,313,314,360,362,365' WHERE id=4189

[2019-09-20 18:25:33] UPDATE webshop_gallery SET original_name='PPD mentes férfi hajfesték', date=1568996733 WHERE id=7268

[2019-09-20 18:25:33] UPDATE webshop_special_fields SET `value`='09.Nirvel fodrászcikk' WHERE `key`='manufacturer' AND `product_id`=4190

[2019-09-20 18:25:33] UPDATE webshop_special_fields SET `value`='db' WHERE `key`='quantityunit' AND `product_id`=4190

[2019-09-20 18:25:33] UPDATE webshop_special_fields SET `value`='1' WHERE `key`='kiszereles' AND `product_id`=4190

[2019-09-20 18:25:33] UPDATE webshop_products SET `name_hun`='PPD mentes férfi hajfesték',`content_short`='
Férfi hajfesték ősz hajra.&nbsp;A férfi hajfestés otthon is megoldható. Vörösödés,...',`content`='<FONT face=Calibri>
<P style=\"TEXT-ALIGN: justify; MARGIN: 0cm 0cm 10pt\"><FONT face=\"Times New Roman\">Férfi hajfesték ősz hajra.&nbsp;A férfi hajfestés otthon is megoldható. Vörösödés, Ammóniamentes,&nbsp;&nbsp;PPD mentes, Extra gyors, Professzionális, ősz hajat is takaró hajfesték csomag&nbsp;férfi hajra. Gyorsan ható ( 5-10 perc) Barber hajfestékek, melyek&nbsp;férfiaknak készültek.&nbsp;&ndash; A&nbsp;férfi hajra készült hajfestő csomag&nbsp; 30ml hajfestékből + 30ml oxigentából áll.</FONT></P>
<P style=\"TEXT-ALIGN: justify; MARGIN: 0cm 0cm 10pt\"><FONT face=\"Times New Roman\">1 hajfestékkel 4 -5 árnyalatát festhetjük meg egy színnek, a ható idő változtatásával.&nbsp;A színek: &nbsp;G3 &ndash; sötétszürkék, G4 - világosszürkék, CT6 - sötétbarnák, CT7 - világosbarnák. <STRONG>A hajfestékek árnyalatai a hatóidő növelésével sötétednek 5perctől, egészen 10percig.</STRONG></FONT></P>
<P><FONT face=\"Times New Roman\">A Barber, férfi hajfesték csomag&nbsp;ára tartalmazza a hajfestéket, az oxidálót tartalmazó csőrös felvivő flakont, és egy hajfestő védő kesztyűt.</FONT></FONT></P>
<P style=\"TEXT-ALIGN: justify; MARGIN: 0cm 0cm 10pt\">A férfiak mindig sietnek, ezért ez a hajfesték nagyon gyorsan dolgozik. <B style=\"mso-bidi-font-weight: normal\">A Nirvel&nbsp; Homme Barber férfi hajfesték nem tartalmaz ammóniát és p-fenilént, nagyon egyszerűen a használata, és a hatóidő változtatásával tág határok között sötétíthetünk a hajszínárnyalatokon.</B></P>
<P style=\"TEXT-ALIGN: justify; MARGIN: 0cm 0cm 10pt\">A férfiaknál a legtöbbet előforduló két hajszín probléma amiért haj festésre adják a fejüket, az őszülés, a fehér hajszálak eltüntetése, vagy a kifakult hajszín frissítése. Mindkét hajszínváltoztatás jelentős változást hoz a megjelenésben.</P>
<P style=\"TEXT-ALIGN: justify; MARGIN: 0cm 0cm 10pt\">A Nirvel Home Barber férfiaknak készült hajfestékeiből ezért a hamvas és a barna árnyalatok készültek.</P>
<P style=\"TEXT-ALIGN: justify; MARGIN: 0cm 0cm 10pt\">A férfiak többségének a fehér, vagy esetleg hófehér haj kevésbé áll jól, sokkal szebb, pl. egy&nbsp; hamvas szürke árnyalat, ezért nekik a hamvas valamelyik színmélységét javasoljuk. A legtöbb őszülő, vagy csak kopott hajszínű férfi barna hajú, ezért nekik a barna hajszín valamelyik árnyalta lesz a legmegfelelőbb, hogy észrevétlenül éveket fiatalodjanak.</P>
<P style=\"TEXT-ALIGN: justify; MARGIN: 0cm 0cm 10pt\">A Nirvel Homme Barber férfiaknak készült hajfestékkel a hatóidő változtatásával, nagyon egyszerűen állíthatjuk be az ideális árnyalatot.&nbsp; 5 perc minimális hatóidő után, az idő múlásával a lenti képen is jól látható, egyre sötétedő újabb hajszíneket kapunk.</P>
<P style=\"TEXT-ALIGN: justify; MARGIN: 0cm 0cm 10pt\">Gyors, kifejezetten férfi hajra készült hajfesték. A férfi haj sajátosságinak figyelembevételével készült hajfestékkel rendkívül gyors megoldást kap a fehér ősz hajszálak eltüntetésére, vagy a természetes hajszín visszaállítására. Ammónia és P-fenilén mentes, ápoló és kondicionáló összetétele védi a haj szál és a fejbőr egészségét. Az arginin csökkenti alkalmazási időt, mindössze 5 vagy 10 perc alatt olyan lesz a haj, mint fiatal korában.</P>
<P style=\"MARGIN: 0cm 0cm 10pt\"><STRONG>A Nirvel Home Barber férfi hajfestékek színárnyalatai.</STRONG></P>
<P style=\"MARGIN: 0cm 0cm 10pt\"><STRONG>1 hajfestékkel kb. 4 -5 színmélységet festhetünk meg ugyanazon színben (pl. barna), a ható idő függvényében.</STRONG></P>
<P style=\"MARGIN: 0cm 0cm 10pt\"><STRONG>A hajfestékek árnyalatai a hatóidő növelésével sötétednek 5perc után egészen 10percig,</STRONG></P>
<P style=\"MARGIN: 0cm 0cm 10pt\"><STRONG>ezért pl. CT6 sötétbarna hajfestékkel, a következő színmélységek, a 6-os (kb.5perc), az &nbsp;5-ös (kb.7perc), a 4-es (kb.8perc), a 3-as (kb.9perc), a 2-es (kb.10perc) festhetők meg.</STRONG></P>
<P style=\"MARGIN: 0cm 0cm 10pt\">G3 &ndash; Sötét szürke - 6-os világos szürke árnyaltról indul, 5,4, 3-as sötét szürke árnyalatig</P>
<P style=\"MARGIN: 0cm 0cm 10pt\">G4 &ndash; Világos szürke 8-os világos árnyaltról indul, 7,6, 5-ös világos szürke árnyalatig </P>
<P style=\"MARGIN: 0cm 0cm 10pt\">CT6 &ndash; Sötét barna 6-os világos barna árnyaltról indul, 5,4, 3-as sötét barna árnyalatig<STRONG>)</STRONG></P>
<P style=\"MARGIN: 0cm 0cm 10pt\">CT7 &ndash; Világos barna 8-os világos árnyaltról indul, 7,6, 5-ös világos barna árnyalatig</P>
<P style=\"MARGIN: 0cm 0cm 10pt\">A jól nagyítható hajszín ajánlón a barna hajszínek sajnos nem jól látszódnak! Ezek valós színét&nbsp;a hajfestésben már ismert hajszínek színeivel, színmélységével&nbsp;azonosítsa! pl a CT6 -ot az ismert&nbsp;sötét barna hajszínnel, ami 3-as színmélységnek felel meg.</P>
<P style=\"MARGIN: 0cm 0cm 10pt\">
<P>
<P><IMG border=0 alt=\"frfi hajfestk.jpg - 212.57 Kb\" src=\"http://www.fodraszcikkbolt.hu/images/Szinskalak/Nirvel/frfi%20hajfestk.jpg\" width=150 height=135></P>
<P></P>
<P style=\"MARGIN: 0cm 0cm 10pt\"><B>A Nirvel Homme ammóniamentes férfi hajfesték használatának eredményi:<BR></B><BR>- A Makadámia olaj táplálja hajat, hajfestés után egészséges, ragyogó hajszínt kapunk.<BR>- Nem tartalmaz ammóniát, ami a fő oka a bőr irritációnak és a kellemetlen szagoknak.<BR>- Nem tartalmaz p-fenilént -, ez a színező okozza a legtöbb problémát, bőr érzékenységet.<BR>- Krémes és könnyen alkalmazható, akár otthon, akár a szalonban.<BR>- Férfi hajfesték használata gyors és egyszerű: mindössze 5 perc alatt eléri a lágyabb színeket.<BR>- Erős pigmentjeivel természetes hajszíneket varázsol.<BR>- Takarja az ősz hajszálakat is.</P>
<P style=\"MARGIN: 0cm 0cm 10pt\"><BR><B><U>Nirvel Homme ammóniamentes férfi hajfesték használata.</U></B></P>
<P>A férfi hajfesték színének intenzitását a hatóidővel tág határok között változtathatjuk! Már öt perc után lágy színeket eredményez. A legerősebb tónust 10 perc után érhetjük el vele. 10 percnél tovább ne hagyja a hajon, a szín nem fog tovább erősödni.</P>
<P>1.. Öntse a hajfestéket a csőrös, felvivő flakonként is szolgáló oxigentához, és rázza jól össze!<BR>2.. Vigye fel a az elegyet a hajra egyenletesen, és jól fésülje össze.<BR>3.. Hagyja, 5 - 10 perc között a hajon, az elérni kívánt intenzitástól függően.<BR>4.. Öblítse le bő vízzel és szárítsa meg a hajat.</P>
<P>
<P>Nagyítható kép a&nbsp;ható idők tanulmányozásához!</P>
<P><A href=\"http://www.fodraszcikkbolt.hu/images/Szinskalak/Nirvel/frfi%20hajfestk%20diagram.jpg\" target=_blank><IMG border=0 alt=\"frfi hajfestk diagram.jpg - 118.58 Kb\" src=\"http://www.fodraszcikkbolt.hu/images/Szinskalak/Nirvel/frfi%20hajfestk%20diagram.jpg\" width=334 height=133></A></P>', `item_id`='0101-nfh-30+30ml-alap-NEIDE3', `default_pic`='7268', `active`='1', `category_id`='22', `root_category_id`='0', `seo_name`='ppd-mentes-ferfi-hajfestek', `fullurl`='hajfestek/ppd-mentes-ferfi-hajfestek', `other_categories`='22,26,27,84' WHERE id=4190

[2019-09-20 18:25:33] UPDATE webshop_gallery SET original_name='Körömlakk lemosó univerzális illatosított 1000ml', date=1568996733 WHERE id=7781

[2019-09-20 18:25:33] UPDATE webshop_special_fields SET `value`='53.Manikűr Pedikűr termékek' WHERE `key`='manufacturer' AND `product_id`=4252

[2019-09-20 18:25:34] UPDATE webshop_special_fields SET `value`='ml' WHERE `key`='quantityunit' AND `product_id`=4252

[2019-09-20 18:25:34] UPDATE webshop_special_fields SET `value`='1000' WHERE `key`='kiszereles' AND `product_id`=4252

[2019-09-20 18:25:34] UPDATE webshop_products SET `name_hun`='Körömlakk lemosó univerzális illatosított 1000ml',`content_short`='Körömlakk lemosó univerzális, illatosított. Minden körömlakkot old.
Acetont...',`content`='<P>Körömlakk lemosó univerzális, illatosított. Minden körömlakkot old.</P>
<P>Acetont tartalmaz.</P>', `item_id`='0770-eakl-1000ml-univerzális', `default_pic`='7781', `active`='1', `category_id`='104', `root_category_id`='0', `seo_name`='koromlakk-lemoso-univerzalis-illatositott-1000ml', `fullurl`='fodraszkellek/koromlakk-lemoso-univerzalis-illatositott-1000ml', `other_categories`='104,211,215,217,240,241,242,308,354' WHERE id=4252

[2019-09-20 18:25:34] UPDATE webshop_gallery SET original_name='Vitalfarco Vitael fehér szőkítőpor', date=1568996734 WHERE id=7851

[2019-09-20 18:25:34] UPDATE webshop_special_fields SET `value`='06.Vitalfarco Milano fodrászcikk' WHERE `key`='manufacturer' AND `product_id`=4290

[2019-09-20 18:25:34] UPDATE webshop_special_fields SET `value`='gr' WHERE `key`='quantityunit' AND `product_id`=4290

[2019-09-20 18:25:34] UPDATE webshop_special_fields SET `value`='500' WHERE `key`='kiszereles' AND `product_id`=4290

[2019-09-20 18:25:34] UPDATE webshop_products SET `name_hun`='Vitalfarco Vitael fehér szőkítőpor',`content_short`='Fehér szőkítőpor normál hajakhoz. A normál, sárgulásra nem hajlamos&nbsp;hajak szőkítéskor a...',`content`='<P style=\"TEXT-ALIGN: justify; MARGIN: 0cm 0cm 10pt\"><FONT face=Calibri>Fehér szőkítőpor normál hajakhoz. A normál, sárgulásra nem hajlamos&nbsp;hajak szőkítéskor a legjobb&nbsp;fehéres hajszín,&nbsp;készítésére fehér színű szőkítőporok használata &nbsp;javasolt.&nbsp;&nbsp;Ezeknél a hajaknál a kék pigmentekkel dúsított szőkítőporral, a használat nagyon hideg, kékes lilás árnyalatához is vezethet. A fehér szőkítőporos szőkítés &nbsp;a normál, nem sárgulásra hajlamos hajhoz lett kifejlesztve, a lehető leg ideálisabb fehéres hajszín elérésének megvalósításához, ennek megfelelő ideális arányban tartalmazza az ehhez szükséges, összetevőket.</FONT></P>
<P style=\"TEXT-ALIGN: justify; MARGIN: 0cm 0cm 10pt\"><FONT face=Calibri>A fehér szőkítőpor használatakor a fehér állag miatt jobban követhető a világosítás folyamata.</FONT></P>
<P style=\"TEXT-ALIGN: justify\">
<P style=\"TEXT-ALIGN: justify\">
<P style=\"TEXT-ALIGN: justify\">500gr -&nbsp;Vitael White, fehér színű&nbsp;szőkítőpor, használata magas minőségű szolgáltatást, tökéletes szőkítést tesz lehetővé. A szőkítő port, a 45 éves tapasztalattal rendelkező Milánoi Vitalfarco készíti.</P>
<P style=\"TEXT-ALIGN: justify\"><U>fehér szőkítőpor&nbsp;használata.</U> - - 1 rész szőkítőport keverjen össze 2 rész&nbsp; 10-20-30-40 vol oxi creammel, a világosítás mértékének megfelelően. Hatóidő 20-50 perc a világosítás mértékének és a haj minőségének függvényében. A kikevert krémet száraz hajra vigyük fel és hagyjuk rajta a hatóidő lejártáig. Öblítsük le, majd mossuk meg a hajat, hamvasító hajápoló samponnal.</P>
<P style=\"TEXT-ALIGN: justify\"><U>A fehér - White szőkítőpor keverési aránya</U> 1+2&nbsp;.</P>
<P style=\"TEXT-ALIGN: justify\"><U>A&nbsp;szőkítőporos kezelés, szőkítés&nbsp;ható ideje, szőkítési idők.</U></P>
<P style=\"TEXT-ALIGN: justify\">1-3 tónus&nbsp; &nbsp;&nbsp;10vol-3% &nbsp;&nbsp;20-40perc</P>
<P style=\"TEXT-ALIGN: justify\">3-4 tónus&nbsp; &nbsp;&nbsp;20vol-6%&nbsp;&nbsp; 20-30perc</P>
<P style=\"TEXT-ALIGN: justify\">4-5 tónus&nbsp; &nbsp;&nbsp;30vol-9%&nbsp;&nbsp; 30-40perc</P>
<P style=\"TEXT-ALIGN: justify\">6 -7 tónustól 40vol-12% &nbsp;&nbsp;45-50perc</P>
<P></P>', `item_id`='1405-vmdc-0303-500gr-fehér', `default_pic`='7851', `active`='1', `category_id`='45', `root_category_id`='0', `seo_name`='vitalfarco-vitael-feher-szokitopor', `fullurl`='hajszokites/vitalfarco-vitael-feher-szokitopor', `other_categories`='45,46,222' WHERE id=4290

[2019-09-20 18:25:34] UPDATE webshop_products SET sort=1 WHERE id=3326

[2019-09-20 18:25:38] UPDATE users SET lastlogin = NOW() WHERE id = '11'

[2019-09-20 18:25:41] UPDATE users SET lastlogin = NOW() WHERE id = '11'

[2019-09-20 18:25:41] UPDATE webshop_products SET `price1_name`='Beszerzési ár', `price1_currency`='HUF', `price1_value`='164338' WHERE id=4559

[2019-09-20 18:25:41] UPDATE webshop_products SET `price2_name`='Kereskedő -27,6%', `price2_currency`='HUF', `price2_value`='235581' WHERE id=4559

[2019-09-20 18:25:41] UPDATE webshop_products SET `price3_name`='Kereskedő -33,6%', `price3_currency`='HUF', `price3_value`='216059' WHERE id=4559

[2019-09-20 18:25:41] UPDATE webshop_products SET `price4_name`='Szakmai 1 ár -7%', `price4_currency`='HUF', `price4_value`='302612' WHERE id=4559

[2019-09-20 18:25:41] UPDATE webshop_products SET `price5_name`='Szakmai 2 ár -14%', `price5_currency`='HUF', `price5_value`='279834' WHERE id=4559

[2019-09-20 18:25:41] UPDATE webshop_products SET `price6_name`='Vásárló', `price6_currency`='HUF', `price6_value`='325389' WHERE id=4559

[2019-09-20 18:25:41] UPDATE webshop_products SET `price7_name`='W Lista ár', `price7_currency`='HUF', `price7_value`='325389' WHERE id=4559

[2019-09-20 18:25:41] UPDATE webshop_products SET `price`='325389', `reduced_price`=0 WHERE id=4559

[2019-09-20 18:25:41] UPDATE webshop_products SET `price1_name`='Beszerzési ár', `price1_currency`='HUF', `price1_value`='192823' WHERE id=4560

[2019-09-20 18:25:41] UPDATE webshop_products SET `price2_name`='Kereskedő -27,6%', `price2_currency`='HUF', `price2_value`='276416' WHERE id=4560

[2019-09-20 18:25:41] UPDATE webshop_products SET `price3_name`='Kereskedő -33,6%', `price3_currency`='HUF', `price3_value`='253507' WHERE id=4560

[2019-09-20 18:25:41] UPDATE webshop_products SET `price4_name`='Szakmai 1 ár -7%', `price4_currency`='HUF', `price4_value`='355064' WHERE id=4560

[2019-09-20 18:25:41] UPDATE webshop_products SET `price5_name`='Szakmai 2 ár -14%', `price5_currency`='HUF', `price5_value`='328338' WHERE id=4560

[2019-09-20 18:25:41] UPDATE webshop_products SET `price6_name`='Vásárló', `price6_currency`='HUF', `price6_value`='381789' WHERE id=4560

[2019-09-20 18:25:41] UPDATE webshop_products SET `price7_name`='W Lista ár', `price7_currency`='HUF', `price7_value`='381789' WHERE id=4560

[2019-09-20 18:25:41] UPDATE webshop_products SET `price`='381789', `reduced_price`=0 WHERE id=4560

[2019-09-20 18:25:41] UPDATE webshop_products SET `price1_name`='Beszerzési ár', `price1_currency`='HUF', `price1_value`='34614' WHERE id=4561

[2019-09-20 18:25:41] UPDATE webshop_products SET `price2_name`='Kereskedő -27,6%', `price2_currency`='HUF', `price2_value`='57137' WHERE id=4561

[2019-09-20 18:25:41] UPDATE webshop_products SET `price3_name`='Kereskedő -33,6%', `price3_currency`='HUF', `price3_value`='52403' WHERE id=4561

[2019-09-20 18:25:41] UPDATE webshop_products SET `price4_name`='Szakmai 1 ár -7%', `price4_currency`='HUF', `price4_value`='73395' WHERE id=4561

[2019-09-20 18:25:41] UPDATE webshop_products SET `price5_name`='Szakmai 2 ár -14%', `price5_currency`='HUF', `price5_value`='67870' WHERE id=4561

[2019-09-20 18:25:41] UPDATE webshop_products SET `price6_name`='Vásárló', `price6_currency`='HUF', `price6_value`='78919' WHERE id=4561

[2019-09-20 18:25:41] UPDATE webshop_products SET `price7_name`='W Lista ár', `price7_currency`='HUF', `price7_value`='78919' WHERE id=4561

[2019-09-20 18:25:41] UPDATE webshop_products SET `price`='78919', `reduced_price`=0 WHERE id=4561

[2019-09-20 18:25:41] UPDATE webshop_products SET `price1_name`='Beszerzési ár', `price1_currency`='HUF', `price1_value`='829' WHERE id=2815

[2019-09-20 18:25:41] UPDATE webshop_products SET `price2_name`='Kereskedő -27,6%', `price2_currency`='HUF', `price2_value`='1134' WHERE id=2815

[2019-09-20 18:25:41] UPDATE webshop_products SET `price3_name`='Kereskedő -33,6%', `price3_currency`='HUF', `price3_value`='1040' WHERE id=2815

[2019-09-20 18:25:41] UPDATE webshop_products SET `price4_name`='Szakmai 1 ár -7%', `price4_currency`='HUF', `price4_value`='1458' WHERE id=2815

[2019-09-20 18:25:41] UPDATE webshop_products SET `price5_name`='Szakmai 2 ár -14%', `price5_currency`='HUF', `price5_value`='1347' WHERE id=2815

[2019-09-20 18:25:41] UPDATE webshop_products SET `price6_name`='Vásárló', `price6_currency`='HUF', `price6_value`='1567' WHERE id=2815

[2019-09-20 18:25:41] UPDATE webshop_products SET `price7_name`='W Lista ár', `price7_currency`='HUF', `price7_value`='1567' WHERE id=2815

[2019-09-20 18:25:41] UPDATE webshop_products SET `price`='1567', `reduced_price`=0 WHERE id=2815

[2019-09-20 18:25:41] UPDATE webshop_products SET `price1_name`='Beszerzési ár', `price1_currency`='HUF', `price1_value`='104727' WHERE id=2123

[2019-09-20 18:25:41] UPDATE webshop_products SET `price2_name`='Kereskedő -27,6%', `price2_currency`='HUF', `price2_value`='148921' WHERE id=2123

[2019-09-20 18:25:41] UPDATE webshop_products SET `price3_name`='Kereskedő -33,6%', `price3_currency`='HUF', `price3_value`='148921' WHERE id=2123

[2019-09-20 18:25:41] UPDATE webshop_products SET `price4_name`='Szakmai 1 ár -7%', `price4_currency`='HUF', `price4_value`='165468' WHERE id=2123

[2019-09-20 18:25:41] UPDATE webshop_products SET `price5_name`='Szakmai 2 ár -14%', `price5_currency`='HUF', `price5_value`='165468' WHERE id=2123

[2019-09-20 18:25:41] UPDATE webshop_products SET `price6_name`='Vásárló', `price6_currency`='HUF', `price6_value`='165468' WHERE id=2123

[2019-09-20 18:25:41] UPDATE webshop_products SET `price7_name`='W Lista ár', `price7_currency`='HUF', `price7_value`='165468' WHERE id=2123

[2019-09-20 18:25:41] UPDATE webshop_products SET `price`='165468', `reduced_price`=0 WHERE id=2123

[2019-09-20 18:25:41] UPDATE webshop_products SET `price1_name`='Beszerzési ár', `price1_currency`='HUF', `price1_value`='98600' WHERE id=4102

[2019-09-20 18:25:41] UPDATE webshop_products SET `price2_name`='Kereskedő -27,6%', `price2_currency`='HUF', `price2_value`='134206' WHERE id=4102

[2019-09-20 18:25:41] UPDATE webshop_products SET `price3_name`='Kereskedő -33,6%', `price3_currency`='HUF', `price3_value`='123085' WHERE id=4102

[2019-09-20 18:25:41] UPDATE webshop_products SET `price4_name`='Szakmai 1 ár -7%', `price4_currency`='HUF', `price4_value`='172392' WHERE id=4102

[2019-09-20 18:25:41] UPDATE webshop_products SET `price5_name`='Szakmai 2 ár -14%', `price5_currency`='HUF', `price5_value`='159417' WHERE id=4102

[2019-09-20 18:25:41] UPDATE webshop_products SET `price6_name`='Vásárló', `price6_currency`='HUF', `price6_value`='185368' WHERE id=4102

[2019-09-20 18:25:41] UPDATE webshop_products SET `price7_name`='W Lista ár', `price7_currency`='HUF', `price7_value`='185368' WHERE id=4102

[2019-09-20 18:25:41] UPDATE webshop_products SET `price`='185368', `reduced_price`=0 WHERE id=4102

[2019-09-20 18:25:41] UPDATE webshop_products SET `price1_name`='Beszerzési ár', `price1_currency`='HUF', `price1_value`='898' WHERE id=4252

[2019-09-20 18:25:41] UPDATE webshop_products SET `price2_name`='Kereskedő -27,6%', `price2_currency`='HUF', `price2_value`='1222' WHERE id=4252

[2019-09-20 18:25:41] UPDATE webshop_products SET `price3_name`='Kereskedő -33,6%', `price3_currency`='HUF', `price3_value`='1120' WHERE id=4252

[2019-09-20 18:25:41] UPDATE webshop_products SET `price4_name`='Szakmai 1 ár -7%', `price4_currency`='HUF', `price4_value`='1570' WHERE id=4252

[2019-09-20 18:25:41] UPDATE webshop_products SET `price5_name`='Szakmai 2 ár -14%', `price5_currency`='HUF', `price5_value`='1452' WHERE id=4252

[2019-09-20 18:25:41] UPDATE webshop_products SET `price6_name`='Vásárló', `price6_currency`='HUF', `price6_value`='1688' WHERE id=4252

[2019-09-20 18:25:41] UPDATE webshop_products SET `price7_name`='W Lista ár', `price7_currency`='HUF', `price7_value`='1688' WHERE id=4252

[2019-09-20 18:25:41] UPDATE webshop_products SET `price`='1688', `reduced_price`=0 WHERE id=4252

[2019-09-20 18:25:47] UPDATE users SET lastlogin = NOW() WHERE id = '11'

[2019-09-20 18:25:50] UPDATE users SET lastlogin = NOW() WHERE id = '11'

[2019-09-20 18:25:51] DELETE FROM webshop_gallery WHERE id=12835

[2019-09-20 18:26:04] INSERT INTO webshop_gallery (`id`, `product_id`, `original_name`, `new_name`, `date`) VALUES (12839, 4560, 'Gyerek fodrász szék 04727', '12839.jpg', 1568996764)

[2019-09-20 18:26:06] UPDATE users SET lastlogin = NOW() WHERE id = '11'

[2019-09-20 18:26:15] DELETE FROM webshop_gallery WHERE id=12839

[2019-09-20 18:26:18] INSERT INTO webshop_gallery (`id`, `product_id`, `original_name`, `new_name`, `date`) VALUES (12839, 4561, 'Gyerek fodrász szék 02733', '12839.jpg', 1568996778)

[2019-09-20 18:26:20] UPDATE users SET lastlogin = NOW() WHERE id = '11'

[2019-09-20 18:26:22] DELETE FROM webshop_gallery WHERE id=12839

[2019-09-20 18:26:32] DELETE FROM webshop_gallery WHERE id='12262'

[2019-09-20 18:26:32] INSERT INTO webshop_gallery (`id`, `product_id`, `original_name`, `new_name`, `date`) VALUES (12839, 4102, 'Fodrász szék 3070030', '12839.jpg', 1568996792)

[2019-09-20 18:26:34] UPDATE users SET lastlogin = NOW() WHERE id = '11'

[2019-09-20 18:26:46] INSERT INTO webshop_gallery (`id`, `product_id`, `original_name`, `new_name`, `date`) VALUES (12840, 4559, 'Gyerek fodrász szék 04726', '12840.jpg', 1568996806)

[2019-09-20 18:26:47] UPDATE users SET lastlogin = NOW() WHERE id = '11'

[2019-09-20 18:26:54] DELETE FROM webshop_gallery WHERE id=12840

[2019-09-20 18:27:00] DELETE FROM webshop_gallery WHERE id='12462'

[2019-09-20 18:27:00] INSERT INTO webshop_gallery (`id`, `product_id`, `original_name`, `new_name`, `date`) VALUES (12840, 2123, 'Hajvágószék 7000047', '12840.jpg', 1568996820)

[2019-09-20 18:27:07] UPDATE users SET lastlogin = NOW() WHERE id = '11'

