[2020-09-14 11:14:35] UPDATE users SET lastlogin = NOW() WHERE id = '11'

[2020-09-14 11:14:37] UPDATE users SET lastlogin = NOW() WHERE id = '11'

[2020-09-14 11:14:39] UPDATE users SET lastlogin = NOW() WHERE id = '11'

[2020-09-14 11:14:40] INSERT INTO webshop_gallery (`id`, `product_id`, `original_name`, `new_name`, `date`) VALUES (15175, 5027, 'Habzó borotva gél Golden Green', '15175.jpg', 1600074880)

[2020-09-14 11:14:40] INSERT INTO webshop_products (`id`, `name_hun`, `name_eng`, `item_id`, `price`, `reduced_price`, `status`, `currency`, `content_short`, `content`, `details`, `date`, `default_pic`, `active`, `main`, `sort`, `category_id`, `root_category_id`, `seo_name`, `fullurl`, `websyx_id`, `quantity`, `other_categories`) VALUES ('5027', 'Habzó borotva gél Golden Green', 'Habzó borotva gél Golden Green', '0714-stella-33071000-250ml', 0, 0, 1, 'Ft', 'Habzó borotva gél. Új generációs sles free formula. Hatóanyag összetételénél fogva, és az enyhén lúgos...', '<P>Habzó borotva gél. Új generációs sles free formula. Hatóanyag összetételénél fogva, és az enyhén lúgos kémhatásával segít felpuhítani a szőrzetet annak érdekében, hogy ápolt, sima bőrt eredményezzen, és megkönnyítse a borotválkozást.</P>
<P style=\"TEXT-ALIGN: justify\">250ml - &nbsp;<STRONG>HASZNÁLATA:</STRONG> Vigye fel a gélt az arcra, langyos víz és pamacs segítségével képezzen habot, amely segíti a penge csúszását és megkönnyíti, kényelmessé teszi a borotválkozást.</P>
<P>&nbsp;</P>', '', 1600074880, '15175', '1', 0, 1, 253, '191', 'habzo-borotva-gel-golden-green', 'arcapolas-testapolas/ferfi-arc-bajusz-szakall-apolas/habzo-borotva-gel-golden-green', '1192', 1, '253,256,360,423')

[2020-09-14 11:14:40] INSERT INTO webshop_special_fields (`key`, `value`, `product_id`) VALUES ('manufacturer', 'Egyéb fodrászkellék', 5027)

[2020-09-14 11:14:40] INSERT INTO webshop_special_fields (`key`, `value`, `product_id`) VALUES ('quantityunit', 'ml', 5027)

[2020-09-14 11:14:40] INSERT INTO webshop_special_fields (`key`, `value`, `product_id`) VALUES ('kiszereles', '250', 5027)

[2020-09-14 11:14:40] INSERT INTO webshop_gallery (`id`, `product_id`, `original_name`, `new_name`, `date`) VALUES (15176, 5028, 'Koffeines férfi haj és szakáll ápoló regeneráló sampon Golden Green', '15176.jpg', 1600074880)

[2020-09-14 11:14:40] INSERT INTO webshop_products (`id`, `name_hun`, `name_eng`, `item_id`, `price`, `reduced_price`, `status`, `currency`, `content_short`, `content`, `details`, `date`, `default_pic`, `active`, `main`, `sort`, `category_id`, `root_category_id`, `seo_name`, `fullurl`, `websyx_id`, `quantity`, `other_categories`) VALUES ('5028', 'Koffeines férfi haj és szakáll ápoló regeneráló sampon Golden Green', 'Koffeines férfi haj és szakáll ápoló regeneráló sampon Golden Green', '0718-stella-3305100000-500ml', 0, 0, 1, 'Ft', 'Koffein tartalmának és további értékes hatóanyagainak (Csalán, Urea, Panthenol, Borsmenta olaj, Zöldtea)...', '<P>Koffein tartalmának és további értékes hatóanyagainak (Csalán, Urea, Panthenol, Borsmenta olaj, Zöldtea) köszönhetően táplálja, regenerálja a hajat-, és a szakáll szőrzetét, szabályozza a faggyútermelést, csökkenti a fejbőr zsírosodását, hajhullás, kopaszodás kezelésében is hatékony.</P>
<P>500ml - &nbsp;Hidratálja a bőrt, gyulladt, irritált bőrnek is elengedhetetlen ápolószere. Nedvesség megkötő, hatásával növeli a bőr rugalmasságát. Hűsítő, bőrnyugtató hatású,és selymessé teszi úgy a haj-, mint a szakáll szőrzetét is.</P>
<P><STRONG>HASZNÁLATA:</STRONG> Mindennapos használatra is javasolt. A tisztítandó felületre történő felvitel - úgy hajra-, mint szakállra -, és habosítás után 2 percig hagyjuk hatni, majd öblítsük le.</P>', '', 1600074880, '15176', '1', 0, 1, 159, '131', 'koffeines-ferfi-haj-es-szakall-apolo-regeneralo-sampon-golden-green', 'hajapolas/sampon/ferfi-sampon/koffeines-ferfi-haj-es-szakall-apolo-regeneralo-sampon-golden-green', '1856', 1, '159,173,219,256,362,364,365')

[2020-09-14 11:14:40] INSERT INTO webshop_special_fields (`key`, `value`, `product_id`) VALUES ('manufacturer', 'Egyéb fodrászkellék', 5028)

[2020-09-14 11:14:40] INSERT INTO webshop_special_fields (`key`, `value`, `product_id`) VALUES ('quantityunit', 'ml', 5028)

[2020-09-14 11:14:40] INSERT INTO webshop_special_fields (`key`, `value`, `product_id`) VALUES ('kiszereles', '500', 5028)

[2020-09-14 11:14:40] INSERT INTO webshop_gallery (`id`, `product_id`, `original_name`, `new_name`, `date`) VALUES (15177, 5029, 'Szakáll ápoló olaj Golden Green', '15177.jpg', 1600074880)

[2020-09-14 11:14:40] INSERT INTO webshop_products (`id`, `name_hun`, `name_eng`, `item_id`, `price`, `reduced_price`, `status`, `currency`, `content_short`, `content`, `details`, `date`, `default_pic`, `active`, `main`, `sort`, `category_id`, `root_category_id`, `seo_name`, `fullurl`, `websyx_id`, `quantity`, `other_categories`) VALUES ('5029', 'Szakáll ápoló olaj Golden Green', 'Szakáll ápoló olaj Golden Green', '0117-stella-33051000-150ml', 0, 0, 1, 'Ft', 'Szakáll olaj. Napraforgó-, argán-, jojoba-, mandala olaj, valamint E vitamin tartalmával mely gyorsan felszívódik...', '<P>Szakáll olaj. Napraforgó-, argán-, jojoba-, mandala olaj, valamint E vitamin tartalmával mely gyorsan felszívódik -, ápolja a szakállat, puhává, fényessé teszi a szőrzetet és egészséges, hidratált bőrt is eredményez. A, C, és D vitaminokban is gazdag. Vitamin-, és zsírsav összetevőivel regenerálja a bőrsejteket, erősíti a bőr védelmi képességét, rugalmasságát. Kitűnően alkalmas száraz, öregedő, és zsíros bőrre is.</P>
<P style=\"TEXT-ALIGN: justify\"><STRONG>150ml - HASZNÁLATA:</STRONG> Néhány cseppet oszlassunk el a tenyerünkön, masszírozzuk be a szakállat, majd fésüljük át. Selymessé, fényessé teszi a szőrzetet.</P>
<P style=\"TEXT-ALIGN: justify; MARGIN: 0cm 0cm 10pt\">&nbsp;</P>', '', 1600074880, '15177', '1', 0, 1, 253, '191', 'szakall-apolo-olaj-golden-green', 'arcapolas-testapolas/ferfi-arc-bajusz-szakall-apolas/szakall-apolo-olaj-golden-green', '3028', 1, '253,360')

[2020-09-14 11:14:40] INSERT INTO webshop_special_fields (`key`, `value`, `product_id`) VALUES ('manufacturer', 'Egyéb fodrászkellék', 5029)

[2020-09-14 11:14:40] INSERT INTO webshop_special_fields (`key`, `value`, `product_id`) VALUES ('quantityunit', 'ml', 5029)

[2020-09-14 11:14:40] INSERT INTO webshop_special_fields (`key`, `value`, `product_id`) VALUES ('kiszereles', '150', 5029)

[2020-09-14 11:14:40] UPDATE webshop_products SET sort=1 WHERE id=3326

[2020-09-14 11:14:40] UPDATE webshop_products SET sort=2 WHERE id=5028

[2020-09-14 11:14:40] UPDATE webshop_products SET sort=3 WHERE id=5029

[2020-09-14 11:14:40] UPDATE webshop_products SET sort=4 WHERE id=5027

[2020-09-14 11:14:48] UPDATE users SET lastlogin = NOW() WHERE id = '11'

[2020-09-14 11:14:52] UPDATE users SET lastlogin = NOW() WHERE id = '11'

[2020-09-14 11:14:52] UPDATE webshop_products SET `price1_name`='Beszerzési ár', `price1_currency`='HUF', `price1_value`='1866' WHERE id=5028

[2020-09-14 11:14:52] UPDATE webshop_products SET `price2_name`='Kereskedő -27,6%', `price2_currency`='HUF', `price2_value`='2134' WHERE id=5028

[2020-09-14 11:14:52] UPDATE webshop_products SET `price3_name`='Kereskedő -33,6%', `price3_currency`='HUF', `price3_value`='1957' WHERE id=5028

[2020-09-14 11:14:52] UPDATE webshop_products SET `price4_name`='Szakmai 1 ár -7%', `price4_currency`='HUF', `price4_value`='2742' WHERE id=5028

[2020-09-14 11:14:52] UPDATE webshop_products SET `price5_name`='Szakmai 2 ár -14%', `price5_currency`='HUF', `price5_value`='2535' WHERE id=5028

[2020-09-14 11:14:52] UPDATE webshop_products SET `price6_name`='Vásárló', `price6_currency`='HUF', `price6_value`='2948' WHERE id=5028

[2020-09-14 11:14:52] UPDATE webshop_products SET `price7_name`='W Lista ár', `price7_currency`='HUF', `price7_value`='2948' WHERE id=5028

[2020-09-14 11:14:52] UPDATE webshop_products SET `price`='2948', `reduced_price`=0 WHERE id=5028

[2020-09-14 11:14:52] UPDATE webshop_products SET `price1_name`='Beszerzési ár', `price1_currency`='HUF', `price1_value`='1695' WHERE id=5029

[2020-09-14 11:14:52] UPDATE webshop_products SET `price2_name`='Kereskedő -27,6%', `price2_currency`='HUF', `price2_value`='1939' WHERE id=5029

[2020-09-14 11:14:52] UPDATE webshop_products SET `price3_name`='Kereskedő -33,6%', `price3_currency`='HUF', `price3_value`='1778' WHERE id=5029

[2020-09-14 11:14:52] UPDATE webshop_products SET `price4_name`='Szakmai 1 ár -7%', `price4_currency`='HUF', `price4_value`='2490' WHERE id=5029

[2020-09-14 11:14:52] UPDATE webshop_products SET `price5_name`='Szakmai 2 ár -14%', `price5_currency`='HUF', `price5_value`='2304' WHERE id=5029

[2020-09-14 11:14:52] UPDATE webshop_products SET `price6_name`='Vásárló', `price6_currency`='HUF', `price6_value`='2678' WHERE id=5029

[2020-09-14 11:14:52] UPDATE webshop_products SET `price7_name`='W Lista ár', `price7_currency`='HUF', `price7_value`='2678' WHERE id=5029

[2020-09-14 11:14:52] UPDATE webshop_products SET `price`='2678', `reduced_price`=0 WHERE id=5029

[2020-09-14 11:14:58] UPDATE users SET lastlogin = NOW() WHERE id = '11'

[2020-09-14 11:15:01] UPDATE users SET lastlogin = NOW() WHERE id = '11'

[2020-09-14 11:15:22] INSERT INTO webshop_gallery (`id`, `product_id`, `original_name`, `new_name`, `date`) VALUES (15178, 5027, 'Habzó borotva gél Golden Green', '15178.jpg', 1600074922)

[2020-09-14 11:15:24] UPDATE users SET lastlogin = NOW() WHERE id = '11'

[2020-09-14 11:15:27] DELETE FROM webshop_gallery WHERE id=15178

[2020-09-14 11:15:43] INSERT INTO webshop_gallery (`id`, `product_id`, `original_name`, `new_name`, `date`) VALUES (15178, 5028, 'Koffeines férfi haj és szakáll ápoló regeneráló sampon Golden Green', '15178.jpg', 1600074943)

[2020-09-14 11:15:44] UPDATE users SET lastlogin = NOW() WHERE id = '11'

[2020-09-14 11:15:53] DELETE FROM webshop_gallery WHERE id=15178

[2020-09-14 11:16:01] INSERT INTO webshop_gallery (`id`, `product_id`, `original_name`, `new_name`, `date`) VALUES (15178, 5029, 'Szakáll ápoló olaj Golden Green', '15178.jpg', 1600074961)

[2020-09-14 11:16:09] UPDATE users SET lastlogin = NOW() WHERE id = '11'

