[2019-09-13 10:50:08] UPDATE users SET lastlogin = NOW() WHERE id = '11'

[2019-09-13 10:50:11] UPDATE users SET lastlogin = NOW() WHERE id = '11'

[2019-09-13 10:50:13] UPDATE users SET lastlogin = NOW() WHERE id = '11'

[2019-09-13 10:50:13] INSERT INTO webshop_gallery (`id`, `product_id`, `original_name`, `new_name`, `date`) VALUES (12816, 4547, 'Paróka világos arany szőke műhajból 45 cm hosszú', '12816.jpg', 1568364613)

[2019-09-13 10:50:13] INSERT INTO webshop_products (`id`, `name_hun`, `name_eng`, `item_id`, `price`, `reduced_price`, `status`, `currency`, `content_short`, `content`, `details`, `date`, `default_pic`, `active`, `main`, `sort`, `category_id`, `root_category_id`, `seo_name`, `fullurl`, `websyx_id`, `quantity`, `other_categories`) VALUES ('4547', 'Paróka világos arany szőke műhajból 45 cm hosszú', 'Paróka világos arany szőke műhajból 45 cm hosszú', '0736-hajdisz-paroka-vilagosaranyszoke', 0, 0, 1, 'Ft', 'Dús hajkoronát varázsol egyetlen másodperc alatt!Sapka szerűen vehető...', 'Dús hajkoronát varázsol egyetlen másodperc alatt!Sapka szerűen vehető fel.', '', 1568364613, '12816', '1', 0, 1, 104, '0', 'paroka-vilagos-arany-szoke-muhajbol-45-cm-hosszu', 'fodraszkellek/paroka-vilagos-arany-szoke-muhajbol-45-cm-hosszu', '309', 1, '104,186,188,222,244')

[2019-09-13 10:50:14] INSERT INTO webshop_special_fields (`key`, `value`, `product_id`) VALUES ('manufacturer', '21.Egyéb fodrászkellék gyártó', 4547)

[2019-09-13 10:50:14] INSERT INTO webshop_special_fields (`key`, `value`, `product_id`) VALUES ('quantityunit', 'db', 4547)

[2019-09-13 10:50:14] INSERT INTO webshop_special_fields (`key`, `value`, `product_id`) VALUES ('kiszereles', '1', 4547)

[2019-09-13 10:50:14] INSERT INTO webshop_gallery (`id`, `product_id`, `original_name`, `new_name`, `date`) VALUES (12817, 4548, 'Parti copf hajdísz ezüst színben', '12817.jpg', 1568364614)

[2019-09-13 10:50:14] INSERT INTO webshop_products (`id`, `name_hun`, `name_eng`, `item_id`, `price`, `reduced_price`, `status`, `currency`, `content_short`, `content`, `details`, `date`, `default_pic`, `active`, `main`, `sort`, `category_id`, `root_category_id`, `seo_name`, `fullurl`, `websyx_id`, `quantity`, `other_categories`) VALUES ('4548', 'Parti copf hajdísz ezüst színben', 'Parti copf hajdísz ezüst színben', '0736-hajdisz-particopf-ezüst', 0, 0, 1, 'Ft', 'Gumival felhelyezhető színes parti hajdísz...', 'Gumival felhelyezhető színes parti hajdísz copfra.', '', 1568364614, '12817', '1', 0, 1, 104, '0', 'parti-copf-hajdisz-ezust-szinben', 'fodraszkellek/parti-copf-hajdisz-ezust-szinben', '316', 1, '104,186,222,244')

[2019-09-13 10:50:14] INSERT INTO webshop_special_fields (`key`, `value`, `product_id`) VALUES ('manufacturer', '21.Egyéb fodrászkellék gyártó', 4548)

[2019-09-13 10:50:14] INSERT INTO webshop_special_fields (`key`, `value`, `product_id`) VALUES ('quantityunit', 'db', 4548)

[2019-09-13 10:50:14] INSERT INTO webshop_special_fields (`key`, `value`, `product_id`) VALUES ('kiszereles', '1', 4548)

[2019-09-13 10:50:14] INSERT INTO webshop_gallery (`id`, `product_id`, `original_name`, `new_name`, `date`) VALUES (12818, 4495, 'megszünt - Euro SO.CAP Keratinos póthaj 40-45cm 10db sötét barna', '12818.jpg', 1568364614)

[2019-09-13 10:50:14] UPDATE webshop_special_fields SET `value`='33.Hajhosszabbítás' WHERE `key`='manufacturer' AND `product_id`=4495

[2019-09-13 10:50:14] UPDATE webshop_special_fields SET `value`='db' WHERE `key`='quantityunit' AND `product_id`=4495

[2019-09-13 10:50:14] UPDATE webshop_special_fields SET `value`='25' WHERE `key`='kiszereles' AND `product_id`=4495

[2019-09-13 10:50:14] UPDATE webshop_products SET `name_hun`='megszünt - Euro SO.CAP Keratinos póthaj 40-45cm 10db sötét barna',`content_short`='
Póthaj keratinos hajhosszabbításhoz. 25db keratinos hajtincs/csomag &ndash; Az Olaszországi póthaj tincsek jó...',`content`='<FONT face=Calibri>
<P style=\"TEXT-ALIGN: justify; MARGIN: 0cm 0cm 10pt\"><FONT face=Calibri>Póthaj keratinos hajhosszabbításhoz. 25</FONT>db keratinos hajtincs/csomag &ndash; Az Olaszországi póthaj tincsek jó minőségű, 100% humán természetes emberi hajból készülnek. A póthajak egyenletes jó minőségét a kidolgozott, és használt technológia garantálja, és biztosítja. A póthajak hő illesztés, hajgyűrűzés, hajragasztás, hajfelvarrás, csatos, hajhosszabbítás technikákhoz készülnek.</P>
<P style=\"TEXT-ALIGN: justify; MARGIN: 0cm 0cm 10pt\"><FONT face=\"Times New Roman\">A póthaj tincsek jó minőségű, 100% emberi hajakból készülnek, ezáltal szinte észrevehetetlenül illeszthetők a hajba.&nbsp; Minden póthaj és színes hajtincs, &nbsp;U&nbsp;alakú keratin tippel van ellátva. A felrakásnál ezt a keratint jól dolgozza bele a hő illesztő pisztollyal a hajtincsekbe. Ha szükséges, plusz keratin felvitelével növelje a keratin mennyiségét.&nbsp; A póthajak általában 10-20-25db/csomagban, vagy &nbsp;1db/tincs kiszerelésben rendelhetőek! Az árak minden esetben a póthajaknál értelemszerűen, Ft/csomagban, vagy hajtincs Ft/db-ban vannak feltüntetve.</FONT></P></FONT>
<P style=\"TEXT-ALIGN: justify; MARGIN: 0cm 0cm 10pt\">A póthajakról készült fényképes színskálák, hajszínek vagy a termék képben, vagy termék leírás melletti&nbsp;fülnél a hajszínskálák, vagy hajfesték színek és használatuk menüpontnál, vagy önmagában a termék leírásban, lejjebb gördítve az oldalt, vagy mind három módon megtalálhatók!</P>
<P style=\"TEXT-ALIGN: justify; MARGIN: 0cm 0cm 10pt\"><FONT face=\"Times New Roman\">A póthaj tincsek jó minőségű, 100% emberi hajakból készülnek, ezáltal szinte észrevehetetlenül illeszthetők a hajba.&nbsp; Minden póthaj és színes hajtincs, &nbsp;U&nbsp;alakú keratin tippel van ellátva. A felrakásnál ezt a keratint jól dolgozza bele a hő illesztő pisztollyal a hajtincsekbe. Ha szükséges, plusz keratin felvitelével növelje a keratin mennyiségét.&nbsp; A póthajak általában 10-20-25db/csomagban, vagy &nbsp;1db/tincs kiszerelésben rendelhetőek! Az árak minden esetben a póthajaknál értelemszerűen, Ft/csomagban, vagy hajtincs Ft/db-ban vannak feltüntetve.</FONT></P>
<P style=\"TEXT-ALIGN: justify; MARGIN: 0cm 0cm 10pt\"><U><FONT face=\"Times New Roman\">Vásárlás előtt olvassa el! - A keratinos póthaj használata, hajhosszabbítás.</FONT></U></P>
<P style=\"TEXT-ALIGN: justify\"><FONT face=\"Times New Roman\">Figyelem! A póthaj egy élettelen eszköz! Ahhoz hogy a póthajak frizura készítéshez használva minél hosszabb életűek legyenek a következőket vegye figyelembe! A póthajakkal a következő frizurakészítési műveletek valósíthatók meg, a feltüntetett szabályok betartása mellett!</FONT></P>
<P style=\"TEXT-ALIGN: justify; MARGIN-LEFT: 36pt; TEXT-INDENT: -18pt; mso-list: l0 level1 lfo1\">·&nbsp;&nbsp;&nbsp;&nbsp;&nbsp;&nbsp;&nbsp;&nbsp; <FONT face=\"Times New Roman\">hajszárítás, hajvasalás, hajgöndörítés hajsütővassal max.150̊ C hőmérsékleten &ndash; Figyelem! - a hajtövét nem érheti 100̊C-nál magasabb hő ezért hajszárítóval megfelelő (ajánlott 50cm nél nagyobb) távolságból szárítható.</FONT></P>
<P style=\"TEXT-ALIGN: justify; MARGIN-LEFT: 36pt; TEXT-INDENT: -18pt; mso-list: l0 level1 lfo1\">·&nbsp;&nbsp;&nbsp;&nbsp;&nbsp;&nbsp;&nbsp;&nbsp; <FONT face=\"Times New Roman\">hajfestés: a póthaj festése &ndash; max. 20vol-6% erősségű - oxidálószerrel történhet!</FONT></P>
<P style=\"TEXT-ALIGN: justify; MARGIN-LEFT: 36pt; TEXT-INDENT: -18pt; mso-list: l0 level1 lfo1\">·&nbsp;&nbsp;&nbsp;&nbsp;&nbsp;&nbsp;&nbsp;&nbsp; szőkítés, <FONT face=\"Times New Roman\">dauer, tartós hajkiegyenesítés és egyéb olyan műveletek, amelyek a hajszerkezet megbontásával járnak, nem alkalmazhatók!</FONT></P>
<P style=\"TEXT-ALIGN: justify; MARGIN-LEFT: 36pt; TEXT-INDENT: -18pt; mso-list: l0 level1 lfo1\">·&nbsp;&nbsp;&nbsp;&nbsp;&nbsp;&nbsp;&nbsp;&nbsp; <FONT face=\"Times New Roman\">a póthaj fokozott ápolást igényel, ezért csak magas minőségű ápló anyagokat tartalmazó, pl. keratint, természetes olajokat (argán, kukui, szőlőmag&hellip;.olaj) tartalmazó hajápolók használata javasolt!</FONT></P>
<P style=\"TEXT-ALIGN: justify; MARGIN-LEFT: 36pt; TEXT-INDENT: -18pt; mso-list: l0 level1 lfo1\">·&nbsp;&nbsp;&nbsp;&nbsp;&nbsp;&nbsp;&nbsp;&nbsp; <FONT face=\"Times New Roman\">Az elkészült frizura ápolásához kérjen a felrakó szakembertől hajápolási utasítást, tanácsot, vagy olvasson utána a webáruházban a (póthaj ápolása) terméknél, az interneten ahol számos cikk található erről, és vezessen hajápolási naplót!</FONT></P>
<P style=\"TEXT-ALIGN: justify\"><FONT face=\"Times New Roman\">Figyelem! Használatba vétel előtt ellenőrizze a haj állagát! Ha nem felel meg elvárásinak, jelezze és küldje vissza! A póthaj nem hajápolási, és nem tartós fogyasztási termék! A póthaj egy élettelen, fodrászati kiegészítő eszköz, ezért sem szavatossági, sem minőség megőrzési ideje nincs, ezért a használatba vett hajakra garancia nem jár! Használhatóságának ideje nagyon nagymértékben függ a felhasználás, viselés, ápolás módjától, ezért a bármilyen módon használatba vett póthajakat semmilyen felmerülő ok miatt nem vesszük vissza, és&nbsp;<FONT face=Calibri>semmilyen&nbsp;hajjal kapcsolatos&nbsp;kárigényt nem fogadunk el</FONT>!&nbsp;&nbsp;Indoklás: A póthajak&nbsp;részletes napi, megfelelő használatáról, hiteles információt részünkről lehetetlen beszerezni, és a visszaéléseket csak így tudjuk elkerülni.&nbsp;</FONT></P>', `item_id`='2436-extension-c-40-45cm-25db-3-sötétba', `default_pic`='12818', `active`='1', `category_id`='186', `root_category_id`='0', `seo_name`='megszunt-euro-socap-keratinos-pothaj-40-45cm-10db-sotet-barna', `fullurl`='hajhosszabbitas/megszunt-euro-socap-keratinos-pothaj-40-45cm-10db-sotet-barna', `other_categories`='186,190,255,323' WHERE id=4495

[2019-09-13 10:50:14] INSERT INTO webshop_gallery (`id`, `product_id`, `original_name`, `new_name`, `date`) VALUES (12819, 4500, 'megszünt - Euro SO.CAP Keratinos póthaj 40-45cm 10db ultra világos natúr szőke', '12819.jpg', 1568364614)

[2019-09-13 10:50:14] UPDATE webshop_special_fields SET `value`='33.Hajhosszabbítás' WHERE `key`='manufacturer' AND `product_id`=4500

[2019-09-13 10:50:14] UPDATE webshop_special_fields SET `value`='db' WHERE `key`='quantityunit' AND `product_id`=4500

[2019-09-13 10:50:14] UPDATE webshop_special_fields SET `value`='25' WHERE `key`='kiszereles' AND `product_id`=4500

[2019-09-13 10:50:14] UPDATE webshop_products SET `name_hun`='Extension Keratinos póthaj 40-45cm 25db 9.3 világos aranyszőke',`content_short`='Póthaj keratinos hajhosszabbításhoz. 25db keratinos hajtincs/csomag &ndash; Az Olaszországi póthaj tincsek jó...',`content`='<P style=\"TEXT-ALIGN: justify; MARGIN: 0cm 0cm 10pt\"><FONT face=Calibri>Póthaj keratinos hajhosszabbításhoz. 25</FONT>db keratinos hajtincs/csomag &ndash; Az Olaszországi póthaj tincsek jó minőségű, 100% humán természetes emberi hajból készülnek. A póthajak egyenletes jó minőségét a kidolgozott, és használt technológia garantálja, és biztosítja. A póthajak hő illesztés, hajgyűrűzés, hajragasztás, hajfelvarrás, csatos, hajhosszabbítás technikákhoz készülnek.</P>
<P style=\"TEXT-ALIGN: justify; MARGIN: 0cm 0cm 10pt\"><FONT face=\"Times New Roman\">A póthaj tincsek jó minőségű, 100% emberi hajakból készülnek, ezáltal szinte észrevehetetlenül illeszthetők a hajba.&nbsp; Minden póthaj és színes hajtincs, &nbsp;U&nbsp;alakú keratin tippel van ellátva. A felrakásnál ezt a keratint jól dolgozza bele a hő illesztő pisztollyal a hajtincsekbe. Ha szükséges, plusz keratin felvitelével növelje a keratin mennyiségét.&nbsp; A póthajak általában 10-20-25db/csomagban, vagy &nbsp;1db/tincs kiszerelésben rendelhetőek! Az árak minden esetben a póthajaknál értelemszerűen, Ft/csomagban, vagy hajtincs Ft/db-ban vannak feltüntetve.</FONT></P>
<P style=\"TEXT-ALIGN: justify; MARGIN: 0cm 0cm 10pt\"><U><FONT face=\"Times New Roman\">Vásárlás előtt olvassa el! - A keratinos póthaj használata, hajhosszabbítás.</FONT></U></P>
<P style=\"TEXT-ALIGN: justify\"><FONT face=\"Times New Roman\">Figyelem! A póthaj egy élettelen eszköz! Ahhoz hogy a póthajak frizura készítéshez használva minél hosszabb életűek legyenek a következőket vegye figyelembe! A póthajakkal a következő frizurakészítési műveletek valósíthatók meg, a feltüntetett szabályok betartása mellett!</FONT></P>
<P style=\"TEXT-ALIGN: justify; MARGIN-LEFT: 36pt; TEXT-INDENT: -18pt; mso-list: l0 level1 lfo1\">·&nbsp;&nbsp;&nbsp;&nbsp;&nbsp;&nbsp;&nbsp;&nbsp; <FONT face=\"Times New Roman\">hajszárítás, hajvasalás, hajgöndörítés hajsütővassal max.150̊ C hőmérsékleten &ndash; Figyelem! - a hajtövét nem érheti 100̊C-nál magasabb hő ezért hajszárítóval megfelelő (ajánlott 50cm nél nagyobb) távolságból szárítható.</FONT></P>
<P style=\"TEXT-ALIGN: justify; MARGIN-LEFT: 36pt; TEXT-INDENT: -18pt; mso-list: l0 level1 lfo1\">·&nbsp;&nbsp;&nbsp;&nbsp;&nbsp;&nbsp;&nbsp;&nbsp; <FONT face=\"Times New Roman\">hajfestés: a póthaj festése &ndash; max. 20vol-6% erősségű - oxidálószerrel történhet!</FONT></P>
<P style=\"TEXT-ALIGN: justify; MARGIN-LEFT: 36pt; TEXT-INDENT: -18pt; mso-list: l0 level1 lfo1\">·&nbsp;&nbsp;&nbsp;&nbsp;&nbsp;&nbsp;&nbsp;&nbsp; szőkítés, <FONT face=\"Times New Roman\">dauer, tartós hajkiegyenesítés és egyéb olyan műveletek, amelyek a hajszerkezet megbontásával járnak, nem alkalmazhatók!</FONT></P>
<P style=\"TEXT-ALIGN: justify; MARGIN-LEFT: 36pt; TEXT-INDENT: -18pt; mso-list: l0 level1 lfo1\">·&nbsp;&nbsp;&nbsp;&nbsp;&nbsp;&nbsp;&nbsp;&nbsp; <FONT face=\"Times New Roman\">a póthaj fokozott ápolást igényel, ezért csak magas minőségű ápló anyagokat tartalmazó, pl. keratint, természetes olajokat (argán, kukui, szőlőmag&hellip;.olaj) tartalmazó hajápolók használata javasolt!</FONT></P>
<P style=\"TEXT-ALIGN: justify; MARGIN-LEFT: 36pt; TEXT-INDENT: -18pt; mso-list: l0 level1 lfo1\">·&nbsp;&nbsp;&nbsp;&nbsp;&nbsp;&nbsp;&nbsp;&nbsp; <FONT face=\"Times New Roman\">Az elkészült frizura ápolásához kérjen a felrakó szakembertől hajápolási utasítást, tanácsot, vagy olvasson utána a webáruházban a (póthaj ápolása) terméknél, az interneten ahol számos cikk található erről, és vezessen hajápolási naplót!</FONT></P>
<P style=\"TEXT-ALIGN: justify\"><FONT face=\"Times New Roman\">Figyelem! Használatba vétel előtt ellenőrizze a haj állagát! Ha nem felel meg elvárásinak, jelezze és küldje vissza! A póthaj nem hajápolási, és nem tartós fogyasztási termék! A póthaj egy élettelen, fodrászati kiegészítő eszköz, ezért sem szavatossági, sem minőség megőrzési ideje nincs, ezért a használatba vett hajakra garancia nem jár! Használhatóságának ideje nagyon nagymértékben függ a felhasználás, viselés, ápolás módjától, ezért a bármilyen módon használatba vett póthajakat semmilyen felmerülő ok miatt nem vesszük vissza, és&nbsp;<FONT face=Calibri>semmilyen&nbsp;hajjal kapcsolatos&nbsp;kárigényt nem fogadunk el</FONT>!&nbsp;&nbsp;Indoklás: A póthajak&nbsp;részletes napi, megfelelő használatáról, hiteles információt részünkről lehetetlen beszerezni, és a visszaéléseket csak így tudjuk elkerülni.&nbsp;</FONT></P>', `item_id`='2436-extension-c-40-45cm-25db-9.3', `default_pic`='12819', `active`='1', `category_id`='186', `root_category_id`='0', `seo_name`='extension-keratinos-pothaj-40-45cm-25db-93-vilagos-aranyszoke', `fullurl`='hajhosszabbitas/extension-keratinos-pothaj-40-45cm-25db-93-vilagos-aranyszoke', `other_categories`='186,190,255,323' WHERE id=4500

[2019-09-13 10:50:14] INSERT INTO webshop_gallery (`id`, `product_id`, `original_name`, `new_name`, `date`) VALUES (12820, 4501, 'megszünt - Euro SO.CAP Keratinos póthaj 40-45cm 10db ultra világos hamvas szőke', '12820.jpg', 1568364614)

[2019-09-13 10:50:15] UPDATE webshop_special_fields SET `value`='33.Hajhosszabbítás' WHERE `key`='manufacturer' AND `product_id`=4501

[2019-09-13 10:50:15] UPDATE webshop_special_fields SET `value`='db' WHERE `key`='quantityunit' AND `product_id`=4501

[2019-09-13 10:50:15] UPDATE webshop_special_fields SET `value`='10' WHERE `key`='kiszereles' AND `product_id`=4501

[2019-09-13 10:50:15] UPDATE webshop_products SET `name_hun`='Extension Keratinos póthaj 40-45cm 25db fekete 1',`content_short`='A póthaj tincsek jó minőségű, 100% emberi hajakból készülnek, ezáltal szinte észrevehetetlenül illeszthetők...',`content`='<P style=\"TEXT-ALIGN: justify; MARGIN: 0cm 0cm 10pt\"><FONT face=\"Times New Roman\">A póthaj tincsek jó minőségű, 100% emberi hajakból készülnek, ezáltal szinte észrevehetetlenül illeszthetők a hajba.&nbsp; Minden póthaj és színes hajtincs, &nbsp;U&nbsp;alakú keratin tippel van ellátva. A felrakásnál ezt a keratint jól dolgozza bele a hő illesztő pisztollyal a hajtincsekbe. Ha szükséges, plusz keratin felvitelével növelje a keratin mennyiségét.&nbsp; A póthajak általában 10-20-25db/csomagban, vagy &nbsp;1db/tincs kiszerelésben rendelhetőek! Az árak minden esetben a póthajaknál értelemszerűen, Ft/csomagban, vagy hajtincs Ft/db-ban vannak feltüntetve.</FONT></P>
<P style=\"TEXT-ALIGN: justify; MARGIN: 0cm 0cm 10pt\"><U><FONT face=\"Times New Roman\">Vásárlás előtt olvassa el! - A keratinos póthaj használata, hajhosszabbítás.</FONT></U></P>
<P style=\"TEXT-ALIGN: justify\"><FONT face=\"Times New Roman\">Figyelem! A póthaj egy élettelen eszköz! Ahhoz hogy a póthajak frizura készítéshez használva minél hosszabb életűek legyenek a következőket vegye figyelembe! A póthajakkal a következő frizurakészítési műveletek valósíthatók meg, a feltüntetett szabályok betartása mellett!</FONT></P>
<P style=\"TEXT-ALIGN: justify; MARGIN-LEFT: 36pt; TEXT-INDENT: -18pt; mso-list: l0 level1 lfo1\">·&nbsp;&nbsp;&nbsp;&nbsp;&nbsp;&nbsp;&nbsp;&nbsp; <FONT face=\"Times New Roman\">hajszárítás, hajvasalás, hajgöndörítés hajsütővassal max.150̊ C hőmérsékleten &ndash; Figyelem! - a hajtövét nem érheti 100̊C-nál magasabb hő ezért hajszárítóval megfelelő (ajánlott 50cm nél nagyobb) távolságból szárítható.</FONT></P>
<P style=\"TEXT-ALIGN: justify; MARGIN-LEFT: 36pt; TEXT-INDENT: -18pt; mso-list: l0 level1 lfo1\">·&nbsp;&nbsp;&nbsp;&nbsp;&nbsp;&nbsp;&nbsp;&nbsp; <FONT face=\"Times New Roman\">hajfestés: a póthaj festése &ndash; max. 20vol-6% erősségű - oxidálószerrel történhet!</FONT></P>
<P style=\"TEXT-ALIGN: justify; MARGIN-LEFT: 36pt; TEXT-INDENT: -18pt; mso-list: l0 level1 lfo1\">·&nbsp;&nbsp;&nbsp;&nbsp;&nbsp;&nbsp;&nbsp;&nbsp; szőkítés, <FONT face=\"Times New Roman\">dauer, tartós hajkiegyenesítés és egyéb olyan műveletek, amelyek a hajszerkezet megbontásával járnak, nem alkalmazhatók!</FONT></P>
<P style=\"TEXT-ALIGN: justify; MARGIN-LEFT: 36pt; TEXT-INDENT: -18pt; mso-list: l0 level1 lfo1\">·&nbsp;&nbsp;&nbsp;&nbsp;&nbsp;&nbsp;&nbsp;&nbsp; <FONT face=\"Times New Roman\">a póthaj fokozott ápolást igényel, ezért csak magas minőségű ápló anyagokat tartalmazó, pl. keratint, természetes olajokat (argán, kukui, szőlőmag&hellip;.olaj) tartalmazó hajápolók használata javasolt!</FONT></P>
<P style=\"TEXT-ALIGN: justify; MARGIN-LEFT: 36pt; TEXT-INDENT: -18pt; mso-list: l0 level1 lfo1\">·&nbsp;&nbsp;&nbsp;&nbsp;&nbsp;&nbsp;&nbsp;&nbsp; <FONT face=\"Times New Roman\">Az elkészült frizura ápolásához kérjen a felrakó szakembertől hajápolási utasítást, tanácsot, vagy olvasson utána a webáruházban a (póthaj ápolása) terméknél, az interneten ahol számos cikk található erről, és vezessen hajápolási naplót!</FONT></P>
<P style=\"TEXT-ALIGN: justify\"><FONT face=\"Times New Roman\">Figyelem! Használatba vétel előtt ellenőrizze a haj állagát! Ha nem felel meg elvárásinak, jelezze és küldje vissza! A póthaj nem hajápolási, és nem tartós fogyasztási termék! A póthaj egy élettelen, fodrászati kiegészítő eszköz, ezért sem szavatossági, sem minőség megőrzési ideje nincs, ezért a használatba vett hajakra garancia nem jár! Használhatóságának ideje nagyon nagymértékben függ a felhasználás, viselés, ápolás módjától, ezért a bármilyen módon használatba vett póthajakat semmilyen felmerülő ok miatt nem vesszük vissza, és&nbsp;<FONT face=Calibri>semmilyen&nbsp;hajjal kapcsolatos&nbsp;kárigényt nem fogadunk el</FONT>!&nbsp;&nbsp;Indoklás: A póthajak&nbsp;részletes napi, megfelelő használatáról, hiteles információt részünkről lehetetlen beszerezni, és a visszaéléseket csak így tudjuk elkerülni.&nbsp;</FONT></P>', `item_id`='2436-extension-c-40-45cm-25db-1-fekete', `default_pic`='12820', `active`='1', `category_id`='186', `root_category_id`='0', `seo_name`='extension-keratinos-pothaj-40-45cm-25db-fekete-1', `fullurl`='hajhosszabbitas/extension-keratinos-pothaj-40-45cm-25db-fekete-1', `other_categories`='186,190,255,323' WHERE id=4501

[2019-09-13 10:50:15] INSERT INTO webshop_gallery (`id`, `product_id`, `original_name`, `new_name`, `date`) VALUES (12821, 4496, 'megszünt - Euro SO.CAP Keratinos póthaj 40-45cm 10db közép szőke', '12821.jpg', 1568364615)

[2019-09-13 10:50:15] UPDATE webshop_special_fields SET `value`='32.EURO SO.CAP. póthaj' WHERE `key`='manufacturer' AND `product_id`=4496

[2019-09-13 10:50:15] UPDATE webshop_special_fields SET `value`='db' WHERE `key`='quantityunit' AND `product_id`=4496

[2019-09-13 10:50:15] UPDATE webshop_special_fields SET `value`='10' WHERE `key`='kiszereles' AND `product_id`=4496

[2019-09-13 10:50:15] UPDATE webshop_products SET `name_hun`='Euro SO.CAP Keratinos póthaj 40-45cm 10db közép szőke',`content_short`='Póthaj keratinos hajhosszabbításhoz. 10db keratinos EURO SO.CAP. hajtincs/csomag &ndash; Az Olaszországi EURO...',`content`='<P style=\"TEXT-ALIGN: justify; MARGIN: 0cm 0cm 10pt\"><FONT face=Calibri>Póthaj keratinos hajhosszabbításhoz. 10</FONT>db keratinos EURO SO.CAP. hajtincs/csomag &ndash; Az Olaszországi EURO SO.CAP. póthaj tincsek jó minőségű, 100% humán természetes emberi hajból készülnek. A póthajak egyenletes jó minőségét az EURO SO.CAP. által kidolgozott, és használt technológia garantálja, és biztosítja. A póthajak hő illesztés, hajgyűrűzés, hajragasztás, hajfelvarrás, csatos, hajhosszabbítás technikákhoz készülnek.</P>
<P style=\"TEXT-ALIGN: justify; MARGIN: 0cm 0cm 10pt\">A póthajakról készült fényképes színskálák, hajszínek vagy a termék képben, vagy termék leírás melletti&nbsp;fülnél a hajszínskálák, vagy hajfesték színek és használatuk menüpontnál, vagy önmagában a termék leírásban, lejjebb gördítve az oldalt, vagy mind három módon megtalálhatók!</P>
<P style=\"TEXT-ALIGN: justify; MARGIN: 0cm 0cm 10pt\"><FONT face=\"Times New Roman\">A póthaj tincsek jó minőségű, 100% emberi hajakból készülnek, ezáltal szinte észrevehetetlenül illeszthetők a hajba.&nbsp; Minden póthaj és színes hajtincs, &nbsp;U&nbsp;alakú keratin tippel van ellátva. A felrakásnál ezt a keratint jól dolgozza bele a hő illesztő pisztollyal a hajtincsekbe. Ha szükséges, plusz keratin felvitelével növelje a keratin mennyiségét.&nbsp; A póthajak általában 10-20-25db/csomagban, vagy &nbsp;1db/tincs kiszerelésben rendelhetőek! Az árak minden esetben a póthajaknál értelemszerűen, Ft/csomagban, vagy hajtincs Ft/db-ban vannak feltüntetve.</FONT></P>
<P style=\"TEXT-ALIGN: justify; MARGIN: 0cm 0cm 10pt\"><U><FONT face=\"Times New Roman\">Vásárlás előtt olvassa el! - A keratinos póthaj használata, hajhosszabbítás.</FONT></U></P>
<P style=\"TEXT-ALIGN: justify\"><FONT face=\"Times New Roman\">Figyelem! A póthaj egy élettelen eszköz! Ahhoz hogy a póthajak frizura készítéshez használva minél hosszabb életűek legyenek a következőket vegye figyelembe! A póthajakkal a következő frizurakészítési műveletek valósíthatók meg, a feltüntetett szabályok betartása mellett!</FONT></P>
<P style=\"TEXT-ALIGN: justify; MARGIN-LEFT: 36pt; TEXT-INDENT: -18pt; mso-list: l0 level1 lfo1\">·&nbsp;&nbsp;&nbsp;&nbsp;&nbsp;&nbsp;&nbsp;&nbsp; <FONT face=\"Times New Roman\">hajszárítás, hajvasalás, hajgöndörítés hajsütővassal max.150̊ C hőmérsékleten &ndash; Figyelem! - a hajtövét nem érheti 100̊C-nál magasabb hő ezért hajszárítóval megfelelő (ajánlott 50cm nél nagyobb) távolságból szárítható.</FONT></P>
<P style=\"TEXT-ALIGN: justify; MARGIN-LEFT: 36pt; TEXT-INDENT: -18pt; mso-list: l0 level1 lfo1\">·&nbsp;&nbsp;&nbsp;&nbsp;&nbsp;&nbsp;&nbsp;&nbsp; <FONT face=\"Times New Roman\">hajfestés: a póthaj festése &ndash; max. 20vol-6% erősségű - oxidálószerrel történhet!</FONT></P>
<P style=\"TEXT-ALIGN: justify; MARGIN-LEFT: 36pt; TEXT-INDENT: -18pt; mso-list: l0 level1 lfo1\">·&nbsp;&nbsp;&nbsp;&nbsp;&nbsp;&nbsp;&nbsp;&nbsp; szőkítés, <FONT face=\"Times New Roman\">dauer, tartós hajkiegyenesítés és egyéb olyan műveletek, amelyek a hajszerkezet megbontásával járnak, nem alkalmazhatók!</FONT></P>
<P style=\"TEXT-ALIGN: justify; MARGIN-LEFT: 36pt; TEXT-INDENT: -18pt; mso-list: l0 level1 lfo1\">·&nbsp;&nbsp;&nbsp;&nbsp;&nbsp;&nbsp;&nbsp;&nbsp; <FONT face=\"Times New Roman\">a póthaj fokozott ápolást igényel, ezért csak magas minőségű ápló anyagokat tartalmazó, pl. keratint, természetes olajokat (argán, kukui, szőlőmag&hellip;.olaj) tartalmazó hajápolók használata javasolt!</FONT></P>
<P style=\"TEXT-ALIGN: justify; MARGIN-LEFT: 36pt; TEXT-INDENT: -18pt; mso-list: l0 level1 lfo1\">·&nbsp;&nbsp;&nbsp;&nbsp;&nbsp;&nbsp;&nbsp;&nbsp; <FONT face=\"Times New Roman\">Az elkészült frizura ápolásához kérjen a felrakó szakembertől hajápolási utasítást, tanácsot, vagy olvasson utána a webáruházban a (póthaj ápolása) terméknél, az interneten ahol számos cikk található erről, és vezessen hajápolási naplót!</FONT></P>
<P style=\"TEXT-ALIGN: justify\"><FONT face=\"Times New Roman\">Figyelem! Használatba vétel előtt ellenőrizze a haj állagát! Ha nem felel meg elvárásinak, jelezze és küldje vissza! A póthaj nem hajápolási, és nem tartós fogyasztási termék! A póthaj egy élettelen, fodrászati kiegészítő eszköz, ezért sem szavatossági, sem minőség megőrzési ideje nincs, ezért a használatba vett hajakra garancia nem jár! Használhatóságának ideje nagyon nagymértékben függ a felhasználás, viselés, ápolás módjától, ezért a bármilyen módon használatba vett póthajakat semmilyen felmerülő ok miatt nem vesszük vissza, és&nbsp;<FONT face=Calibri>semmilyen&nbsp;hajjal kapcsolatos&nbsp;kárigényt nem fogadunk el</FONT>!&nbsp;&nbsp;Indoklás: A póthajak&nbsp;részletes napi, megfelelő használatáról, hiteles információt részünkről lehetetlen beszerezni, és a visszaéléseket csak így tudjuk elkerülni.&nbsp;</FONT></P>', `item_id`='2536-socap-c-40-45cm-10db-17-középszőke', `default_pic`='12821', `active`='1', `category_id`='104', `root_category_id`='0', `seo_name`='euro-socap-keratinos-pothaj-40-45cm-10db-kozep-szoke', `fullurl`='fodraszkellek/euro-socap-keratinos-pothaj-40-45cm-10db-kozep-szoke', `other_categories`='104,186,190,222,255,323' WHERE id=4496

[2019-09-13 10:50:15] INSERT INTO webshop_gallery (`id`, `product_id`, `original_name`, `new_name`, `date`) VALUES (12822, 4549, 'Copf műhajból 50 cm hosszú', '12822.jpg', 1568364615)

[2019-09-13 10:50:15] INSERT INTO webshop_products (`id`, `name_hun`, `name_eng`, `item_id`, `price`, `reduced_price`, `status`, `currency`, `content_short`, `content`, `details`, `date`, `default_pic`, `active`, `main`, `sort`, `category_id`, `root_category_id`, `seo_name`, `fullurl`, `websyx_id`, `quantity`, `other_categories`) VALUES ('4549', 'Copf műhajból 50 cm hosszú', 'Copf műhajból 50 cm hosszú', '0736-hajdisz-copf', 0, 0, 1, 'Ft', 'Vörös barna dús, csatos copf - Dús hajkoronát varázsol egyetlen másodperc alatt! Csattal, egy mozdulattal...', '<P>Vörös barna dús, csatos copf - Dús hajkoronát varázsol egyetlen másodperc alatt! Csattal, egy mozdulattal felhelyezhető.</P>', '', 1568364615, '12822', '1', 0, 1, 104, '0', 'copf-muhajbol-50-cm-hosszu', 'fodraszkellek/copf-muhajbol-50-cm-hosszu', '1491', 1, '104,186,222,244')

[2019-09-13 10:50:15] INSERT INTO webshop_special_fields (`key`, `value`, `product_id`) VALUES ('manufacturer', '21.Egyéb fodrászkellék gyártó', 4549)

[2019-09-13 10:50:15] INSERT INTO webshop_special_fields (`key`, `value`, `product_id`) VALUES ('quantityunit', 'db', 4549)

[2019-09-13 10:50:15] INSERT INTO webshop_special_fields (`key`, `value`, `product_id`) VALUES ('kiszereles', '1', 4549)

[2019-09-13 10:50:15] INSERT INTO webshop_gallery (`id`, `product_id`, `original_name`, `new_name`, `date`) VALUES (12823, 4550, 'Hajkarika és fonott haj tincsek műhajból', '12823.jpg', 1568364615)

[2019-09-13 10:50:15] INSERT INTO webshop_products (`id`, `name_hun`, `name_eng`, `item_id`, `price`, `reduced_price`, `status`, `currency`, `content_short`, `content`, `details`, `date`, `default_pic`, `active`, `main`, `sort`, `category_id`, `root_category_id`, `seo_name`, `fullurl`, `websyx_id`, `quantity`, `other_categories`) VALUES ('4550', 'Hajkarika és fonott haj tincsek műhajból', 'Hajkarika és fonott haj tincsek műhajból', '0736-hajdisz-copf-jarika', 0, 0, 1, 'Ft', '&nbsp;Gumival, hajcopfra felerősíthető hajkarika, 9db 40cm hosszú fonott...', '<P style=\"TEXT-ALIGN: justify; MARGIN: 0cm 0cm 10pt\"><FONT face=Calibri></FONT>&nbsp;Gumival, hajcopfra felerősíthető hajkarika, 9db 40cm hosszú fonott hajtincsel.</P>', '', 1568364615, '12823', '1', 0, 1, 104, '0', 'hajkarika-es-fonott-haj-tincsek-muhajbol', 'fodraszkellek/hajkarika-es-fonott-haj-tincsek-muhajbol', '1597', 1, '104,186,222,244')

[2019-09-13 10:50:15] INSERT INTO webshop_special_fields (`key`, `value`, `product_id`) VALUES ('manufacturer', '21.Egyéb fodrászkellék gyártó', 4550)

[2019-09-13 10:50:15] INSERT INTO webshop_special_fields (`key`, `value`, `product_id`) VALUES ('quantityunit', 'db', 4550)

[2019-09-13 10:50:15] INSERT INTO webshop_special_fields (`key`, `value`, `product_id`) VALUES ('kiszereles', '1', 4550)

[2019-09-13 10:50:15] UPDATE webshop_gallery SET original_name='Erős forgószék fém kerekekkel 3070936', date=1568364615 WHERE id=6834

[2019-09-13 10:50:15] UPDATE webshop_special_fields SET `value`='27.Comair fodrászkellék' WHERE `key`='manufacturer' AND `product_id`=4121

[2019-09-13 10:50:15] UPDATE webshop_special_fields SET `value`='db' WHERE `key`='quantityunit' AND `product_id`=4121

[2019-09-13 10:50:15] UPDATE webshop_special_fields SET `value`='1' WHERE `key`='kiszereles' AND `product_id`=4121

[2019-09-13 10:50:15] UPDATE webshop_products SET `name_hun`='Erős forgószék fém kerekekkel 3070936',`content_short`='Erős forgószék, erős alumínium talpakkal és kerekekkel, nyereg ülőkével&nbsp;A forgószéknek pneumatikus...',`content`='<P style=\"TEXT-ALIGN: justify; MARGIN: 0cm 0cm 10pt\"><FONT face=Calibri>Erős forgószék, erős alumínium talpakkal és kerekekkel, nyereg ülőkével&nbsp;A forgószéknek pneumatikus állítási rendszere van, mely 57,5 és 76,5 cm között állítható.</FONT></P>
<P style=\"TEXT-ALIGN: justify; MARGIN: 0cm 0cm 10pt\"><FONT face=Calibri>Származási hely: Németország</FONT></P>
<P>&nbsp;</P>', `item_id`='0718-cm-3070936-jockey', `default_pic`='6834', `active`='1', `category_id`='339', `root_category_id`='86', `seo_name`='eros-forgoszek-fem-kerekekkel-3070936', `fullurl`='fodrasz-butorok-hajmoso/fodrasz-szek/forgoszek/eros-forgoszek-fem-kerekekkel-3070936', `other_categories`='339' WHERE id=4121

[2019-09-13 10:50:15] UPDATE webshop_gallery SET original_name='Erős forgószék 3070935', date=1568364615 WHERE id=6835

[2019-09-13 10:50:15] UPDATE webshop_special_fields SET `value`='27.Comair fodrászkellék' WHERE `key`='manufacturer' AND `product_id`=4123

[2019-09-13 10:50:15] UPDATE webshop_special_fields SET `value`='db' WHERE `key`='quantityunit' AND `product_id`=4123

[2019-09-13 10:50:15] UPDATE webshop_special_fields SET `value`='1' WHERE `key`='kiszereles' AND `product_id`=4123

[2019-09-13 10:50:15] UPDATE webshop_products SET `name_hun`='Erős forgószék 3070935',`content_short`='Erős forgószék, erős alumínium talpakkal és kerekekkel. A forgószéknek pneumatikus állítási rendszere van,...',`content`='<P style=\"TEXT-ALIGN: justify; MARGIN: 0cm 0cm 10pt\"><FONT face=Calibri>Erős forgószék, erős alumínium talpakkal és kerekekkel. A forgószéknek pneumatikus állítási rendszere van, mely 54 és 72 cm között állítható.</FONT></P>
<P style=\"TEXT-ALIGN: justify; MARGIN: 0cm 0cm 10pt\"><FONT face=Calibri>Származási hely: Németország</FONT></P>', `item_id`='0718-cm-3070935-crystal', `default_pic`='6835', `active`='1', `category_id`='339', `root_category_id`='86', `seo_name`='eros-forgoszek-3070935', `fullurl`='fodrasz-butorok-hajmoso/fodrasz-szek/forgoszek/eros-forgoszek-3070935', `other_categories`='339' WHERE id=4123

[2019-09-13 10:50:15] UPDATE webshop_products SET sort=1 WHERE id=3326

[2019-09-13 10:50:15] UPDATE webshop_products SET sort=2 WHERE id=4548

[2019-09-13 10:50:15] UPDATE webshop_products SET sort=3 WHERE id=4550

[2019-09-13 10:50:15] UPDATE webshop_products SET sort=4 WHERE id=4549

[2019-09-13 10:50:15] UPDATE webshop_products SET sort=5 WHERE id=4547

[2019-09-13 10:51:54] UPDATE users SET lastlogin = NOW() WHERE id = '11'

[2019-09-13 10:51:54] UPDATE webshop_gallery SET original_name='megszünt - Tresszelt póthaj fekete 90cm széles csík 50cm hajból', date=1568364714 WHERE id=3996

[2019-09-13 10:51:54] UPDATE webshop_special_fields SET `value`='33.Hajhosszabbítás' WHERE `key`='manufacturer' AND `product_id`=3681

[2019-09-13 10:51:54] UPDATE webshop_special_fields SET `value`='db' WHERE `key`='quantityunit' AND `product_id`=3681

[2019-09-13 10:51:54] UPDATE webshop_special_fields SET `value`='1' WHERE `key`='kiszereles' AND `product_id`=3681

[2019-09-13 10:51:54] UPDATE webshop_products SET `name_hun`='Tresszelt póthaj fekete 90cm széles csík 50cm hajból',`content_short`='Tresszelt póthaj tincsek, ( kb.100gr) melyek &nbsp;100% humán természetes emberi hajból készülnek. A póthajak...',`content`='<P style=\"TEXT-ALIGN: justify\"><FONT face=Calibri>Tresszelt póthaj tincsek, ( kb.100gr) melyek &nbsp;100% humán természetes emberi hajból készülnek. A póthajak kizárólag Európai, ismert, nagy, póthaj és hajhosszabbítás kellékeket gyártó és forgalmazó cégektől származnak, Olaszországból és Spanyolországból. A póthajak egyenletes jó minőségét ezek a cégek az általuk kidolgozott és használt technológiával biztosítják.</FONT></P>', `item_id`='0736-tresszelt haj-50cm-100gr-fekete', `default_pic`='3996', `active`='1', `category_id`='104', `root_category_id`='0', `seo_name`='tresszelt-pothaj-fekete-90cm-szeles-csik-50cm-hajbol', `fullurl`='fodraszkellek/tresszelt-pothaj-fekete-90cm-szeles-csik-50cm-hajbol', `other_categories`='104,186,190,222,348' WHERE id=3681

[2019-09-13 10:51:54] INSERT INTO webshop_gallery (`id`, `product_id`, `original_name`, `new_name`, `date`) VALUES (12824, 4551, 'Keratinos fonott hajtincs barna műhajból hajdísszel 40cm', '12824.jpg', 1568364714)

[2019-09-13 10:51:54] INSERT INTO webshop_products (`id`, `name_hun`, `name_eng`, `item_id`, `price`, `reduced_price`, `status`, `currency`, `content_short`, `content`, `details`, `date`, `default_pic`, `active`, `main`, `sort`, `category_id`, `root_category_id`, `seo_name`, `fullurl`, `websyx_id`, `quantity`, `other_categories`) VALUES ('4551', 'Keratinos fonott hajtincs barna műhajból hajdísszel 40cm', 'Keratinos fonott hajtincs barna műhajból hajdísszel 40cm', '0736-hajdisz-toll', 0, 0, 1, 'Ft', 'felkeratinozott hajtincs, hőillesztéssel és gyűrűzéssel is...', 'felkeratinozott hajtincs, hőillesztéssel és gyűrűzéssel is felrakható', '', 1568364714, '12824', '1', 0, 1, 104, '0', 'keratinos-fonott-hajtincs-barna-muhajbol-hajdisszel-40cm', 'fodraszkellek/keratinos-fonott-hajtincs-barna-muhajbol-hajdisszel-40cm', '2192', 1, '104,186,222,244')

[2019-09-13 10:51:54] INSERT INTO webshop_special_fields (`key`, `value`, `product_id`) VALUES ('manufacturer', '21.Egyéb fodrászkellék gyártó', 4551)

[2019-09-13 10:51:55] INSERT INTO webshop_special_fields (`key`, `value`, `product_id`) VALUES ('quantityunit', 'db', 4551)

[2019-09-13 10:51:55] INSERT INTO webshop_special_fields (`key`, `value`, `product_id`) VALUES ('kiszereles', '1', 4551)

[2019-09-13 10:51:55] INSERT INTO webshop_gallery (`id`, `product_id`, `original_name`, `new_name`, `date`) VALUES (12825, 4552, 'Paróka világos szőke műhajból 45 cm hosszú', '12825.jpg', 1568364715)

[2019-09-13 10:51:55] INSERT INTO webshop_products (`id`, `name_hun`, `name_eng`, `item_id`, `price`, `reduced_price`, `status`, `currency`, `content_short`, `content`, `details`, `date`, `default_pic`, `active`, `main`, `sort`, `category_id`, `root_category_id`, `seo_name`, `fullurl`, `websyx_id`, `quantity`, `other_categories`) VALUES ('4552', 'Paróka világos szőke műhajból 45 cm hosszú', 'Paróka világos szőke műhajból 45 cm hosszú', '0736-hajdisz-paroka-szőke', 0, 0, 1, 'Ft', 'A Solingen hajvágó olló erős, hosszú élettartamú vágó éllel rendelkező megbízható minőségű...', '<P style=\"TEXT-ALIGN: justify\">A Solingen hajvágó olló erős, hosszú élettartamú vágó éllel rendelkező megbízható minőségű fodrászkellék.</P>
<P style=\"TEXT-ALIGN: justify\">A hajvágó olló készítés legismertebb és legnagyobb múlttal rendelkező gyártójának termékei, a Cerena Solingen hajvágó ollók ma is minden árfekvésben a legjobb minőséget képviselik.</P>
<P><B style=\"mso-bidi-font-weight: normal\"><U>A hajvágó olló paraméterei:</U></B><BR><BR></P>
<UL>
<LI>Tökéletes minden fajta vágó technikához (vágás és puhítás). 
<LI>Solingen acélból készült teljesen sima polírozott vágó él. 
<LI>Tökéletes szeletelés &nbsp;( puhítás) és vágási képesség. 
<LI>Modern design megjelenés. 
<LI>Ergonómikus kialakítás. 
<LI>dHg-köszörülés a sima vágási felületért. 
<LI>Állítható csavaros rendszer. 
<LI>Levehető ujjtámasz. 
<LI>Puha ütköző. 
<LI>Tökéletesen kiegyensúlyozott súlyeloszlás.</LI></UL>
<P style=\"TEXT-ALIGN: justify; MARGIN: 0cm 0cm 10pt; LINE-HEIGHT: normal; mso-margin-top-alt: auto; mso-margin-bottom-alt: auto\">A hajvágó olló, a ritkító olló a hajvágás legősibb, eszköze. A hajvágó ollók a mai napig nélkülözhetetlennek a frizura elkészítésében. A hajvágó olló minőségén nem érdemes spórolni, mert tökéletes hajvágást, csak jó ollóval&nbsp; tudunk végezni. A fodrász olló a mai napig az egyik legfontosabb fodrászkellék. A világ méltán leghíresebb hajvágó olló gyártója a Német Solingen.&nbsp; A Solingen&nbsp; hajvágó olló&nbsp; alkotja termékpalettánk zömét. Itt&nbsp; minden árfekvésben a legjobb minőséget kapja, hogy tökéletesen végezze munkáját.</P>', '', 1568364715, '12825', '1', 0, 1, 104, '0', 'paroka-vilagos-szoke-muhajbol-45-cm-hosszu', 'fodraszkellek/paroka-vilagos-szoke-muhajbol-45-cm-hosszu', '2236', 1, '104,186,188,222,244')

[2019-09-13 10:51:55] INSERT INTO webshop_special_fields (`key`, `value`, `product_id`) VALUES ('manufacturer', '21.Egyéb fodrászkellék gyártó', 4552)

[2019-09-13 10:51:55] INSERT INTO webshop_special_fields (`key`, `value`, `product_id`) VALUES ('quantityunit', 'db', 4552)

[2019-09-13 10:51:55] INSERT INTO webshop_special_fields (`key`, `value`, `product_id`) VALUES ('kiszereles', '1', 4552)

[2019-09-13 10:51:55] INSERT INTO webshop_gallery (`id`, `product_id`, `original_name`, `new_name`, `date`) VALUES (12826, 4553, 'Paróka világos barna műhajból 45 cm hosszú', '12826.jpg', 1568364715)

[2019-09-13 10:51:55] INSERT INTO webshop_products (`id`, `name_hun`, `name_eng`, `item_id`, `price`, `reduced_price`, `status`, `currency`, `content_short`, `content`, `details`, `date`, `default_pic`, `active`, `main`, `sort`, `category_id`, `root_category_id`, `seo_name`, `fullurl`, `websyx_id`, `quantity`, `other_categories`) VALUES ('4553', 'Paróka világos barna műhajból 45 cm hosszú', 'Paróka világos barna műhajból 45 cm hosszú', '0736-hajdisz-paroka-vilagosbarna', 0, 0, 1, 'Ft', 'Dús hajkoronát varázsol egyetlen másodperc alatt!Sapka szerűen vehető...', 'Dús hajkoronát varázsol egyetlen másodperc alatt!Sapka szerűen vehető fel.', '', 1568364715, '12826', '1', 0, 1, 104, '0', 'paroka-vilagos-barna-muhajbol-45-cm-hosszu', 'fodraszkellek/paroka-vilagos-barna-muhajbol-45-cm-hosszu', '2250', 1, '104,186,188,222,244')

[2019-09-13 10:51:55] INSERT INTO webshop_special_fields (`key`, `value`, `product_id`) VALUES ('manufacturer', '21.Egyéb fodrászkellék gyártó', 4553)

[2019-09-13 10:51:55] INSERT INTO webshop_special_fields (`key`, `value`, `product_id`) VALUES ('quantityunit', 'db', 4553)

[2019-09-13 10:51:55] INSERT INTO webshop_special_fields (`key`, `value`, `product_id`) VALUES ('kiszereles', '1', 4553)

[2019-09-13 10:51:55] INSERT INTO webshop_gallery (`id`, `product_id`, `original_name`, `new_name`, `date`) VALUES (12827, 4554, 'Keratinos fonott hajtincs lila műhajból hajdísszel 40cm', '12827.jpg', 1568364715)

[2019-09-13 10:51:55] INSERT INTO webshop_products (`id`, `name_hun`, `name_eng`, `item_id`, `price`, `reduced_price`, `status`, `currency`, `content_short`, `content`, `details`, `date`, `default_pic`, `active`, `main`, `sort`, `category_id`, `root_category_id`, `seo_name`, `fullurl`, `websyx_id`, `quantity`, `other_categories`) VALUES ('4554', 'Keratinos fonott hajtincs lila műhajból hajdísszel 40cm', 'Keratinos fonott hajtincs lila műhajból hajdísszel 40cm', '0736-hajdisz-toll-lila', 0, 0, 1, 'Ft', '
felkeratinozott hajtincs, hőillesztéssel és gyűrűzéssel is...', '<FONT face=Calibri>
<P style=\"TEXT-ALIGN: justify; MARGIN: 0cm 0cm 10pt\">felkeratinozott hajtincs, hőillesztéssel és gyűrűzéssel is felrakható</FONT></P>', '', 1568364715, '12827', '1', 0, 1, 104, '0', 'keratinos-fonott-hajtincs-lila-muhajbol-hajdisszel-40cm', 'fodraszkellek/keratinos-fonott-hajtincs-lila-muhajbol-hajdisszel-40cm', '2286', 1, '104,186,222,244')

[2019-09-13 10:51:55] INSERT INTO webshop_special_fields (`key`, `value`, `product_id`) VALUES ('manufacturer', '21.Egyéb fodrászkellék gyártó', 4554)

[2019-09-13 10:51:55] INSERT INTO webshop_special_fields (`key`, `value`, `product_id`) VALUES ('quantityunit', 'db', 4554)

[2019-09-13 10:51:55] INSERT INTO webshop_special_fields (`key`, `value`, `product_id`) VALUES ('kiszereles', '1', 4554)

[2019-09-13 10:51:55] INSERT INTO webshop_gallery (`id`, `product_id`, `original_name`, `new_name`, `date`) VALUES (12828, 4555, 'Parti paróka műhajból piros', '12828.jpg', 1568364715)

[2019-09-13 10:51:55] INSERT INTO webshop_products (`id`, `name_hun`, `name_eng`, `item_id`, `price`, `reduced_price`, `status`, `currency`, `content_short`, `content`, `details`, `date`, `default_pic`, `active`, `main`, `sort`, `category_id`, `root_category_id`, `seo_name`, `fullurl`, `websyx_id`, `quantity`, `other_categories`) VALUES ('4555', 'Parti paróka műhajból piros', 'Parti paróka műhajból piros', '0736-hajdisz-paroka-piros', 0, 0, 1, 'Ft', '
Fából készült&nbsp;fémházas&nbsp;kör hajkefe. A hajkefe hossza kb.250mm. 
A jó kefe a hajápolás...', '<FONT face=Calibri>
<P style=\"TEXT-ALIGN: justify; MARGIN: 0cm 0cm 10pt\">Fából készült&nbsp;fémházas&nbsp;kör hajkefe. A hajkefe hossza kb.250mm. </P>
<P style=\"TEXT-ALIGN: justify; MARGIN: 0cm 0cm 10pt\">A jó kefe a hajápolás nélkülözhetetlen fodrászkelléke. A legjobb megfizethető áru professzionális hajkefék a világhírű Német Comair és Hairway cégektől származnak. Széles választékunkban megtalálható a vaddisznósörte hajkefe, az Ion kerámia bevonatú kör hajkefék, a pneumatikus és merev párnájú hajkefék, fából és műanyagból, karbonból és gumiból készült hajkefék.</P>
<P style=\"TEXT-ALIGN: justify; MARGIN: 0cm 0cm 10pt\"></FONT></P>
<P></P>', '', 1568364715, '12828', '1', 0, 1, 104, '0', 'parti-paroka-muhajbol-piros', 'fodraszkellek/parti-paroka-muhajbol-piros', '2288', 1, '104,186,188,222,244')

[2019-09-13 10:51:55] INSERT INTO webshop_special_fields (`key`, `value`, `product_id`) VALUES ('manufacturer', '21.Egyéb fodrászkellék gyártó', 4555)

[2019-09-13 10:51:55] INSERT INTO webshop_special_fields (`key`, `value`, `product_id`) VALUES ('quantityunit', 'db', 4555)

[2019-09-13 10:51:55] INSERT INTO webshop_special_fields (`key`, `value`, `product_id`) VALUES ('kiszereles', '1', 4555)

[2019-09-13 10:51:55] INSERT INTO webshop_gallery (`id`, `product_id`, `original_name`, `new_name`, `date`) VALUES (12829, 4556, 'Parti paróka műhajból fekete', '12829.jpg', 1568364715)

[2019-09-13 10:51:55] INSERT INTO webshop_products (`id`, `name_hun`, `name_eng`, `item_id`, `price`, `reduced_price`, `status`, `currency`, `content_short`, `content`, `details`, `date`, `default_pic`, `active`, `main`, `sort`, `category_id`, `root_category_id`, `seo_name`, `fullurl`, `websyx_id`, `quantity`, `other_categories`) VALUES ('4556', 'Parti paróka műhajból fekete', 'Parti paróka műhajból fekete', '0736-hajdisz-paroka-parti-fekete', 0, 0, 1, 'Ft', '
55mm átmérőjű, Palisander fából készült nagyon szép, Luxus&nbsp;kivitelű természetes sörtével és...', '<FONT face=Calibri>
<P style=\"TEXT-ALIGN: justify; MARGIN: 0cm 0cm 10pt\">55mm átmérőjű, Palisander fából készült nagyon szép, Luxus&nbsp;kivitelű természetes sörtével és műanyag vezető tüskékkel&nbsp;&nbsp;&nbsp;készült&nbsp;kör hajkefe, csúszásmentes gumírozott nyéllel. A hajkefe hossza kb.230mm. A természetes sörte és a különleges fa kombinációja rendkívül hajbarát hajápolást tesz lehetővé.</P>
<P style=\"TEXT-ALIGN: justify; MARGIN: 0cm 0cm 10pt\">A jó kefe a hajápolás nélkülözhetetlen fodrászkelléke. A legjobb megfizethető áru professzionális hajkefék a világhírű Német Comair és Hairway cégektől származnak. Széles választékunkban megtalálható a vaddisznósörte hajkefe, az Ion kerámia bevonatú kör hajkefék, a pneumatikus és merev párnájú hajkefék, fából és műanyagból, karbonból és gumiból készült hajkefék.</P>
<P style=\"TEXT-ALIGN: justify; MARGIN: 0cm 0cm 10pt\"></FONT></P>
<P></P>', '', 1568364715, '12829', '1', 0, 1, 104, '0', 'parti-paroka-muhajbol-fekete', 'fodraszkellek/parti-paroka-muhajbol-fekete', '2304', 1, '104,186,188,222,244')

[2019-09-13 10:51:55] INSERT INTO webshop_special_fields (`key`, `value`, `product_id`) VALUES ('manufacturer', '21.Egyéb fodrászkellék gyártó', 4556)

[2019-09-13 10:51:55] INSERT INTO webshop_special_fields (`key`, `value`, `product_id`) VALUES ('quantityunit', 'db', 4556)

[2019-09-13 10:51:55] INSERT INTO webshop_special_fields (`key`, `value`, `product_id`) VALUES ('kiszereles', '1', 4556)

[2019-09-13 10:51:55] UPDATE webshop_gallery SET original_name='Fodrász forgószék Tami', date=1568364715 WHERE id=5608

[2019-09-13 10:51:55] UPDATE webshop_special_fields SET `value`='27.Comair fodrászkellék' WHERE `key`='manufacturer' AND `product_id`=4105

[2019-09-13 10:51:55] UPDATE webshop_special_fields SET `value`='db' WHERE `key`='quantityunit' AND `product_id`=4105

[2019-09-13 10:51:55] UPDATE webshop_special_fields SET `value`='1' WHERE `key`='kiszereles' AND `product_id`=4105

[2019-09-13 10:51:55] UPDATE webshop_products SET `name_hun`='megszünt - Fodrász forgószék Tami',`content_short`='forgószék, Fodrász szék, forgó ülőke, pneumatikus pumpával, erős kerekekkel.&nbsp;Széles munkaterületen...',`content`='<P style=\"TEXT-ALIGN: justify\">forgószék, Fodrász szék, forgó ülőke, pneumatikus pumpával, erős kerekekkel.&nbsp;Széles munkaterületen használható, fodrász, kozmetikus, és&nbsp;irodai&nbsp;területen&nbsp;dolgozók is használhatják.</P>
<P style=\"MARGIN: 0cm 0cm 10pt\">Modern&nbsp;design és kivitelezés.</P>
<P style=\"TEXT-ALIGN: justify\">A fodrász forgószék, ülőke, műbőrborítású ülő résszel rendelkezik, pneumatikus magasság állítással. A fodrász szék pneumatika, csak terheletlen állapotban emelkedik, és terhelés alatt süllyeszthető.</P>
<P style=\"TEXT-ALIGN: justify; MARGIN: 0cm 0cm 10pt\"><FONT face=Calibri>Figyelem, az ingyenes szállítás erre a termékre nem vonatkozik! - A termék házhoz szállítás díja, a cikkszámban látható, + bruttó összeg!&nbsp;Ha az áruház rendszere a szállítási automatikusan nem kínálja fel, nem adja hozzá a rendeléséhez, csak a kézhez kapott számlán kerül majd felszámításra! Ebben az esetben telefonon hívjuk egyeztetés céljából, és kérjük, <B style=\"mso-bidi-font-weight: normal\">előre utalást csak az egyeztetés után indítson</B>!</FONT></P>
<P style=\"TEXT-ALIGN: justify\"><STRONG><U>A forgószék, &nbsp;fodrász szék, forgó ülőke paraméterei.</U></STRONG></P>
<P style=\"TEXT-ALIGN: justify\">* ülő magasság 54-72cm között állítható.</P>
<P style=\"TEXT-ALIGN: justify\">* Pneumatikus magasság állítású</P>
<P style=\"TEXT-ALIGN: justify\">* Műbőr üléshuzat</P>
<P style=\"TEXT-ALIGN: justify\">* Fodrászszék származási hely: Németország</P>', `item_id`='1739-cm-3070935-crystal', `default_pic`='5608', `active`='1', `category_id`='89', `root_category_id`='86', `seo_name`='megszunt-fodrasz-forgoszek-tami', `fullurl`='fodrasz-butorok-hajmoso/fodrasz-szek/megszunt-fodrasz-forgoszek-tami', `other_categories`='89,339' WHERE id=4105

[2019-09-13 10:51:55] INSERT INTO webshop_gallery (`id`, `product_id`, `original_name`, `new_name`, `date`) VALUES (12830, 4557, 'Euro SO.CAP Keratinos póthaj 40-45cm 25db 4 közép barna', '12830.jpg', 1568364715)

[2019-09-13 10:51:55] INSERT INTO webshop_products (`id`, `name_hun`, `name_eng`, `item_id`, `price`, `reduced_price`, `status`, `currency`, `content_short`, `content`, `details`, `date`, `default_pic`, `active`, `main`, `sort`, `category_id`, `root_category_id`, `seo_name`, `fullurl`, `websyx_id`, `quantity`, `other_categories`) VALUES ('4557', 'Euro SO.CAP Keratinos póthaj 40-45cm 25db 4 közép barna', 'Euro SO.CAP Keratinos póthaj 40-45cm 25db 4 közép barna', '2536-socap-c-40-45cm-25db-4-közép barna', 0, 0, 1, 'Ft', 'Póthaj keratinos hajhosszabbításhoz. 10db keratinos EURO SO.CAP. hajtincs/csomag &ndash; Az Olaszországi EURO...', '<P style=\"TEXT-ALIGN: justify; MARGIN: 0cm 0cm 10pt\"><FONT face=Calibri>Póthaj keratinos hajhosszabbításhoz. 10</FONT>db keratinos EURO SO.CAP. hajtincs/csomag &ndash; Az Olaszországi EURO SO.CAP. póthaj tincsek jó minőségű, 100% humán természetes emberi hajból készülnek. A póthajak egyenletes jó minőségét az EURO SO.CAP. által kidolgozott, és használt technológia garantálja, és biztosítja. A póthajak hő illesztés, hajgyűrűzés, hajragasztás, hajfelvarrás, csatos, hajhosszabbítás technikákhoz készülnek.</P>
<P style=\"TEXT-ALIGN: justify; MARGIN: 0cm 0cm 10pt\">A póthajakról készült fényképes színskálák, hajszínek vagy a termék képben, vagy termék leírás melletti&nbsp;fülnél a hajszínskálák, vagy hajfesték színek és használatuk menüpontnál, vagy önmagában a termék leírásban, lejjebb gördítve az oldalt, vagy mind három módon megtalálhatók!</P>
<P style=\"TEXT-ALIGN: justify; MARGIN: 0cm 0cm 10pt\"><FONT face=\"Times New Roman\">A póthaj tincsek jó minőségű, 100% emberi hajakból készülnek, ezáltal szinte észrevehetetlenül illeszthetők a hajba.&nbsp; Minden póthaj és színes hajtincs, &nbsp;U&nbsp;alakú keratin tippel van ellátva. A felrakásnál ezt a keratint jól dolgozza bele a hő illesztő pisztollyal a hajtincsekbe. Ha szükséges, plusz keratin felvitelével növelje a keratin mennyiségét.&nbsp; A póthajak általában 10-20-25db/csomagban, vagy &nbsp;1db/tincs kiszerelésben rendelhetőek! Az árak minden esetben a póthajaknál értelemszerűen, Ft/csomagban, vagy hajtincs Ft/db-ban vannak feltüntetve.</FONT></P>
<P style=\"TEXT-ALIGN: justify; MARGIN: 0cm 0cm 10pt\"><U><FONT face=\"Times New Roman\">Vásárlás előtt olvassa el! - A keratinos póthaj használata, hajhosszabbítás.</FONT></U></P>
<P style=\"TEXT-ALIGN: justify\"><FONT face=\"Times New Roman\">Figyelem! A póthaj egy élettelen eszköz! Ahhoz hogy a póthajak frizura készítéshez használva minél hosszabb életűek legyenek a következőket vegye figyelembe! A póthajakkal a következő frizurakészítési műveletek valósíthatók meg, a feltüntetett szabályok betartása mellett!</FONT></P>
<P style=\"TEXT-ALIGN: justify; MARGIN-LEFT: 36pt; TEXT-INDENT: -18pt; mso-list: l0 level1 lfo1\">·&nbsp;&nbsp;&nbsp;&nbsp;&nbsp;&nbsp;&nbsp;&nbsp; <FONT face=\"Times New Roman\">hajszárítás, hajvasalás, hajgöndörítés hajsütővassal max.150̊ C hőmérsékleten &ndash; Figyelem! - a hajtövét nem érheti 100̊C-nál magasabb hő ezért hajszárítóval megfelelő (ajánlott 50cm nél nagyobb) távolságból szárítható.</FONT></P>
<P style=\"TEXT-ALIGN: justify; MARGIN-LEFT: 36pt; TEXT-INDENT: -18pt; mso-list: l0 level1 lfo1\">·&nbsp;&nbsp;&nbsp;&nbsp;&nbsp;&nbsp;&nbsp;&nbsp; <FONT face=\"Times New Roman\">hajfestés: a póthaj festése &ndash; max. 20vol-6% erősségű - oxidálószerrel történhet!</FONT></P>
<P style=\"TEXT-ALIGN: justify; MARGIN-LEFT: 36pt; TEXT-INDENT: -18pt; mso-list: l0 level1 lfo1\">·&nbsp;&nbsp;&nbsp;&nbsp;&nbsp;&nbsp;&nbsp;&nbsp; szőkítés, <FONT face=\"Times New Roman\">dauer, tartós hajkiegyenesítés és egyéb olyan műveletek, amelyek a hajszerkezet megbontásával járnak, nem alkalmazhatók!</FONT></P>
<P style=\"TEXT-ALIGN: justify; MARGIN-LEFT: 36pt; TEXT-INDENT: -18pt; mso-list: l0 level1 lfo1\">·&nbsp;&nbsp;&nbsp;&nbsp;&nbsp;&nbsp;&nbsp;&nbsp; <FONT face=\"Times New Roman\">a póthaj fokozott ápolást igényel, ezért csak magas minőségű ápló anyagokat tartalmazó, pl. keratint, természetes olajokat (argán, kukui, szőlőmag&hellip;.olaj) tartalmazó hajápolók használata javasolt!</FONT></P>
<P style=\"TEXT-ALIGN: justify; MARGIN-LEFT: 36pt; TEXT-INDENT: -18pt; mso-list: l0 level1 lfo1\">·&nbsp;&nbsp;&nbsp;&nbsp;&nbsp;&nbsp;&nbsp;&nbsp; <FONT face=\"Times New Roman\">Az elkészült frizura ápolásához kérjen a felrakó szakembertől hajápolási utasítást, tanácsot, vagy olvasson utána a webáruházban a (póthaj ápolása) terméknél, az interneten ahol számos cikk található erről, és vezessen hajápolási naplót!</FONT></P>
<P style=\"TEXT-ALIGN: justify\"><FONT face=\"Times New Roman\">Figyelem! Használatba vétel előtt ellenőrizze a haj állagát! Ha nem felel meg elvárásinak, jelezze és küldje vissza! A póthaj nem hajápolási, és nem tartós fogyasztási termék! A póthaj egy élettelen, fodrászati kiegészítő eszköz, ezért sem szavatossági, sem minőség megőrzési ideje nincs, ezért a használatba vett hajakra garancia nem jár! Használhatóságának ideje nagyon nagymértékben függ a felhasználás, viselés, ápolás módjától, ezért a bármilyen módon használatba vett póthajakat semmilyen felmerülő ok miatt nem vesszük vissza, és&nbsp;<FONT face=Calibri>semmilyen&nbsp;hajjal kapcsolatos&nbsp;kárigényt nem fogadunk el</FONT>!&nbsp;&nbsp;Indoklás: A póthajak&nbsp;részletes napi, megfelelő használatáról, hiteles információt részünkről lehetetlen beszerezni, és a visszaéléseket csak így tudjuk elkerülni.&nbsp;</FONT></P>', '', 1568364715, '12830', '1', 0, 1, 104, '0', 'euro-socap-keratinos-pothaj-40-45cm-25db-4-kozep-barna', 'fodraszkellek/euro-socap-keratinos-pothaj-40-45cm-25db-4-kozep-barna', '3122', 1, '104,186,190,255,323')

[2019-09-13 10:51:55] INSERT INTO webshop_special_fields (`key`, `value`, `product_id`) VALUES ('manufacturer', '32.EURO SO.CAP. póthaj', 4557)

[2019-09-13 10:51:55] INSERT INTO webshop_special_fields (`key`, `value`, `product_id`) VALUES ('quantityunit', 'db', 4557)

[2019-09-13 10:51:55] INSERT INTO webshop_special_fields (`key`, `value`, `product_id`) VALUES ('kiszereles', '25', 4557)

[2019-09-13 10:51:55] UPDATE webshop_products SET sort=1 WHERE id=3326

[2019-09-13 10:51:55] UPDATE webshop_products SET sort=2 WHERE id=4555

[2019-09-13 10:51:55] UPDATE webshop_products SET sort=3 WHERE id=4556

[2019-09-13 10:51:55] UPDATE webshop_products SET sort=4 WHERE id=4557

[2019-09-13 10:51:55] UPDATE webshop_products SET sort=5 WHERE id=4552

[2019-09-13 10:51:55] UPDATE webshop_products SET sort=6 WHERE id=4553

[2019-09-13 10:51:55] UPDATE webshop_products SET sort=7 WHERE id=4554

[2019-09-13 10:51:55] UPDATE webshop_products SET sort=8 WHERE id=4551

[2019-09-13 10:52:03] UPDATE users SET lastlogin = NOW() WHERE id = '11'

[2019-09-13 10:52:06] UPDATE users SET lastlogin = NOW() WHERE id = '11'

[2019-09-13 10:52:06] UPDATE webshop_products SET `price1_name`='Beszerzési ár', `price1_currency`='HUF', `price1_value`='1833' WHERE id=4547

[2019-09-13 10:52:06] UPDATE webshop_products SET `price2_name`='Kereskedő -27,6%', `price2_currency`='HUF', `price2_value`='3025' WHERE id=4547

[2019-09-13 10:52:06] UPDATE webshop_products SET `price3_name`='Kereskedő -33,6%', `price3_currency`='HUF', `price3_value`='2774' WHERE id=4547

[2019-09-13 10:52:06] UPDATE webshop_products SET `price4_name`='Szakmai 1 ár -7%', `price4_currency`='HUF', `price4_value`='3886' WHERE id=4547

[2019-09-13 10:52:06] UPDATE webshop_products SET `price5_name`='Szakmai 2 ár -14%', `price5_currency`='HUF', `price5_value`='3593' WHERE id=4547

[2019-09-13 10:52:06] UPDATE webshop_products SET `price6_name`='Vásárló', `price6_currency`='HUF', `price6_value`='4178' WHERE id=4547

[2019-09-13 10:52:06] UPDATE webshop_products SET `price7_name`='W Lista ár', `price7_currency`='HUF', `price7_value`='4178' WHERE id=4547

[2019-09-13 10:52:06] UPDATE webshop_products SET `price`='4178', `reduced_price`=0 WHERE id=4547

[2019-09-13 10:52:06] UPDATE webshop_products SET `price1_name`='Beszerzési ár', `price1_currency`='HUF', `price1_value`='718' WHERE id=4548

[2019-09-13 10:52:06] UPDATE webshop_products SET `price2_name`='Kereskedő -27,6%', `price2_currency`='HUF', `price2_value`='1186' WHERE id=4548

[2019-09-13 10:52:06] UPDATE webshop_products SET `price3_name`='Kereskedő -33,6%', `price3_currency`='HUF', `price3_value`='1088' WHERE id=4548

[2019-09-13 10:52:06] UPDATE webshop_products SET `price4_name`='Szakmai 1 ár -7%', `price4_currency`='HUF', `price4_value`='1523' WHERE id=4548

[2019-09-13 10:52:06] UPDATE webshop_products SET `price5_name`='Szakmai 2 ár -14%', `price5_currency`='HUF', `price5_value`='1409' WHERE id=4548

[2019-09-13 10:52:06] UPDATE webshop_products SET `price6_name`='Vásárló', `price6_currency`='HUF', `price6_value`='1638' WHERE id=4548

[2019-09-13 10:52:06] UPDATE webshop_products SET `price7_name`='W Lista ár', `price7_currency`='HUF', `price7_value`='1638' WHERE id=4548

[2019-09-13 10:52:06] UPDATE webshop_products SET `price`='1638', `reduced_price`=0 WHERE id=4548

[2019-09-13 10:52:06] UPDATE webshop_products SET `price1_name`='Beszerzési ár', `price1_currency`='HUF', `price1_value`='3145' WHERE id=4495

[2019-09-13 10:52:06] UPDATE webshop_products SET `price2_name`='Kereskedő -27,6%', `price2_currency`='HUF', `price2_value`='5190' WHERE id=4495

[2019-09-13 10:52:06] UPDATE webshop_products SET `price3_name`='Kereskedő -33,6%', `price3_currency`='HUF', `price3_value`='4760' WHERE id=4495

[2019-09-13 10:52:06] UPDATE webshop_products SET `price4_name`='Szakmai 1 ár -7%', `price4_currency`='HUF', `price4_value`='6668' WHERE id=4495

[2019-09-13 10:52:06] UPDATE webshop_products SET `price5_name`='Szakmai 2 ár -14%', `price5_currency`='HUF', `price5_value`='6166' WHERE id=4495

[2019-09-13 10:52:06] UPDATE webshop_products SET `price6_name`='Vásárló', `price6_currency`='HUF', `price6_value`='7169' WHERE id=4495

[2019-09-13 10:52:06] UPDATE webshop_products SET `price7_name`='W Lista ár', `price7_currency`='HUF', `price7_value`='7169' WHERE id=4495

[2019-09-13 10:52:06] UPDATE webshop_products SET `price`='7169', `reduced_price`=0 WHERE id=4495

[2019-09-13 10:52:06] UPDATE webshop_products SET `price1_name`='Beszerzési ár', `price1_currency`='HUF', `price1_value`='3145' WHERE id=4500

[2019-09-13 10:52:06] UPDATE webshop_products SET `price2_name`='Kereskedő -27,6%', `price2_currency`='HUF', `price2_value`='5190' WHERE id=4500

[2019-09-13 10:52:06] UPDATE webshop_products SET `price3_name`='Kereskedő -33,6%', `price3_currency`='HUF', `price3_value`='4760' WHERE id=4500

[2019-09-13 10:52:06] UPDATE webshop_products SET `price4_name`='Szakmai 1 ár -7%', `price4_currency`='HUF', `price4_value`='6668' WHERE id=4500

[2019-09-13 10:52:06] UPDATE webshop_products SET `price5_name`='Szakmai 2 ár -14%', `price5_currency`='HUF', `price5_value`='6166' WHERE id=4500

[2019-09-13 10:52:06] UPDATE webshop_products SET `price6_name`='Vásárló', `price6_currency`='HUF', `price6_value`='7169' WHERE id=4500

[2019-09-13 10:52:06] UPDATE webshop_products SET `price7_name`='W Lista ár', `price7_currency`='HUF', `price7_value`='7169' WHERE id=4500

[2019-09-13 10:52:06] UPDATE webshop_products SET `price`='7169', `reduced_price`=0 WHERE id=4500

[2019-09-13 10:52:06] UPDATE webshop_products SET `price1_name`='Beszerzési ár', `price1_currency`='HUF', `price1_value`='3145' WHERE id=4501

[2019-09-13 10:52:06] UPDATE webshop_products SET `price2_name`='Kereskedő -27,6%', `price2_currency`='HUF', `price2_value`='5190' WHERE id=4501

[2019-09-13 10:52:06] UPDATE webshop_products SET `price3_name`='Kereskedő -33,6%', `price3_currency`='HUF', `price3_value`='4760' WHERE id=4501

[2019-09-13 10:52:06] UPDATE webshop_products SET `price4_name`='Szakmai 1 ár -7%', `price4_currency`='HUF', `price4_value`='6668' WHERE id=4501

[2019-09-13 10:52:06] UPDATE webshop_products SET `price5_name`='Szakmai 2 ár -14%', `price5_currency`='HUF', `price5_value`='6166' WHERE id=4501

[2019-09-13 10:52:06] UPDATE webshop_products SET `price6_name`='Vásárló', `price6_currency`='HUF', `price6_value`='7169' WHERE id=4501

[2019-09-13 10:52:06] UPDATE webshop_products SET `price7_name`='W Lista ár', `price7_currency`='HUF', `price7_value`='7169' WHERE id=4501

[2019-09-13 10:52:06] UPDATE webshop_products SET `price`='7169', `reduced_price`=0 WHERE id=4501

[2019-09-13 10:52:06] UPDATE webshop_products SET `price1_name`='Beszerzési ár', `price1_currency`='HUF', `price1_value`='1398' WHERE id=4549

[2019-09-13 10:52:06] UPDATE webshop_products SET `price2_name`='Kereskedő -27,6%', `price2_currency`='HUF', `price2_value`='2308' WHERE id=4549

[2019-09-13 10:52:06] UPDATE webshop_products SET `price3_name`='Kereskedő -33,6%', `price3_currency`='HUF', `price3_value`='2117' WHERE id=4549

[2019-09-13 10:52:06] UPDATE webshop_products SET `price4_name`='Szakmai 1 ár -7%', `price4_currency`='HUF', `price4_value`='2964' WHERE id=4549

[2019-09-13 10:52:06] UPDATE webshop_products SET `price5_name`='Szakmai 2 ár -14%', `price5_currency`='HUF', `price5_value`='2742' WHERE id=4549

[2019-09-13 10:52:06] UPDATE webshop_products SET `price6_name`='Vásárló', `price6_currency`='HUF', `price6_value`='3188' WHERE id=4549

[2019-09-13 10:52:06] UPDATE webshop_products SET `price7_name`='W Lista ár', `price7_currency`='HUF', `price7_value`='3188' WHERE id=4549

[2019-09-13 10:52:06] UPDATE webshop_products SET `price`='3188', `reduced_price`=0 WHERE id=4549

[2019-09-13 10:52:06] UPDATE webshop_products SET `price1_name`='Beszerzési ár', `price1_currency`='HUF', `price1_value`='1909' WHERE id=4550

[2019-09-13 10:52:06] UPDATE webshop_products SET `price2_name`='Kereskedő -27,6%', `price2_currency`='HUF', `price2_value`='3151' WHERE id=4550

[2019-09-13 10:52:06] UPDATE webshop_products SET `price3_name`='Kereskedő -33,6%', `price3_currency`='HUF', `price3_value`='2891' WHERE id=4550

[2019-09-13 10:52:06] UPDATE webshop_products SET `price4_name`='Szakmai 1 ár -7%', `price4_currency`='HUF', `price4_value`='4047' WHERE id=4550

[2019-09-13 10:52:06] UPDATE webshop_products SET `price5_name`='Szakmai 2 ár -14%', `price5_currency`='HUF', `price5_value`='3743' WHERE id=4550

[2019-09-13 10:52:06] UPDATE webshop_products SET `price6_name`='Vásárló', `price6_currency`='HUF', `price6_value`='4352' WHERE id=4550

[2019-09-13 10:52:06] UPDATE webshop_products SET `price7_name`='W Lista ár', `price7_currency`='HUF', `price7_value`='4352' WHERE id=4550

[2019-09-13 10:52:06] UPDATE webshop_products SET `price`='4352', `reduced_price`=0 WHERE id=4550

[2019-09-13 10:52:06] UPDATE webshop_products SET `price1_name`='Beszerzési ár', `price1_currency`='HUF', `price1_value`='42567' WHERE id=4121

[2019-09-13 10:52:06] UPDATE webshop_products SET `price2_name`='Kereskedő -27,6%', `price2_currency`='HUF', `price2_value`='54856' WHERE id=4121

[2019-09-13 10:52:06] UPDATE webshop_products SET `price3_name`='Kereskedő -33,6%', `price3_currency`='HUF', `price3_value`='50310' WHERE id=4121

[2019-09-13 10:52:06] UPDATE webshop_products SET `price4_name`='Szakmai 1 ár -7%', `price4_currency`='HUF', `price4_value`='70465' WHERE id=4121

[2019-09-13 10:52:06] UPDATE webshop_products SET `price5_name`='Szakmai 2 ár -14%', `price5_currency`='HUF', `price5_value`='65161' WHERE id=4121

[2019-09-13 10:52:06] UPDATE webshop_products SET `price6_name`='Vásárló', `price6_currency`='HUF', `price6_value`='75768' WHERE id=4121

[2019-09-13 10:52:06] UPDATE webshop_products SET `price7_name`='W Lista ár', `price7_currency`='HUF', `price7_value`='75768' WHERE id=4121

[2019-09-13 10:52:06] UPDATE webshop_products SET `price`='75768', `reduced_price`=0 WHERE id=4121

[2019-09-13 10:52:06] UPDATE webshop_products SET `price1_name`='Beszerzési ár', `price1_currency`='HUF', `price1_value`='42567' WHERE id=4123

[2019-09-13 10:52:06] UPDATE webshop_products SET `price2_name`='Kereskedő -27,6%', `price2_currency`='HUF', `price2_value`='60615' WHERE id=4123

[2019-09-13 10:52:06] UPDATE webshop_products SET `price3_name`='Kereskedő -33,6%', `price3_currency`='HUF', `price3_value`='60615' WHERE id=4123

[2019-09-13 10:52:06] UPDATE webshop_products SET `price4_name`='Szakmai 1 ár -7%', `price4_currency`='HUF', `price4_value`='70465' WHERE id=4123

[2019-09-13 10:52:06] UPDATE webshop_products SET `price5_name`='Szakmai 2 ár -14%', `price5_currency`='HUF', `price5_value`='65161' WHERE id=4123

[2019-09-13 10:52:06] UPDATE webshop_products SET `price6_name`='Vásárló', `price6_currency`='HUF', `price6_value`='75768' WHERE id=4123

[2019-09-13 10:52:06] UPDATE webshop_products SET `price7_name`='W Lista ár', `price7_currency`='HUF', `price7_value`='75768' WHERE id=4123

[2019-09-13 10:52:06] UPDATE webshop_products SET `price`='75768', `reduced_price`=0 WHERE id=4123

[2019-09-13 10:52:06] UPDATE webshop_products SET `price1_name`='Beszerzési ár', `price1_currency`='HUF', `price1_value`='8846' WHERE id=3681

[2019-09-13 10:52:06] UPDATE webshop_products SET `price2_name`='Kereskedő -27,6%', `price2_currency`='HUF', `price2_value`='14602' WHERE id=3681

[2019-09-13 10:52:06] UPDATE webshop_products SET `price3_name`='Kereskedő -33,6%', `price3_currency`='HUF', `price3_value`='13392' WHERE id=3681

[2019-09-13 10:52:06] UPDATE webshop_products SET `price4_name`='Szakmai 1 ár -7%', `price4_currency`='HUF', `price4_value`='18756' WHERE id=3681

[2019-09-13 10:52:06] UPDATE webshop_products SET `price5_name`='Szakmai 2 ár -14%', `price5_currency`='HUF', `price5_value`='17344' WHERE id=3681

[2019-09-13 10:52:06] UPDATE webshop_products SET `price6_name`='Vásárló', `price6_currency`='HUF', `price6_value`='20168' WHERE id=3681

[2019-09-13 10:52:06] UPDATE webshop_products SET `price7_name`='W Lista ár', `price7_currency`='HUF', `price7_value`='20168' WHERE id=3681

[2019-09-13 10:52:06] UPDATE webshop_products SET `price`='20168', `reduced_price`=0 WHERE id=3681

[2019-09-13 10:52:06] UPDATE webshop_products SET `price1_name`='Beszerzési ár', `price1_currency`='HUF', `price1_value`='719' WHERE id=4551

[2019-09-13 10:52:06] UPDATE webshop_products SET `price2_name`='Kereskedő -27,6%', `price2_currency`='HUF', `price2_value`='1186' WHERE id=4551

[2019-09-13 10:52:06] UPDATE webshop_products SET `price3_name`='Kereskedő -33,6%', `price3_currency`='HUF', `price3_value`='1088' WHERE id=4551

[2019-09-13 10:52:06] UPDATE webshop_products SET `price4_name`='Szakmai 1 ár -7%', `price4_currency`='HUF', `price4_value`='1524' WHERE id=4551

[2019-09-13 10:52:06] UPDATE webshop_products SET `price5_name`='Szakmai 2 ár -14%', `price5_currency`='HUF', `price5_value`='1408' WHERE id=4551

[2019-09-13 10:52:06] UPDATE webshop_products SET `price6_name`='Vásárló', `price6_currency`='HUF', `price6_value`='1638' WHERE id=4551

[2019-09-13 10:52:06] UPDATE webshop_products SET `price7_name`='W Lista ár', `price7_currency`='HUF', `price7_value`='1638' WHERE id=4551

[2019-09-13 10:52:06] UPDATE webshop_products SET `price`='1638', `reduced_price`=0 WHERE id=4551

[2019-09-13 10:52:06] UPDATE webshop_products SET `price1_name`='Beszerzési ár', `price1_currency`='HUF', `price1_value`='1833' WHERE id=4552

[2019-09-13 10:52:06] UPDATE webshop_products SET `price2_name`='Kereskedő -27,6%', `price2_currency`='HUF', `price2_value`='3025' WHERE id=4552

[2019-09-13 10:52:06] UPDATE webshop_products SET `price3_name`='Kereskedő -33,6%', `price3_currency`='HUF', `price3_value`='2775' WHERE id=4552

[2019-09-13 10:52:06] UPDATE webshop_products SET `price4_name`='Szakmai 1 ár -7%', `price4_currency`='HUF', `price4_value`='3886' WHERE id=4552

[2019-09-13 10:52:06] UPDATE webshop_products SET `price5_name`='Szakmai 2 ár -14%', `price5_currency`='HUF', `price5_value`='3593' WHERE id=4552

[2019-09-13 10:52:06] UPDATE webshop_products SET `price6_name`='Vásárló', `price6_currency`='HUF', `price6_value`='4178' WHERE id=4552

[2019-09-13 10:52:06] UPDATE webshop_products SET `price7_name`='W Lista ár', `price7_currency`='HUF', `price7_value`='4178' WHERE id=4552

[2019-09-13 10:52:06] UPDATE webshop_products SET `price`='4178', `reduced_price`=0 WHERE id=4552

[2019-09-13 10:52:06] UPDATE webshop_products SET `price1_name`='Beszerzési ár', `price1_currency`='HUF', `price1_value`='1833' WHERE id=4553

[2019-09-13 10:52:06] UPDATE webshop_products SET `price2_name`='Kereskedő -27,6%', `price2_currency`='HUF', `price2_value`='3025' WHERE id=4553

[2019-09-13 10:52:06] UPDATE webshop_products SET `price3_name`='Kereskedő -33,6%', `price3_currency`='HUF', `price3_value`='2775' WHERE id=4553

[2019-09-13 10:52:06] UPDATE webshop_products SET `price4_name`='Szakmai 1 ár -7%', `price4_currency`='HUF', `price4_value`='3886' WHERE id=4553

[2019-09-13 10:52:06] UPDATE webshop_products SET `price5_name`='Szakmai 2 ár -14%', `price5_currency`='HUF', `price5_value`='3593' WHERE id=4553

[2019-09-13 10:52:06] UPDATE webshop_products SET `price6_name`='Vásárló', `price6_currency`='HUF', `price6_value`='4178' WHERE id=4553

[2019-09-13 10:52:06] UPDATE webshop_products SET `price7_name`='W Lista ár', `price7_currency`='HUF', `price7_value`='4178' WHERE id=4553

[2019-09-13 10:52:06] UPDATE webshop_products SET `price`='4178', `reduced_price`=0 WHERE id=4553

[2019-09-13 10:52:06] UPDATE webshop_products SET `price1_name`='Beszerzési ár', `price1_currency`='HUF', `price1_value`='719' WHERE id=4554

[2019-09-13 10:52:06] UPDATE webshop_products SET `price2_name`='Kereskedő -27,6%', `price2_currency`='HUF', `price2_value`='1186' WHERE id=4554

[2019-09-13 10:52:06] UPDATE webshop_products SET `price3_name`='Kereskedő -33,6%', `price3_currency`='HUF', `price3_value`='1088' WHERE id=4554

[2019-09-13 10:52:06] UPDATE webshop_products SET `price4_name`='Szakmai 1 ár -7%', `price4_currency`='HUF', `price4_value`='1524' WHERE id=4554

[2019-09-13 10:52:06] UPDATE webshop_products SET `price5_name`='Szakmai 2 ár -14%', `price5_currency`='HUF', `price5_value`='1408' WHERE id=4554

[2019-09-13 10:52:06] UPDATE webshop_products SET `price6_name`='Vásárló', `price6_currency`='HUF', `price6_value`='1638' WHERE id=4554

[2019-09-13 10:52:06] UPDATE webshop_products SET `price7_name`='W Lista ár', `price7_currency`='HUF', `price7_value`='1638' WHERE id=4554

[2019-09-13 10:52:06] UPDATE webshop_products SET `price`='1638', `reduced_price`=0 WHERE id=4554

[2019-09-13 10:52:06] UPDATE webshop_products SET `price1_name`='Beszerzési ár', `price1_currency`='HUF', `price1_value`='999' WHERE id=4555

[2019-09-13 10:52:06] UPDATE webshop_products SET `price2_name`='Kereskedő -27,6%', `price2_currency`='HUF', `price2_value`='1650' WHERE id=4555

[2019-09-13 10:52:06] UPDATE webshop_products SET `price3_name`='Kereskedő -33,6%', `price3_currency`='HUF', `price3_value`='1513' WHERE id=4555

[2019-09-13 10:52:06] UPDATE webshop_products SET `price4_name`='Szakmai 1 ár -7%', `price4_currency`='HUF', `price4_value`='2118' WHERE id=4555

[2019-09-13 10:52:06] UPDATE webshop_products SET `price5_name`='Szakmai 2 ár -14%', `price5_currency`='HUF', `price5_value`='1960' WHERE id=4555

[2019-09-13 10:52:06] UPDATE webshop_products SET `price6_name`='Vásárló', `price6_currency`='HUF', `price6_value`='2278' WHERE id=4555

[2019-09-13 10:52:06] UPDATE webshop_products SET `price7_name`='W Lista ár', `price7_currency`='HUF', `price7_value`='2278' WHERE id=4555

[2019-09-13 10:52:06] UPDATE webshop_products SET `price`='2278', `reduced_price`=0 WHERE id=4555

[2019-09-13 10:52:06] UPDATE webshop_products SET `price1_name`='Beszerzési ár', `price1_currency`='HUF', `price1_value`='999' WHERE id=4556

[2019-09-13 10:52:06] UPDATE webshop_products SET `price2_name`='Kereskedő -27,6%', `price2_currency`='HUF', `price2_value`='1650' WHERE id=4556

[2019-09-13 10:52:06] UPDATE webshop_products SET `price3_name`='Kereskedő -33,6%', `price3_currency`='HUF', `price3_value`='1513' WHERE id=4556

[2019-09-13 10:52:06] UPDATE webshop_products SET `price4_name`='Szakmai 1 ár -7%', `price4_currency`='HUF', `price4_value`='2118' WHERE id=4556

[2019-09-13 10:52:06] UPDATE webshop_products SET `price5_name`='Szakmai 2 ár -14%', `price5_currency`='HUF', `price5_value`='1960' WHERE id=4556

[2019-09-13 10:52:06] UPDATE webshop_products SET `price6_name`='Vásárló', `price6_currency`='HUF', `price6_value`='2278' WHERE id=4556

[2019-09-13 10:52:06] UPDATE webshop_products SET `price7_name`='W Lista ár', `price7_currency`='HUF', `price7_value`='2278' WHERE id=4556

[2019-09-13 10:52:06] UPDATE webshop_products SET `price`='2278', `reduced_price`=0 WHERE id=4556

[2019-09-13 10:52:06] UPDATE webshop_products SET `price1_name`='Beszerzési ár', `price1_currency`='HUF', `price1_value`='42567' WHERE id=4105

[2019-09-13 10:52:06] UPDATE webshop_products SET `price2_name`='Kereskedő -27,6%', `price2_currency`='HUF', `price2_value`='54856' WHERE id=4105

[2019-09-13 10:52:06] UPDATE webshop_products SET `price3_name`='Kereskedő -33,6%', `price3_currency`='HUF', `price3_value`='50310' WHERE id=4105

[2019-09-13 10:52:06] UPDATE webshop_products SET `price4_name`='Szakmai 1 ár -7%', `price4_currency`='HUF', `price4_value`='70465' WHERE id=4105

[2019-09-13 10:52:06] UPDATE webshop_products SET `price5_name`='Szakmai 2 ár -14%', `price5_currency`='HUF', `price5_value`='65161' WHERE id=4105

[2019-09-13 10:52:06] UPDATE webshop_products SET `price6_name`='Vásárló', `price6_currency`='HUF', `price6_value`='75768' WHERE id=4105

[2019-09-13 10:52:06] UPDATE webshop_products SET `price7_name`='W Lista ár', `price7_currency`='HUF', `price7_value`='75768' WHERE id=4105

[2019-09-13 10:52:06] UPDATE webshop_products SET `price`='75768', `reduced_price`=0 WHERE id=4105

[2019-09-13 10:52:06] UPDATE webshop_products SET `price1_name`='Beszerzési ár', `price1_currency`='HUF', `price1_value`='3014' WHERE id=4557

[2019-09-13 10:52:06] UPDATE webshop_products SET `price2_name`='Kereskedő -27,6%', `price2_currency`='HUF', `price2_value`='4321' WHERE id=4557

[2019-09-13 10:52:06] UPDATE webshop_products SET `price3_name`='Kereskedő -33,6%', `price3_currency`='HUF', `price3_value`='3962' WHERE id=4557

[2019-09-13 10:52:06] UPDATE webshop_products SET `price4_name`='Szakmai 1 ár -7%', `price4_currency`='HUF', `price4_value`='5550' WHERE id=4557

[2019-09-13 10:52:06] UPDATE webshop_products SET `price5_name`='Szakmai 2 ár -14%', `price5_currency`='HUF', `price5_value`='5132' WHERE id=4557

[2019-09-13 10:52:06] UPDATE webshop_products SET `price6_name`='Vásárló', `price6_currency`='HUF', `price6_value`='5968' WHERE id=4557

[2019-09-13 10:52:06] UPDATE webshop_products SET `price7_name`='W Lista ár', `price7_currency`='HUF', `price7_value`='5968' WHERE id=4557

[2019-09-13 10:52:06] UPDATE webshop_products SET `price`='5968', `reduced_price`=0 WHERE id=4557

[2019-09-13 10:52:14] UPDATE users SET lastlogin = NOW() WHERE id = '11'

[2019-09-13 10:52:20] UPDATE users SET lastlogin = NOW() WHERE id = '11'

[2019-09-13 10:52:32] INSERT INTO webshop_gallery (`id`, `product_id`, `original_name`, `new_name`, `date`) VALUES (12831, 4548, 'Parti copf hajdísz ezüst színben', '12831.jpg', 1568364752)

[2019-09-13 10:52:34] UPDATE users SET lastlogin = NOW() WHERE id = '11'

[2019-09-13 10:52:36] DELETE FROM webshop_gallery WHERE id=12831

[2019-09-13 10:52:45] INSERT INTO webshop_gallery (`id`, `product_id`, `original_name`, `new_name`, `date`) VALUES (12831, 4105, 'Fodrász forgószék 3070935', '12831.jpg', 1568364765)

[2019-09-13 10:52:47] UPDATE users SET lastlogin = NOW() WHERE id = '11'

[2019-09-13 10:52:59] INSERT INTO webshop_gallery (`id`, `product_id`, `original_name`, `new_name`, `date`) VALUES (12832, 4552, 'Paróka világos szőke műhajból 45 cm hosszú', '12832.jpg', 1568364779)

[2019-09-13 10:53:01] UPDATE users SET lastlogin = NOW() WHERE id = '11'

[2019-09-13 10:53:08] DELETE FROM webshop_gallery WHERE id=12832

[2019-09-13 10:53:15] INSERT INTO webshop_gallery (`id`, `product_id`, `original_name`, `new_name`, `date`) VALUES (12832, 4551, 'Keratinos fonott hajtincs barna műhajból hajdísszel 40cm', '12832.jpg', 1568364795)

[2019-09-13 10:53:16] UPDATE users SET lastlogin = NOW() WHERE id = '11'

[2019-09-13 10:53:21] DELETE FROM webshop_gallery WHERE id=12832

[2019-09-13 10:53:28] INSERT INTO webshop_gallery (`id`, `product_id`, `original_name`, `new_name`, `date`) VALUES (12832, 4557, 'Euro SO.CAP Keratinos póthaj 40-45cm 25db 4 közép barna', '12832.jpg', 1568364808)

[2019-09-13 10:53:30] UPDATE users SET lastlogin = NOW() WHERE id = '11'

[2019-09-13 10:53:33] DELETE FROM webshop_gallery WHERE id=12832

[2019-09-13 10:53:42] DELETE FROM webshop_gallery WHERE id='11728'

[2019-09-13 10:53:42] INSERT INTO webshop_gallery (`id`, `product_id`, `original_name`, `new_name`, `date`) VALUES (12832, 4501, 'Extension Keratinos póthaj 40-45cm 25db fekete 1', '12832.jpg', 1568364822)

[2019-09-13 10:53:44] UPDATE users SET lastlogin = NOW() WHERE id = '11'

[2019-09-13 10:53:56] INSERT INTO webshop_gallery (`id`, `product_id`, `original_name`, `new_name`, `date`) VALUES (12833, 4550, 'Hajkarika és fonott haj tincsek copfra műhajból', '12833.jpg', 1568364836)

[2019-09-13 10:53:58] UPDATE users SET lastlogin = NOW() WHERE id = '11'

[2019-09-13 10:54:11] INSERT INTO webshop_gallery (`id`, `product_id`, `original_name`, `new_name`, `date`) VALUES (12834, 4556, 'Parti paróka műhajból fekete', '12834.jpg', 1568364851)

[2019-09-13 10:54:13] UPDATE users SET lastlogin = NOW() WHERE id = '11'

[2019-09-13 10:54:22] DELETE FROM webshop_gallery WHERE id=12834

[2019-09-13 10:54:25] INSERT INTO webshop_gallery (`id`, `product_id`, `original_name`, `new_name`, `date`) VALUES (12834, 4555, 'Parti paróka műhajból piros', '12834.jpg', 1568364865)

[2019-09-13 10:54:27] UPDATE users SET lastlogin = NOW() WHERE id = '11'

[2019-09-13 10:54:31] DELETE FROM webshop_gallery WHERE id=12834

[2019-09-13 10:54:38] INSERT INTO webshop_gallery (`id`, `product_id`, `original_name`, `new_name`, `date`) VALUES (12834, 4549, 'Copf műhajból 50 cm hosszú', '12834.jpg', 1568364878)

[2019-09-13 10:54:40] UPDATE users SET lastlogin = NOW() WHERE id = '11'

[2019-09-13 10:54:41] DELETE FROM webshop_gallery WHERE id=12834

[2019-09-13 10:54:52] INSERT INTO webshop_gallery (`id`, `product_id`, `original_name`, `new_name`, `date`) VALUES (12834, 4554, 'Keratinos fonott hajtincs lila műhajból hajdísszel 40cm', '12834.jpg', 1568364892)

[2019-09-13 10:54:53] UPDATE users SET lastlogin = NOW() WHERE id = '11'

[2019-09-13 10:54:54] DELETE FROM webshop_gallery WHERE id=12834

[2019-09-13 10:55:10] DELETE FROM webshop_gallery WHERE id='11829'

[2019-09-13 10:55:11] INSERT INTO webshop_gallery (`id`, `product_id`, `original_name`, `new_name`, `date`) VALUES (12834, 4500, 'Extension Keratinos póthaj 40-45cm 25db 9.3 világos aranyszőke', '12834.jpg', 1568364911)

[2019-09-13 10:55:12] UPDATE users SET lastlogin = NOW() WHERE id = '11'

[2019-09-13 10:55:24] INSERT INTO webshop_gallery (`id`, `product_id`, `original_name`, `new_name`, `date`) VALUES (12835, 4553, 'Paróka világos barna műhajból 45 cm hosszú', '12835.jpg', 1568364924)

[2019-09-13 10:55:26] UPDATE users SET lastlogin = NOW() WHERE id = '11'

[2019-09-13 10:55:32] DELETE FROM webshop_gallery WHERE id=12835

[2019-09-13 10:55:38] INSERT INTO webshop_gallery (`id`, `product_id`, `original_name`, `new_name`, `date`) VALUES (12835, 4547, 'Paróka világos arany szőke műhajból 45 cm hosszú', '12835.jpg', 1568364938)

[2019-09-13 10:57:26] UPDATE users SET lastlogin = NOW() WHERE id = '11'

