[2020-07-17 11:19:36] UPDATE users SET lastlogin = NOW() WHERE id = '11'

[2020-07-17 11:19:39] UPDATE users SET lastlogin = NOW() WHERE id = '11'

[2020-07-17 11:19:41] UPDATE users SET lastlogin = NOW() WHERE id = '11'

[2020-07-17 11:19:41] INSERT INTO webshop_gallery (`id`, `product_id`, `original_name`, `new_name`, `date`) VALUES (15084, 5005, 'megszünt - Nirvel Yellow hajfény hajlakk utántöltő', '15084.jpg', 1594977581)

[2020-07-17 11:19:41] INSERT INTO webshop_products (`id`, `name_hun`, `name_eng`, `item_id`, `price`, `reduced_price`, `status`, `currency`, `content_short`, `content`, `details`, `date`, `default_pic`, `active`, `main`, `sort`, `category_id`, `root_category_id`, `seo_name`, `fullurl`, `websyx_id`, `quantity`, `other_categories`) VALUES ('5005', 'megszünt - Nirvel Yellow hajfény hajlakk utántöltő', 'megszünt - Nirvel Yellow hajfény hajlakk utántöltő', '0110-nhs-6205-yellow-1000ml', 0, 0, 1, 'Ft', 'hajfény hajlakk&nbsp;utántöltő. A hajtógáz nélküli, erős virágillatú hajlakk, egy professzionális aktív...', '<P><FONT face=Calibri>hajfény hajlakk&nbsp;utántöltő. A hajtógáz nélküli, erős virágillatú hajlakk, egy professzionális aktív hajfixáló, ami hosszan tartó erős, de rugalmas tartást biztosít. A hajlakk a Nirvel által kifejlesztett védőformuláival fixálja, óvja és vitalizálja a hajat. Ideális kész frizurák, formázott hajak fixálására. A könnyen kifésülhető Nirvel hajlakk márkák, hosszan tartják hatásukat, nem hagy maradványokat a hajban.</FONT></P>
<P style=\"TEXT-ALIGN: justify; MARGIN: 0cm 0cm 10pt; LINE-HEIGHT: normal; mso-margin-top-alt: auto; mso-margin-bottom-alt: auto\"><FONT face=Calibri>1000ml - Erős tartású. A Nirvel Cosmetics által kifejlesztett összetételnek köszönhetően, a <B style=\"mso-bidi-font-weight: normal\">Nirvel hajlakk márkák</B>, hajsprayk, antiallergén virág illattal, aktív összetevőkkel és alacsony költséggel készül.</FONT></P>
<P style=\"MARGIN: 0cm 0cm 10pt; LINE-HEIGHT: normal; mso-margin-top-alt: auto; mso-margin-bottom-alt: auto\"><FONT face=Calibri><B><U>A Nirvel Yellow hajfény lakk utántöltő használatának hatásai.</U></B></FONT></P>
<UL type=disc>
<LI style=\"MARGIN: 0cm 0cm 10pt; LINE-HEIGHT: normal; mso-margin-top-alt: auto; mso-margin-bottom-alt: auto; mso-list: l0 level1 lfo1; tab-stops: list 36.0pt\"><FONT face=Calibri>Etartású. Magas fényt ad ahajnak. </FONT>
<LI style=\"TEXT-ALIGN: justify; MARGIN: 0cm 0cm 10pt; LINE-HEIGHT: normal; mso-margin-top-alt: auto; mso-margin-bottom-alt: auto; mso-list: l0 level1 lfo1; tab-stops: list 36.0pt\"><FONT face=Calibri>A hajlakk erősen, rugalmasan, láthatatlanul tartja a hajat. </FONT>
<LI style=\"TEXT-ALIGN: justify; MARGIN: 0cm 0cm 10pt; LINE-HEIGHT: normal; mso-margin-top-alt: auto; mso-margin-bottom-alt: auto; mso-list: l0 level1 lfo1; tab-stops: list 36.0pt\"><FONT face=Calibri>Könnyen kifésülhető. </FONT>
<LI style=\"TEXT-ALIGN: justify; MARGIN: 0cm 0cm 10pt; LINE-HEIGHT: normal; mso-margin-top-alt: auto; mso-margin-bottom-alt: auto; mso-list: l0 level1 lfo1; tab-stops: list 36.0pt\"><FONT face=Calibri>Hosszan tartja hatását, nem hagy maradványokat a hajban. </FONT>
<LI style=\"TEXT-ALIGN: justify; MARGIN: 0cm 0cm 10pt; LINE-HEIGHT: normal; mso-margin-top-alt: auto; mso-margin-bottom-alt: auto; mso-list: l0 level1 lfo1; tab-stops: list 36.0pt\"><FONT face=Calibri>Párataszító hatású hajlakk. </FONT>
<LI style=\"TEXT-ALIGN: justify; MARGIN: 0cm 0cm 10pt; LINE-HEIGHT: normal; mso-margin-top-alt: auto; mso-margin-bottom-alt: auto; mso-list: l0 level1 lfo1; tab-stops: list 36.0pt\"><FONT face=Calibri>A hajlakk UV szűrőt is tartalmaz, amely véd a káros környezeti hatásoktól.</FONT></LI></UL>
<P style=\"MARGIN: 0cm 0cm 10pt; LINE-HEIGHT: normal; mso-margin-top-alt: auto; mso-margin-bottom-alt: auto\"><FONT face=Calibri><B><U>A Nirvel Yellow hajfény lakk&nbsp; márkák használata.</U></B></FONT></P>
<P style=\"MARGIN: 0cm 0cm 10pt; LINE-HEIGHT: normal; mso-margin-top-alt: auto; mso-margin-bottom-alt: auto\"><FONT face=Calibri>A hajlakkot fújja száraz hajra kb. 30 cm távolságról. Ha a haj volumenét szeretné növelni, fújja a hajlakkot közvetlenül a hajtövekre.-- </FONT><FONT face=Calibri>A Nirvel Yellow hajfény lakk utántöltő &nbsp;hajlakk, egy professzionális prémium fodrászcikk, fodrászkellék!</FONT> </P>', '', 1594977581, '15084', '1', 0, 1, 265, '104', 'megszunt-nirvel-yellow-hajfeny-hajlakk-utantolto', 'fodraszkellek/hajkefe/keramia-korkefe/megszunt-nirvel-yellow-hajfeny-hajlakk-utantolto', '1192', 1, '')

[2020-07-17 11:19:42] INSERT INTO webshop_special_fields (`key`, `value`, `product_id`) VALUES ('manufacturer', 'Nirvel', 5005)

[2020-07-17 11:19:42] INSERT INTO webshop_special_fields (`key`, `value`, `product_id`) VALUES ('quantityunit', 'ml', 5005)

[2020-07-17 11:19:42] INSERT INTO webshop_special_fields (`key`, `value`, `product_id`) VALUES ('kiszereles', '1000', 5005)

[2020-07-17 11:19:42] INSERT INTO webshop_gallery (`id`, `product_id`, `original_name`, `new_name`, `date`) VALUES (15085, 5006, 'Megszünt - KINSTYLE Crystal Jelly alkoholmentes gumi hajzselé + Kinessencess 30ml hajmaszk', '15085.jpg', 1594977582)

[2020-07-17 11:19:42] INSERT INTO webshop_products (`id`, `name_hun`, `name_eng`, `item_id`, `price`, `reduced_price`, `status`, `currency`, `content_short`, `content`, `details`, `date`, `default_pic`, `active`, `main`, `sort`, `category_id`, `root_category_id`, `seo_name`, `fullurl`, `websyx_id`, `quantity`, `other_categories`) VALUES ('5006', 'Megszünt - KINSTYLE Crystal Jelly alkoholmentes gumi hajzselé + Kinessencess 30ml hajmaszk', 'Megszünt - KINSTYLE Crystal Jelly alkoholmentes gumi hajzselé + Kinessencess 30ml hajmaszk', '0812-ks-520039-extraerős-250ml-NEIDE', 0, 0, 1, 'Ft', '...', '', '', 1594977582, '15085', '1', 0, 1, 265, '104', 'megszunt-kinstyle-crystal-jelly-alkoholmentes-gumi-hajzsele-kinessencess-30ml-hajmaszk', 'fodraszkellek/hajkefe/keramia-korkefe/megszunt-kinstyle-crystal-jelly-alkoholmentes-gumi-hajzsele-kinessencess-30ml-hajmaszk', '1215', 1, '')

[2020-07-17 11:19:42] INSERT INTO webshop_special_fields (`key`, `value`, `product_id`) VALUES ('manufacturer', 'KIN Cosmetics', 5006)

[2020-07-17 11:19:42] INSERT INTO webshop_special_fields (`key`, `value`, `product_id`) VALUES ('quantityunit', 'ml', 5006)

[2020-07-17 11:19:42] INSERT INTO webshop_special_fields (`key`, `value`, `product_id`) VALUES ('kiszereles', '200', 5006)

[2020-07-17 11:19:42] INSERT INTO webshop_gallery (`id`, `product_id`, `original_name`, `new_name`, `date`) VALUES (15086, 5007, 'megszünt - Maxima DC hajregeneráló kondicionáló krém normál hajra', '15086.jpg', 1594977582)

[2020-07-17 11:19:42] INSERT INTO webshop_products (`id`, `name_hun`, `name_eng`, `item_id`, `price`, `reduced_price`, `status`, `currency`, `content_short`, `content`, `details`, `date`, `default_pic`, `active`, `main`, `sort`, `category_id`, `root_category_id`, `seo_name`, `fullurl`, `websyx_id`, `quantity`, `other_categories`) VALUES ('5007', 'megszünt - Maxima DC hajregeneráló kondicionáló krém normál hajra', 'megszünt - Maxima DC hajregeneráló kondicionáló krém normál hajra', '1414-vmdc-7013/5-500ml', 0, 0, 1, 'Ft', 'Intenzív hajregeneráló, hajkondicionáló, hajápoló krém. növényi kivonatokat és vitaminokat tartalmaz,...', '<P style=\"TEXT-ALIGN: justify\">Intenzív hajregeneráló, hajkondicionáló, hajápoló krém.<STRONG> növényi kivonatokat</STRONG> és vitaminokat tartalmaz, amelyek mélyen ápolnak, puhítanak, hidratálnak minden egyes hajszálat a haj kérgen keresztül. A Maxima DC&nbsp;hajkondicionáló gazdagítva speciális kondicionálókkal, teltebbé, puhábbá, selymesebbé, kezelhetővé teszi a hajat, anélkül, hogy elnehezítené a szerkezetét.</P>
<P style=\"TEXT-ALIGN: justify\">500ml -A normál hajat is ápolni kell ahhoz hogy megőrizze egészséges fényét, fésülhetőségét, hisz a mindennapi frizura készítésénél nem mindegy mennyi időt töltünk a tükör előtt. A mindennapi <STRONG>használatra</STRONG>, a tápanyagokban gazdag, hidratáló összetevőket is tartalmazó <STRONG>hajpakolások&nbsp;</STRONG>&nbsp;a leg megfelelőbbek. A hajpakolás használata megvédi a hajat a környezeti hatások, a klór, a napfény, a szennyezett levegő káros hatásaitól. A <STRONG>hajpakolás</STRONG> nagymértékben segít a mindennapi hajápolásban, a károsodott haj regenerálásában.&nbsp; A Maxima <STRONG>hajpakolással</STRONG> biztosítjuk a hajszálak számára a megfelelő hidratálást és könnyebben fésülhetővé, rugalmassá tesszük a frizurát, alapvetően hozzájárulunk hajunk egészségének megőrzéséhez. <STRONG>Ez a hajpakolás professzionális fodrászcikk, fodrászkellék! </STRONG></P>
<P style=\"TEXT-ALIGN: justify\"><STRONG><U>Hajpakolás normál haj erősítésére&nbsp; MaximaDaly Care Cream használata:</U></STRONG></P>
<P style=\"TEXT-ALIGN: justify\">Vigye fel a&nbsp;hajpakolóból a szükséges mennyiséget a törülköző-száraz hajra. Masszírozza be a hajba körkörös mozdulatokkal, hogy biztosítsa az egyenletes eloszlást. Hagyja hatni pár percig, majd öblítse le óvatosan. Folytassa a hajformázást.</P>
<P style=\"TEXT-ALIGN: justify\">&nbsp;</P>', '', 1594977582, '15086', '1', 0, 1, 265, '104', 'megszunt-maxima-dc-hajregeneralo-kondicionalo-krem-normal-hajra', 'fodraszkellek/hajkefe/keramia-korkefe/megszunt-maxima-dc-hajregeneralo-kondicionalo-krem-normal-hajra', '1227', 1, '')

[2020-07-17 11:19:42] INSERT INTO webshop_special_fields (`key`, `value`, `product_id`) VALUES ('manufacturer', 'Vitalfarco Maxima-NHP-Vitael', 5007)

[2020-07-17 11:19:42] INSERT INTO webshop_special_fields (`key`, `value`, `product_id`) VALUES ('quantityunit', 'ml', 5007)

[2020-07-17 11:19:42] INSERT INTO webshop_special_fields (`key`, `value`, `product_id`) VALUES ('kiszereles', '500', 5007)

[2020-07-17 11:19:42] UPDATE webshop_gallery SET original_name='Nirvel Fuego extrém hajszínek feltűzhető hajtincses színskála', date=1594977582 WHERE id=3944

[2020-07-17 11:19:42] UPDATE webshop_special_fields SET `value`='Nirvel' WHERE `key`='manufacturer' AND `product_id`=3640

[2020-07-17 11:19:43] UPDATE webshop_special_fields SET `value`='db' WHERE `key`='quantityunit' AND `product_id`=3640

[2020-07-17 11:19:43] UPDATE webshop_special_fields SET `value`='1' WHERE `key`='kiszereles' AND `product_id`=3640

[2020-07-17 11:19:43] UPDATE webshop_products SET `name_hun`='megszünt - Nirvel Fuego extrém hajszínek feltűzhető hajtincses színskála',`content_short`='Extrém hajfesték színek. - A Nirvel Art-X Fuego Intenzív hajfestékek, csattal a hajra feltűzhető szín...',`content`='<P><U><STRONG>Extrém hajfesték színek. - A Nirvel Art-X Fuego Intenzív hajfestékek, csattal a hajra feltűzhető szín mintái.</STRONG></U></P>F-40 <STRONG>Intenzív</STRONG> Réz hajfesték,&nbsp; F-46 <STRONG>Intenzív</STRONG> Pirosas réz hajfesték,&nbsp; F64 <STRONG>Intenzív</STRONG> Mahagóni piros hajfesték,&nbsp; F-60 <STRONG>Intenzív</STRONG> Tűzpiros hajfesték,<BR style=\"FONT-SIZE: small\">&nbsp;', `item_id`='0123-nartxf-5019--fuego', `default_pic`='3944', `active`='1', `category_id`='22', `root_category_id`='0', `seo_name`='megszunt-nirvel-fuego-extrem-hajszinek-feltuzheto-hajtincses-szinskala', `fullurl`='hajfestek/megszunt-nirvel-fuego-extrem-hajszinek-feltuzheto-hajtincses-szinskala', `other_categories`='22,33,104,220' WHERE id=3640

[2020-07-17 11:19:43] UPDATE webshop_gallery SET original_name='Nirvel Arco Irisz hajszínskála', date=1594977583 WHERE id=4103

[2020-07-17 11:19:43] UPDATE webshop_special_fields SET `value`='Nirvel' WHERE `key`='manufacturer' AND `product_id`=3749

[2020-07-17 11:19:43] UPDATE webshop_special_fields SET `value`='db' WHERE `key`='quantityunit' AND `product_id`=3749

[2020-07-17 11:19:43] UPDATE webshop_special_fields SET `value`='1' WHERE `key`='kiszereles' AND `product_id`=3749

[2020-07-17 11:19:43] UPDATE webshop_products SET `name_hun`='megszünt - Nirvel Arco Irisz hajszínskála',`content_short`='Extrém hajszínek tincses hajszínskálája.
A fényképes hajszínek, azok jól nagyítható hajszínskála képei,...',`content`='<P>Extrém hajszínek tincses hajszínskálája.</P>
<P style=\"TEXT-ALIGN: justify; MARGIN: 0cm 0cm 10pt\">A fényképes hajszínek, azok jól nagyítható hajszínskála képei, Magyar nyelvű elnevezései, a webáruházban minden hajfestékhez megtalálhatók! Ezek, a hajfestéknél, a -&nbsp;Hajfesték színek - vagy&nbsp; - Hajszínek - elnevezésű fülnél -, vagy a&nbsp;&nbsp;hajfesték oldalán, a termékleírásban, vagy az ott elhelyezett egyéb erre utaló információknál találhatók!&nbsp;A hajfesték színskála&nbsp;képei&nbsp;rendkívül jól nagyíthatók, a hajszínek lehető legjobb beazonosításának céljából.&nbsp; </P>
<P><BR>&nbsp;</P>
<P></P>', `item_id`='0123-nai-4842-rainbow', `default_pic`='4103', `active`='1', `category_id`='33', `root_category_id`='22', `seo_name`='megszunt-nirvel-arco-irisz-hajszinskala', `fullurl`='hajfestek/hajfestek-szinskala/megszunt-nirvel-arco-irisz-hajszinskala', `other_categories`='33,267' WHERE id=3749

[2020-07-17 11:19:43] INSERT INTO webshop_gallery (`id`, `product_id`, `original_name`, `new_name`, `date`) VALUES (15087, 5008, 'megszünt - Nirvel Royal Jelly méhviaszos sampon festett hajra 5000ml', '15087.jpg', 1594977583)

[2020-07-17 11:19:43] INSERT INTO webshop_products (`id`, `name_hun`, `name_eng`, `item_id`, `price`, `reduced_price`, `status`, `currency`, `content_short`, `content`, `details`, `date`, `default_pic`, `active`, `main`, `sort`, `category_id`, `root_category_id`, `seo_name`, `fullurl`, `websyx_id`, `quantity`, `other_categories`) VALUES ('5008', 'megszünt - Nirvel Royal Jelly méhviaszos sampon festett hajra 5000ml', 'megszünt - Nirvel Royal Jelly méhviaszos sampon festett hajra 5000ml', '0118-nryp-6609-5000ml', 0, 0, 1, 'Ft', '5000ml - Hidratáló sampon száraz, festett hajra méhviasszal.
&nbsp;
A hidratáló Royal Jelly sampon méhviasszal...', '<P style=\"MARGIN: 0cm 0cm 0pt; LINE-HEIGHT: normal\"><B style=\"mso-bidi-font-weight: normal\">5000ml - Hidratáló sampon száraz, festett hajra méhviasszal.</B></P>
<P style=\"MARGIN: 0cm 0cm 0pt; LINE-HEIGHT: normal\"><B style=\"mso-bidi-font-weight: normal\"></B>&nbsp;</P>
<P style=\"MARGIN: 0cm 0cm 0pt; LINE-HEIGHT: normal\">A hidratáló Royal Jelly sampon méhviasszal helyreállítja a száraz, festett hajat, visszaadja a rugalmasságát, fényessé és egészségessé teszi a hajat.</P>
<P style=\"MARGIN: 0cm 0cm 10pt; LINE-HEIGHT: normal; mso-margin-top-alt: auto; mso-margin-bottom-alt: auto\">A Royal Jelly samponnal&nbsp;kevés hajmosással éri el a haj hidratálását, könnyű fésülhetőségét, rugalmasságát, és a károsodott haj regenerálását!</P>
<P style=\"MARGIN: 0cm 0cm 10pt; LINE-HEIGHT: normal; mso-margin-top-alt: auto; mso-margin-bottom-alt: auto\"><B><U>5000ml Méhviaszos sampon használata:</U></B> </P>
<P style=\"MARGIN: 0cm 0cm 10pt; LINE-HEIGHT: normal; mso-margin-top-alt: auto; mso-margin-bottom-alt: auto\">- Vigye fel nedves hajra a sampont, masszírozza bele és hagyja néhány percig a hajon, majd öblítse le.&nbsp;A hajmosást ismételje meg!&nbsp;</P>', '', 1594977583, '15087', '1', 0, 1, 265, '104', 'megszunt-nirvel-royal-jelly-mehviaszos-sampon-festett-hajra-5000ml', 'fodraszkellek/hajkefe/keramia-korkefe/megszunt-nirvel-royal-jelly-mehviaszos-sampon-festett-hajra-5000ml', '1856', 1, '')

[2020-07-17 11:19:43] INSERT INTO webshop_special_fields (`key`, `value`, `product_id`) VALUES ('manufacturer', 'Nirvel', 5008)

[2020-07-17 11:19:43] INSERT INTO webshop_special_fields (`key`, `value`, `product_id`) VALUES ('quantityunit', 'ml', 5008)

[2020-07-17 11:19:43] INSERT INTO webshop_special_fields (`key`, `value`, `product_id`) VALUES ('kiszereles', '5000', 5008)

[2020-07-17 11:19:43] INSERT INTO webshop_gallery (`id`, `product_id`, `original_name`, `new_name`, `date`) VALUES (15088, 5009, 'megszünt - Maxima Crystal Drops lenolajos hajvégápoló olaj', '15088.jpg', 1594977583)

[2020-07-17 11:19:43] INSERT INTO webshop_products (`id`, `name_hun`, `name_eng`, `item_id`, `price`, `reduced_price`, `status`, `currency`, `content_short`, `content`, `details`, `date`, `default_pic`, `active`, `main`, `sort`, `category_id`, `root_category_id`, `seo_name`, `fullurl`, `websyx_id`, `quantity`, `other_categories`) VALUES ('5009', 'megszünt - Maxima Crystal Drops lenolajos hajvégápoló olaj', 'megszünt - Maxima Crystal Drops lenolajos hajvégápoló olaj', '1417-vmf-7011-100ml', 0, 0, 1, 'Ft', 'hajvég ápoló olaj minden hajtípusra. Komplex hajápoló és hajvég ápoló olaj minden hajtípusra. -...', '<P style=\"TEXT-ALIGN: justify\">hajvég ápoló olaj minden hajtípusra. Komplex hajápoló és hajvég ápoló olaj minden hajtípusra. - Használatával egy gyors, komplett hajkezelést&nbsp;adhatunk minden nap az egész hajon. &nbsp;Speciális növényi olajok kombinációjából áll,&nbsp;amelyek&nbsp; azonnal felszívódnak a hajba, kijavítják a haj sérüléseit, elvégzik a összefogják a tört hajvégeket. Védi a hajat a hajvasaló, hajszárító és egyéb hajformázó termékek hőjétől, és egészséges fényt, és rendkívüli fésülhetőséget ad a hajnak.</P>
<P style=\"TEXT-ALIGN: justify\">100ml - Regeneráló hatása &nbsp;legjobban a károsodott hajvégek hejre állításán látható, hisz a haj itt szenvedi el a legnagyobb károsodást.</P>
<P style=\"TEXT-ALIGN: justify\"><STRONG><U>Hajvégápoló olaj használata.</U></STRONG></P>
<P style=\"TEXT-ALIGN: justify\">Száraz és nedves hajon egyaránt alkalmazható.&nbsp;Pár cseppet vigyen fel a&nbsp;teljes hajra, vagy csak a&nbsp;hajvégekre, majd alaposan masszírozza, fésülje bele&nbsp;bele. Ne öblítse le!</P>
<P style=\"TEXT-ALIGN: justify\">
<P style=\"TEXT-ALIGN: justify\">
<P></P>
<P></P>
<P></P>', '', 1594977583, '15088', '1', 0, 1, 265, '104', 'megszunt-maxima-crystal-drops-lenolajos-hajvegapolo-olaj', 'fodraszkellek/hajkefe/keramia-korkefe/megszunt-maxima-crystal-drops-lenolajos-hajvegapolo-olaj', '1974', 1, '')

[2020-07-17 11:19:43] INSERT INTO webshop_special_fields (`key`, `value`, `product_id`) VALUES ('manufacturer', 'Vitalfarco Maxima-NHP-Vitael', 5009)

[2020-07-17 11:19:43] INSERT INTO webshop_special_fields (`key`, `value`, `product_id`) VALUES ('quantityunit', 'ml', 5009)

[2020-07-17 11:19:43] INSERT INTO webshop_special_fields (`key`, `value`, `product_id`) VALUES ('kiszereles', '100', 5009)

[2020-07-17 11:19:43] UPDATE webshop_gallery SET original_name='megszünt - Gyantázás utáni olaj Hw Dopo Care Oil 250ml', date=1594977583 WHERE id=838

[2020-07-17 11:19:43] UPDATE webshop_special_fields SET `value`='Egyéb fodrászkellék' WHERE `key`='manufacturer' AND `product_id`=2834

[2020-07-17 11:19:43] UPDATE webshop_special_fields SET `value`='db' WHERE `key`='quantityunit' AND `product_id`=2834

[2020-07-17 11:19:43] UPDATE webshop_special_fields SET `value`='1' WHERE `key`='kiszereles' AND `product_id`=2834

[2020-07-17 11:19:43] UPDATE webshop_products SET `name_hun`='megszünt - Gyantázás utáni olaj Hw Dopo Care Oil 250ml',`content_short`='Gyantázás utáni, és testápló&nbsp;olaj, alkalmas masszírozáshoz is.&nbsp;Kellemes illatú természetes...',`content`='<P style=\"TEXT-ALIGN: justify\">Gyantázás utáni, és testápló&nbsp;olaj, alkalmas masszírozáshoz is.&nbsp;Kellemes illatú természetes olajszármazék, gyantázás utáni használata nyugtatja,&nbsp;bársonyossá teszi&nbsp;a bőrt,&nbsp;megszünteti az irritációt.&nbsp;Használható a száraz bőr kezelésére is, testápolóként.&nbsp;&nbsp;A gyantázás utáni olaj hatékonyan eltávolítja a bőrre került gyantamaradványokat is, megtisztítja a bőrfelületet. Csak bőrfelületre használjuk, a gyantázó gép és gyantázó eszközök tisztítására, a géptisztító folyadék alkalmas!</P>
<P><STRONG><U>250ml Gyantázás utáni olaj használata.</U></STRONG></P>
<P>Gyantázás, szőrtelenítés után bőrnyugtatásra, kondícionálásra, száraz bőr ápolására:</P>
<P style=\"MARGIN-LEFT: 36pt; TEXT-INDENT: -18pt; mso-list: l0 level1 lfo2\">·&nbsp;&nbsp;&nbsp;&nbsp;&nbsp;&nbsp;&nbsp;&nbsp; Vigye fel az olajat vékonyan egy vatta korong segítségével a kívánt bőrfelületre.</P>
<P>Szőrtelenítő gyanta maradványok eltávolítása:</P>
<P style=\"MARGIN-LEFT: 36pt; TEXT-INDENT: -18pt; mso-list: l1 level1 lfo1\">·&nbsp;&nbsp;&nbsp;&nbsp;&nbsp;&nbsp;&nbsp;&nbsp; Vigye fel a gyantázás utáni olajat vastagon egy vatta korong segítségével a kívánt bőrfelületre. Óvatosan dörzsölje amíg a gyanta fel nem oldódik. Ezután törölje át a bőr felületet egy friss olajos vatta koronggal. </P>
<P style=\"MARGIN-LEFT: 36pt; TEXT-INDENT: -18pt; mso-list: l1 level1 lfo1\">Testápolás és masszírozás: vigye fel a bőrre, masszírozza bele.</P>', `item_id`='1843-hwguo-2×250ml-kamilla-menthol', `default_pic`='838', `active`='1', `category_id`='265', `root_category_id`='104', `seo_name`='megszunt-gyantazas-utani-olaj-hw-dopo-care-oil-250ml', `fullurl`='fodraszkellek/hajkefe/keramia-korkefe/megszunt-gyantazas-utani-olaj-hw-dopo-care-oil-250ml', `other_categories`='' WHERE id=2834

[2020-07-17 11:19:43] INSERT INTO webshop_gallery (`id`, `product_id`, `original_name`, `new_name`, `date`) VALUES (15089, 5010, 'megszűnt - Nirvel Nature Color természetes hajfesték kiegészítő színskála 19 új színnel', '15089.jpg', 1594977583)

[2020-07-17 11:19:43] INSERT INTO webshop_products (`id`, `name_hun`, `name_eng`, `item_id`, `price`, `reduced_price`, `status`, `currency`, `content_short`, `content`, `details`, `date`, `default_pic`, `active`, `main`, `sort`, `category_id`, `root_category_id`, `seo_name`, `fullurl`, `websyx_id`, `quantity`, `other_categories`) VALUES ('5010', 'megszűnt - Nirvel Nature Color természetes hajfesték kiegészítő színskála 19 új színnel', 'megszűnt - Nirvel Nature Color természetes hajfesték kiegészítő színskála 19 új színnel', '0123-nnc-színskála-19újszín', 0, 0, 1, 'Ft', '...', '', '', 1594977583, '15089', '1', 0, 1, 22, '0', 'megszunt-nirvel-nature-color-termeszetes-hajfestek-kiegeszito-szinskala-19-uj-szinnel', 'hajfestek/megszunt-nirvel-nature-color-termeszetes-hajfestek-kiegeszito-szinskala-19-uj-szinnel', '2076', 1, '22,33')

[2020-07-17 11:19:43] INSERT INTO webshop_special_fields (`key`, `value`, `product_id`) VALUES ('manufacturer', 'Nirvel', 5010)

[2020-07-17 11:19:43] INSERT INTO webshop_special_fields (`key`, `value`, `product_id`) VALUES ('quantityunit', 'db', 5010)

[2020-07-17 11:19:43] INSERT INTO webshop_special_fields (`key`, `value`, `product_id`) VALUES ('kiszereles', '1', 5010)

[2020-07-17 11:19:43] INSERT INTO webshop_gallery (`id`, `product_id`, `original_name`, `new_name`, `date`) VALUES (15090, 5011, 'megszünt - Dauervíz erős dauerhoz Neofix 100ml', '15090.jpg', 1594977583)

[2020-07-17 11:19:43] INSERT INTO webshop_products (`id`, `name_hun`, `name_eng`, `item_id`, `price`, `reduced_price`, `status`, `currency`, `content_short`, `content`, `details`, `date`, `default_pic`, `active`, `main`, `sort`, `category_id`, `root_category_id`, `seo_name`, `fullurl`, `websyx_id`, `quantity`, `other_categories`) VALUES ('5011', 'megszünt - Dauervíz erős dauerhoz Neofix 100ml', 'megszünt - Dauervíz erős dauerhoz Neofix 100ml', '0706-nf-100ml', 0, 0, 1, 'Ft', '...', '', '', 1594977583, '15090', '1', 0, 1, 265, '104', 'megszunt-dauerviz-eros-dauerhoz-neofix-100ml', 'fodraszkellek/hajkefe/keramia-korkefe/megszunt-dauerviz-eros-dauerhoz-neofix-100ml', '2139', 1, '')

[2020-07-17 11:19:43] INSERT INTO webshop_special_fields (`key`, `value`, `product_id`) VALUES ('manufacturer', 'Egyéb fodrászkellék', 5011)

[2020-07-17 11:19:43] INSERT INTO webshop_special_fields (`key`, `value`, `product_id`) VALUES ('quantityunit', 'db', 5011)

[2020-07-17 11:19:43] INSERT INTO webshop_special_fields (`key`, `value`, `product_id`) VALUES ('kiszereles', '1', 5011)

[2020-07-17 11:19:43] UPDATE webshop_products SET sort=1 WHERE id=3326

[2020-07-17 11:19:43] UPDATE webshop_products SET sort=2 WHERE id=5007

[2020-07-17 11:19:43] UPDATE webshop_products SET sort=3 WHERE id=5006

[2020-07-17 11:19:43] UPDATE webshop_products SET sort=4 WHERE id=5005

[2020-07-17 11:19:43] UPDATE webshop_products SET sort=5 WHERE id=5010

[2020-07-17 11:19:43] UPDATE webshop_products SET sort=6 WHERE id=5009

[2020-07-17 11:19:43] UPDATE webshop_products SET sort=7 WHERE id=5011

[2020-07-17 11:19:43] UPDATE webshop_products SET sort=8 WHERE id=5008

[2020-07-17 11:19:45] UPDATE users SET lastlogin = NOW() WHERE id = '11'

[2020-07-17 11:19:45] UPDATE webshop_gallery SET original_name='megszünt - Digitális nagyteljesítményű hajvágógép Turbo X5 / női-férfi', date=1594977585 WHERE id=957

[2020-07-17 11:19:45] UPDATE webshop_special_fields SET `value`='Egyéb fodrászkellék' WHERE `key`='manufacturer' AND `product_id`=2953

[2020-07-17 11:19:45] UPDATE webshop_special_fields SET `value`='db' WHERE `key`='quantityunit' AND `product_id`=2953

[2020-07-17 11:19:45] UPDATE webshop_special_fields SET `value`='1' WHERE `key`='kiszereles' AND `product_id`=2953

[2020-07-17 11:19:45] UPDATE webshop_products SET `name_hun`='megszünt - Digitális nagyteljesítményű hajvágógép Turbo X5 / női-férfi',`content_short`='Hajvágógép&nbsp;nagyon erős motorral, LCD digitális kijelzővel, turbó sebességfokozattal, japán acél...',`content`='<P style=\"TEXT-ALIGN: justify; MARGIN: 0cm 0cm 10pt\"><FONT face=Calibri>Hajvágógép&nbsp;nagyon erős motorral, LCD digitális kijelzővel, turbó sebességfokozattal, japán acél vágófejjel. &nbsp;Ergonómikus kialakítása, és alacsony súlya&nbsp;miatt könnyű használni, kíméli a kezet, de nagyon gyors hajvágást végezhetünk vele. Ajánlott vegyes, férfi, női, vendégkörrel is rendelkező fodrászoknak, és otthoni használatra.</FONT></P>
<P style=\"TEXT-ALIGN: justify\">A legjobb hajvágó eredmény érdekében a Professzionális egyenáramú, forgó motoros hajnyíró, 120 perc akkumulátor üzem idővel rendelkezik! Az új típusú akkumulátornak köszönhetően megnőtt a gép egy töltéssel elérhető üzem ideje, amely az LCD kijelzőn, jól követhető. Alkalmas nagyon erős dús haj, szőr, és az otthoni kisállat szőrének nyírására is. </P>
<P style=\"TEXT-ALIGN: justify\">A hajnyíró vágókések hosszabb&nbsp;ideig tartó, vagy egymás utáni több&nbsp;hajvágás ideje alatt sem forrósodnak fel, hőmérsékletük nem égeti a bőrt! - A&nbsp;hajvágógép használata a legmagasabb professzionális igényekhez készült, ára tartalmazza a házhozszállítást is.</P>
<P style=\"TEXT-ALIGN: justify\">A Hairway hajvágó, kopás álló japán acél késsel van szerelve. A hajvágógépekhez tartozó olaj, vagy műszer olaj rendszeres használata jelentős teljesítménynövekedést, és élettartam hosszabbodást is eredményez. Minden használat előtt 1 csepp olaj felvitele szükséges a hajvágó késre! A hajvágó, hajnyíró gép ára, a szállítási költséget is tartalmazza!</P>
<P style=\"TEXT-ALIGN: justify\">Üzembiztonság: A hajvágó gép vezetékről és akkumulátorról is működtethető. Ha az akkumulátor lemerült, vagy tönkre ment, a hajnyírót tovább használhatja a hálózati vezeték csatlakoztatásával.</P>
<P style=\"MARGIN: 0cm 0cm 10pt\"><U><FONT face=Calibri>Hajvágó, hajnyíró gép professzionális használata fodrász számára:</FONT></U></P>
<P style=\"TEXT-ALIGN: justify\">A hajvágó gép, hajnyíró, fodrász célú felhasználásra készült. Motoros hajvágó rendszerrel működik. Az akkumulátoros hajvágó, hajnyíró gép egy töltéssel 120perc üzem időt, képes működni, 8 óra készenléti időn belül. Könnyen elhelyezhető, és kezelhető töltő állomással rendelkezik. A hajvágó gépet teljesítménye alkalmassá teszi a mindennapi férfifodrász, női fodrász munkákra, és a nagyon erős hajak vágására.</P>
<P style=\"MARGIN: 0cm 0cm 10pt\"><U><FONT face=Calibri>Hajnyírógép otthoni használata:</FONT></U></P>
<P style=\"TEXT-ALIGN: justify\">Alkalmas erős, dús férfi haj vagy szakáll, szőr, kis állat szőr levágására, precíz kivitelezést igénylő hajvágó munkákra. Minden használat előtt 1 csepp olaj felvitele szükséges a hajvágó késre! A professzionális hajvágó gép, hajnyíró élet tartama otthoni használatban közismert, de a haj sajátosságai miatt, nagyban függ a rendszeres tisztítástól, az olajozástól. Az akkumulátor élet tartama nagyban függ a megfelelő töltéstől. Soha ne hagyja teljesen lemerülni az akkumulátort!</P>
<P style=\"TEXT-ALIGN: justify\"><B><U>Hajvágó, hajnyíró gép műszaki adatok, és tartozékok:</U></B></P>
<P style=\"TEXT-ALIGN: justify; MARGIN-LEFT: 40.5pt; TEXT-INDENT: -22.5pt; mso-list: l0 level1 lfo1\">·&nbsp;&nbsp;&nbsp;&nbsp;&nbsp;&nbsp;&nbsp;&nbsp;&nbsp;&nbsp;&nbsp;&nbsp; 45 mm széles japán acél hajvágó késsel rendelkezik</P>
<P style=\"TEXT-ALIGN: justify; MARGIN-LEFT: 40.5pt; TEXT-INDENT: -22.5pt; mso-list: l0 level1 lfo1\">·&nbsp;&nbsp;&nbsp;&nbsp;&nbsp;&nbsp;&nbsp;&nbsp;&nbsp;&nbsp;&nbsp;&nbsp; 220 -240V ~50Hz os hálózatról és akkumulátorról is üzemel</P>
<P style=\"MARGIN-LEFT: 40.5pt; TEXT-INDENT: -22.5pt; mso-list: l0 level1 lfo1\">·&nbsp;&nbsp;&nbsp;&nbsp;&nbsp;&nbsp;&nbsp;&nbsp;&nbsp;&nbsp;&nbsp;&nbsp; vezetékes hálózati töltővel rendelkezik, amely 220-240V ~50Hz hálózatról üzemel</P>
<P style=\"TEXT-ALIGN: justify; MARGIN-LEFT: 40.5pt; TEXT-INDENT: -22.5pt; mso-list: l0 level1 lfo1\">·&nbsp;&nbsp;&nbsp;&nbsp;&nbsp;&nbsp;&nbsp;&nbsp;&nbsp;&nbsp;&nbsp;&nbsp; motoros meghajtású hajvágó rendszerrel rendelkezik</P>
<P style=\"TEXT-ALIGN: justify; MARGIN-LEFT: 40.5pt; TEXT-INDENT: -22.5pt; mso-list: l0 level1 lfo1\">·&nbsp;&nbsp;&nbsp;&nbsp;&nbsp;&nbsp;&nbsp;&nbsp;&nbsp;&nbsp;&nbsp;&nbsp; akkumulátorról 1 töltéssel 120 perc üzemidő érhető el</P>
<P style=\"TEXT-ALIGN: justify; MARGIN-LEFT: 40.5pt; TEXT-INDENT: -22.5pt; mso-list: l0 level1 lfo1\">·&nbsp;&nbsp;&nbsp;&nbsp;&nbsp;&nbsp;&nbsp;&nbsp;&nbsp;&nbsp;&nbsp;&nbsp; színes LCD -s akkumulátor töltöttség jelzője van</P>
<P style=\"TEXT-ALIGN: justify; MARGIN-LEFT: 40.5pt; TEXT-INDENT: -22.5pt; mso-list: l0 level1 lfo1\">·&nbsp;&nbsp;&nbsp;&nbsp;&nbsp;&nbsp;&nbsp;&nbsp;&nbsp;&nbsp;&nbsp;&nbsp; a hajvágó penge vágó mélysége állítható, 4 fixálható fokozatban: 1 / 1,3 / 1,6 / 2mm</P>
<P style=\"TEXT-ALIGN: justify; MARGIN-LEFT: 40.5pt; TEXT-INDENT: -22.5pt; mso-list: l0 level1 lfo1\">·&nbsp;&nbsp;&nbsp;&nbsp;&nbsp;&nbsp;&nbsp;&nbsp;&nbsp;&nbsp;&nbsp;&nbsp; 4 db műanyag toldó fésű, (vezetőfésű, vágópapucs) a hajvágó mélység növeléséhez (3/6/9/12mm)</P>
<P style=\"TEXT-ALIGN: justify; MARGIN-LEFT: 40.5pt; TEXT-INDENT: -22.5pt; mso-list: l0 level1 lfo1\">·&nbsp;&nbsp;&nbsp;&nbsp;&nbsp;&nbsp;&nbsp;&nbsp;&nbsp;&nbsp;&nbsp;&nbsp; olajozó flakon tartozék</P>
<P style=\"TEXT-ALIGN: justify; MARGIN-LEFT: 40.5pt; TEXT-INDENT: -22.5pt; mso-list: l0 level1 lfo1\">·&nbsp;&nbsp;&nbsp;&nbsp;&nbsp;&nbsp;&nbsp;&nbsp;&nbsp;&nbsp;&nbsp;&nbsp; tisztító kefe tartozék</P>
<P style=\"TEXT-ALIGN: justify; MARGIN-LEFT: 40.5pt; TEXT-INDENT: -22.5pt; mso-list: l0 level1 lfo1\">·&nbsp;&nbsp;&nbsp;&nbsp;&nbsp;&nbsp;&nbsp;&nbsp;&nbsp;&nbsp;&nbsp;&nbsp; hajvágó gép súlya: 200gr</P>
<P style=\"TEXT-ALIGN: justify; MARGIN: 0cm 0cm 10pt 40.5pt; LINE-HEIGHT: normal; TEXT-INDENT: -22.5pt; mso-list: l0 level1 lfo1; mso-margin-top-alt: auto; mso-margin-bottom-alt: auto\"><FONT face=Calibri>·</FONT>&nbsp;&nbsp;&nbsp;&nbsp;&nbsp;&nbsp;&nbsp;&nbsp;&nbsp;&nbsp;&nbsp;&nbsp; <FONT face=Calibri>hajvágó gép márkák: Hairway</FONT></P>
<P style=\"TEXT-ALIGN: justify; MARGIN: 0cm 0cm 10pt 40.5pt; LINE-HEIGHT: normal; TEXT-INDENT: -22.5pt; mso-list: l0 level1 lfo1; mso-margin-top-alt: auto; mso-margin-bottom-alt: auto\"><FONT face=Calibri>·</FONT>&nbsp;&nbsp;&nbsp;&nbsp;&nbsp;&nbsp;&nbsp;&nbsp;&nbsp;&nbsp;&nbsp;&nbsp; <FONT face=Calibri>hajvágó gép származási hely: Németország</FONT></P>
<P style=\"TEXT-ALIGN: justify\"><B><U>A hajvágó, hajnyíró gép használata:</U></B></P>
<P style=\"TEXT-ALIGN: justify\">Minden használat előtt 1 csepp olajat tegyen a késre, ezzel jelentősen meghosszabbítja a kés élettartamát, és jelentősen megnöveli a hajnyírógép teljesítményét is! A kés pengéje és a fej alá egy bizonyos idő után haj kerülhet! Ezt időszakosan távolítsa el!</P>
<P>&nbsp;</P>', `item_id`='1831-hw02041', `default_pic`='957', `active`='1', `category_id`='265', `root_category_id`='104', `seo_name`='megszunt-digitalis-nagyteljesitmenyu-hajvagogep-turbo-x5-noi-ferfi', `fullurl`='fodraszkellek/hajkefe/keramia-korkefe/megszunt-digitalis-nagyteljesitmenyu-hajvagogep-turbo-x5-noi-ferfi', `other_categories`='' WHERE id=2953

[2020-07-17 11:19:45] INSERT INTO webshop_gallery (`id`, `product_id`, `original_name`, `new_name`, `date`) VALUES (15091, 5012, 'megszünt - Maxima Hair Glue extrém erős hajzselé', '15091.jpg', 1594977585)

[2020-07-17 11:19:45] INSERT INTO webshop_products (`id`, `name_hun`, `name_eng`, `item_id`, `price`, `reduced_price`, `status`, `currency`, `content_short`, `content`, `details`, `date`, `default_pic`, `active`, `main`, `sort`, `category_id`, `root_category_id`, `seo_name`, `fullurl`, `websyx_id`, `quantity`, `other_categories`) VALUES ('5012', 'megszünt - Maxima Hair Glue extrém erős hajzselé', 'megszünt - Maxima Hair Glue extrém erős hajzselé', '1412-vmf-7092-150ml', 0, 0, 1, 'Ft', 'Extrém erős hajzselé. - &nbsp;Azonnal száradó, rostos szerkezetű, extra erős hajzselé, nem laposítja le a...', '<P style=\"TEXT-ALIGN: justify\">Extrém erős hajzselé. - &nbsp;Azonnal száradó, rostos szerkezetű, extra erős hajzselé, nem laposítja le a hajat. használata ideális hegyes, szabadabb és szabályos formák kialakításához, hajszobrászkodáshoz.</P>
<P>150ml - A hajzselé&nbsp; egy ultra erős tartású professzionális hajfixáló, ami hosszan tartó rugalmas tartást biztosít. Kellemes virág illatú hajápoló. A gyümölcssavaknak köszönhetően alkalmazkodik a frizurához, védi a hajat, dúsítja. A hajfixáló gél speciális védőformulái óvják és vitalizálják a hajat. Ideális minden frizura fixálására. Könnyen kifésülhető, hosszan tartja hatását, nem hagy maradványokat a hajban.</P>
<P><STRONG>Professzionális fodrászcikk, fodrászkellék! </STRONG></P>
<P><STRONG><U>Hogyan készítsen frizurát a hajzselével. - </U></STRONG></P>
<P><STRONG><U>Használata</U></STRONG><U>:</U> Dörzsöljön össze a tenyerében egy kis mennyiséget, majd vigye fel egyenletesen a frizurára, vagy kenjen be vele néhány tincset.</P>
<P style=\"TEXT-ALIGN: justify\"></P>', '', 1594977585, '15091', '1', 0, 1, 265, '104', 'megszunt-maxima-hair-glue-extrem-eros-hajzsele', 'fodraszkellek/hajkefe/keramia-korkefe/megszunt-maxima-hair-glue-extrem-eros-hajzsele', '2583', 1, '')

[2020-07-17 11:19:45] INSERT INTO webshop_special_fields (`key`, `value`, `product_id`) VALUES ('manufacturer', 'Vitalfarco Maxima-NHP-Vitael', 5012)

[2020-07-17 11:19:45] INSERT INTO webshop_special_fields (`key`, `value`, `product_id`) VALUES ('quantityunit', 'ml', 5012)

[2020-07-17 11:19:45] INSERT INTO webshop_special_fields (`key`, `value`, `product_id`) VALUES ('kiszereles', '150', 5012)

[2020-07-17 11:19:45] INSERT INTO webshop_gallery (`id`, `product_id`, `original_name`, `new_name`, `date`) VALUES (15092, 5013, 'megszünt - Olaj esszenciás hajápoló csomag minden hajtípusra utazó kitt KINESSENCES', '15092.jpg', 1594977585)

[2020-07-17 11:19:45] INSERT INTO webshop_products (`id`, `name_hun`, `name_eng`, `item_id`, `price`, `reduced_price`, `status`, `currency`, `content_short`, `content`, `details`, `date`, `default_pic`, `active`, `main`, `sort`, `category_id`, `root_category_id`, `seo_name`, `fullurl`, `websyx_id`, `quantity`, `other_categories`) VALUES ('5013', 'megszünt - Olaj esszenciás hajápoló csomag minden hajtípusra utazó kitt KINESSENCES', 'megszünt - Olaj esszenciás hajápoló csomag minden hajtípusra utazó kitt KINESSENCES', '0820-kiness-512012-csomag', 0, 0, 1, 'Ft', '...', '', '', 1594977585, '15092', '1', 0, 1, 265, '104', 'megszunt-olaj-esszencias-hajapolo-csomag-minden-hajtipusra-utazo-kitt-kinessences', 'fodraszkellek/hajkefe/keramia-korkefe/megszunt-olaj-esszencias-hajapolo-csomag-minden-hajtipusra-utazo-kitt-kinessences', '2588', 1, '')

[2020-07-17 11:19:45] INSERT INTO webshop_special_fields (`key`, `value`, `product_id`) VALUES ('manufacturer', 'EURO SO.CAP. póthaj', 5013)

[2020-07-17 11:19:45] INSERT INTO webshop_special_fields (`key`, `value`, `product_id`) VALUES ('quantityunit', 'db', 5013)

[2020-07-17 11:19:45] INSERT INTO webshop_special_fields (`key`, `value`, `product_id`) VALUES ('kiszereles', '1', 5013)

[2020-07-17 11:19:45] UPDATE webshop_gallery SET original_name='Szőke hajfesték Nirvel-Blond-U', date=1594977585 WHERE id=1673

[2020-07-17 11:19:45] UPDATE webshop_special_fields SET `value`='Nirvel' WHERE `key`='manufacturer' AND `product_id`=3265

[2020-07-17 11:19:45] UPDATE webshop_special_fields SET `value`='ml' WHERE `key`='quantityunit' AND `product_id`=3265

[2020-07-17 11:19:45] UPDATE webshop_special_fields SET `value`='60' WHERE `key`='kiszereles' AND `product_id`=3265

[2020-07-17 11:19:45] UPDATE webshop_products SET `name_hun`='Nirvel ARTX Blond U szőke hajfesték',`content_short`='Hajfesték szőke hajakhoz. Ultravilágosító szőke hajfesték, és szőke tartós hajszínező kollekció. A Nirvel...',`content`='<P style=\"TEXT-ALIGN: justify\"><STRONG>Hajfesték szőke hajakhoz. Ultravilágosító szőke hajfesték, és szőke tartós hajszínező kollekció. A Nirvel Blond U szőke hajak készítésére készült kollekciója 6db ultravilágosító hatású hajfestéket és 7 db ultravilágos tartós hajszínezőt tartalmaz. A szőke hajfestékekkel és hajszínezőkkel, ezek egymással való kombinációjával számtalan divatos szőke hajszínárnyalatot hozhatunk létre.</STRONG><B style=\"mso-bidi-font-weight: normal\"> </B></P>
<P style=\"TEXT-ALIGN: justify\"><B>A&nbsp;Blond U&nbsp;hajfesték színskála a jól nagyítható hajfesték színekkel, a hajszínek Magyar elnevezése itt a - Termékleírás - melletti,&nbsp; - Hajfesték színek - vagy&nbsp; - Hajszínskála - fülnél található!</B></P>
<P style=\"TEXT-ALIGN: justify; mso-outline-level: 5\">Az erősödő <I>color wear</I> színes haj viselet iránti igény miatt egyre nagyobb szerepet kapnak a hajszínező termékek, a hajszínezés technikák, és egyre több hajszínező terméket használunk.</P>
<P style=\"TEXT-ALIGN: justify\">18db vagy&nbsp; Hajfesték vásárlása esetén tincses hajszínskálát kérhet ajándékba, vagy vásárolja meg kezdő csomagunkat, amely tartalmazza. Hívja ügyfélszolgálatunkat, vagy kérje a -<B>Kosár </B>&nbsp;&ndash; <B>Megrendelés</B> &ndash; <B>Megjegyzés</B> - ablakba beírva ! </P>
<P style=\"TEXT-ALIGN: justify\"><B>A hajfestékek megrendelése:</B></P>
<P style=\"TEXT-ALIGN: justify\">A jól nagyítható hajszínskála nagyban segíti a megfelelő hajszín kiválasztását, írja fel, jegyezze meg a kiválasztott hajszín számát! Válassza ki a hajszínt, írja be a kívánt darabszámot, majd tegye a kosárba! Ha több színt vásárol, innen <STRONG>menjen vissza a&nbsp; &ndash; Vásárlás folytatása - gombbal a hajfestékhez, és ezt színenként ismételje meg!</STRONG></P>
<P style=\"TEXT-ALIGN: justify\"><B>A hajfesték oxidálószer kiválasztása: A szőke hajszíneknél a legjobb eredmény eléréséhez használja a Nirvel oxidáló szerét!</B> <STRONG>A hajfestékhez szükséges oxidáló megrendeléséhez&nbsp;több lehetőség is van! </STRONG></P>
<P style=\"TEXT-ALIGN: justify\">Ha a program a terméknél nem ajánlja fel, &ndash; <STRONG>Hajfesték oxidálók és színelőhívók</STRONG> -&ndash; almenüpontban válassza ki a márkának megfelelő oxidálót és rendelje meg!&nbsp; - <B>Ha nehézséget okoz a megrendelés, diktálja be telefonon ingyenesen is hívható ügyfélszolgálatunknak!</B></P>
<P style=\"TEXT-ALIGN: justify\">&nbsp;U<STRONG>ltravilágosító, szőke Blond U hajfestékek.</STRONG></P>
<P><STRONG><U>Az ultrvilágosító szőke hajfestékek színei:</U></STRONG></P>
<P style=\"TEXT-ALIGN: justify; MARGIN: 0cm 0cm 10pt\">13-11 Ultravilágos Jég Szőke hajfesték, 13-66 Ultravilágos Titán Szőke hajfesték, 13-25 Ultravilágos Rózsaszín Szőke hajfesték, 13-45 Ultravilágos Barack Szőke hajfesték, 13-33 Ultravilágos Pezsgő Szőke hajfesték, 13-74 Ultravilágos Caramel Szőke hajfesték</P>
<P><STRONG>Új, ultravilágos szőke tartós hajszínezők:&nbsp; 2014.10.17-től rendelhető!</STRONG></P>
<P><B>Az ultravilágos szőke tartós hajszínezők színei:</B></P>
<P>M-11 Ultravilágos Jég Szőke hajszínező, M-66 Ultravilágos Titán Szőke hajszínező, M-25 Ultravilágos Rózsaszín Szőke hajszínező, M-45 Ultravilágos Barack Szőke hajszínező, M-33 Ultravilágos Pezsgő Szőke hajszínező, M-74 Ultravilágos Caramel Szőke hajszínező, M-00 Szín világosító, amelyet a többi színhez keverve csökkenti a szín intenzitását</P>
<P><B>Az ultravilágosító hajfestékek használata:</B></P>
<P>A hajfestéssel kapcsolatos részletes szakmai tudnivalókat, tanácsokat az&nbsp; -Információk -&nbsp;&nbsp;- &nbsp;Hajfestékek használata, hajfestési tanácsok - oldalon találja!&nbsp;</P>
<P>Az ultravilágosító hajfestékek keverési aránya&nbsp;&nbsp; 4-6 árnyalat világosításakor 1+2&nbsp; Hatóidő 45 perc. 40 vol (12%) oxidálószert használjon!<BR>Tegyünk egy műanyag tálba 1 adag Hair Color festéket, és keverjünk hozzá 2 adag oxidálószert ( pl.: 50ml festék&nbsp; + 100ml oxidálószer).</P>
<P><B>Oxidálószer kiválasztása:</B>&nbsp;&nbsp;&nbsp;&nbsp;&nbsp;&nbsp;&nbsp;&nbsp;&nbsp;&nbsp;&nbsp;&nbsp;&nbsp;&nbsp;&nbsp;&nbsp;&nbsp;&nbsp;&nbsp;&nbsp;&nbsp;&nbsp;&nbsp; keverési arány&nbsp;&nbsp;&nbsp;&nbsp;&nbsp;&nbsp; &nbsp; &nbsp; &nbsp; &nbsp; &nbsp; &nbsp; &nbsp; &nbsp; &nbsp; &nbsp; &nbsp; &nbsp; &nbsp; &nbsp; &nbsp; &nbsp; &nbsp; &nbsp;&nbsp; hatóidő:perc<BR>10 vol ( 3% ) hajszínezés&nbsp;&nbsp;&nbsp;&nbsp;&nbsp;&nbsp;&nbsp;&nbsp;&nbsp;&nbsp;&nbsp;&nbsp;&nbsp;&nbsp;&nbsp;&nbsp;&nbsp;&nbsp;&nbsp;&nbsp;&nbsp;&nbsp; 1+2&nbsp;&nbsp; 40ml hajfesték 80ml oxi.&nbsp;&nbsp;&nbsp;&nbsp;&nbsp;&nbsp;&nbsp;&nbsp;&nbsp;&nbsp;&nbsp;&nbsp;&nbsp;&nbsp;&nbsp;&nbsp;&nbsp;&nbsp;&nbsp;&nbsp;&nbsp;&nbsp;&nbsp;&nbsp;&nbsp;&nbsp;&nbsp;&nbsp;&nbsp;&nbsp;&nbsp;&nbsp;&nbsp;&nbsp;&nbsp;&nbsp;&nbsp;&nbsp; 20-30 <BR>20 vol ( 6% ) Festés, ősz haj takarása &nbsp;&nbsp; 1+1,5 50ml hajfesték 75ml oxi&nbsp;&nbsp;&nbsp; 1 árnyalat világosítása&nbsp;&nbsp;&nbsp; 20-30 <BR>30 vol ( 9% ) Világosítás&nbsp;&nbsp;&nbsp;&nbsp;&nbsp;&nbsp;&nbsp;&nbsp;&nbsp;&nbsp;&nbsp;&nbsp;&nbsp;&nbsp;&nbsp;&nbsp;&nbsp;&nbsp;&nbsp;&nbsp;&nbsp;&nbsp;&nbsp; 1+1,5 50ml hajfesték 75ml oxi&nbsp; 2-3 árnyalat világosítása&nbsp;&nbsp;&nbsp;&nbsp;&nbsp;&nbsp;&nbsp; 30 <BR>40 vol (12%) Világosítás&nbsp;&nbsp;&nbsp;&nbsp;&nbsp;&nbsp;&nbsp;&nbsp;&nbsp;&nbsp;&nbsp;&nbsp;&nbsp;&nbsp;&nbsp;&nbsp;&nbsp;&nbsp;&nbsp;&nbsp;&nbsp;&nbsp;&nbsp; 1+1,5 50ml hajfesték 75ml oxi&nbsp; 3-4 árnyalat világosítása&nbsp;&nbsp; 30-45 <BR>40 vol (12%) Ultravilágosítás&nbsp;&nbsp;&nbsp;&nbsp;&nbsp;&nbsp;&nbsp;&nbsp;&nbsp;&nbsp;&nbsp;&nbsp;&nbsp;&nbsp;&nbsp;&nbsp;&nbsp; 1+2&nbsp;&nbsp;&nbsp; 40ml hajfesték 80ml oxi&nbsp; 5-6 árnyalat világosítása&nbsp;&nbsp; 45</P>
<P><B>Az ultravilágos szőke tartós hajszínezők használata:</B></P>
<P style=\"MARGIN: 0cm 0cm 10pt\">A tartós hajszínezőnek nincs világosító hatása, csak világos alapon használja!</P>
<P>Az ultravilágosító hajszínezők keverési aránya&nbsp; 1+2&nbsp; Hatóidő 20 perc.&nbsp;&nbsp;10 vol ( 3% ) hajszínező oxidálószert használjon!</P>
<P>Intenzív hajszín eléréséhez 1+1 keverési arányt használjon.</P>
<P>Az M-00 világosító szín használatával a színek erősségét csökkentheti, a hozzá kevert mennyiség arányában. 30mm-nél nagyobb mennyiséget ne használjon! Nyomjon ki pl. 30ml festéket és adjon hozzá 20ml M-00 világosítót.</P>
<P><B>Hajszínező általános használata:</B></P>
<P>Tegyünk egy műanyag tálba 1 adag hajszínező festéket, és keverjünk hozzá 2 adag oxidálószert ( pl.: 50ml festék&nbsp; + 100ml oxidálószer).</P>
<P style=\"TEXT-ALIGN: justify\">A hajhossznak megfelelő mennyiségű&nbsp;hajfestéket műanyag tálkában keverjünk össze oxidáló emulsióval és az így elkészített krémet vigyük fel a hajra. A krém hajfestéket száraz, mosatlan hajra hajfestő ecsettel visszük fel. A hajfestő krémet a fej hátsó részénél kezdjük felvinni a hajra, fokozatosan a homlok felé haladva. A hajfestő krémet mindig úgy vigyük fel, hogy a hajszálakat teljesen és egyenletesen fedje. Ha&nbsp; olyan hajat festünk, amit ezelőtt nem ezzel a színező termékekkel kezeltek, ajánlatos a hajból festék eltávolítóval az eddig bevitt festékanyagokat eltávolítani. Ezzel elkerülhetjük az úgynevezett festéktorlódást! Az emulsiót egész hosszra vigyük fel, és hagyjuk állni 20 percig. A kezelés után jól öblítsük ki a hajat, és mossuk meg festés utáni Coloured samponnal.</P>
<P style=\"TEXT-ALIGN: justify\"><STRONG>Az </STRONG><B>ultravilágos<STRONG> hajfestékek általános használata:</STRONG></B></P>
<P style=\"TEXT-ALIGN: justify\"><STRONG>Első hajfestés</STRONG>: A hajhossznak megfelelő mennyiségű&nbsp; krém hajfestéket műanyag tálkában keverjünk össze oxidáló emulsióval és az így elkészített krémet vigyük fel a hajra. A krém hajfestéket száraz, mosatlan hajra hajfestő ecsettel visszük fel. A hajfestő krémet a fej hátsó részénél kezdjük felvinni a hajra, fokozatosan a homlok felé haladva. A hajfestő krémet mindig úgy vigyük fel, hogy a hajszálakat teljesen és egyenletesen fedje. Ha&nbsp; olyan hajat festünk, amit ezelőtt nem ezzel a színező termékekkel kezeltek, ajánlatos a hajból festék eltávolítóval az eddig bevitt festékanyagokat eltávolítani. Ezzel elkerülhetjük az úgynevezett festéktorlódást! Első festés - az egész haj festése: A hajfestő krémet 1-2 cm-re a hajtőtől az egész hosszra vigyük fel. 15 perc elteltével fessük be a hajtöveket, és hagyjuk állni 12-20 percig. A kezelés után jól öblítsük ki a hajat, és mossuk meg festés utáni Coloured samponnal.</P>
<P><STRONG>Hajtövek után festése:</STRONG> A hajfestő krémet a fej hátsó részénél kezdjük felvinni a hajtőre és a fej közepénél fejezzük be. Hagyjuk állni 20-25 percig Ezután vigyük fel a festéket a haj egész hosszára, és hagyjuk állni 5-10 percig. A kezelés után jól öblítsük ki a hajat és mossuk meg festés utáni Coloured samponnal.</P>
<P style=\"mso-outline-level: 5\"><B>Az erősödő szőke <I>color wear</I> színes haj viselet iránti igény miatt egyre nagyobb szerepet kapnak a hajszínező termékek, a hajszínezés technikák, egyre több, Blond&nbsp;&nbsp;U hajszínező terméket használunk.</B></P>', `item_id`='0101-nartx-60ml-bu-alap', `default_pic`='1673', `active`='1', `category_id`='22', `root_category_id`='0', `seo_name`='nirvel-artx-blond-u-szoke-hajfestek', `fullurl`='hajfestek/nirvel-artx-blond-u-szoke-hajfestek', `other_categories`='22,24,28,83,84,222,331' WHERE id=3265

[2020-07-17 11:19:45] INSERT INTO webshop_products (`id`, `name_hun`, `name_eng`, `item_id`, `price`, `reduced_price`, `status`, `currency`, `content_short`, `content`, `details`, `date`, `default_pic`, `active`, `main`, `sort`, `category_id`, `root_category_id`, `seo_name`, `fullurl`, `websyx_id`, `quantity`, `other_categories`) VALUES ('5014', 'megszünt - Munkaruha, izzadást gátoló és hajlepergetős nadrág Kin Bloomers Lauren-S', 'megszünt - Munkaruha, izzadást gátoló és hajlepergetős nadrág Kin Bloomers Lauren-S', '0832-kbl-310118-lauren-S', 0, 0, 1, 'Ft', 'M - L - XL méretben készül &ndash; Újdonság!! Izzadást gátoló, hajlepergetős anyagból készült ruha, amely...', '<P>M - L - XL méretben készül &ndash; Újdonság!! Izzadást gátoló, hajlepergetős anyagból készült ruha, amely nem veszi be a testszagokat sem. Nagyon kényelmes viseletet biztosít.</P>
<P>&nbsp;</P>', '', 1594977585, '0', '1', 0, 1, 265, '104', 'megszunt-munkaruha-izzadast-gatolo-es-hajlepergetos-nadrag-kin-bloomers-lauren-s', 'fodraszkellek/hajkefe/keramia-korkefe/megszunt-munkaruha-izzadast-gatolo-es-hajlepergetos-nadrag-kin-bloomers-lauren-s', '2733', 1, '')

[2020-07-17 11:19:45] INSERT INTO webshop_special_fields (`key`, `value`, `product_id`) VALUES ('manufacturer', 'KIN Cosmetics', 5014)

[2020-07-17 11:19:45] INSERT INTO webshop_special_fields (`key`, `value`, `product_id`) VALUES ('quantityunit', 'db', 5014)

[2020-07-17 11:19:45] INSERT INTO webshop_special_fields (`key`, `value`, `product_id`) VALUES ('kiszereles', '1', 5014)

[2020-07-17 11:19:45] INSERT INTO webshop_gallery (`id`, `product_id`, `original_name`, `new_name`, `date`) VALUES (15093, 5015, 'megszünt - Nirvel Volume Regenerante volumennövelő hajmaszk 250ml', '15093.jpg', 1594977585)

[2020-07-17 11:19:45] INSERT INTO webshop_products (`id`, `name_hun`, `name_eng`, `item_id`, `price`, `reduced_price`, `status`, `currency`, `content_short`, `content`, `details`, `date`, `default_pic`, `active`, `main`, `sort`, `category_id`, `root_category_id`, `seo_name`, `fullurl`, `websyx_id`, `quantity`, `other_categories`) VALUES ('5015', 'megszünt - Nirvel Volume Regenerante volumennövelő hajmaszk 250ml', 'megszünt - Nirvel Volume Regenerante volumennövelő hajmaszk 250ml', '0114-nvp-8436-250ml-regi', 0, 0, 1, 'Ft', 'Volumennövelő, hajerősítő hajpakolás regenerálja a hajat a gyökerektől egészen a haj végéig, és növeli a...', '<P style=\"TEXT-ALIGN: justify; MARGIN: 0cm 0cm 10pt\">Volumennövelő, hajerősítő hajpakolás regenerálja a hajat a gyökerektől egészen a haj végéig, és növeli a haj természetes mennyiségét. A fő hatóanyagai a keratin és a vitaminok belülről erősítik a kapilláris rostokat, és hidratálják a hajszálakat, </P>
<P style=\"TEXT-ALIGN: justify; MARGIN: 0cm 0cm 10pt\">250ml &ndash;&nbsp; A hajpakoló használatával extra volument, vitalitást, erőt adunk a lapos, legyengült és kiszáradt hajnak, rugalmasságot, fényt ad a hajnak, védi a kiszáradástól, az erős fény és környezeti hatások által okozott károktól, professzionális fodrászcikk, fodrászkellék! </P>
<P style=\"MARGIN: 0cm 0cm 10pt\">Voolumennövelő, hajerősítő hajpakolás főbb összetevők:<BR>- Keratin.<BR>- Vitaminok.</P>
<P style=\"TEXT-ALIGN: justify; MARGIN: 0cm 0cm 10pt\"><STRONG>A Nirvel Regenerating volumennövelő hajmaszk - hajpakolás használata Nirvel Capillary hajmaszk otthon házilag, és a fodrászatban.</STRONG></P>
<P style=\"TEXT-ALIGN: justify; MARGIN: 0cm 0cm 10pt\">A hajmosás után hajszárító segítségével készítsen törölköző száraz a hajat! A hajra vigye fel a megfelelő mennyiségű hajpakolót, és finoman masszírozza bele a hajba. Fedjük le egy törülközővel, és hagyjuk 10 vagy 15 percig. A hajat öblítsük bő meleg vízzel.</P>
<P style=\"TEXT-ALIGN: justify\">&nbsp;</P>', '', 1594977585, '15093', '1', 0, 1, 265, '104', 'megszunt-nirvel-volume-regenerante-volumennovelo-hajmaszk-250ml', 'fodraszkellek/hajkefe/keramia-korkefe/megszunt-nirvel-volume-regenerante-volumennovelo-hajmaszk-250ml', '3028', 1, '')

[2020-07-17 11:19:45] INSERT INTO webshop_special_fields (`key`, `value`, `product_id`) VALUES ('manufacturer', 'Nirvel', 5015)

[2020-07-17 11:19:45] INSERT INTO webshop_special_fields (`key`, `value`, `product_id`) VALUES ('quantityunit', 'ml', 5015)

[2020-07-17 11:19:45] INSERT INTO webshop_special_fields (`key`, `value`, `product_id`) VALUES ('kiszereles', '250', 5015)

[2020-07-17 11:19:45] UPDATE webshop_products SET sort=1 WHERE id=3326

[2020-07-17 11:19:45] UPDATE webshop_products SET sort=2 WHERE id=5012

[2020-07-17 11:19:46] UPDATE webshop_products SET sort=3 WHERE id=5014

[2020-07-17 11:19:46] UPDATE webshop_products SET sort=4 WHERE id=5013

[2020-07-17 11:19:46] UPDATE webshop_products SET sort=5 WHERE id=5015

[2020-07-17 11:19:47] UPDATE users SET lastlogin = NOW() WHERE id = '11'

[2020-07-17 11:19:47] INSERT INTO webshop_gallery (`id`, `product_id`, `original_name`, `new_name`, `date`) VALUES (15094, 5016, 'megszünt - Maxima FS hajfixáló Akciós csomag 13db termékkel +ajándék profi hajvágógéppel', '15094.jpg', 1594977587)

[2020-07-17 11:19:47] INSERT INTO webshop_products (`id`, `name_hun`, `name_eng`, `item_id`, `price`, `reduced_price`, `status`, `currency`, `content_short`, `content`, `details`, `date`, `default_pic`, `active`, `main`, `sort`, `category_id`, `root_category_id`, `seo_name`, `fullurl`, `websyx_id`, `quantity`, `other_categories`) VALUES ('5016', 'megszünt - Maxima FS hajfixáló Akciós csomag 13db termékkel +ajándék profi hajvágógéppel', 'megszünt - Maxima FS hajfixáló Akciós csomag 13db termékkel +ajándék profi hajvágógéppel', '1420-vmfs-7040-csomag/13dbtermékkel-neid', 0, 0, 1, 'Ft', 'Hajfixáló, hajfényező&nbsp;termékek&nbsp;Akciós csomagja, mely&nbsp;a&nbsp;megújult Maxima hajfixáló, frizura...', '<P>Hajfixáló, hajfényező&nbsp;termékek&nbsp;Akciós csomagja, mely&nbsp;a&nbsp;megújult Maxima hajfixáló, frizura befejező termék család 13db termékéből, 1-1 db-ot&nbsp;tartalmaz. Az akció fodrászáron van feltüntetve, további kedvezmény nem érvényesíthető! </P>
<P>A csomaghoz ajándékba adunk 1db professzionális, 43mm széles vágófejjel rendelkező,&nbsp;hajvágó gépet kb. 25 000Ft értékben. Az akció csak a készlet erejéig tart!</P>
<P>A csomagot Ingyenesen szállítjuk!</P>
<P>Az új Maxima termékek modern, kellemes friss illattal, és a feladathoz legoptimálisabb tulajdonságokkal rendelkeznek.</P>
<P>
<TABLE style=\"WIDTH: 428pt; BORDER-COLLAPSE: collapse; mso-yfti-tbllook: 1184; mso-padding-alt: 0cm 0cm 0cm 0cm\" cellSpacing=0 cellPadding=0 width=571 border=0>
<TBODY>
<TR style=\"HEIGHT: 15pt; mso-yfti-irow: 0; mso-yfti-firstrow: yes\">
<TD style=\"BORDER-TOP: #f0f0f0; HEIGHT: 15pt; BORDER-RIGHT: #f0f0f0; WIDTH: 188pt; BORDER-BOTTOM: #f0f0f0; PADDING-BOTTOM: 0cm; PADDING-TOP: 0cm; PADDING-LEFT: 0cm; BORDER-LEFT: #f0f0f0; PADDING-RIGHT: 0cm; BACKGROUND-COLOR: transparent\" width=251>
<P style=\"MARGIN: 0cm 0cm 10pt\"><FONT face=Calibri>1411-vmfs-7205-erős-400ml</FONT></P></TD>
<TD style=\"BORDER-TOP: #f0f0f0; HEIGHT: 15pt; BORDER-RIGHT: #f0f0f0; WIDTH: 240pt; BORDER-BOTTOM: #f0f0f0; PADDING-BOTTOM: 0cm; PADDING-TOP: 0cm; PADDING-LEFT: 0cm; BORDER-LEFT: #f0f0f0; PADDING-RIGHT: 0cm; BACKGROUND-COLOR: transparent\" width=320>
<P style=\"MARGIN: 0cm 0cm 10pt\"><FONT face=Calibri>Maxima Fs Defining erős hajhab</FONT></P></TD></TR>
<TR style=\"HEIGHT: 15pt; mso-yfti-irow: 1\">
<TD style=\"BORDER-TOP: #f0f0f0; HEIGHT: 15pt; BORDER-RIGHT: #f0f0f0; BORDER-BOTTOM: #f0f0f0; PADDING-BOTTOM: 0cm; PADDING-TOP: 0cm; PADDING-LEFT: 0cm; BORDER-LEFT: #f0f0f0; PADDING-RIGHT: 0cm; BACKGROUND-COLOR: transparent\">
<P style=\"MARGIN: 0cm 0cm 10pt\"><FONT face=Calibri>1410-vmfs-7201-extraerős-500ml</FONT></P></TD>
<TD style=\"BORDER-TOP: #f0f0f0; HEIGHT: 15pt; BORDER-RIGHT: #f0f0f0; BORDER-BOTTOM: #f0f0f0; PADDING-BOTTOM: 0cm; PADDING-TOP: 0cm; PADDING-LEFT: 0cm; BORDER-LEFT: #f0f0f0; PADDING-RIGHT: 0cm; BACKGROUND-COLOR: transparent\">
<P style=\"MARGIN: 0cm 0cm 10pt\"><FONT face=Calibri>Maxima FS Ultimate extra erős hajspray </FONT></P></TD></TR>
<TR style=\"HEIGHT: 15pt; mso-yfti-irow: 2\">
<TD style=\"BORDER-TOP: #f0f0f0; HEIGHT: 15pt; BORDER-RIGHT: #f0f0f0; BORDER-BOTTOM: #f0f0f0; PADDING-BOTTOM: 0cm; PADDING-TOP: 0cm; PADDING-LEFT: 0cm; BORDER-LEFT: #f0f0f0; PADDING-RIGHT: 0cm; BACKGROUND-COLOR: transparent\">
<P style=\"MARGIN: 0cm 0cm 10pt\"><FONT face=Calibri>1410-vmfs-7203-erős-300ml</FONT></P></TD>
<TD style=\"BORDER-TOP: #f0f0f0; HEIGHT: 15pt; BORDER-RIGHT: #f0f0f0; BORDER-BOTTOM: #f0f0f0; PADDING-BOTTOM: 0cm; PADDING-TOP: 0cm; PADDING-LEFT: 0cm; BORDER-LEFT: #f0f0f0; PADDING-RIGHT: 0cm; BACKGROUND-COLOR: transparent\">
<P style=\"MARGIN: 0cm 0cm 10pt\"><FONT face=Calibri>Maxima Fs Directional pumpás erős hajlakk</FONT></P></TD></TR>
<TR style=\"HEIGHT: 15pt; mso-yfti-irow: 3\">
<TD style=\"BORDER-TOP: #f0f0f0; HEIGHT: 15pt; BORDER-RIGHT: #f0f0f0; BORDER-BOTTOM: #f0f0f0; PADDING-BOTTOM: 0cm; PADDING-TOP: 0cm; PADDING-LEFT: 0cm; BORDER-LEFT: #f0f0f0; PADDING-RIGHT: 0cm; BACKGROUND-COLOR: transparent\">
<P style=\"MARGIN: 0cm 0cm 10pt\"><FONT face=Calibri>1410-vmfs-7201-erős-500ml</FONT></P></TD>
<TD style=\"BORDER-TOP: #f0f0f0; HEIGHT: 15pt; BORDER-RIGHT: #f0f0f0; BORDER-BOTTOM: #f0f0f0; PADDING-BOTTOM: 0cm; PADDING-TOP: 0cm; PADDING-LEFT: 0cm; BORDER-LEFT: #f0f0f0; PADDING-RIGHT: 0cm; BACKGROUND-COLOR: transparent\">
<P style=\"MARGIN: 0cm 0cm 10pt\"><FONT face=Calibri>Maxima FS Dinamic erős hajspray </FONT></P></TD></TR>
<TR style=\"HEIGHT: 15pt; mso-yfti-irow: 4\">
<TD style=\"BORDER-TOP: #f0f0f0; HEIGHT: 15pt; BORDER-RIGHT: #f0f0f0; BORDER-BOTTOM: #f0f0f0; PADDING-BOTTOM: 0cm; PADDING-TOP: 0cm; PADDING-LEFT: 0cm; BORDER-LEFT: #f0f0f0; PADDING-RIGHT: 0cm; BACKGROUND-COLOR: transparent\">
<P style=\"MARGIN: 0cm 0cm 10pt\"><FONT face=Calibri>1410-vmfs-7204-200ml</FONT></P></TD>
<TD style=\"BORDER-TOP: #f0f0f0; HEIGHT: 15pt; BORDER-RIGHT: #f0f0f0; BORDER-BOTTOM: #f0f0f0; PADDING-BOTTOM: 0cm; PADDING-TOP: 0cm; PADDING-LEFT: 0cm; BORDER-LEFT: #f0f0f0; PADDING-RIGHT: 0cm; BACKGROUND-COLOR: transparent\">
<P style=\"MARGIN: 0cm 0cm 10pt\"><FONT face=Calibri>Maxima FS Sea Salt volumennövelő tengeri sós vízzel</FONT></P></TD></TR>
<TR style=\"HEIGHT: 15pt; mso-yfti-irow: 5\">
<TD style=\"BORDER-TOP: #f0f0f0; HEIGHT: 15pt; BORDER-RIGHT: #f0f0f0; BORDER-BOTTOM: #f0f0f0; PADDING-BOTTOM: 0cm; PADDING-TOP: 0cm; PADDING-LEFT: 0cm; BORDER-LEFT: #f0f0f0; PADDING-RIGHT: 0cm; BACKGROUND-COLOR: transparent\">
<P style=\"MARGIN: 0cm 0cm 10pt\"><FONT face=Calibri>1413-vmfs-7050--100ml-wax</FONT></P></TD>
<TD style=\"BORDER-TOP: #f0f0f0; HEIGHT: 15pt; BORDER-RIGHT: #f0f0f0; BORDER-BOTTOM: #f0f0f0; PADDING-BOTTOM: 0cm; PADDING-TOP: 0cm; PADDING-LEFT: 0cm; BORDER-LEFT: #f0f0f0; PADDING-RIGHT: 0cm; BACKGROUND-COLOR: transparent\">
<P style=\"MARGIN: 0cm 0cm 10pt\"><FONT face=Calibri>Maxima FS Luxury Pomade hajfény wax</FONT></P></TD></TR>
<TR style=\"HEIGHT: 15pt; mso-yfti-irow: 6\">
<TD style=\"BORDER-TOP: #f0f0f0; HEIGHT: 15pt; BORDER-RIGHT: #f0f0f0; BORDER-BOTTOM: #f0f0f0; PADDING-BOTTOM: 0cm; PADDING-TOP: 0cm; PADDING-LEFT: 0cm; BORDER-LEFT: #f0f0f0; PADDING-RIGHT: 0cm; BACKGROUND-COLOR: transparent\">
<P style=\"MARGIN: 0cm 0cm 10pt\"><FONT face=Calibri>1413-vmfs-7030-100ml-erős</FONT></P></TD>
<TD style=\"BORDER-TOP: #f0f0f0; HEIGHT: 15pt; BORDER-RIGHT: #f0f0f0; BORDER-BOTTOM: #f0f0f0; PADDING-BOTTOM: 0cm; PADDING-TOP: 0cm; PADDING-LEFT: 0cm; BORDER-LEFT: #f0f0f0; PADDING-RIGHT: 0cm; BACKGROUND-COLOR: transparent\">
<P style=\"MARGIN: 0cm 0cm 10pt\"><FONT face=Calibri>Maxima FS Pastel Mat erős hajformázó paszta</FONT></P></TD></TR>
<TR style=\"HEIGHT: 15pt; mso-yfti-irow: 7\">
<TD style=\"BORDER-TOP: #f0f0f0; HEIGHT: 15pt; BORDER-RIGHT: #f0f0f0; BORDER-BOTTOM: #f0f0f0; PADDING-BOTTOM: 0cm; PADDING-TOP: 0cm; PADDING-LEFT: 0cm; BORDER-LEFT: #f0f0f0; PADDING-RIGHT: 0cm; BACKGROUND-COLOR: transparent\">
<P style=\"MARGIN: 0cm 0cm 10pt\"><FONT face=Calibri>1412-vmfs-7049/2-200ml-jam</FONT></P></TD>
<TD style=\"BORDER-TOP: #f0f0f0; HEIGHT: 15pt; BORDER-RIGHT: #f0f0f0; BORDER-BOTTOM: #f0f0f0; PADDING-BOTTOM: 0cm; PADDING-TOP: 0cm; PADDING-LEFT: 0cm; BORDER-LEFT: #f0f0f0; PADDING-RIGHT: 0cm; BACKGROUND-COLOR: transparent\">
<P style=\"MARGIN: 0cm 0cm 10pt\"><FONT face=Calibri>Maxima FS Fluid Jam hajfényesítő volumennövelő</FONT></P></TD></TR>
<TR style=\"HEIGHT: 15pt; mso-yfti-irow: 8\">
<TD style=\"BORDER-TOP: #f0f0f0; HEIGHT: 15pt; BORDER-RIGHT: #f0f0f0; BORDER-BOTTOM: #f0f0f0; PADDING-BOTTOM: 0cm; PADDING-TOP: 0cm; PADDING-LEFT: 0cm; BORDER-LEFT: #f0f0f0; PADDING-RIGHT: 0cm; BACKGROUND-COLOR: transparent\">
<P style=\"MARGIN: 0cm 0cm 10pt\"><FONT face=Calibri>1412-vmfs-7049/2-erős-150ml</FONT></P></TD>
<TD style=\"BORDER-TOP: #f0f0f0; HEIGHT: 15pt; BORDER-RIGHT: #f0f0f0; BORDER-BOTTOM: #f0f0f0; PADDING-BOTTOM: 0cm; PADDING-TOP: 0cm; PADDING-LEFT: 0cm; BORDER-LEFT: #f0f0f0; PADDING-RIGHT: 0cm; BACKGROUND-COLOR: transparent\">
<P style=\"MARGIN: 0cm 0cm 10pt\"><FONT face=Calibri>Maxima FS Rock Jam hajzselé emlékező erős tartással</FONT></P></TD></TR>
<TR style=\"HEIGHT: 15pt; mso-yfti-irow: 9\">
<TD style=\"BORDER-TOP: #f0f0f0; HEIGHT: 15pt; BORDER-RIGHT: #f0f0f0; BORDER-BOTTOM: #f0f0f0; PADDING-BOTTOM: 0cm; PADDING-TOP: 0cm; PADDING-LEFT: 0cm; BORDER-LEFT: #f0f0f0; PADDING-RIGHT: 0cm; BACKGROUND-COLOR: transparent\">
<P style=\"MARGIN: 0cm 0cm 10pt\"><FONT face=Calibri>1417-vmfs-7054-100ml</FONT></P></TD>
<TD style=\"BORDER-TOP: #f0f0f0; HEIGHT: 15pt; BORDER-RIGHT: #f0f0f0; BORDER-BOTTOM: #f0f0f0; PADDING-BOTTOM: 0cm; PADDING-TOP: 0cm; PADDING-LEFT: 0cm; BORDER-LEFT: #f0f0f0; PADDING-RIGHT: 0cm; BACKGROUND-COLOR: transparent\">
<P style=\"MARGIN: 0cm 0cm 10pt\"><FONT face=Calibri>Maxima FS Serum Glam hajfény krém</FONT></P></TD></TR>
<TR style=\"HEIGHT: 15pt; mso-yfti-irow: 10\">
<TD style=\"BORDER-TOP: #f0f0f0; HEIGHT: 15pt; BORDER-RIGHT: #f0f0f0; BORDER-BOTTOM: #f0f0f0; PADDING-BOTTOM: 0cm; PADDING-TOP: 0cm; PADDING-LEFT: 0cm; BORDER-LEFT: #f0f0f0; PADDING-RIGHT: 0cm; BACKGROUND-COLOR: transparent\">
<P style=\"MARGIN: 0cm 0cm 10pt\"><FONT face=Calibri>1407-vmfs-7038-200ml-look</FONT></P></TD>
<TD style=\"BORDER-TOP: #f0f0f0; HEIGHT: 15pt; BORDER-RIGHT: #f0f0f0; BORDER-BOTTOM: #f0f0f0; PADDING-BOTTOM: 0cm; PADDING-TOP: 0cm; PADDING-LEFT: 0cm; BORDER-LEFT: #f0f0f0; PADDING-RIGHT: 0cm; BACKGROUND-COLOR: transparent\">
<P style=\"MARGIN: 0cm 0cm 10pt\"><FONT face=Calibri>Maxima FS Sleek Look hővédő&nbsp;folyadék hajegyenesítéshez</FONT></P></TD></TR>
<TR style=\"HEIGHT: 15pt; mso-yfti-irow: 11\">
<TD style=\"BORDER-TOP: #f0f0f0; HEIGHT: 15pt; BORDER-RIGHT: #f0f0f0; BORDER-BOTTOM: #f0f0f0; PADDING-BOTTOM: 0cm; PADDING-TOP: 0cm; PADDING-LEFT: 0cm; BORDER-LEFT: #f0f0f0; PADDING-RIGHT: 0cm; BACKGROUND-COLOR: transparent\">
<P style=\"MARGIN: 0cm 0cm 10pt\"><FONT face=Calibri>1413-vmfs-7050--150ml-</FONT></P></TD>
<TD style=\"BORDER-TOP: #f0f0f0; HEIGHT: 15pt; BORDER-RIGHT: #f0f0f0; BORDER-BOTTOM: #f0f0f0; PADDING-BOTTOM: 0cm; PADDING-TOP: 0cm; PADDING-LEFT: 0cm; BORDER-LEFT: #f0f0f0; PADDING-RIGHT: 0cm; BACKGROUND-COLOR: transparent\">
<P style=\"MARGIN: 0cm 0cm 10pt\"><FONT face=Calibri>Maxima FS Curly hajgöndörítő aktivátor krém</FONT></P></TD></TR>
<TR style=\"HEIGHT: 15pt; mso-yfti-irow: 12; mso-yfti-lastrow: yes\">
<TD style=\"BORDER-TOP: #f0f0f0; HEIGHT: 15pt; BORDER-RIGHT: #f0f0f0; BORDER-BOTTOM: #f0f0f0; PADDING-BOTTOM: 0cm; PADDING-TOP: 0cm; PADDING-LEFT: 0cm; BORDER-LEFT: #f0f0f0; PADDING-RIGHT: 0cm; BACKGROUND-COLOR: transparent\">
<P style=\"MARGIN: 0cm 0cm 10pt\"><FONT face=Calibri>1413-vmfs-7030-100ml-pókháló</FONT></P></TD>
<TD style=\"BORDER-TOP: #f0f0f0; HEIGHT: 15pt; BORDER-RIGHT: #f0f0f0; BORDER-BOTTOM: #f0f0f0; PADDING-BOTTOM: 0cm; PADDING-TOP: 0cm; PADDING-LEFT: 0cm; BORDER-LEFT: #f0f0f0; PADDING-RIGHT: 0cm; BACKGROUND-COLOR: transparent\">
<P style=\"MARGIN: 0cm 0cm 10pt\"><FONT face=Calibri>Maxima FS Spinner Gum hajformzó pókháló paszta</FONT></P></TD></TR></TBODY></TABLE></P>', '', 1594977587, '15094', '1', 0, 1, 265, '104', 'megszunt-maxima-fs-hajfixalo-akcios-csomag-13db-termekkel-ajandek-profi-hajvagogeppel', 'fodraszkellek/hajkefe/keramia-korkefe/megszunt-maxima-fs-hajfixalo-akcios-csomag-13db-termekkel-ajandek-profi-hajvagogeppel', '99', 1, '')

[2020-07-17 11:19:47] INSERT INTO webshop_special_fields (`key`, `value`, `product_id`) VALUES ('manufacturer', 'Vitalfarco Maxima-NHP-Vitael', 5016)

[2020-07-17 11:19:47] INSERT INTO webshop_special_fields (`key`, `value`, `product_id`) VALUES ('quantityunit', 'db', 5016)

[2020-07-17 11:19:47] INSERT INTO webshop_special_fields (`key`, `value`, `product_id`) VALUES ('kiszereles', '1', 5016)

[2020-07-17 11:19:47] INSERT INTO webshop_gallery (`id`, `product_id`, `original_name`, `new_name`, `date`) VALUES (15095, 5017, 'megszünt - Illat és színezék mentes sampon minden hajra', '15095.jpg', 1594977587)

[2020-07-17 11:19:47] INSERT INTO webshop_products (`id`, `name_hun`, `name_eng`, `item_id`, `price`, `reduced_price`, `status`, `currency`, `content_short`, `content`, `details`, `date`, `default_pic`, `active`, `main`, `sort`, `category_id`, `root_category_id`, `seo_name`, `fullurl`, `websyx_id`, `quantity`, `other_categories`) VALUES ('5017', 'megszünt - Illat és színezék mentes sampon minden hajra', 'megszünt - Illat és színezék mentes sampon minden hajra', '0718-psk-5000ml-szintelen', 0, 0, 1, 'Ft', '...', '', '', 1594977587, '15095', '1', 0, 1, 265, '104', 'megszunt-illat-es-szinezek-mentes-sampon-minden-hajra', 'fodraszkellek/hajkefe/keramia-korkefe/megszunt-illat-es-szinezek-mentes-sampon-minden-hajra', '486', 1, '')

[2020-07-17 11:19:47] INSERT INTO webshop_special_fields (`key`, `value`, `product_id`) VALUES ('manufacturer', 'Egyéb fodrászkellék', 5017)

[2020-07-17 11:19:47] INSERT INTO webshop_special_fields (`key`, `value`, `product_id`) VALUES ('quantityunit', 'db', 5017)

[2020-07-17 11:19:47] INSERT INTO webshop_special_fields (`key`, `value`, `product_id`) VALUES ('kiszereles', '1', 5017)

[2020-07-17 11:19:47] UPDATE webshop_gallery SET original_name='megszünt - Levissime Silk MIlk selyem fényt adó arcbőr szérum', date=1594977587 WHERE id=5405

[2020-07-17 11:19:47] UPDATE webshop_special_fields SET `value`='' WHERE `key`='manufacturer' AND `product_id`=3651

[2020-07-17 11:19:47] UPDATE webshop_special_fields SET `value`='db' WHERE `key`='quantityunit' AND `product_id`=3651

[2020-07-17 11:19:47] UPDATE webshop_special_fields SET `value`='1' WHERE `key`='kiszereles' AND `product_id`=3651

[2020-07-17 11:19:47] UPDATE webshop_products SET `name_hun`='kuponkedvezmény',`content_short`='...',`content`='<P><FONT face=Calibri></FONT>&nbsp;</P>', `item_id`='kuponkedvezmény', `default_pic`='5405', `active`='1', `category_id`='265', `root_category_id`='104', `seo_name`='kuponkedvezmeny', `fullurl`='fodraszkellek/hajkefe/keramia-korkefe/kuponkedvezmeny', `other_categories`='' WHERE id=3651

[2020-07-17 11:19:47] INSERT INTO webshop_gallery (`id`, `product_id`, `original_name`, `new_name`, `date`) VALUES (15096, 5018, 'megszünt - Maxima FS hajfixáló Akciós csomag 13db termékkel -25% kedvezménnyel', '15096.jpg', 1594977587)

[2020-07-17 11:19:47] INSERT INTO webshop_products (`id`, `name_hun`, `name_eng`, `item_id`, `price`, `reduced_price`, `status`, `currency`, `content_short`, `content`, `details`, `date`, `default_pic`, `active`, `main`, `sort`, `category_id`, `root_category_id`, `seo_name`, `fullurl`, `websyx_id`, `quantity`, `other_categories`) VALUES ('5018', 'megszünt - Maxima FS hajfixáló Akciós csomag 13db termékkel -25% kedvezménnyel', 'megszünt - Maxima FS hajfixáló Akciós csomag 13db termékkel -25% kedvezménnyel', '1420-vmfs-7040-csomag/13dbtermékkel', 0, 0, 1, 'Ft', 'Hajfixáló, hajfényező&nbsp;termékek&nbsp;Akciós csomagja, mely&nbsp;a&nbsp;megújult Maxima hajfixáló, frizura...', '<P>Hajfixáló, hajfényező&nbsp;termékek&nbsp;Akciós csomagja, mely&nbsp;a&nbsp;megújult Maxima hajfixáló, frizura befejező termék család 13db termékéből, 1-1 db-ot&nbsp;tartalmaz. Az akció keretében jelentős kedvezménnyel kínáljuk a termékeket.</P>
<P>A csomagot Ingyenesen szállítjuk!</P>
<P>Az új Maxima termékek modern, kellemes friss illattal, és a feladathoz legoptimálisabb tulajdonságokkal rendelkeznek.</P>
<P>
<TABLE style=\"WIDTH: 428pt; BORDER-COLLAPSE: collapse; mso-yfti-tbllook: 1184; mso-padding-alt: 0cm 0cm 0cm 0cm\" cellSpacing=0 cellPadding=0 width=571 border=0>
<TBODY>
<TR style=\"HEIGHT: 15pt; mso-yfti-irow: 0; mso-yfti-firstrow: yes\">
<TD style=\"BORDER-TOP: #f0f0f0; HEIGHT: 15pt; BORDER-RIGHT: #f0f0f0; WIDTH: 188pt; BORDER-BOTTOM: #f0f0f0; PADDING-BOTTOM: 0cm; PADDING-TOP: 0cm; PADDING-LEFT: 0cm; BORDER-LEFT: #f0f0f0; PADDING-RIGHT: 0cm; BACKGROUND-COLOR: transparent\" width=251>
<P style=\"MARGIN: 0cm 0cm 10pt\"><FONT face=Calibri>1411-vmfs-7205-erős-400ml</FONT></P></TD>
<TD style=\"BORDER-TOP: #f0f0f0; HEIGHT: 15pt; BORDER-RIGHT: #f0f0f0; WIDTH: 240pt; BORDER-BOTTOM: #f0f0f0; PADDING-BOTTOM: 0cm; PADDING-TOP: 0cm; PADDING-LEFT: 0cm; BORDER-LEFT: #f0f0f0; PADDING-RIGHT: 0cm; BACKGROUND-COLOR: transparent\" width=320>
<P style=\"MARGIN: 0cm 0cm 10pt\"><FONT face=Calibri>Maxima Fs Defining erős hajhab</FONT></P></TD></TR>
<TR style=\"HEIGHT: 15pt; mso-yfti-irow: 1\">
<TD style=\"BORDER-TOP: #f0f0f0; HEIGHT: 15pt; BORDER-RIGHT: #f0f0f0; BORDER-BOTTOM: #f0f0f0; PADDING-BOTTOM: 0cm; PADDING-TOP: 0cm; PADDING-LEFT: 0cm; BORDER-LEFT: #f0f0f0; PADDING-RIGHT: 0cm; BACKGROUND-COLOR: transparent\">
<P style=\"MARGIN: 0cm 0cm 10pt\"><FONT face=Calibri>1410-vmfs-7201-extraerős-500ml</FONT></P></TD>
<TD style=\"BORDER-TOP: #f0f0f0; HEIGHT: 15pt; BORDER-RIGHT: #f0f0f0; BORDER-BOTTOM: #f0f0f0; PADDING-BOTTOM: 0cm; PADDING-TOP: 0cm; PADDING-LEFT: 0cm; BORDER-LEFT: #f0f0f0; PADDING-RIGHT: 0cm; BACKGROUND-COLOR: transparent\">
<P style=\"MARGIN: 0cm 0cm 10pt\"><FONT face=Calibri>Maxima FS Ultimate extra erős hajspray </FONT></P></TD></TR>
<TR style=\"HEIGHT: 15pt; mso-yfti-irow: 2\">
<TD style=\"BORDER-TOP: #f0f0f0; HEIGHT: 15pt; BORDER-RIGHT: #f0f0f0; BORDER-BOTTOM: #f0f0f0; PADDING-BOTTOM: 0cm; PADDING-TOP: 0cm; PADDING-LEFT: 0cm; BORDER-LEFT: #f0f0f0; PADDING-RIGHT: 0cm; BACKGROUND-COLOR: transparent\">
<P style=\"MARGIN: 0cm 0cm 10pt\"><FONT face=Calibri>1410-vmfs-7203-erős-300ml</FONT></P></TD>
<TD style=\"BORDER-TOP: #f0f0f0; HEIGHT: 15pt; BORDER-RIGHT: #f0f0f0; BORDER-BOTTOM: #f0f0f0; PADDING-BOTTOM: 0cm; PADDING-TOP: 0cm; PADDING-LEFT: 0cm; BORDER-LEFT: #f0f0f0; PADDING-RIGHT: 0cm; BACKGROUND-COLOR: transparent\">
<P style=\"MARGIN: 0cm 0cm 10pt\"><FONT face=Calibri>Maxima Fs Directional pumpás erős hajlakk</FONT></P></TD></TR>
<TR style=\"HEIGHT: 15pt; mso-yfti-irow: 3\">
<TD style=\"BORDER-TOP: #f0f0f0; HEIGHT: 15pt; BORDER-RIGHT: #f0f0f0; BORDER-BOTTOM: #f0f0f0; PADDING-BOTTOM: 0cm; PADDING-TOP: 0cm; PADDING-LEFT: 0cm; BORDER-LEFT: #f0f0f0; PADDING-RIGHT: 0cm; BACKGROUND-COLOR: transparent\">
<P style=\"MARGIN: 0cm 0cm 10pt\"><FONT face=Calibri>1410-vmfs-7201-erős-500ml</FONT></P></TD>
<TD style=\"BORDER-TOP: #f0f0f0; HEIGHT: 15pt; BORDER-RIGHT: #f0f0f0; BORDER-BOTTOM: #f0f0f0; PADDING-BOTTOM: 0cm; PADDING-TOP: 0cm; PADDING-LEFT: 0cm; BORDER-LEFT: #f0f0f0; PADDING-RIGHT: 0cm; BACKGROUND-COLOR: transparent\">
<P style=\"MARGIN: 0cm 0cm 10pt\"><FONT face=Calibri>Maxima FS Dinamic erős hajspray </FONT></P></TD></TR>
<TR style=\"HEIGHT: 15pt; mso-yfti-irow: 4\">
<TD style=\"BORDER-TOP: #f0f0f0; HEIGHT: 15pt; BORDER-RIGHT: #f0f0f0; BORDER-BOTTOM: #f0f0f0; PADDING-BOTTOM: 0cm; PADDING-TOP: 0cm; PADDING-LEFT: 0cm; BORDER-LEFT: #f0f0f0; PADDING-RIGHT: 0cm; BACKGROUND-COLOR: transparent\">
<P style=\"MARGIN: 0cm 0cm 10pt\"><FONT face=Calibri>1410-vmfs-7204-200ml</FONT></P></TD>
<TD style=\"BORDER-TOP: #f0f0f0; HEIGHT: 15pt; BORDER-RIGHT: #f0f0f0; BORDER-BOTTOM: #f0f0f0; PADDING-BOTTOM: 0cm; PADDING-TOP: 0cm; PADDING-LEFT: 0cm; BORDER-LEFT: #f0f0f0; PADDING-RIGHT: 0cm; BACKGROUND-COLOR: transparent\">
<P style=\"MARGIN: 0cm 0cm 10pt\"><FONT face=Calibri>Maxima FS Sea Salt volumennövelő tengeri sós vízzel</FONT></P></TD></TR>
<TR style=\"HEIGHT: 15pt; mso-yfti-irow: 5\">
<TD style=\"BORDER-TOP: #f0f0f0; HEIGHT: 15pt; BORDER-RIGHT: #f0f0f0; BORDER-BOTTOM: #f0f0f0; PADDING-BOTTOM: 0cm; PADDING-TOP: 0cm; PADDING-LEFT: 0cm; BORDER-LEFT: #f0f0f0; PADDING-RIGHT: 0cm; BACKGROUND-COLOR: transparent\">
<P style=\"MARGIN: 0cm 0cm 10pt\"><FONT face=Calibri>1413-vmfs-7050--100ml-wax</FONT></P></TD>
<TD style=\"BORDER-TOP: #f0f0f0; HEIGHT: 15pt; BORDER-RIGHT: #f0f0f0; BORDER-BOTTOM: #f0f0f0; PADDING-BOTTOM: 0cm; PADDING-TOP: 0cm; PADDING-LEFT: 0cm; BORDER-LEFT: #f0f0f0; PADDING-RIGHT: 0cm; BACKGROUND-COLOR: transparent\">
<P style=\"MARGIN: 0cm 0cm 10pt\"><FONT face=Calibri>Maxima FS Luxury Pomade hajfény wax</FONT></P></TD></TR>
<TR style=\"HEIGHT: 15pt; mso-yfti-irow: 6\">
<TD style=\"BORDER-TOP: #f0f0f0; HEIGHT: 15pt; BORDER-RIGHT: #f0f0f0; BORDER-BOTTOM: #f0f0f0; PADDING-BOTTOM: 0cm; PADDING-TOP: 0cm; PADDING-LEFT: 0cm; BORDER-LEFT: #f0f0f0; PADDING-RIGHT: 0cm; BACKGROUND-COLOR: transparent\">
<P style=\"MARGIN: 0cm 0cm 10pt\"><FONT face=Calibri>1413-vmfs-7030-100ml-erős</FONT></P></TD>
<TD style=\"BORDER-TOP: #f0f0f0; HEIGHT: 15pt; BORDER-RIGHT: #f0f0f0; BORDER-BOTTOM: #f0f0f0; PADDING-BOTTOM: 0cm; PADDING-TOP: 0cm; PADDING-LEFT: 0cm; BORDER-LEFT: #f0f0f0; PADDING-RIGHT: 0cm; BACKGROUND-COLOR: transparent\">
<P style=\"MARGIN: 0cm 0cm 10pt\"><FONT face=Calibri>Maxima FS Pastel Mat erős hajformázó paszta</FONT></P></TD></TR>
<TR style=\"HEIGHT: 15pt; mso-yfti-irow: 7\">
<TD style=\"BORDER-TOP: #f0f0f0; HEIGHT: 15pt; BORDER-RIGHT: #f0f0f0; BORDER-BOTTOM: #f0f0f0; PADDING-BOTTOM: 0cm; PADDING-TOP: 0cm; PADDING-LEFT: 0cm; BORDER-LEFT: #f0f0f0; PADDING-RIGHT: 0cm; BACKGROUND-COLOR: transparent\">
<P style=\"MARGIN: 0cm 0cm 10pt\"><FONT face=Calibri>1412-vmfs-7049/2-200ml-jam</FONT></P></TD>
<TD style=\"BORDER-TOP: #f0f0f0; HEIGHT: 15pt; BORDER-RIGHT: #f0f0f0; BORDER-BOTTOM: #f0f0f0; PADDING-BOTTOM: 0cm; PADDING-TOP: 0cm; PADDING-LEFT: 0cm; BORDER-LEFT: #f0f0f0; PADDING-RIGHT: 0cm; BACKGROUND-COLOR: transparent\">
<P style=\"MARGIN: 0cm 0cm 10pt\"><FONT face=Calibri>Maxima FS Fluid Jam hajfényesítő volumennövelő</FONT></P></TD></TR>
<TR style=\"HEIGHT: 15pt; mso-yfti-irow: 8\">
<TD style=\"BORDER-TOP: #f0f0f0; HEIGHT: 15pt; BORDER-RIGHT: #f0f0f0; BORDER-BOTTOM: #f0f0f0; PADDING-BOTTOM: 0cm; PADDING-TOP: 0cm; PADDING-LEFT: 0cm; BORDER-LEFT: #f0f0f0; PADDING-RIGHT: 0cm; BACKGROUND-COLOR: transparent\">
<P style=\"MARGIN: 0cm 0cm 10pt\"><FONT face=Calibri>1412-vmfs-7049/2-erős-150ml</FONT></P></TD>
<TD style=\"BORDER-TOP: #f0f0f0; HEIGHT: 15pt; BORDER-RIGHT: #f0f0f0; BORDER-BOTTOM: #f0f0f0; PADDING-BOTTOM: 0cm; PADDING-TOP: 0cm; PADDING-LEFT: 0cm; BORDER-LEFT: #f0f0f0; PADDING-RIGHT: 0cm; BACKGROUND-COLOR: transparent\">
<P style=\"MARGIN: 0cm 0cm 10pt\"><FONT face=Calibri>Maxima FS Rock Jam hajzselé emlékező erős tartással</FONT></P></TD></TR>
<TR style=\"HEIGHT: 15pt; mso-yfti-irow: 9\">
<TD style=\"BORDER-TOP: #f0f0f0; HEIGHT: 15pt; BORDER-RIGHT: #f0f0f0; BORDER-BOTTOM: #f0f0f0; PADDING-BOTTOM: 0cm; PADDING-TOP: 0cm; PADDING-LEFT: 0cm; BORDER-LEFT: #f0f0f0; PADDING-RIGHT: 0cm; BACKGROUND-COLOR: transparent\">
<P style=\"MARGIN: 0cm 0cm 10pt\"><FONT face=Calibri>1417-vmfs-7054-100ml</FONT></P></TD>
<TD style=\"BORDER-TOP: #f0f0f0; HEIGHT: 15pt; BORDER-RIGHT: #f0f0f0; BORDER-BOTTOM: #f0f0f0; PADDING-BOTTOM: 0cm; PADDING-TOP: 0cm; PADDING-LEFT: 0cm; BORDER-LEFT: #f0f0f0; PADDING-RIGHT: 0cm; BACKGROUND-COLOR: transparent\">
<P style=\"MARGIN: 0cm 0cm 10pt\"><FONT face=Calibri>Maxima FS Serum Glam hajfény krém</FONT></P></TD></TR>
<TR style=\"HEIGHT: 15pt; mso-yfti-irow: 10\">
<TD style=\"BORDER-TOP: #f0f0f0; HEIGHT: 15pt; BORDER-RIGHT: #f0f0f0; BORDER-BOTTOM: #f0f0f0; PADDING-BOTTOM: 0cm; PADDING-TOP: 0cm; PADDING-LEFT: 0cm; BORDER-LEFT: #f0f0f0; PADDING-RIGHT: 0cm; BACKGROUND-COLOR: transparent\">
<P style=\"MARGIN: 0cm 0cm 10pt\"><FONT face=Calibri>1407-vmfs-7038-200ml-look</FONT></P></TD>
<TD style=\"BORDER-TOP: #f0f0f0; HEIGHT: 15pt; BORDER-RIGHT: #f0f0f0; BORDER-BOTTOM: #f0f0f0; PADDING-BOTTOM: 0cm; PADDING-TOP: 0cm; PADDING-LEFT: 0cm; BORDER-LEFT: #f0f0f0; PADDING-RIGHT: 0cm; BACKGROUND-COLOR: transparent\">
<P style=\"MARGIN: 0cm 0cm 10pt\"><FONT face=Calibri>Maxima FS Sleek Look hővédő&nbsp;folyadék hajegyenesítéshez</FONT></P></TD></TR>
<TR style=\"HEIGHT: 15pt; mso-yfti-irow: 11\">
<TD style=\"BORDER-TOP: #f0f0f0; HEIGHT: 15pt; BORDER-RIGHT: #f0f0f0; BORDER-BOTTOM: #f0f0f0; PADDING-BOTTOM: 0cm; PADDING-TOP: 0cm; PADDING-LEFT: 0cm; BORDER-LEFT: #f0f0f0; PADDING-RIGHT: 0cm; BACKGROUND-COLOR: transparent\">
<P style=\"MARGIN: 0cm 0cm 10pt\"><FONT face=Calibri>1413-vmfs-7050--150ml-</FONT></P></TD>
<TD style=\"BORDER-TOP: #f0f0f0; HEIGHT: 15pt; BORDER-RIGHT: #f0f0f0; BORDER-BOTTOM: #f0f0f0; PADDING-BOTTOM: 0cm; PADDING-TOP: 0cm; PADDING-LEFT: 0cm; BORDER-LEFT: #f0f0f0; PADDING-RIGHT: 0cm; BACKGROUND-COLOR: transparent\">
<P style=\"MARGIN: 0cm 0cm 10pt\"><FONT face=Calibri>Maxima FS Curly hajgöndörítő aktivátor krém</FONT></P></TD></TR>
<TR style=\"HEIGHT: 15pt; mso-yfti-irow: 12; mso-yfti-lastrow: yes\">
<TD style=\"BORDER-TOP: #f0f0f0; HEIGHT: 15pt; BORDER-RIGHT: #f0f0f0; BORDER-BOTTOM: #f0f0f0; PADDING-BOTTOM: 0cm; PADDING-TOP: 0cm; PADDING-LEFT: 0cm; BORDER-LEFT: #f0f0f0; PADDING-RIGHT: 0cm; BACKGROUND-COLOR: transparent\">
<P style=\"MARGIN: 0cm 0cm 10pt\"><FONT face=Calibri>1413-vmfs-7030-100ml-pókháló</FONT></P></TD>
<TD style=\"BORDER-TOP: #f0f0f0; HEIGHT: 15pt; BORDER-RIGHT: #f0f0f0; BORDER-BOTTOM: #f0f0f0; PADDING-BOTTOM: 0cm; PADDING-TOP: 0cm; PADDING-LEFT: 0cm; BORDER-LEFT: #f0f0f0; PADDING-RIGHT: 0cm; BACKGROUND-COLOR: transparent\">
<P style=\"MARGIN: 0cm 0cm 10pt\"><FONT face=Calibri>Maxima FS Spinner Gum hajformzó pókháló paszta</FONT></P></TD></TR></TBODY></TABLE></P>', '', 1594977587, '15096', '1', 0, 1, 265, '104', 'megszunt-maxima-fs-hajfixalo-akcios-csomag-13db-termekkel-25-kedvezmennyel', 'fodraszkellek/hajkefe/keramia-korkefe/megszunt-maxima-fs-hajfixalo-akcios-csomag-13db-termekkel-25-kedvezmennyel', '982', 1, '')

[2020-07-17 11:19:48] INSERT INTO webshop_special_fields (`key`, `value`, `product_id`) VALUES ('manufacturer', 'Vitalfarco Maxima-NHP-Vitael', 5018)

[2020-07-17 11:19:48] INSERT INTO webshop_special_fields (`key`, `value`, `product_id`) VALUES ('quantityunit', 'db', 5018)

[2020-07-17 11:19:48] INSERT INTO webshop_special_fields (`key`, `value`, `product_id`) VALUES ('kiszereles', '1', 5018)

[2020-07-17 11:19:48] INSERT INTO webshop_gallery (`id`, `product_id`, `original_name`, `new_name`, `date`) VALUES (15097, 5019, 'megszünt - Maxima FS-Ultra-Shine Hajfény spray', '15097.jpg', 1594977588)

[2020-07-17 11:19:48] INSERT INTO webshop_products (`id`, `name_hun`, `name_eng`, `item_id`, `price`, `reduced_price`, `status`, `currency`, `content_short`, `content`, `details`, `date`, `default_pic`, `active`, `main`, `sort`, `category_id`, `root_category_id`, `seo_name`, `fullurl`, `websyx_id`, `quantity`, `other_categories`) VALUES ('5019', 'megszünt - Maxima FS-Ultra-Shine Hajfény spray', 'megszünt - Maxima FS-Ultra-Shine Hajfény spray', '1417-vmfs-7054-200ml', 0, 0, 1, 'Ft', '
Hajfény spray. 200ml - Professzionális, hajtógáz nélküli hajfény spray, amely használata után nem teszi...', '<FONT face=Calibri>
<P style=\"TEXT-ALIGN: justify; MARGIN: 0cm 0cm 10pt\">Hajfény spray. 200ml - Professzionális, hajtógáz nélküli hajfény spray, amely használata után nem teszi zsírossá a hajat. A pumpás hajfény spray anyaga egy nagyon vékony réteget hoz létre a hajon, ami nem hagy maradványokat maga után. Alkalmas káprázatos fényű frizurák elkészítéséhez.</P>
<P style=\"TEXT-ALIGN: justify; MARGIN: 0cm 0cm 10pt\">A hajfény spray használata prémium minőségű szolgáltatást tesz lehetővé a fodrászatokban és otthon, alacsony költségek mellett. </P>
<P style=\"TEXT-ALIGN: justify; MARGIN: 0cm 0cm 10pt; LINE-HEIGHT: normal; mso-margin-top-alt: auto; mso-margin-bottom-alt: auto\">A hajfény spray ideális finish termék a haj ragyogóvá varázsolásához. Az összetevők egyszerűségének köszönhetően fényt biztosít a hajnak anélkül, hogy maradványokat hagyna benne vagy zsírossá tenné azt. Óvja a hajat a káros külső hatásokkal szemben, és könnyen fésülhetővé teszi azt.</P>
<P style=\"TEXT-ALIGN: justify; MARGIN: 0cm 0cm 10pt; LINE-HEIGHT: normal; mso-margin-top-alt: auto; mso-margin-bottom-alt: auto\"><U>A hajfény spray használatának hatásai:</U></P>
<UL type=disc>
<LI style=\"TEXT-ALIGN: justify; MARGIN: 0cm 0cm 10pt; LINE-HEIGHT: normal; mso-margin-top-alt: auto; mso-margin-bottom-alt: auto; mso-list: l0 level1 lfo1; tab-stops: list 36.0pt\">Haj hidratáló, és hajápoló összetevőket tartalmaz. 
<LI style=\"TEXT-ALIGN: justify; MARGIN: 0cm 0cm 10pt; LINE-HEIGHT: normal; mso-margin-top-alt: auto; mso-margin-bottom-alt: auto; mso-list: l0 level1 lfo1; tab-stops: list 36.0pt\">Hosszan tartja hatását, nem hagy maradványokat a hajban. 
<LI style=\"TEXT-ALIGN: justify; MARGIN: 0cm 0cm 10pt; LINE-HEIGHT: normal; mso-margin-top-alt: auto; mso-margin-bottom-alt: auto; mso-list: l0 level1 lfo1; tab-stops: list 36.0pt\">Párataszító hatású. 
<LI style=\"TEXT-ALIGN: justify; MARGIN: 0cm 0cm 10pt; LINE-HEIGHT: normal; mso-margin-top-alt: auto; mso-margin-bottom-alt: auto; mso-list: l0 level1 lfo1; tab-stops: list 36.0pt\">UV szűrőt tartalmaz, véd a káros környezeti hatásoktól.</LI></UL>
<P style=\"TEXT-ALIGN: justify; MARGIN: 0cm 0cm 10pt; LINE-HEIGHT: normal; mso-margin-top-alt: auto; mso-margin-bottom-alt: auto\">A professzionális hajfény spray nagymértékben segít a mindennapi hajápolásban is, és a károsodott haj regenerálásában. </P>
<P style=\"TEXT-ALIGN: justify; MARGIN: 0cm 0cm 10pt; LINE-HEIGHT: normal; mso-margin-top-alt: auto; mso-margin-bottom-alt: auto\"><B><U>Hajfény spray használata:</U></B></P>
<P style=\"TEXT-ALIGN: justify; MARGIN: 0cm 0cm 10pt; LINE-HEIGHT: normal; mso-margin-top-alt: auto; mso-margin-bottom-alt: auto\">Finoman fújja a száraz, már formázott hajra a sprayt, hogy ezzel gyönyörű fényt kapjon a frizura, vagy vigye fel a még nedves hajra, hogy megkönnyítse vele a haj kifésülését is. A hajfény sprayt használhatja minden nap! Ne fújja a szem közelébe!</P>
<P style=\"TEXT-ALIGN: justify; MARGIN: 0cm 0cm 10pt; LINE-HEIGHT: normal; mso-margin-top-alt: auto; mso-margin-bottom-alt: auto\">Ez a hajfény spray professzionális prémium fodrászcikk, fodrászkellék!</P>
<P style=\"TEXT-ALIGN: justify; MARGIN: 0cm 0cm 10pt; LINE-HEIGHT: normal; mso-margin-top-alt: auto; mso-margin-bottom-alt: auto\"></FONT>&nbsp;</P>
<P></P>', '', 1594977588, '15097', '1', 0, 1, 265, '104', 'megszunt-maxima-fs-ultra-shine-hajfeny-spray', 'fodraszkellek/hajkefe/keramia-korkefe/megszunt-maxima-fs-ultra-shine-hajfeny-spray', '986', 1, '')

[2020-07-17 11:19:48] INSERT INTO webshop_special_fields (`key`, `value`, `product_id`) VALUES ('manufacturer', 'Vitalfarco Maxima-NHP-Vitael', 5019)

[2020-07-17 11:19:48] INSERT INTO webshop_special_fields (`key`, `value`, `product_id`) VALUES ('quantityunit', 'ml', 5019)

[2020-07-17 11:19:48] INSERT INTO webshop_special_fields (`key`, `value`, `product_id`) VALUES ('kiszereles', '200', 5019)

[2020-07-17 11:19:48] UPDATE webshop_gallery SET original_name='Nirvel Art-X hajfesték', date=1594977588 WHERE id=560

[2020-07-17 11:19:48] UPDATE webshop_special_fields SET `value`='Nirvel' WHERE `key`='manufacturer' AND `product_id`=2556

[2020-07-17 11:19:48] UPDATE webshop_special_fields SET `value`='ml' WHERE `key`='quantityunit' AND `product_id`=2556

[2020-07-17 11:19:48] UPDATE webshop_special_fields SET `value`='60' WHERE `key`='kiszereles' AND `product_id`=2556

[2020-07-17 11:19:48] UPDATE webshop_products SET `name_hun`='Nirvel ARTX hajfesték',`content_short`='Hajfesték&nbsp;magas minőségű, Professzionális hajfestéshez. -&nbsp; A Nirvel gyártási eljárása,...',`content`='<P style=\"TEXT-ALIGN: justify; MARGIN: 0cm 0cm 10pt; LINE-HEIGHT: normal; mso-margin-top-alt: auto; mso-margin-bottom-alt: auto\">Hajfesték&nbsp;magas minőségű, Professzionális hajfestéshez. -&nbsp; A Nirvel gyártási eljárása, a&nbsp;modern összetevők&nbsp;biztosítják a festett haj természetes fényét, állagát.&nbsp;A pigment összetétel a fényes tartós színt biztosítja, a mikrokristályok az ősz hajszálak optimális fedését. Az Art-X hajfesték101 színárnyalatban áll rendelkezésre. A nagy tisztaságú mikro pigmentek ideális állagot biztosítanak a hajfesték könnyű felviteléhez, a színek beépüléséhez.</P>
<P style=\"TEXT-ALIGN: justify; MARGIN: 0cm 0cm 10pt; LINE-HEIGHT: normal; mso-margin-top-alt: auto; mso-margin-bottom-alt: auto\"><STRONG>60ml - </STRONG>A Nirvel 1963-óta készít professzionális hajfestékeket, hajápolási termékeket a fodrászatok számára és a Magyarországi vásárlóknak nagy kedvezményt biztosít termékeihez!</P>
<P style=\"TEXT-ALIGN: justify; MARGIN: 0cm 0cm 10pt; LINE-HEIGHT: normal; mso-margin-top-alt: auto; mso-margin-bottom-alt: auto\">30db Hajfesték vásárlása esetén tincses hajszínskálát kérhet ajándékba, vagy vásárolja meg kezdő csomagunkat, amely tartalmazza. Hívja ügyfélszolgálatunkat, vagy kérje a - <B>Kosár </B>&nbsp;&ndash; <B>Megrendelés</B> &ndash; <B>Megjegyzés</B> - ablakba beírva ! </P>
<P style=\"TEXT-ALIGN: justify; MARGIN: 0cm 0cm 10pt; LINE-HEIGHT: normal; mso-margin-top-alt: auto; mso-margin-bottom-alt: auto\"><B>Figyelem! - A Nirvel Art-X</B> <B>hajfesték színskála a jól nagyítható hajfesték színekkel, a hajszínek Magyar elnevezése itt a - Termékleírás - melletti,&nbsp; - Hajfesték színek - vagy&nbsp; - Hajszínskála - fülnél található!</B></P>
<P style=\"MARGIN: 0cm 0cm 10pt\"><B style=\"mso-bidi-font-weight: normal\"><U>A Nirvel Art-X hajfesték megrendelése:</U></B></P>
<P style=\"TEXT-ALIGN: justify; MARGIN: 0cm 0cm 0pt; LINE-HEIGHT: normal\">A jól nagyítható hajszínskála nagyban segíti a megfelelő hajszín kiválasztását, írja fel, jegyezze meg a kiválasztott hajszín számát! Válassza ki a hajszínt a legördülő hajszínválasztóból, írja be a kívánt darabszámot, majd tegye a kosárba! Ha több hajszínt vásárol, innen menjen vissza a&nbsp; &ndash; Vásárlás folytatása - gombbal a hajfestékhez, és ezt hajszínenként ismételje meg!</P>
<P style=\"TEXT-ALIGN: justify; MARGIN: 0cm 0cm 0pt; LINE-HEIGHT: normal\"><B>Ha nehézséget okoz a megrendelés, diktálja be telefonon ügyfélszolgálatunknak!</B></P>
<P style=\"TEXT-ALIGN: justify; MARGIN: 0cm 0cm 0pt; LINE-HEIGHT: normal\">&nbsp;</P>
<P style=\"TEXT-ALIGN: justify; MARGIN: 0cm 0cm 0pt; LINE-HEIGHT: normal\"><B style=\"mso-bidi-font-weight: normal\"><U>Az oxidálószer kiválasztása:</U></B></P>
<P style=\"TEXT-ALIGN: justify; MARGIN: 0cm 0cm 0pt; LINE-HEIGHT: normal\">&nbsp;</P>
<P style=\"TEXT-ALIGN: justify; MARGIN: 0cm 0cm 0pt; LINE-HEIGHT: normal\">A <B>Nirvel Art-X</B> hajfestékhez szükséges oxidáló megrendeléséhez több lehetőséget is találhat! Ha a hajfestéknél nem ajánlja fel a program az oxidáló kiválasztását, menjen a &ndash; Hajfestés - vagy Hajfestékek -&nbsp; Oxigenta, Oxidálók &hellip; menüponthoz és a&nbsp; válassza ki a szükséges erősségű&nbsp; Nirvel termékekhez készült, oxidálót.</P>
<P style=\"TEXT-ALIGN: justify; MARGIN: 0cm 0cm 0pt; LINE-HEIGHT: normal\">&nbsp;</P>
<P style=\"MARGIN: 0cm 0cm 10pt; LINE-HEIGHT: normal; mso-margin-top-alt: auto; mso-margin-bottom-alt: auto\"><B><U>A hajfestékek használata:</U></B><U></U></P>
<P style=\"TEXT-ALIGN: justify; MARGIN: 0cm 0cm 10pt; LINE-HEIGHT: normal; mso-margin-top-alt: auto; mso-margin-bottom-alt: auto\">Az általános&nbsp;hajfestéssel kapcsolatos, és egyéb szakmai tudnivalókat, tanácsokat, &nbsp;az -&nbsp;Információk - Hajfestékek használata, hajfestési tanácsok &ndash; Menüpontnál talál!</P>
<P style=\"MARGIN: 0cm 0cm 10pt; LINE-HEIGHT: normal; mso-margin-top-alt: auto; mso-margin-bottom-alt: auto\">A normál hajfestékek keverési aránya 1+1,5 -&nbsp; Hatóidő 30-45 perc</P>
<P style=\"MARGIN: 0cm 0cm 10pt; LINE-HEIGHT: normal; mso-margin-top-alt: auto; mso-margin-bottom-alt: auto\">Blond U - Ultravilágosító/Szupervilágosító&nbsp;hajfestékek keverési aránya&nbsp; 1+2.&nbsp; Hatóidő 45 perc</P>
<P style=\"MARGIN: 0cm 0cm 10pt; LINE-HEIGHT: normal; mso-margin-top-alt: auto; mso-margin-bottom-alt: auto\">A Fuego/Fire intenzív piros&nbsp;hajszínek keverési aránya 1+1,5 -&nbsp; Hatóidő 30-45 perc</P>
<P style=\"MARGIN: 0cm 0cm 10pt; LINE-HEIGHT: normal; mso-margin-top-alt: auto; mso-margin-bottom-alt: auto\">Pastel/Pasztell hajszínek: Csak a legvilágosabb alapon használható!&nbsp;Csillogó efektushoz: Keverési arány: 1+1,5&nbsp;&nbsp;10vol oxival.&nbsp;Hatóidő 20perc.&nbsp;&nbsp;&nbsp;&nbsp;&nbsp;&nbsp; Festéshez: Keverési arány&nbsp;1+2&nbsp; - 20-30vol oxival. Hatóidő&nbsp;30-45 perc</P>
<P style=\"MARGIN: 0cm 0cm 10pt; LINE-HEIGHT: normal; mso-margin-top-alt: auto; mso-margin-bottom-alt: auto\">Blond U Toners - Ultravilágos&nbsp;hajszínezők: Csak a legvilágosabb alapon használható! Keverési arány: Erősebb színhez 1+1,&nbsp;&nbsp;világosabb színhez 1+2,&nbsp;&nbsp;10vol oxival.&nbsp;Hatóidő 20perc.&nbsp;</P>
<P style=\"MARGIN: 0cm 0cm 10pt; LINE-HEIGHT: normal; mso-margin-top-alt: auto; mso-margin-bottom-alt: auto\">Vibrant/Vibráló hajszínek: Csak a legvilágosabb alapon használható! Keverési arány: Erősebb színhez 1+1,&nbsp;&nbsp;10vol oxival, hatóidő 20perc. Világosabb színhez 1+1,5,&nbsp;&nbsp;20vol oxival.&nbsp;Hatóidő 30perc.</P>
<P style=\"MARGIN: 0cm 0cm 10pt; LINE-HEIGHT: normal; mso-margin-top-alt: auto; mso-margin-bottom-alt: auto\">Mixton/Neutralizers/Activators színek: Szín erősítéséhez, vagy a nemkívánatos árnyalatok semlegesítéséhez,&nbsp;5-15ml/gr mennyiséget tegyen a hajfestékhez. <FONT face=Calibri>A Mixton &hellip; festék színe is elkészíthető vele a lentiek szerint</FONT></P>
<P style=\"MARGIN: 0cm 0cm 10pt; LINE-HEIGHT: normal; mso-margin-top-alt: auto; mso-margin-bottom-alt: auto\"><U>Ősz haj fedése:</U> A Natural/természetes és a Warm Natural/meleg természetes színek 100% ban fedik az ősz hajat. A divatszínek 50% -ig, felette 1+1 arányban kell keverni a természetes hajszínekkel.</P>
<P style=\"MARGIN: 0cm 0cm 10pt; LINE-HEIGHT: normal; mso-margin-top-alt: auto; mso-margin-bottom-alt: auto\">Keverés kivitelezése: pl. 1+1,5 -Tegyünk egy műanyag tálba 1 adag hajfestéket, és keverjünk hozzá 1,5 adag oxidálószert ( 50ml festék&nbsp; + 75ml oxidálószer).</P>
<P style=\"TEXT-ALIGN: justify; MARGIN: 0cm 0cm 10pt; LINE-HEIGHT: normal; mso-margin-top-alt: auto; mso-margin-bottom-alt: auto\"><B><U>Oxidálószer kiválasztása:</U></B><B>&nbsp;</B>&nbsp;&nbsp;&nbsp;&nbsp;&nbsp;&nbsp;&nbsp;&nbsp;&nbsp;&nbsp;&nbsp;&nbsp;&nbsp;&nbsp;&nbsp;&nbsp;&nbsp;&nbsp;&nbsp;&nbsp;&nbsp;&nbsp; keverési arány&nbsp;&nbsp;&nbsp;&nbsp;&nbsp;&nbsp; &nbsp; &nbsp; &nbsp; &nbsp; &nbsp; &nbsp; &nbsp; &nbsp; &nbsp; &nbsp; &nbsp; &nbsp; &nbsp; &nbsp; &nbsp; &nbsp; &nbsp; &nbsp;&nbsp; hatóidő:perc<BR>10 vol ( 3% ) hajszínezés&nbsp;&nbsp;&nbsp;&nbsp;&nbsp;&nbsp;&nbsp;&nbsp;&nbsp;&nbsp;&nbsp;&nbsp;&nbsp;&nbsp;&nbsp;&nbsp;&nbsp;&nbsp;&nbsp;&nbsp;&nbsp;&nbsp; 1+2&nbsp;&nbsp;&nbsp; 40ml hajfesték 80ml oxi.&nbsp;&nbsp;&nbsp;&nbsp;&nbsp;&nbsp;&nbsp;&nbsp;&nbsp;&nbsp;&nbsp;&nbsp;&nbsp;&nbsp;&nbsp;&nbsp;&nbsp;&nbsp;&nbsp;&nbsp;&nbsp;&nbsp;&nbsp;&nbsp;&nbsp;&nbsp;&nbsp;&nbsp;&nbsp;&nbsp;&nbsp;&nbsp;&nbsp;&nbsp;&nbsp;&nbsp;&nbsp;&nbsp;&nbsp;&nbsp;&nbsp;20-30 <BR>20 vol ( 6% ) Festés, ősz haj takarása&nbsp;&nbsp;&nbsp;&nbsp;1+1,5 50ml hajfesték 75ml oxi&nbsp;&nbsp;&nbsp; 1 árnyalat világosítása&nbsp;&nbsp;&nbsp;&nbsp; 30-45<BR>30 vol ( 9% ) Világosítás&nbsp;&nbsp;&nbsp;&nbsp;&nbsp;&nbsp;&nbsp;&nbsp;&nbsp;&nbsp;&nbsp;&nbsp;&nbsp;&nbsp;&nbsp;&nbsp;&nbsp;&nbsp;&nbsp;&nbsp;&nbsp;&nbsp;&nbsp; 1+1,5 50ml hajfesték 75ml oxi&nbsp; 2-3 árnyalat világosítása&nbsp;&nbsp;&nbsp;30-45<BR>40 vol (12%) Világosítás&nbsp;&nbsp;&nbsp;&nbsp;&nbsp;&nbsp;&nbsp;&nbsp;&nbsp;&nbsp;&nbsp;&nbsp;&nbsp;&nbsp;&nbsp;&nbsp;&nbsp;&nbsp;&nbsp;&nbsp;&nbsp;&nbsp;&nbsp; 1+1,5 50ml hajfesték 75ml oxi&nbsp; 3-4 árnyalat világosítása&nbsp;&nbsp; 30-45 <BR>40 vol (12%) Ultravilágosítás&nbsp;&nbsp;&nbsp;&nbsp;&nbsp;&nbsp;&nbsp;&nbsp;&nbsp;&nbsp;&nbsp;&nbsp;&nbsp;&nbsp;&nbsp;&nbsp;&nbsp; 1+2&nbsp;&nbsp;&nbsp; 40ml hajfesték 80ml oxi&nbsp; 4-5 árnyalat világosítása&nbsp;&nbsp; 45</P>
<P style=\"TEXT-ALIGN: justify; MARGIN: 0cm 0cm 10pt; LINE-HEIGHT: normal; mso-margin-top-alt: auto; mso-margin-bottom-alt: auto\"><B><U>Nehezen festhető, üveges,&nbsp;ősz haj festése:</U></B><U></U></P>
<P style=\"TEXT-ALIGN: justify; MARGIN: 0cm 0cm 10pt; LINE-HEIGHT: normal; mso-margin-top-alt: auto; mso-margin-bottom-alt: auto\">Azokhoz a hajtípusokhoz, amelyeknél nehéz az ősz hajszálakat tökéletesen befesteni, a következő lépéseket ajánljuk!</P>
<OL type=1>
<LI style=\"TEXT-ALIGN: justify; MARGIN: 0cm 0cm 10pt; LINE-HEIGHT: normal; mso-margin-top-alt: auto; mso-margin-bottom-alt: auto; mso-list: l2 level1 lfo1; tab-stops: list 36.0pt\">Válasszon a kívántnál eggyel sötétebb színárnyalatot és takaró színt,&nbsp; használjon 9%-os oxidálószert, és növelje a hatóidőt 40-45percre.&nbsp; 
<LI style=\"TEXT-ALIGN: justify; MARGIN: 0cm 0cm 10pt; LINE-HEIGHT: normal; mso-margin-top-alt: auto; mso-margin-bottom-alt: auto; mso-list: l2 level1 lfo1; tab-stops: list 36.0pt\">Ha szükséges, növelheti a hajfesték arányát 10-20%-al.&nbsp; pl.60gr festék + 50gr oxi</LI></OL>
<P style=\"MARGIN: 0cm 0cm 10pt; LINE-HEIGHT: normal; mso-margin-top-alt: auto; mso-margin-bottom-alt: auto\"><B><U><FONT face=Calibri>Mixton ( korrektor, neutralizer ) és aktivátor hajfesték &nbsp;használata:</FONT></U></B><FONT face=Calibri> <BR>A korrektorok, mixtonok a nem kívánt színárnyalatok ellensúlyozására, vagy a kívánt színek megerősítésére szolgálnak. A Mixton színek használata&nbsp;segíti a tökéletes színárnyalat elérését.</FONT></P>
<UL type=disc>
<LI style=\"MARGIN: 0cm 0cm 10pt; LINE-HEIGHT: normal; mso-margin-top-alt: auto; mso-margin-bottom-alt: auto; mso-list: l0 level1 lfo1; tab-stops: list 36.0pt\"><FONT face=Calibri>Átlagos használat: nem kívánt színárnyalat ellensúlyozására, vagy egy szín erősítésére:&nbsp; 60gr festékhez&nbsp; 5 - 15 gr/ml, ( kb.5-15cm festékcsík) mixton színt keverjünk. A&nbsp;felhasznált mennyiség ettől eltérhet, a kívánt hatástól függően! Egy szín megerősítéséhez: pl.nagyon piros árnyalathoz akár 30gr mixtont is keverhetünk.</FONT></LI></UL>
<P style=\"MARGIN: 0cm 0cm 10pt 36pt; LINE-HEIGHT: normal; TEXT-INDENT: -18pt; mso-margin-top-alt: auto; mso-margin-bottom-alt: auto; mso-list: l0 level1 lfo1; tab-stops: list 36.0pt; mso-add-space: auto\">·&nbsp;&nbsp;&nbsp;&nbsp;&nbsp;&nbsp;&nbsp;&nbsp; <FONT face=Calibri>A Mixton &hellip; festék színe is elkészíthető vele a következő képen, de a hajszín tartóssága rövidebb lehet. &nbsp;A legvilágosabb, vagy teljesen levilágosított alapra vigye fel, 30ml Mixton&hellip;. &nbsp;+ 30ml 12.0 Ultravilágos hajfesték és 60ml 10vol oxidáló elegyét. Ható idő 15 - 30 perc.</FONT></P>', `item_id`='0101-nartx-60ml-alap-', `default_pic`='560', `active`='1', `category_id`='22', `root_category_id`='0', `seo_name`='nirvel-artx-hajfestek', `fullurl`='hajfestek/nirvel-artx-hajfestek', `other_categories`='22,24,84,104,222' WHERE id=2556

[2020-07-17 11:19:48] UPDATE webshop_gallery SET original_name='Nirvel Art-X hajfesték extrém színek', date=1594977588 WHERE id=561

[2020-07-17 11:19:48] UPDATE webshop_special_fields SET `value`='Nirvel' WHERE `key`='manufacturer' AND `product_id`=2557

[2020-07-17 11:19:48] UPDATE webshop_special_fields SET `value`='ml' WHERE `key`='quantityunit' AND `product_id`=2557

[2020-07-17 11:19:48] UPDATE webshop_special_fields SET `value`='60' WHERE `key`='kiszereles' AND `product_id`=2557

[2020-07-17 11:19:48] UPDATE webshop_products SET `name_hun`='Nirvel ARTX hajfesték extrém színek',`content_short`='Hajfesték extrém színű&nbsp;intenzív hajszínekkel.&nbsp; A Nirvel Art-X Fuego és Arco Iris extra intenzív...',`content`='<P style=\"TEXT-ALIGN: justify; MARGIN: 0cm 0cm 10pt\"><FONT face=Calibri>Hajfesték extrém színű&nbsp;intenzív hajszínekkel.&nbsp; A Nirvel Art-X Fuego és Arco Iris extra intenzív színű tartós professzionális hajfestékek&nbsp;speciális pigmenteket tartalmaznak.&nbsp;Az Arco Iris hajszínek a nagy Nirvel Art-X hajfestékek tincses színskáláján nincsenek rajta, külön színskálán találhatók!</FONT></P>
<P style=\"TEXT-ALIGN: justify; MARGIN: 0cm 0cm 10pt\"><U><FONT face=Calibri>60ml - A Hajfestékek használata.</FONT></U></P>
<P style=\"MARGIN: 0cm 0cm 10pt; LINE-HEIGHT: normal; mso-margin-top-alt: auto; mso-margin-bottom-alt: auto\"><B><U><FONT face=Calibri>Mixton ( korrektor, neutralizer ) és aktivátor hajfesték &nbsp;használata:</FONT></U></B><FONT face=Calibri> <BR>A korrektorok, mixtonok a nem kívánt színárnyalatok ellensúlyozására, vagy a kívánt színek megerősítésére szolgálnak. A Mixton színek használata&nbsp;segíti a tökéletes színárnyalat elérését.</FONT></P>
<UL type=disc>
<LI style=\"MARGIN: 0cm 0cm 10pt; LINE-HEIGHT: normal; mso-margin-top-alt: auto; mso-margin-bottom-alt: auto; mso-list: l0 level1 lfo1; tab-stops: list 36.0pt\"><FONT face=Calibri>Átlagos használat: nem kívánt színárnyalat ellensúlyozására, vagy egy szín erősítésére:&nbsp; 60gr festékhez&nbsp; 5 - 15 gr/ml, ( kb.5-15cm festékcsík) mixton színt keverjünk. A&nbsp;felhasznált mennyiség ettől eltérhet, a kívánt hatástól függően! Egy szín megerősítéséhez: pl.nagyon piros árnyalathoz akár 30gr mixtont is keverhetünk.</FONT><FONT face=Calibri>&nbsp;</FONT></LI></UL>
<P style=\"MARGIN: 0cm 0cm 10pt 36pt; LINE-HEIGHT: normal; TEXT-INDENT: -18pt; mso-margin-top-alt: auto; mso-margin-bottom-alt: auto; mso-list: l0 level1 lfo1; tab-stops: list 36.0pt; mso-add-space: auto\">·&nbsp;&nbsp;&nbsp;&nbsp;&nbsp;&nbsp;&nbsp;&nbsp; <FONT face=Calibri>A Mixton &hellip; festék színe is elkészíthető vele a következő képen, de a hajszín tartóssága rövidebb lehet. &nbsp;A legvilágosabb, vagy teljesen levilágosított alapra vigye fel, 30ml Mixton&hellip;. &nbsp;+ 30ml 12.0 Ultravilágos hajfesték és 60ml 10vol oxidáló elegyét. Ható idő 15 - 30 perc.</FONT></P>
<P style=\"TEXT-ALIGN: justify; MARGIN: 0cm 0cm 10pt\" align=right><FONT face=Calibri>&nbsp;&nbsp;&nbsp;&nbsp;&nbsp;&nbsp;&nbsp;&nbsp;&nbsp;&nbsp;&nbsp;&nbsp;&nbsp;&nbsp;&nbsp;&nbsp;&nbsp;&nbsp;&nbsp;&nbsp;&nbsp;&nbsp;&nbsp;&nbsp;&nbsp;&nbsp;&nbsp;&nbsp;&nbsp;&nbsp;&nbsp;&nbsp;&nbsp; <U>Nirvel Arco Iris, világosító hatással nem rendelkező&nbsp;extrém színek&nbsp;használata.</U></FONT></P>
<P style=\"TEXT-ALIGN: justify; MARGIN: 0cm 0cm 10pt\"><FONT face=Calibri>A hajfestékek keverési aránya 1+1, ható idő 20-30perc. Világosító hatásuk nincs, a kiválasztott színnél csak világosabb alapon használja a következők szerint.&nbsp;Figyelem! Az&nbsp;intenzív hajszínt csak 7-nél világosabb alapon érheti el!</FONT></P>
<P style=\"TEXT-ALIGN: justify; MARGIN: 0cm 0cm 10pt\"><FONT face=Calibri>Naranja &ndash; narancs, Rojo - piros, Amarillo - sárga&nbsp; - hajszínek, csak 20vol (6% ) oxidálóval keverje!<BR><BR>Verde - zöld,&nbsp; Violeta - viola,&nbsp; Azul - kék&nbsp; - hajszínek, 40vol (12%) oxidálóval keverje!</FONT></P>
<P style=\"TEXT-ALIGN: justify; MARGIN: 0cm 0cm 10pt\"><FONT face=Calibri>&nbsp;</FONT></P>
<P style=\"TEXT-ALIGN: center; MARGIN: 0cm 0cm 10pt\" align=center><FONT face=Calibri><U>A Nirvel Art-X Fuego/Fire hajfestékek használata.</U></FONT></P>
<P style=\"TEXT-ALIGN: justify; MARGIN: 0cm 0cm 10pt\"><FONT face=Calibri>Fokozott pigment tartalmú, extrém színű hajfestékek, az intenzív hajszínért.&nbsp; </FONT><FONT face=Calibri>F-40 Intenzív Réz,&nbsp; F-46 Intenzív Piros réz,&nbsp; F64 Intenzív Mahagóni piros,&nbsp; F-60 Intenzív Tűzpiros</FONT><FONT face=Calibri>&nbsp;</FONT></P>
<P style=\"TEXT-ALIGN: justify; MARGIN: 0cm 0cm 0pt; LINE-HEIGHT: normal\"><FONT face=Calibri><U>A Nirvel Art-X hajfestékhez az oxidálószer kiválasztása:</U></FONT></P>
<P style=\"TEXT-ALIGN: justify; MARGIN: 0cm 0cm 0pt; LINE-HEIGHT: normal\"><FONT face=Calibri>&nbsp;</FONT></P>
<P style=\"TEXT-ALIGN: justify; MARGIN: 0cm 0cm 0pt; LINE-HEIGHT: normal\"><FONT face=Calibri>A <B>Nirvel </B>hajfestékhez szükséges oxidáló megrendeléséhez több lehetőséget is találhat! Ha a hajfestéknél nem ajánlja fel a program az oxidáló kiválasztását, menjen a &ndash; Hajfestés - vagy Hajfestékek -&nbsp; Oxigenta, Oxidálók &hellip; menüponthoz és a&nbsp; válassza ki a szükséges erősségű&nbsp; Nirvel termékekhez készült, oxidálót.</FONT></P>
<P style=\"TEXT-ALIGN: justify; MARGIN: 0cm 0cm 0pt; LINE-HEIGHT: normal\"><FONT face=Calibri>&nbsp;</FONT></P>
<P style=\"TEXT-ALIGN: justify; MARGIN: 0cm 0cm 0pt; LINE-HEIGHT: normal\"><FONT face=Calibri>A hajfestéssel kapcsolatos általános, és egyéb szakmai tudnivalókat és tanácsokat &nbsp;az &nbsp;Információk - Hajfestékek használata, hajfestési tanácsok &ndash; Menüpontnál találja!</FONT></P>
<P style=\"TEXT-ALIGN: justify; MARGIN: 0cm 0cm 0pt; LINE-HEIGHT: normal\"><FONT face=Calibri>&nbsp;</FONT></P>
<P style=\"TEXT-ALIGN: justify; MARGIN: 0cm 0cm 0pt; LINE-HEIGHT: normal\"><FONT face=Calibri>A Fuego/Fire hajfestékek keverési aránya 1+1,5 -&nbsp; Hatóidő 30 - 45perc</FONT></P>
<P style=\"TEXT-ALIGN: justify; MARGIN: 0cm 0cm 0pt; LINE-HEIGHT: normal\"><FONT face=Calibri>&nbsp;</FONT></P>
<P style=\"TEXT-ALIGN: justify; MARGIN: 0cm 0cm 0pt; LINE-HEIGHT: normal\"><B><U><FONT face=Calibri>Oxidálószer kiválasztása:</FONT></U></B><FONT face=Calibri>&nbsp;&nbsp;&nbsp;&nbsp;&nbsp;&nbsp;&nbsp;&nbsp;&nbsp;&nbsp;&nbsp;&nbsp;&nbsp;&nbsp;&nbsp;&nbsp;&nbsp;&nbsp;&nbsp;&nbsp;&nbsp;&nbsp;&nbsp; keverési arány&nbsp;&nbsp;&nbsp;&nbsp;&nbsp;&nbsp; &nbsp; &nbsp; &nbsp; &nbsp; &nbsp; &nbsp; &nbsp; &nbsp; &nbsp; &nbsp; &nbsp; &nbsp; &nbsp; &nbsp; &nbsp; &nbsp; &nbsp; &nbsp;&nbsp; hatóidő:perc<BR>20 vol ( 6% ) Festés, &nbsp; &nbsp; &nbsp; &nbsp; &nbsp; &nbsp; &nbsp; &nbsp; &nbsp; &nbsp; &nbsp; &nbsp;&nbsp; &nbsp;&nbsp;&nbsp;&nbsp; 1+1,5 50ml hajfesték 75ml oxi&nbsp;&nbsp;&nbsp; 1 árnyalat világosítása&nbsp;&nbsp;&nbsp;&nbsp; 30-45<BR>30 vol ( 9% ) Világosítás&nbsp;&nbsp;&nbsp;&nbsp;&nbsp;&nbsp;&nbsp;&nbsp;&nbsp;&nbsp;&nbsp;&nbsp;&nbsp;&nbsp;&nbsp;&nbsp;&nbsp;&nbsp;&nbsp;&nbsp;&nbsp;&nbsp;&nbsp; 1+1,5 50ml hajfesték 75ml oxi&nbsp; 2-3 árnyalat világosítása&nbsp;&nbsp;&nbsp;&nbsp;30-45<BR>40 vol (12%) Világosítás&nbsp;&nbsp;&nbsp;&nbsp;&nbsp;&nbsp;&nbsp;&nbsp;&nbsp;&nbsp;&nbsp;&nbsp;&nbsp;&nbsp;&nbsp;&nbsp;&nbsp;&nbsp;&nbsp;&nbsp;&nbsp;&nbsp;&nbsp; 1+1,5 50ml hajfesték 75ml oxi&nbsp; 3-4 árnyalat világosítása&nbsp;&nbsp;&nbsp; 30-45<BR></FONT></P>
<P style=\"TEXT-ALIGN: justify; MARGIN: 0cm 0cm 0pt; LINE-HEIGHT: normal\"><FONT face=Calibri>&nbsp;</FONT></P>
<P style=\"TEXT-ALIGN: justify; MARGIN: 0cm 0cm 0pt; LINE-HEIGHT: normal\"><FONT face=Calibri><B><U>Hasznos információk az Intenzív extrém színű Fuego hajfestékek professzionális használatához:</U></B></FONT></P>
<UL type=disc>
<LI style=\"TEXT-ALIGN: justify; MARGIN: 0cm 0cm 10pt; LINE-HEIGHT: normal; mso-margin-top-alt: auto; mso-margin-bottom-alt: auto; mso-list: l0 level1 lfo1; tab-stops: list 36.0pt\"><FONT face=Calibri>Használhatja teljes haj festéshez, melírozáshoz előzetes szőkítés nélkül, színkiemeléshez, színezéshez levilágosított alapon, mixtonként más hajfestékekhez keverve, vagy egymással összekeverve új extrém színek előállítására. Ez a termék egy innovatív hajápoló, természetes és festett hajon is alkalmazható hajfesték. </FONT>
<LI style=\"TEXT-ALIGN: justify; MARGIN: 0cm 0cm 10pt; LINE-HEIGHT: normal; mso-margin-top-alt: auto; mso-margin-bottom-alt: auto; mso-list: l0 level1 lfo1; tab-stops: list 36.0pt\"><FONT face=Calibri>Tiszta tömény pigmentek, amelyek erőteljes extra színkiemelést és látványos hatást eredményeznek. Extrémen intenzív, tartós és tisztán ragyogó színeket lehet elérni vele előszőkítés nélkül is. Maximum 4 színárnyalat világosítás lehetséges. Tökéletes eredményt biztosít természetes és festett hajon egyaránt, különösen a sötétebb, 5-4 alapú hajszíneken. Ha a terméket nagyon sötétre festett hajra visszük fel, az eredmény kevésbé lesz látható! </FONT>
<LI style=\"TEXT-ALIGN: justify; MARGIN: 0cm 0cm 10pt; LINE-HEIGHT: normal; mso-margin-top-alt: auto; mso-margin-bottom-alt: auto; mso-list: l0 level1 lfo1; tab-stops: list 36.0pt\"><FONT face=Calibri><B>Hatóidők!</B> Ha kevésbé intenzív színt szeretne, mossa le a 15-30 perc közötti időtartamban. A legideálisabb ha átlátszó melírfóliát használ, mert itt folyamatosan látja a kialakuló színt. A ha elérte a kívánt színt, a hatóidőtől függetlenül fejezze be a festést. </FONT>
<LI style=\"TEXT-ALIGN: justify; MARGIN: 0cm 0cm 10pt; LINE-HEIGHT: normal; mso-margin-top-alt: auto; mso-margin-bottom-alt: auto; mso-list: l0 level1 lfo1; tab-stops: list 36.0pt\"><FONT face=Calibri><B>Az oxidáló erőssége&nbsp; természetes hajon:</B> (&nbsp; 7 színmélységben&nbsp;20 vol.- 6%) ( 5-6 színmélységben 20 vol - 6% ) ( 4-5 színmélységben 30 vol - 9%) ( 3-4 színmélység ben 40 vol.-12% ) </FONT>
<LI style=\"TEXT-ALIGN: justify; MARGIN: 0cm 0cm 10pt; LINE-HEIGHT: normal; mso-margin-top-alt: auto; mso-margin-bottom-alt: auto; mso-list: l0 level1 lfo1; tab-stops: list 36.0pt\"><FONT face=Calibri><B>Az oxidáló erőssége festett hajon:</B> ( 7 színmélységben 20 vol.- 6%) ( 5-6 színmélységben 30 vol - 9% ) ( 4-5 színmélységben 30 vol - 9%) ( 3-4 színmélység ben 40 vol.-12% ) </FONT>
<LI style=\"TEXT-ALIGN: justify; MARGIN: 0cm 0cm 10pt; LINE-HEIGHT: normal; mso-margin-top-alt: auto; mso-margin-bottom-alt: auto; mso-list: l0 level1 lfo1; tab-stops: list 36.0pt\"><FONT face=Calibri><B>Az oxidáló erőssége szőkített hajon:</B> 6 - 7 - 8- os alapra szőkített hajon minden esetben 30vol - 9% !</FONT> 
<LI style=\"TEXT-ALIGN: justify; MARGIN: 0cm 0cm 10pt; LINE-HEIGHT: normal; mso-margin-top-alt: auto; mso-margin-bottom-alt: auto; mso-list: l0 level1 lfo1; tab-stops: list 36.0pt\"><FONT face=Calibri><STRONG><U>Ősz haj fedéséhez a natúr és a divat színek aránya 50ml hajfestékkel számolva:<BR></U></STRONG>10 - 30% ősz haj esetén&nbsp;&nbsp; 15 ml-természetes szín + 35 ml divatszín<BR>30 - 60% ősz haj esetén&nbsp;&nbsp; 25 ml-természetes szín + 25 ml divatszín<BR>60%&nbsp; ősz haj felett&nbsp;&nbsp;&nbsp;&nbsp;&nbsp;&nbsp;&nbsp;&nbsp;&nbsp;&nbsp; 30 ml-természetes szín + 20 ml divatszín</FONT></LI></UL>', `item_id`='0101-nartxA-60ml-arco-alap', `default_pic`='561', `active`='1', `category_id`='22', `root_category_id`='0', `seo_name`='nirvel-artx-hajfestek-extrem-szinek', `fullurl`='hajfestek/nirvel-artx-hajfestek-extrem-szinek', `other_categories`='22,24,28,84,104,222,331' WHERE id=2557

[2020-07-17 11:19:48] UPDATE webshop_gallery SET original_name='Nirvel Art-X hajfesték színskála', date=1594977588 WHERE id=1662

[2020-07-17 11:19:48] UPDATE webshop_special_fields SET `value`='Nirvel' WHERE `key`='manufacturer' AND `product_id`=3254

[2020-07-17 11:19:48] UPDATE webshop_special_fields SET `value`='db' WHERE `key`='quantityunit' AND `product_id`=3254

[2020-07-17 11:19:48] UPDATE webshop_special_fields SET `value`='1' WHERE `key`='kiszereles' AND `product_id`=3254

[2020-07-17 11:19:48] UPDATE webshop_products SET `name_hun`='Nirvel ARTX hajfesték színskála',`content_short`='Hajfesték hajszínskála, a Nirvel Art-X hajfestékekhez.
Ezen az oldalon csak a tincses hajfesték színskálát...',`content`='<P style=\"TEXT-ALIGN: justify\">Hajfesték hajszínskála, a Nirvel Art-X hajfestékekhez.</P>
<P style=\"TEXT-ALIGN: center; MARGIN: 0cm 0cm 10pt\" align=center><B style=\"mso-bidi-font-weight: normal\">Ezen az oldalon csak a tincses hajfesték színskálát tudja megvásárolni!</B></P>
<P style=\"TEXT-ALIGN: justify; MARGIN: 0cm 0cm 10pt\">A fényképes hajszínek, azok jól nagyítható hajszínskála képei, Magyar nyelvű elnevezései, a webáruházban minden hajfestékhez megtalálhatók! Ezek, a hajfestéknél, a -&nbsp;Hajfesték színek - vagy&nbsp; - Hajszínek - elnevezésű fülnél -, vagy a&nbsp;&nbsp;hajfesték oldalán, a termékleírásban, vagy az ott elhelyezett egyéb erre utaló információknál találhatók!&nbsp;A hajfesték színskála&nbsp;képei&nbsp;rendkívül jól nagyíthatók, a hajszínek lehető legjobb beazonosításának céljából.</P>
<P style=\"TEXT-ALIGN: justify; MARGIN: 0cm 0cm 10pt\">Bizonyos mennyiségű Nirvel Art-X hajfesték vásárlása esetén tincses hajfesték színskálát kérhet ajándékba. A pontos darabszámot a hajfesték oldalán találja! Ha szükséges hívja ügyfélszolgálatunkat, vagy kérje a -Kosár &nbsp;&ndash; Megrendelés &ndash; Megjegyzés - ablakba beírva!</P>
<P style=\"TEXT-ALIGN: justify; MARGIN: 0cm 0cm 10pt\">A Nirvel Art-X hajfestéket, a hajfesték oldalán tudja megrendelni!&nbsp;</P>
<P style=\"TEXT-ALIGN: justify; MARGIN: 0cm 0cm 10pt\"><B style=\"mso-bidi-font-weight: normal\">A hajszínek, a jól nagyítható hajszínskála képei, a hajfesték színek Magyar nyelvű elnevezései, &nbsp;a hajfesték oldalán, a termékleírásban, vagy az ott elhelyezett információknál találhatók!&nbsp;A hajfesték színskála&nbsp;képei&nbsp;rendkívül jól nagyíthatók</B>, a hajszínek lehető legjobb beazonosításának céljából. Az Nirvel Art-X vízszintes, matrix elrendezésű hajfesték hajszínskálája, az Európában szokásos számozással készült.</P>', `item_id`='0123-naxhcp-5028', `default_pic`='1662', `active`='1', `category_id`='22', `root_category_id`='0', `seo_name`='nirvel-artx-hajfestek-szinskala', `fullurl`='hajfestek/nirvel-artx-hajfestek-szinskala', `other_categories`='22,33,222' WHERE id=3254

[2020-07-17 11:19:48] UPDATE webshop_gallery SET original_name='Nirvel Dye Thickener hajfesték besürítő', date=1594977588 WHERE id=5590

[2020-07-17 11:19:48] UPDATE webshop_special_fields SET `value`='Nirvel' WHERE `key`='manufacturer' AND `product_id`=4087

[2020-07-17 11:19:48] UPDATE webshop_special_fields SET `value`='ml' WHERE `key`='quantityunit' AND `product_id`=4087

[2020-07-17 11:19:48] UPDATE webshop_special_fields SET `value`='125' WHERE `key`='kiszereles' AND `product_id`=4087

[2020-07-17 11:19:48] UPDATE webshop_products SET `name_hun`='Nirvel Dye Thickener hajfesték besürítő',`content_short`='Hajfesték besűrítő. A hajfesték és oxidáló elegybe&nbsp;keverve csökkenti az elegy sűrűségét,...',`content`='<P style=\"TEXT-ALIGN: justify; MARGIN: 0cm 0cm 10pt\"><FONT face=Calibri>Hajfesték besűrítő. A hajfesték és oxidáló elegybe&nbsp;keverve csökkenti az elegy sűrűségét, használatával megakadályozhatjuk a hajfesték lecsöpögését, megfolyását. &nbsp;A mennyiség növelésével tudjuk szabályozni az elegy sűrűségét. 60ml hajfestékhez, 6-12 csepp hozzákeverése elegendő, a tökéletes sűrűség eléréséhez.</FONT></P>
<P style=\"TEXT-ALIGN: justify; MARGIN: 0cm 0cm 10pt\"><FONT face=Calibri>Minden hajfesték márkához használható.</FONT></P>
<P style=\"TEXT-ALIGN: justify; MARGIN: 0cm 0cm 10pt\"><FONT face=Calibri>125ml</FONT></P>', `item_id`='0119-nca-8308-125ml', `default_pic`='5590', `active`='1', `category_id`='24', `root_category_id`='22', `seo_name`='nirvel-dye-thickener-hajfestek-besurito', `fullurl`='hajfestek/hajfestek/hajfestek-markak/nirvel-dye-thickener-hajfestek-besurito', `other_categories`='24,25,27,28,29,34,35,36,39,45,46,48,83,228,258,262,312,316,317,347' WHERE id=4087

[2020-07-17 11:19:48] INSERT INTO webshop_gallery (`id`, `product_id`, `original_name`, `new_name`, `date`) VALUES (15098, 5020, 'megszünt - Maxima FS Plastic hajformázó paszta', '15098.jpg', 1594977588)

[2020-07-17 11:19:48] INSERT INTO webshop_products (`id`, `name_hun`, `name_eng`, `item_id`, `price`, `reduced_price`, `status`, `currency`, `content_short`, `content`, `details`, `date`, `default_pic`, `active`, `main`, `sort`, `category_id`, `root_category_id`, `seo_name`, `fullurl`, `websyx_id`, `quantity`, `other_categories`) VALUES ('5020', 'megszünt - Maxima FS Plastic hajformázó paszta', 'megszünt - Maxima FS Plastic hajformázó paszta', '1413-vmfs-7031-extraerős-100ml', 0, 0, 1, 'Ft', 'Extra erős tartású hajformázó, a szabad stílusú, kreatív hajformázás terméke. &nbsp;Szilikon mentes.&nbsp;...', '<P style=\"TEXT-ALIGN: justify; MARGIN: 0cm 0cm 10pt; LINE-HEIGHT: normal; mso-margin-top-alt: auto; mso-margin-bottom-alt: auto\"><FONT face=Calibri>Extra erős tartású hajformázó, a szabad stílusú, kreatív hajformázás terméke. &nbsp;Szilikon mentes.&nbsp; Nagyon erős, de rugalmas tartású hajformázó paszta. Összetétele lehetővé teszi, hogy kevés mennyiség felhasználásával tökéletes eredményt érjünk el.</FONT></P>
<P style=\"TEXT-ALIGN: justify; MARGIN: 0cm 0cm 10pt; LINE-HEIGHT: normal; mso-margin-top-alt: auto; mso-margin-bottom-alt: auto\"><FONT face=Calibri>Ezt a kreatív hajformázót használhatjuk hajszobrászkodáshoz, modellezés vagy a haj textúrájának, volumenének növeléséhez is. &nbsp;A hajformázó paszta lehetővé teszi, bármilyen frizuraforma kialakítását, enyhén matt fényt ad a hajnak, és hosszantartó kellemes illatot biztosít.</FONT></P>
<P style=\"TEXT-ALIGN: justify; MARGIN: 0cm 0cm 10pt; LINE-HEIGHT: normal; mso-margin-top-alt: auto; mso-margin-bottom-alt: auto\"><FONT face=Calibri>A hajformázó paszta használata prémium szolgáltatást tesz lehetővé a fodrászatban, és az otthoni használatban is.</FONT></P>
<P style=\"MARGIN: 0cm 0cm 0pt; LINE-HEIGHT: normal; mso-margin-top-alt: auto\"><FONT face=Calibri><B><U>A szilikon mentes Maxima FS Plastic Paste hajformázó paszta fő összetevői:</U></B></FONT></P>
<UL type=disc>
<LI style=\"MARGIN: 0cm 0cm 10pt; LINE-HEIGHT: normal; mso-margin-top-alt: auto; mso-margin-bottom-alt: auto; mso-list: l0 level1 lfo1; tab-stops: list 36.0pt\"><FONT face=Calibri>Tea extract </FONT>
<LI style=\"MARGIN: 0cm 0cm 10pt; LINE-HEIGHT: normal; mso-margin-top-alt: auto; mso-margin-bottom-alt: auto; mso-list: l0 level1 lfo1; tab-stops: list 36.0pt\"><FONT face=Calibri>Vitamin E </FONT>
<LI style=\"MARGIN: 0cm 0cm 10pt; LINE-HEIGHT: normal; mso-margin-top-alt: auto; mso-margin-bottom-alt: auto; mso-list: l0 level1 lfo1; tab-stops: list 36.0pt\"><FONT face=Calibri>Pantenol </FONT>
<LI style=\"MARGIN: 0cm 0cm 10pt; LINE-HEIGHT: normal; mso-margin-top-alt: auto; mso-margin-bottom-alt: auto; mso-list: l0 level1 lfo1; tab-stops: list 36.0pt\"><FONT face=Calibri>UV filter</FONT></LI></UL>
<P style=\"MARGIN: 0cm 0cm 10pt; LINE-HEIGHT: normal; mso-margin-top-alt: auto; mso-margin-bottom-alt: auto\"><FONT face=Calibri><B><U>Hajformázó Maxima FS Plastic Paste paszta használata:</U></B> </FONT></P>
<P style=\"TEXT-ALIGN: justify; MARGIN: 0cm 0cm 10pt; LINE-HEIGHT: normal; mso-margin-top-alt: auto; mso-margin-bottom-alt: auto\"><FONT face=Calibri>A hajformázó pasztát vigye fel a száraz hajra. Dörzsöljön össze a tenyerében egy kis mennyiséget, majd vigye fel egyenletesen a frizurára, vagy kenjen be vele néhány tincset. Az elképzelt forma szerint tenyerével, vagy ujjaival alakítsa ki a frizura formáját. A frizura volumenének növelése érdekében, vigye fel a hajtövekre. </FONT></P>
<P style=\"TEXT-ALIGN: justify; MARGIN: 0cm 0cm 10pt; LINE-HEIGHT: normal; mso-margin-top-alt: auto; mso-margin-bottom-alt: auto\"><STRONG>Ez a hajformázó egy professzionális prémium fodrászcikk, fodrászkellék.</STRONG><B style=\"mso-bidi-font-weight: normal\"></B></P>
<P>&nbsp;</P>', '', 1594977588, '15098', '1', 0, 1, 265, '104', 'megszunt-maxima-fs-plastic-hajformazo-paszta', 'fodraszkellek/hajkefe/keramia-korkefe/megszunt-maxima-fs-plastic-hajformazo-paszta', '1099', 1, '')

[2020-07-17 11:19:48] INSERT INTO webshop_special_fields (`key`, `value`, `product_id`) VALUES ('manufacturer', 'Vitalfarco Maxima-NHP-Vitael', 5020)

[2020-07-17 11:19:48] INSERT INTO webshop_special_fields (`key`, `value`, `product_id`) VALUES ('quantityunit', 'ml', 5020)

[2020-07-17 11:19:48] INSERT INTO webshop_special_fields (`key`, `value`, `product_id`) VALUES ('kiszereles', '100', 5020)

[2020-07-17 11:19:48] UPDATE webshop_products SET sort=1 WHERE id=3326

[2020-07-17 11:19:48] UPDATE webshop_products SET sort=2 WHERE id=5020

[2020-07-17 11:19:48] UPDATE webshop_products SET sort=3 WHERE id=5018

[2020-07-17 11:19:48] UPDATE webshop_products SET sort=4 WHERE id=5019

[2020-07-17 11:19:48] UPDATE webshop_products SET sort=5 WHERE id=5017

[2020-07-17 11:19:49] UPDATE webshop_products SET sort=6 WHERE id=5016

[2020-07-17 11:19:50] UPDATE users SET lastlogin = NOW() WHERE id = '11'

[2020-07-17 11:19:50] UPDATE webshop_gallery SET original_name='megszünt - Maxima FS Sheen Pomade hajfény krém', date=1594977590 WHERE id=215

[2020-07-17 11:19:50] UPDATE webshop_special_fields SET `value`='Vitalfarco Maxima-NHP-Vitael' WHERE `key`='manufacturer' AND `product_id`=2210

[2020-07-17 11:19:50] UPDATE webshop_special_fields SET `value`='ml' WHERE `key`='quantityunit' AND `product_id`=2210

[2020-07-17 11:19:50] UPDATE webshop_special_fields SET `value`='100' WHERE `key`='kiszereles' AND `product_id`=2210

[2020-07-17 11:19:50] UPDATE webshop_products SET `name_hun`='megszünt - Maxima FS Sheen Pomade hajfény krém',`content_short`='Hajfény krém gyümölcs illattal.&nbsp;A krém alkotói regenerálják, hidratálják a száraz roncsolt hajat,...',`content`='<P style=\"TEXT-ALIGN: justify\">Hajfény krém gyümölcs illattal.&nbsp;A krém alkotói regenerálják, hidratálják a száraz roncsolt hajat, emellett magas fényt biztosítanak a frizurának.&nbsp; A hidratált haj&nbsp;&nbsp;látványosan egészséges hatású&nbsp;és magas fényű,&nbsp;ezért rendkívül alkalmas fiatalos és fényes&nbsp; frizurák kialakításához.</P>
<P style=\"TEXT-ALIGN: justify\">100ml - A magas fényű, parfümmel illatosított, hajápolókkal gazdagított &nbsp;hajfény krémmel vizes hatású,&nbsp;és fényű frizurákat, retro hajkompozíciókat is készíthetünk.&nbsp; Állaga &nbsp;alkalmassá teszi retro &nbsp;viasz frizurák,&nbsp; vízhullámos hajak és más elegáns hajkompozíciók elkészítésére is.&nbsp;A hajfény krém normál tartást lágy és magas,&nbsp;selymes fényt biztosít.&nbsp;</P>
<P style=\"TEXT-ALIGN: justify\">A hajfény krém használat után könnyen eltávolítható a hajból és nem hagy nyomot a hajban.&nbsp;</P>
<P style=\"TEXT-ALIGN: justify; MARGIN: 0cm 0cm 10pt\"><B style=\"mso-bidi-font-weight: normal\"><U><FONT face=Calibri>A hajfény krém használata:</FONT></U></B></P>
<P style=\"TEXT-ALIGN: justify; MARGIN-LEFT: 36pt; TEXT-INDENT: -18pt; mso-list: l0 level1 lfo1\">·&nbsp;&nbsp;&nbsp;&nbsp;&nbsp;&nbsp;&nbsp;&nbsp; A hajfény krémet száraz hajra vigye fel.</P>
<P style=\"TEXT-ALIGN: justify; MARGIN-LEFT: 36pt; TEXT-INDENT: -18pt; mso-list: l0 level1 lfo1\">·&nbsp;&nbsp;&nbsp;&nbsp;&nbsp;&nbsp;&nbsp;&nbsp; Vegyünk egy kis mennyiségű hajfény krémet a kezünkbe, és munkáljuk el az ujjainkkal a hajba.</P>
<P style=\"TEXT-ALIGN: justify; MARGIN-LEFT: 36pt; TEXT-INDENT: -18pt; mso-list: l0 level1 lfo1\">·&nbsp;&nbsp;&nbsp;&nbsp;&nbsp;&nbsp;&nbsp;&nbsp; Extrém frizuráknál: &nbsp;Alkalmazza a hajfény krémet az egész hajon elképzelése szerint, nagyobb mennyiségben.&nbsp;&nbsp;Így létrehozhat ultra fényes frizurákat vagy ultra fényes tincseket.</P>
<P>
<P>&nbsp;</P>
<P></P>', `item_id`='1413-vmfs-7050--100ml', `default_pic`='215', `active`='1', `category_id`='265', `root_category_id`='104', `seo_name`='megszunt-maxima-fs-sheen-pomade-hajfeny-krem', `fullurl`='fodraszkellek/hajkefe/keramia-korkefe/megszunt-maxima-fs-sheen-pomade-hajfeny-krem', `other_categories`='' WHERE id=2210

[2020-07-17 11:19:50] INSERT INTO webshop_gallery (`id`, `product_id`, `original_name`, `new_name`, `date`) VALUES (15099, 5021, 'megszünt - Illat és színezék mentes sampon minden hajra', '15099.jpg', 1594977590)

[2020-07-17 11:19:50] INSERT INTO webshop_products (`id`, `name_hun`, `name_eng`, `item_id`, `price`, `reduced_price`, `status`, `currency`, `content_short`, `content`, `details`, `date`, `default_pic`, `active`, `main`, `sort`, `category_id`, `root_category_id`, `seo_name`, `fullurl`, `websyx_id`, `quantity`, `other_categories`) VALUES ('5021', 'megszünt - Illat és színezék mentes sampon minden hajra', 'megszünt - Illat és színezék mentes sampon minden hajra', '0718-psk-1000ml-szintelen', 0, 0, 1, 'Ft', 'Illat és színezék mentes sampon minden...', 'Illat és színezék mentes sampon minden hajra.', '', 1594977590, '15099', '1', 0, 1, 265, '104', 'megszunt-illat-es-szinezek-mentes-sampon-minden-hajra', 'fodraszkellek/hajkefe/keramia-korkefe/megszunt-illat-es-szinezek-mentes-sampon-minden-hajra', '2171', 1, '')

[2020-07-17 11:19:50] INSERT INTO webshop_special_fields (`key`, `value`, `product_id`) VALUES ('manufacturer', 'Egyéb fodrászkellék', 5021)

[2020-07-17 11:19:50] INSERT INTO webshop_special_fields (`key`, `value`, `product_id`) VALUES ('quantityunit', 'ml', 5021)

[2020-07-17 11:19:50] INSERT INTO webshop_special_fields (`key`, `value`, `product_id`) VALUES ('kiszereles', '1000', 5021)

[2020-07-17 11:19:50] UPDATE webshop_gallery SET original_name='Nirvel Art-X hajfesték Akciós színek', date=1594977590 WHERE id=8534

[2020-07-17 11:19:51] UPDATE webshop_special_fields SET `value`='Nirvel' WHERE `key`='manufacturer' AND `product_id`=4435

[2020-07-17 11:19:51] UPDATE webshop_special_fields SET `value`='ml' WHERE `key`='quantityunit' AND `product_id`=4435

[2020-07-17 11:19:51] UPDATE webshop_special_fields SET `value`='60' WHERE `key`='kiszereles' AND `product_id`=4435

[2020-07-17 11:19:51] UPDATE webshop_products SET `name_hun`='Nirvel ARTX hajfesték Akciós színek',`content_short`='Akciós hajfesték színek.&nbsp;A leírás és a hajszínek képei, &nbsp;a nem akciós&nbsp; - Nirvel ArtX hajfesték...',`content`='<P>Akciós hajfesték színek.&nbsp;A leírás és a hajszínek képei, &nbsp;a nem akciós&nbsp; - Nirvel ArtX hajfesték - terméknél találhatók!</P>
<P style=\"MARGIN: 0cm 0cm 10pt; LINE-HEIGHT: normal; mso-margin-top-alt: auto; mso-margin-bottom-alt: auto\"><B><U><FONT face=Calibri>Mixton ( korrektor, neutralizer ) és aktivátor hajfesték &nbsp;használata:</FONT></U></B><FONT face=Calibri> <BR>A korrektorok, mixtonok a nem kívánt színárnyalatok ellensúlyozására, vagy a kívánt színek megerősítésére szolgálnak. A Mixton színek használata&nbsp;segíti a tökéletes színárnyalat elérését.</FONT></P>
<UL type=disc>
<LI style=\"MARGIN: 0cm 0cm 10pt; LINE-HEIGHT: normal; mso-margin-top-alt: auto; mso-margin-bottom-alt: auto; mso-list: l0 level1 lfo1; tab-stops: list 36.0pt\"><FONT face=Calibri>Átlagos használat: nem kívánt színárnyalat ellensúlyozására, vagy egy szín erősítésére:&nbsp; 60gr festékhez&nbsp; 5 - 15 gr/ml, ( kb.5-15cm festékcsík) mixton színt keverjünk. A&nbsp;felhasznált mennyiség ettől eltérhet, a kívánt hatástól függően! Egy szín megerősítéséhez: pl.nagyon piros árnyalathoz akár 30gr mixtont is keverhetünk.</FONT><FONT face=Calibri>&nbsp;</FONT></LI></UL>
<P style=\"MARGIN: 0cm 0cm 10pt 36pt; LINE-HEIGHT: normal; TEXT-INDENT: -18pt; mso-margin-top-alt: auto; mso-margin-bottom-alt: auto; mso-list: l0 level1 lfo1; tab-stops: list 36.0pt; mso-add-space: auto\">·&nbsp;&nbsp;&nbsp;&nbsp;&nbsp;&nbsp;&nbsp;&nbsp; <FONT face=Calibri>A Mixton &hellip; festék színe is elkészíthető vele a következő képen, de a hajszín tartóssága rövidebb lehet. &nbsp;A legvilágosabb, vagy teljesen levilágosított alapra vigye fel, 30ml Mixton&hellip;. &nbsp;+ 30ml 12.0 Ultravilágos hajfesték és 60ml 10vol oxidáló elegyét. Ható idő 15 - 30 perc.</FONT></P>', `item_id`='0101-nartxA-60ml-arco-alap-akciós', `default_pic`='8534', `active`='1', `category_id`='22', `root_category_id`='0', `seo_name`='nirvel-artx-hajfestek-akcios-szinek', `fullurl`='hajfestek/nirvel-artx-hajfestek-akcios-szinek', `other_categories`='22,24,28,84,104,240,251,345' WHERE id=4435

[2020-07-17 11:19:51] INSERT INTO webshop_gallery (`id`, `product_id`, `original_name`, `new_name`, `date`) VALUES (15100, 5022, 'megszünt - Szőrtelenítő gyanta normál alutálcás', '15100.jpg', 1594977591)

[2020-07-17 11:19:51] INSERT INTO webshop_products (`id`, `name_hun`, `name_eng`, `item_id`, `price`, `reduced_price`, `status`, `currency`, `content_short`, `content`, `details`, `date`, `default_pic`, `active`, `main`, `sort`, `category_id`, `root_category_id`, `seo_name`, `fullurl`, `websyx_id`, `quantity`, `other_categories`) VALUES ('5022', 'megszünt - Szőrtelenítő gyanta normál alutálcás', 'megszünt - Szőrtelenítő gyanta normál alutálcás', '2141-szg-normal-100ml-alu', 0, 0, 1, 'Ft', 'Szőrtelenítő&nbsp;tálcás gyanat.&nbsp;&nbsp;Az olajos meleg gyanta tradicionálisan, természetes viaszokból és...', '<P style=\"TEXT-ALIGN: justify; MARGIN: 0cm 0cm 10pt; LINE-HEIGHT: normal\"><FONT face=Calibri>Szőrtelenítő&nbsp;tálcás gyanat.&nbsp;&nbsp;Az olajos meleg gyanta tradicionálisan, természetes viaszokból és válogatott, természetes esszenciákból készült.</FONT></P>
<P style=\"TEXT-ALIGN: justify; MARGIN: 0cm 0cm 10pt; LINE-HEIGHT: normal\"><B style=\"mso-bidi-font-weight: normal\"><FONT face=Calibri>100ml - Szőrtelenítő gyantapatron típusok leírása, használata mit kell tudni a gyantákról!</FONT></B></P>
<P style=\"MARGIN: 0cm 0cm 10pt; LINE-HEIGHT: normal\"><B style=\"mso-bidi-font-weight: normal\"><U><FONT face=Calibri>Szőrtelenítő gyanta használata:</FONT></U></B></P>
<P style=\"TEXT-ALIGN: justify; MARGIN: 0cm 0cm 10pt; LINE-HEIGHT: normal\"><FONT face=Calibri>50-55°C kell melegíteni A szőrtelenítő gyantapa az előírt felhasználási hőmérsékleten nem folyik le a bőrről, jól tapad a test szőrzetéhez. A gyanta eltávolításához, gyantaletépő papírcsík használata szükséges!</FONT></P>
<P style=\"MARGIN: 0cm 0cm 10pt; LINE-HEIGHT: normal\"><B style=\"mso-bidi-font-weight: normal\"><U><FONT face=Calibri>Szőrtelenítő gyanta és bőr típusok párosítása, gyanták tulajdonságai: - </FONT></U></B></P>
<P style=\"MARGIN: 0cm 0cm 10pt; LINE-HEIGHT: normal\"><FONT face=Calibri>Normál, natúr sárga. Univerzális, Colophonium mentes szőrtelenítő gyanta minden bőrtípushoz</FONT></P>
<P style=\"TEXT-ALIGN: justify; MARGIN: 0cm 0cm 10pt; LINE-HEIGHT: normal\"><FONT face=Calibri>Azulénes kék Colophonium mentes szőrtelenítő gyantapatron. Mint tudjuk az azulén bőrnyugtató hatású, ezt a hatóanyagot használjuk fel a kamillás kozmetikumok esetén is. A bőrpír kialakulásának esélyét csökkentjük vele.</FONT></P>
<P style=\"TEXT-ALIGN: justify; MARGIN: 0cm 0cm 10pt; LINE-HEIGHT: normal\"><FONT face=Calibri>Klorofilles zöld Colophonium mentes szőrtelenítő gyantapatron.&nbsp; A bőrt felfrissítő, hatékony gyantatípus. Intim gyanta: Intim felületre ajánlott.</FONT></P>
<P style=\"TEXT-ALIGN: justify; MARGIN: 0cm 0cm 10pt; LINE-HEIGHT: normal\"><FONT face=Calibri>Titándioxidos pink Colophonium mentes szőrtelenítő gyantapatron.&nbsp; Hiperérzékeny bőrre, erős szőrzetre alkalmazható, bőrnyugtató hatóanyagot tartalmaz. A természetes Titánium dioxid komplex ásványi bázisra épül, mely optimálisan köti a gyantát a szőrzethez, így a szőrtelenítés kevésbé fájdalmas.</FONT></P>
<P>&nbsp;</P>', '', 1594977591, '15100', '1', 0, 1, 265, '104', 'megszunt-szortelenito-gyanta-normal-alutalcas', 'fodraszkellek/hajkefe/keramia-korkefe/megszunt-szortelenito-gyanta-normal-alutalcas', '2255', 1, '')

[2020-07-17 11:19:51] INSERT INTO webshop_special_fields (`key`, `value`, `product_id`) VALUES ('manufacturer', 'Egyéb fodrászkellék', 5022)

[2020-07-17 11:19:51] INSERT INTO webshop_special_fields (`key`, `value`, `product_id`) VALUES ('quantityunit', 'gr', 5022)

[2020-07-17 11:19:51] INSERT INTO webshop_special_fields (`key`, `value`, `product_id`) VALUES ('kiszereles', '100', 5022)

[2020-07-17 11:19:51] UPDATE webshop_gallery SET original_name='megszünt - Levissime Fresh Gel bőr feszesítő frissítő zselé 10×3ml', date=1594977591 WHERE id=3961

[2020-07-17 11:19:51] UPDATE webshop_special_fields SET `value`='Nirvel Levissime' WHERE `key`='manufacturer' AND `product_id`=3647

[2020-07-17 11:19:51] UPDATE webshop_special_fields SET `value`='db' WHERE `key`='quantityunit' AND `product_id`=3647

[2020-07-17 11:19:51] UPDATE webshop_special_fields SET `value`='1' WHERE `key`='kiszereles' AND `product_id`=3647

[2020-07-17 11:19:51] UPDATE webshop_products SET `name_hun`='megszünt - Levissime Fresh Gel bőr feszesítő frissítő zselé 10×3ml',`content_short`='Bőr feszesítő, frissítő&nbsp;gél. Komplex növényi kivonatainak köszönhető &nbsp;(vörös szőlő, ázsiai...',`content`='<P style=\"MARGIN: 0cm 0cm 10pt\"><FONT face=Calibri>Bőr feszesítő, frissítő&nbsp;gél. Komplex növényi kivonatainak köszönhető &nbsp;(vörös szőlő, ázsiai Centella, ginkgo biloba, borostyán és fucus) a feszesítő és redukáló tulajdonsága.<BR>Használata ajánlott önállóan és &nbsp;a teljes kezelés átalakítás-refirming masszázs után is , így jól kihasználható a &nbsp;simító hatása. Ajánlott minden egyéb ernyedt test területek felfrissítésére is, <BR>csökkenti a bőr ernyedtséget, és csökkenti a cellulitiszt.<BR><BR>Eredmények<BR><BR>Növeli a frissesség érzését. Megerősíti, petyhüdt bőrt, csökkenti a ráncokat, és a felesleges narancsbőrt.<BR><BR>Alkalmazás<BR>Használja minden nap, egy gyengéd felfelé irányuló masszázzsal, lábak, fenék és has, stb&hellip;</FONT></P>
<P style=\"MARGIN: 0cm 0cm 10pt\">A Levissime arc és testápoló kozmetikumok állatkísérlet mentes, állatokon nem tesztelt, Professzionális célra készült kozmetikai termékek!</P>', `item_id`='0250-nl-5403-10×3ml-tasakban', `default_pic`='3961', `active`='1', `category_id`='265', `root_category_id`='104', `seo_name`='megszunt-levissime-fresh-gel-bor-feszesito-frissito-zsele-10-3ml', `fullurl`='fodraszkellek/hajkefe/keramia-korkefe/megszunt-levissime-fresh-gel-bor-feszesito-frissito-zsele-10-3ml', `other_categories`='' WHERE id=3647

[2020-07-17 11:19:51] UPDATE webshop_gallery SET original_name='Nirvel-Blond-U szőke hajfesték és tartós hajszínező színskála', date=1594977591 WHERE id=1672

[2020-07-17 11:19:51] UPDATE webshop_special_fields SET `value`='Nirvel' WHERE `key`='manufacturer' AND `product_id`=3264

[2020-07-17 11:19:51] UPDATE webshop_special_fields SET `value`='db' WHERE `key`='quantityunit' AND `product_id`=3264

[2020-07-17 11:19:51] UPDATE webshop_special_fields SET `value`='1' WHERE `key`='kiszereles' AND `product_id`=3264

[2020-07-17 11:19:51] UPDATE webshop_products SET `name_hun`='megszünt - Nirvel-Blond-U szőke hajfesték és tartós hajszínező színskála',`content_short`='
Szőke hajfesték és tartós hajszínező asztali, hirdető, kínáló hajszínskála. A 24×30cm méretű asztali...',`content`='<FONT face=Calibri>
<P style=\"TEXT-ALIGN: justify\"><FONT face=\"Times New Roman\">Szőke hajfesték és tartós hajszínező asztali, hirdető, kínáló hajszínskála. A 24×30cm méretű asztali hajszínskála állítva középen kettényitható, így stabilan elhelyezhető minden vízszintes felületen. Egyik oldalán a hajfestékek, a másikon a hajszínezők színei találhatók.</FONT></P>
<P style=\"TEXT-ALIGN: justify; MARGIN: 0cm 0cm 10pt\">Bizonyos mennyiségű Nirvel Blond U ultravilágos szőke hajfesték és tartós hajszínező vásárlása esetén tincses hajfesték színskálát kérhet ajándékba. A pontos darabszámot a hajfesték oldalán találja! Ha szükséges hívja ügyfélszolgálatunkat, vagy kérje a -Kosár &nbsp;&ndash; Megrendelés &ndash; Megjegyzés - ablakba beírva!</P>
<P style=\"TEXT-ALIGN: justify\"><FONT face=\"Times New Roman\">Itt csak a hajszínskálát tudja megrendelni, a hajfestéket a - Hajfesték - menüpontnál találja!</FONT></P>
<P style=\"TEXT-ALIGN: justify\"><FONT face=\"Times New Roman\">A fényképes hajszínek, azok jól nagyítható hajszínskála képei, Magyar nyelvű elnevezései, a webáruházban minden hajfestékhez megtalálhatók! Ezek, a hajfestéknél, a -&nbsp;Hajfesték színek - vagy&nbsp; - Hajszínek - elnevezésű fülnél -, vagy a&nbsp;&nbsp;hajfesték oldalán, a termékleírásban, vagy az ott elhelyezett egyéb erre utaló információknál találhatók!&nbsp;A hajfesték színskála&nbsp;képei&nbsp;rendkívül jól nagyíthatók, a hajszínek lehető legjobb beazonosításának céljából.</FONT></P>
<P style=\"TEXT-ALIGN: justify\"><FONT face=\"Times New Roman\">A Nirvel Blond U hajfestékekben és tartós hajszínezőkben a gyógynövények biztosítják a festett haj természetes fényét,a mikrokristályok az ősz hajszálak optimális fedését és a hajfesték színek tartósságát a hajon.</FONT></P>
<P>&nbsp;</FONT></P>', `item_id`='0123-nartx-bu-5202-blondu', `default_pic`='1672', `active`='1', `category_id`='22', `root_category_id`='0', `seo_name`='megszunt-nirvel-blond-u-szoke-hajfestek-es-tartos-hajszinezo-szinskala', `fullurl`='hajfestek/megszunt-nirvel-blond-u-szoke-hajfestek-es-tartos-hajszinezo-szinskala', `other_categories`='22,33,35,39,222,267,313,314' WHERE id=3264

[2020-07-17 11:19:51] INSERT INTO webshop_gallery (`id`, `product_id`, `original_name`, `new_name`, `date`) VALUES (15101, 5023, 'megszünt - Concerto párataszító erős 750ml hajlakk+300ml hajhab+2db 100ml Draw Wet hajwax', '15101.jpg', 1594977591)

[2020-07-17 11:19:51] INSERT INTO webshop_products (`id`, `name_hun`, `name_eng`, `item_id`, `price`, `reduced_price`, `status`, `currency`, `content_short`, `content`, `details`, `date`, `default_pic`, `active`, `main`, `sort`, `category_id`, `root_category_id`, `seo_name`, `fullurl`, `websyx_id`, `quantity`, `other_categories`) VALUES ('5023', 'megszünt - Concerto párataszító erős 750ml hajlakk+300ml hajhab+2db 100ml Draw Wet hajwax', 'megszünt - Concerto párataszító erős 750ml hajlakk+300ml hajhab+2db 100ml Draw Wet hajwax', '0920-concerto-hajlakk-hab-2dbajándékwax', 0, 0, 1, 'Ft', 'Az akciós hajápoló csomag tatalma: 1db Concerto 750ml hajlakk + 1db&nbsp;Baxter 300ml erős hajhab + 2db 100ml Draw...', 'Az akciós hajápoló csomag tatalma: 1db Concerto 750ml hajlakk + 1db&nbsp;Baxter 300ml erős hajhab + 2db 100ml Draw Wet hajwax', '', 1594977591, '15101', '1', 0, 1, 265, '104', 'megszunt-concerto-parataszito-eros-750ml-hajlakk-300ml-hajhab-2db-100ml-draw-wet-hajwax', 'fodraszkellek/hajkefe/keramia-korkefe/megszunt-concerto-parataszito-eros-750ml-hajlakk-300ml-hajhab-2db-100ml-draw-wet-hajwax', '2534', 1, '')

[2020-07-17 11:19:51] INSERT INTO webshop_special_fields (`key`, `value`, `product_id`) VALUES ('manufacturer', 'PDV Baxter-Nuance-Concerto', 5023)

[2020-07-17 11:19:51] INSERT INTO webshop_special_fields (`key`, `value`, `product_id`) VALUES ('quantityunit', 'db', 5023)

[2020-07-17 11:19:51] INSERT INTO webshop_special_fields (`key`, `value`, `product_id`) VALUES ('kiszereles', '1', 5023)

[2020-07-17 11:19:51] INSERT INTO webshop_gallery (`id`, `product_id`, `original_name`, `new_name`, `date`) VALUES (15102, 5024, 'megszünt - KIN Cosmetics idegen nyelvű termék katalógus', '15102.jpg', 1594977591)

[2020-07-17 11:19:51] INSERT INTO webshop_products (`id`, `name_hun`, `name_eng`, `item_id`, `price`, `reduced_price`, `status`, `currency`, `content_short`, `content`, `details`, `date`, `default_pic`, `active`, `main`, `sort`, `category_id`, `root_category_id`, `seo_name`, `fullurl`, `websyx_id`, `quantity`, `other_categories`) VALUES ('5024', 'megszünt - KIN Cosmetics idegen nyelvű termék katalógus', 'megszünt - KIN Cosmetics idegen nyelvű termék katalógus', '0821-angol', 0, 0, 1, 'Ft', '...', '', '', 1594977591, '15102', '1', 0, 1, 265, '104', 'megszunt-kin-cosmetics-idegen-nyelvu-termek-katalogus', 'fodraszkellek/hajkefe/keramia-korkefe/megszunt-kin-cosmetics-idegen-nyelvu-termek-katalogus', '2553', 1, '')

[2020-07-17 11:19:51] INSERT INTO webshop_special_fields (`key`, `value`, `product_id`) VALUES ('manufacturer', 'KIN Cosmetics', 5024)

[2020-07-17 11:19:51] INSERT INTO webshop_special_fields (`key`, `value`, `product_id`) VALUES ('quantityunit', 'db', 5024)

[2020-07-17 11:19:51] INSERT INTO webshop_special_fields (`key`, `value`, `product_id`) VALUES ('kiszereles', '1', 5024)

[2020-07-17 11:19:51] INSERT INTO webshop_gallery (`id`, `product_id`, `original_name`, `new_name`, `date`) VALUES (15103, 5025, 'megszünt -', '15103.jpg', 1594977591)

[2020-07-17 11:19:51] INSERT INTO webshop_products (`id`, `name_hun`, `name_eng`, `item_id`, `price`, `reduced_price`, `status`, `currency`, `content_short`, `content`, `details`, `date`, `default_pic`, `active`, `main`, `sort`, `category_id`, `root_category_id`, `seo_name`, `fullurl`, `websyx_id`, `quantity`, `other_categories`) VALUES ('5025', 'megszünt -', 'megszünt -', '0121-nirvel fodrasz', 0, 0, 1, 'Ft', '...', '', '', 1594977591, '15103', '1', 0, 1, 265, '104', 'megszunt', 'fodraszkellek/hajkefe/keramia-korkefe/megszunt', '2554', 1, '')

[2020-07-17 11:19:51] INSERT INTO webshop_special_fields (`key`, `value`, `product_id`) VALUES ('manufacturer', 'Nirvel', 5025)

[2020-07-17 11:19:51] INSERT INTO webshop_special_fields (`key`, `value`, `product_id`) VALUES ('quantityunit', 'db', 5025)

[2020-07-17 11:19:51] INSERT INTO webshop_special_fields (`key`, `value`, `product_id`) VALUES ('kiszereles', '1', 5025)

[2020-07-17 11:19:51] INSERT INTO webshop_gallery (`id`, `product_id`, `original_name`, `new_name`, `date`) VALUES (15104, 5026, 'megszünt - Nirvel idegen nyelvű kozmetikai termék katalógus', '15104.jpg', 1594977591)

[2020-07-17 11:19:51] INSERT INTO webshop_products (`id`, `name_hun`, `name_eng`, `item_id`, `price`, `reduced_price`, `status`, `currency`, `content_short`, `content`, `details`, `date`, `default_pic`, `active`, `main`, `sort`, `category_id`, `root_category_id`, `seo_name`, `fullurl`, `websyx_id`, `quantity`, `other_categories`) VALUES ('5026', 'megszünt - Nirvel idegen nyelvű kozmetikai termék katalógus', 'megszünt - Nirvel idegen nyelvű kozmetikai termék katalógus', '0221-nirvel kozmetika', 0, 0, 1, 'Ft', '...', '.', '', 1594977591, '15104', '1', 0, 1, 265, '104', 'megszunt-nirvel-idegen-nyelvu-kozmetikai-termek-katalogus', 'fodraszkellek/hajkefe/keramia-korkefe/megszunt-nirvel-idegen-nyelvu-kozmetikai-termek-katalogus', '2555', 1, '')

[2020-07-17 11:19:51] INSERT INTO webshop_special_fields (`key`, `value`, `product_id`) VALUES ('manufacturer', 'Nirvel', 5026)

[2020-07-17 11:19:51] INSERT INTO webshop_special_fields (`key`, `value`, `product_id`) VALUES ('quantityunit', 'db', 5026)

[2020-07-17 11:19:51] INSERT INTO webshop_special_fields (`key`, `value`, `product_id`) VALUES ('kiszereles', '1', 5026)

[2020-07-17 11:19:51] UPDATE webshop_products SET sort=1 WHERE id=3326

[2020-07-17 11:19:51] UPDATE webshop_products SET sort=2 WHERE id=5023

[2020-07-17 11:19:51] UPDATE webshop_products SET sort=3 WHERE id=5024

[2020-07-17 11:19:51] UPDATE webshop_products SET sort=4 WHERE id=5025

[2020-07-17 11:19:51] UPDATE webshop_products SET sort=5 WHERE id=5026

[2020-07-17 11:19:51] UPDATE webshop_products SET sort=6 WHERE id=5021

[2020-07-17 11:19:51] UPDATE webshop_products SET sort=7 WHERE id=5022

[2020-07-17 11:19:59] UPDATE users SET lastlogin = NOW() WHERE id = '11'

[2020-07-17 11:20:01] UPDATE users SET lastlogin = NOW() WHERE id = '11'

[2020-07-17 11:20:05] UPDATE users SET lastlogin = NOW() WHERE id = '11'

[2020-07-17 11:20:07] UPDATE users SET lastlogin = NOW() WHERE id = '11'

[2020-07-17 11:20:14] DELETE FROM webshop_gallery WHERE id=14729

[2020-07-17 11:20:24] INSERT INTO webshop_gallery (`id`, `product_id`, `original_name`, `new_name`, `date`) VALUES (15105, 5003, 'Maxima Sun Lovin nyári hajápolási csomag + AJÁNDÉK strandtáska', '15105.jpg', 1594977624)

[2020-07-17 11:20:32] UPDATE users SET lastlogin = NOW() WHERE id = '11'

