[2019-07-08 18:32:39] UPDATE users SET lastlogin = NOW() WHERE id = '11'

[2019-07-08 18:32:43] UPDATE users SET lastlogin = NOW() WHERE id = '11'

[2019-07-08 18:32:45] UPDATE users SET lastlogin = NOW() WHERE id = '11'

[2019-07-08 18:32:46] UPDATE webshop_gallery SET original_name='Baxter Garlic hajpakolás nehezen kezelhető és afro rasta hajra- ajánlás-xpress maszk', date=1562603566 WHERE id=986

[2019-07-08 18:32:46] UPDATE webshop_special_fields SET `value`='18.PDV fodrász szalontermékek' WHERE `key`='manufacturer' AND `product_id`=2982

[2019-07-08 18:32:46] UPDATE webshop_special_fields SET `value`='ml' WHERE `key`='quantityunit' AND `product_id`=2982

[2019-07-08 18:32:46] UPDATE webshop_special_fields SET `value`='1000' WHERE `key`='kiszereles' AND `product_id`=2982

[2019-07-08 18:32:46] UPDATE webshop_products SET `name_hun`='Baxter Garlic hajpakolás nehezen kezelhető és afro rasta hajra',`content_short`='
Hajpakolás nehezen kezelhető, és afro, rasta, vasatg&nbsp;hajra. Fokhagyma és búza proteines ( nem fokhagyma...',`content`='<FONT face=Calibri>
<P style=\"TEXT-ALIGN: justify; MARGIN: 0cm 0cm 10pt\">Hajpakolás nehezen kezelhető, és afro, rasta, vasatg&nbsp;hajra. Fokhagyma és búza proteines ( nem fokhagyma &nbsp;illatú!) hajmaszk. A nehezen kezelhető, száraz, göndörödő, gubancolódó,&nbsp;vastag haj, afro rasta&nbsp;hajszál gyakran sűrű és gyors hajszálnövekedéssel is párosul. A normál hajra készült hajápolók nem tudnak elég mélyre hatolni, vagy nem tartalmaznak a vastag haj ápolásához szükséges, nagyobb mennyiségű, vagy célirányos hatóanyagot, ezért ezekre a hajtípusokra kifejezetten erre a célra készült megfelelő hajápoló használata szükésges. A Garlic hajmaszk ezen típusú hajak ápolásához készült.</P></FONT>
<P style=\"TEXT-ALIGN: justify; MARGIN: 0cm 0cm 10pt; LINE-HEIGHT: normal; mso-margin-top-alt: auto; mso-margin-bottom-alt: auto\">1000ml -Hajpakolás, hajmaszk aktív összetevői:&nbsp; Fokhagymából, és búzából kivont proteinek, vitaminok</P>
<P style=\"TEXT-ALIGN: justify; MARGIN: 0cm 0cm 10pt; LINE-HEIGHT: normal; mso-margin-top-alt: auto; mso-margin-bottom-alt: auto\"><B><U>Hajpakolás használata.</U></B></P>
<P style=\"TEXT-ALIGN: justify; MARGIN: 0cm 0cm 10pt; LINE-HEIGHT: normal; mso-margin-top-alt: auto; mso-margin-bottom-alt: auto\">A hajmosás után a törölköző száraz hajra vigye fel a megfelelő mennyiségű hajpakolót, és finoman masszírozza bele a hajba. 3-5 perc hatóidő után, a hajat öblítsük le bő meleg vízzel.</P>
<P style=\"TEXT-ALIGN: justify; MARGIN: 0cm 0cm 10pt; LINE-HEIGHT: normal; mso-margin-top-alt: auto; mso-margin-bottom-alt: auto\">Tartósabb hatás eléréséhez növeljük a hatóidőt, és fedjük le egy törülközővel, sapkával, és hagyjuk 10 vagy 15 percig.</P>
<P style=\"TEXT-ALIGN: justify\">Szalon kiszerelésű professzionális fodrászcikk, fodrászkellék.</P>
<P style=\"TEXT-ALIGN: justify\">&nbsp;</P>
<P style=\"TEXT-ALIGN: justify\">&nbsp;</P>', `item_id`='0914-baxter-mask-garlic-1000ml', `default_pic`='986', `active`='1', `category_id`='49', `root_category_id`='131', `seo_name`='baxter-garlic-hajpakolas-nehezen-kezelheto-es-afro-rasta-hajra', `fullurl`='hajapolas/3-fodrasz-szalonkiszerelesu-hajapolok/baxter-garlic-hajpakolas-nehezen-kezelheto-es-afro-rasta-hajra', `other_categories`='49,104,131,142,222,245,246,404' WHERE id=2982

[2019-07-08 18:32:46] INSERT INTO webshop_gallery (`id`, `product_id`, `original_name`, `new_name`, `date`) VALUES (12739, 4530, 'Vifrex vizes hajwax férfi hajra', '12739.jpg', 1562603566)

[2019-07-08 18:32:46] INSERT INTO webshop_products (`id`, `name_hun`, `name_eng`, `item_id`, `price`, `reduced_price`, `status`, `currency`, `content_short`, `content`, `details`, `date`, `default_pic`, `active`, `main`, `sort`, `category_id`, `root_category_id`, `seo_name`, `fullurl`, `websyx_id`, `quantity`, `other_categories`) VALUES ('4530', 'Vifrex vizes hajwax férfi hajra', 'Vifrex vizes hajwax férfi hajra', '0913-vifrex-cerner-100ml', 0, 0, 1, 'Ft', '
A hajwax&nbsp;bármilyen hajra alkalmas.&nbsp;Normál tartást és magas&nbsp;&nbsp;fényt ad a hajnak, anélkül,...', '<FONT face=Calibri>
<P style=\"TEXT-ALIGN: justify; MARGIN: 0cm 0cm 10pt\">A hajwax&nbsp;bármilyen hajra alkalmas.&nbsp;Normál tartást és magas&nbsp;&nbsp;fényt ad a hajnak, anélkül, hogy elnehezítené. Vízzel azonnal eltávolítható, nem hagy maradványokat a hajban.</P>
<P style=\"TEXT-ALIGN: justify; MARGIN: 0cm 0cm 10pt\">100ml</FONT></P>', '', 1562603566, '12739', '1', 0, 1, 73, '0', 'vifrex-vizes-hajwax-ferfi-hajra', 'hajfixalo/vifrex-vizes-hajwax-ferfi-hajra', '2879', 1, '73,76,77,104,222,224,229,313,314,362,365')

[2019-07-08 18:32:46] INSERT INTO webshop_special_fields (`key`, `value`, `product_id`) VALUES ('manufacturer', '18.PDV fodrász szalontermékek', 4530)

[2019-07-08 18:32:47] INSERT INTO webshop_special_fields (`key`, `value`, `product_id`) VALUES ('quantityunit', 'ml', 4530)

[2019-07-08 18:32:47] INSERT INTO webshop_special_fields (`key`, `value`, `product_id`) VALUES ('kiszereles', '100', 4530)

[2019-07-08 18:32:47] INSERT INTO webshop_gallery (`id`, `product_id`, `original_name`, `new_name`, `date`) VALUES (12740, 4531, 'Draw yoghurtos hajregeneráló sampon sérült töredezett hajra', '12740.jpg', 1562603567)

[2019-07-08 18:32:47] INSERT INTO webshop_products (`id`, `name_hun`, `name_eng`, `item_id`, `price`, `reduced_price`, `status`, `currency`, `content_short`, `content`, `details`, `date`, `default_pic`, `active`, `main`, `sort`, `category_id`, `root_category_id`, `seo_name`, `fullurl`, `websyx_id`, `quantity`, `other_categories`) VALUES ('4531', 'Draw yoghurtos hajregeneráló sampon sérült töredezett hajra', 'Draw yoghurtos hajregeneráló sampon sérült töredezett hajra', '0918-draw-yoghurt-1000ml', 0, 0, 1, 'Ft', '
világos arany szőke, 8 -as színmélységű Póthaj haj 40-45cm/25db-17 SO.CAP. A hajszínskálát lejjebb...', '<FONT face=Calibri>
<P style=\"TEXT-ALIGN: justify; MARGIN: 0cm 0cm 10pt\">világos arany szőke, 8 -as színmélységű Póthaj haj 40-45cm/25db-17 SO.CAP. A hajszínskálát lejjebb találja!&nbsp;&nbsp; <B style=\"mso-bidi-font-weight: normal\"><U>A keratinos póthaj használata, hajhosszabbítás:</U></B></P>
<P style=\"TEXT-ALIGN: justify; MARGIN: 0cm 0cm 10pt\">A póthaj tincsek kiváló minőségű, 100% emberi hajakból készülnek, ezáltal szinte észrevehetetlenül illeszthetők a hajba. ** Minden póthaj és színes hajtincs, &nbsp;U&nbsp;alakú keratin tippel van ellátva. A felrakásnál ezt a keratint jól dolgozza bele a hő illesztő pisztollyal a hajtincsekbe. Ha szükséges, plusz keratin felvitelével növelje a keratin mennyiségét.&nbsp; A póthajak általában 25db/csomagban, vagy &nbsp;1db/tincs kiszerelésben rendelhetőek! Az árak minden esetben a hajaknál értelemszerűen, Ft/csomagban, vagy hajtincs Ft/db-ban vannak feltüntetve.</FONT></P>', '', 1562603567, '12740', '1', 0, 1, 49, '131', 'draw-yoghurtos-hajregeneralo-sampon-serult-toredezett-hajra', 'hajapolas/3-fodrasz-szalonkiszerelesu-hajapolok/draw-yoghurtos-hajregeneralo-sampon-serult-toredezett-hajra', '2882', 1, '49,104,131,157,166,182,222')

[2019-07-08 18:32:47] INSERT INTO webshop_special_fields (`key`, `value`, `product_id`) VALUES ('manufacturer', '18.PDV fodrász szalontermékek', 4531)

[2019-07-08 18:32:47] INSERT INTO webshop_special_fields (`key`, `value`, `product_id`) VALUES ('quantityunit', 'ml', 4531)

[2019-07-08 18:32:47] INSERT INTO webshop_special_fields (`key`, `value`, `product_id`) VALUES ('kiszereles', '1000', 4531)

[2019-07-08 18:32:47] INSERT INTO webshop_gallery (`id`, `product_id`, `original_name`, `new_name`, `date`) VALUES (12741, 4532, 'Draw yoghurtos hajregeneráló pakolás sérült töredezett hajra', '12741.jpg', 1562603567)

[2019-07-08 18:32:47] INSERT INTO webshop_products (`id`, `name_hun`, `name_eng`, `item_id`, `price`, `reduced_price`, `status`, `currency`, `content_short`, `content`, `details`, `date`, `default_pic`, `active`, `main`, `sort`, `category_id`, `root_category_id`, `seo_name`, `fullurl`, `websyx_id`, `quantity`, `other_categories`) VALUES ('4532', 'Draw yoghurtos hajregeneráló pakolás sérült töredezett hajra', 'Draw yoghurtos hajregeneráló pakolás sérült töredezett hajra', '0914-draw-yoghurt-1000ml', 0, 0, 1, 'Ft', '
Joghurtos hajregeneráló hajpakolás. Joghurtal,&nbsp;vitaminokkal, száraz töredezett hajra. A kiegyensúlyozott...', '<FONT face=Calibri>
<P style=\"TEXT-ALIGN: justify; MARGIN: 0cm 0cm 10pt\">Joghurtos hajregeneráló hajpakolás. Joghurtal,&nbsp;vitaminokkal, száraz töredezett hajra. A kiegyensúlyozott tartalmának és a természetes anyagoknak köszönhetően a Draw Yogurt-alapú maszk táplálja és mélyen átalakítja a hajat, a gyökerektől a végéig, visszaadja a ragyogást és a puhaságot, és ellenállóbbá, könnyebben fésülhetővé teszi.</P>
<P style=\"TEXT-ALIGN: justify; MARGIN: 0cm 0cm 10pt\">1000ml</FONT></P>', '', 1562603567, '12741', '1', 0, 1, 49, '131', 'draw-yoghurtos-hajregeneralo-pakolas-serult-toredezett-hajra', 'hajapolas/3-fodrasz-szalonkiszerelesu-hajapolok/draw-yoghurtos-hajregeneralo-pakolas-serult-toredezett-hajra', '2883', 1, '49,104,131,142,149,182,222')

[2019-07-08 18:32:47] INSERT INTO webshop_special_fields (`key`, `value`, `product_id`) VALUES ('manufacturer', '18.PDV fodrász szalontermékek', 4532)

[2019-07-08 18:32:47] INSERT INTO webshop_special_fields (`key`, `value`, `product_id`) VALUES ('quantityunit', 'ml', 4532)

[2019-07-08 18:32:47] INSERT INTO webshop_special_fields (`key`, `value`, `product_id`) VALUES ('kiszereles', '1000', 4532)

[2019-07-08 18:32:47] INSERT INTO webshop_gallery (`id`, `product_id`, `original_name`, `new_name`, `date`) VALUES (12742, 4533, 'Draw hajfény spray', '12742.jpg', 1562603567)

[2019-07-08 18:32:47] INSERT INTO webshop_products (`id`, `name_hun`, `name_eng`, `item_id`, `price`, `reduced_price`, `status`, `currency`, `content_short`, `content`, `details`, `date`, `default_pic`, `active`, `main`, `sort`, `category_id`, `root_category_id`, `seo_name`, `fullurl`, `websyx_id`, `quantity`, `other_categories`) VALUES ('4533', 'Draw hajfény spray', 'Draw hajfény spray', '0917-draw-sprlum-300ml', 0, 0, 1, 'Ft', '
Hajfény spray&nbsp;hajtógáz nélkül.&nbsp;A&nbsp;pumpás hajfény spray, nem teszi zsírossá a hajat,...', '<FONT face=Calibri>
<P style=\"TEXT-ALIGN: justify; MARGIN: 0cm 0cm 10pt\">Hajfény spray&nbsp;hajtógáz nélkül.&nbsp;A&nbsp;pumpás hajfény spray, nem teszi zsírossá a hajat, használata&nbsp;egész nap kellemes illattal árasztja el a hajat.&nbsp;&nbsp;&nbsp;Nagyon vékony réteget hoz létre a hajon, és nem hagy maradványokat maga után. Alkalmas&nbsp;magas fényű frizurák elkészítéséhez, és a száraz haj ápolásához, illatosításához.</P>
<P style=\"TEXT-ALIGN: justify; MARGIN: 0cm 0cm 10pt\">300ml</FONT></P>', '', 1562603567, '12742', '1', 0, 1, 60, '73', 'draw-hajfeny-spray', 'hajfixalo/hajlakk/draw-hajfeny-spray', '2931', 1, '60,73,104,131,139,140,222,224,315')

[2019-07-08 18:32:47] INSERT INTO webshop_special_fields (`key`, `value`, `product_id`) VALUES ('manufacturer', '18.PDV fodrász szalontermékek', 4533)

[2019-07-08 18:32:47] INSERT INTO webshop_special_fields (`key`, `value`, `product_id`) VALUES ('quantityunit', 'ml', 4533)

[2019-07-08 18:32:47] INSERT INTO webshop_special_fields (`key`, `value`, `product_id`) VALUES ('kiszereles', '300', 4533)

[2019-07-08 18:32:47] INSERT INTO webshop_gallery (`id`, `product_id`, `original_name`, `new_name`, `date`) VALUES (12743, 4534, 'Concerto C vitaminos tápláló színvédő sampon minden hajra', '12743.jpg', 1562603567)

[2019-07-08 18:32:47] INSERT INTO webshop_products (`id`, `name_hun`, `name_eng`, `item_id`, `price`, `reduced_price`, `status`, `currency`, `content_short`, `content`, `details`, `date`, `default_pic`, `active`, `main`, `sort`, `category_id`, `root_category_id`, `seo_name`, `fullurl`, `websyx_id`, `quantity`, `other_categories`) VALUES ('4534', 'Concerto C vitaminos tápláló színvédő sampon minden hajra', 'Concerto C vitaminos tápláló színvédő sampon minden hajra', '0918-concerto-cvitamin-1000ml', 0, 0, 1, 'Ft', '
C-vitamin alapú sampon kiváló tápláló, és védelmi forrást biztosít a hajnak, különösen színes haj...', '<FONT face=Calibri>
<P style=\"TEXT-ALIGN: justify; MARGIN: 0cm 0cm 10pt\">C-vitamin alapú sampon kiváló tápláló, és védelmi forrást biztosít a hajnak, különösen színes haj esetén. Valójában először helyreállítja a hajszerkezetet, másrészt a C-vitamin antioxidáns hatása ellentétes a szabad gyökökkel, így a szín nem fakul, és hosszabb ideig tart. A haj csillogó és selymes lesz, könnyen fésülhető.</P>
<P style=\"TEXT-ALIGN: justify; MARGIN: 0cm 0cm 10pt\">1000ml</FONT><FONT face=Calibri></FONT></P>', '', 1562603567, '12743', '1', 0, 1, 49, '131', 'concerto-c-vitaminos-taplalo-szinvedo-sampon-minden-hajra', 'hajapolas/3-fodrasz-szalonkiszerelesu-hajapolok/concerto-c-vitaminos-taplalo-szinvedo-sampon-minden-hajra', '2940', 1, '49,104,131,157,160,164,168,174,178,222')

[2019-07-08 18:32:47] INSERT INTO webshop_special_fields (`key`, `value`, `product_id`) VALUES ('manufacturer', '18.PDV fodrász szalontermékek', 4534)

[2019-07-08 18:32:47] INSERT INTO webshop_special_fields (`key`, `value`, `product_id`) VALUES ('quantityunit', 'ml', 4534)

[2019-07-08 18:32:47] INSERT INTO webshop_special_fields (`key`, `value`, `product_id`) VALUES ('kiszereles', '1000', 4534)

[2019-07-08 18:32:47] INSERT INTO webshop_gallery (`id`, `product_id`, `original_name`, `new_name`, `date`) VALUES (12744, 4535, 'Concerto C vitaminos tápláló színvédő hajpakolás minden hajra', '12744.jpg', 1562603567)

[2019-07-08 18:32:47] INSERT INTO webshop_products (`id`, `name_hun`, `name_eng`, `item_id`, `price`, `reduced_price`, `status`, `currency`, `content_short`, `content`, `details`, `date`, `default_pic`, `active`, `main`, `sort`, `category_id`, `root_category_id`, `seo_name`, `fullurl`, `websyx_id`, `quantity`, `other_categories`) VALUES ('4535', 'Concerto C vitaminos tápláló színvédő hajpakolás minden hajra', 'Concerto C vitaminos tápláló színvédő hajpakolás minden hajra', '0914-concerto-cvitamin-1000ml', 0, 0, 1, 'Ft', '
C-vitamin alapú&nbsp;hajpakolás kiváló tápláló, és védelmi forrást biztosít a hajnak, különösen színes...', '<FONT face=Calibri>
<P style=\"TEXT-ALIGN: justify; MARGIN: 0cm 0cm 10pt\">C-vitamin alapú&nbsp;hajpakolás kiváló tápláló, és védelmi forrást biztosít a hajnak, különösen színes haj esetén. Valójában először helyreállítja a hajszerkezetet, másrészt a C-vitamin antioxidáns hatása ellentétes a szabad gyökökkel, így a szín nem fakul, és hosszabb ideig tart. A haj csillogó és selymes lesz, könnyen fésülhető.</P>
<P style=\"TEXT-ALIGN: justify; MARGIN: 0cm 0cm 10pt\">1000ml<FONT face=Calibri></FONT></P></FONT>', '', 1562603567, '12744', '1', 0, 1, 49, '131', 'concerto-c-vitaminos-taplalo-szinvedo-hajpakolas-minden-hajra', 'hajapolas/3-fodrasz-szalonkiszerelesu-hajapolok/concerto-c-vitaminos-taplalo-szinvedo-hajpakolas-minden-hajra', '2945', 1, '49,104,131,142,144,146,174,178,222,226')

[2019-07-08 18:32:47] INSERT INTO webshop_special_fields (`key`, `value`, `product_id`) VALUES ('manufacturer', '18.PDV fodrász szalontermékek', 4535)

[2019-07-08 18:32:47] INSERT INTO webshop_special_fields (`key`, `value`, `product_id`) VALUES ('quantityunit', 'ml', 4535)

[2019-07-08 18:32:47] INSERT INTO webshop_special_fields (`key`, `value`, `product_id`) VALUES ('kiszereles', '1000', 4535)

[2019-07-08 18:32:47] UPDATE webshop_products SET sort=1 WHERE id=3326

[2019-07-08 18:32:47] UPDATE webshop_products SET sort=2 WHERE id=4530

[2019-07-08 18:32:47] UPDATE webshop_products SET sort=3 WHERE id=4531

[2019-07-08 18:32:47] UPDATE webshop_products SET sort=4 WHERE id=4532

[2019-07-08 18:32:47] UPDATE webshop_products SET sort=5 WHERE id=4533

[2019-07-08 18:32:47] UPDATE webshop_products SET sort=6 WHERE id=4534

[2019-07-08 18:32:47] UPDATE webshop_products SET sort=7 WHERE id=4535

[2019-07-08 18:32:50] UPDATE users SET lastlogin = NOW() WHERE id = '11'

[2019-07-08 18:32:54] UPDATE users SET lastlogin = NOW() WHERE id = '11'

[2019-07-08 18:32:54] UPDATE webshop_products SET `price1_name`='Beszerzési ár', `price1_currency`='HUF', `price1_value`='1040' WHERE id=4530

[2019-07-08 18:32:54] UPDATE webshop_products SET `price2_name`='Kereskedő -27,6%', `price2_currency`='HUF', `price2_value`='2018' WHERE id=4530

[2019-07-08 18:32:54] UPDATE webshop_products SET `price3_name`='Kereskedő -33,6%', `price3_currency`='HUF', `price3_value`='1850' WHERE id=4530

[2019-07-08 18:32:54] UPDATE webshop_products SET `price4_name`='Szakmai 1 ár -7%', `price4_currency`='HUF', `price4_value`='2592' WHERE id=4530

[2019-07-08 18:32:54] UPDATE webshop_products SET `price5_name`='Szakmai 2 ár -14%', `price5_currency`='HUF', `price5_value`='2398' WHERE id=4530

[2019-07-08 18:32:54] UPDATE webshop_products SET `price6_name`='Vásárló', `price6_currency`='HUF', `price6_value`='2788' WHERE id=4530

[2019-07-08 18:32:54] UPDATE webshop_products SET `price7_name`='W Lista ár', `price7_currency`='HUF', `price7_value`='2788' WHERE id=4530

[2019-07-08 18:32:54] UPDATE webshop_products SET `price`='2788', `reduced_price`=0 WHERE id=4530

[2019-07-08 18:32:54] UPDATE webshop_products SET `price1_name`='Beszerzési ár', `price1_currency`='HUF', `price1_value`='721' WHERE id=4531

[2019-07-08 18:32:54] UPDATE webshop_products SET `price2_name`='Kereskedő -27,6%', `price2_currency`='HUF', `price2_value`='1504' WHERE id=4531

[2019-07-08 18:32:54] UPDATE webshop_products SET `price3_name`='Kereskedő -33,6%', `price3_currency`='HUF', `price3_value`='1379' WHERE id=4531

[2019-07-08 18:32:54] UPDATE webshop_products SET `price4_name`='Szakmai 1 ár -7%', `price4_currency`='HUF', `price4_value`='1932' WHERE id=4531

[2019-07-08 18:32:54] UPDATE webshop_products SET `price5_name`='Szakmai 2 ár -14%', `price5_currency`='HUF', `price5_value`='1787' WHERE id=4531

[2019-07-08 18:32:54] UPDATE webshop_products SET `price6_name`='Vásárló', `price6_currency`='HUF', `price6_value`='2078' WHERE id=4531

[2019-07-08 18:32:54] UPDATE webshop_products SET `price7_name`='W Lista ár', `price7_currency`='HUF', `price7_value`='2078' WHERE id=4531

[2019-07-08 18:32:54] UPDATE webshop_products SET `price`='2078', `reduced_price`=0 WHERE id=4531

[2019-07-08 18:32:54] UPDATE webshop_products SET `price1_name`='Beszerzési ár', `price1_currency`='HUF', `price1_value`='1142' WHERE id=4532

[2019-07-08 18:32:54] UPDATE webshop_products SET `price2_name`='Kereskedő -27,6%', `price2_currency`='HUF', `price2_value`='2380' WHERE id=4532

[2019-07-08 18:32:54] UPDATE webshop_products SET `price3_name`='Kereskedő -33,6%', `price3_currency`='HUF', `price3_value`='2183' WHERE id=4532

[2019-07-08 18:32:54] UPDATE webshop_products SET `price4_name`='Szakmai 1 ár -7%', `price4_currency`='HUF', `price4_value`='3058' WHERE id=4532

[2019-07-08 18:32:54] UPDATE webshop_products SET `price5_name`='Szakmai 2 ár -14%', `price5_currency`='HUF', `price5_value`='2828' WHERE id=4532

[2019-07-08 18:32:54] UPDATE webshop_products SET `price6_name`='Vásárló', `price6_currency`='HUF', `price6_value`='3288' WHERE id=4532

[2019-07-08 18:32:54] UPDATE webshop_products SET `price7_name`='W Lista ár', `price7_currency`='HUF', `price7_value`='3288' WHERE id=4532

[2019-07-08 18:32:54] UPDATE webshop_products SET `price`='3288', `reduced_price`=0 WHERE id=4532

[2019-07-08 18:32:54] UPDATE webshop_products SET `price1_name`='Beszerzési ár', `price1_currency`='HUF', `price1_value`='1219' WHERE id=4533

[2019-07-08 18:32:54] UPDATE webshop_products SET `price2_name`='Kereskedő -27,6%', `price2_currency`='HUF', `price2_value`='2366' WHERE id=4533

[2019-07-08 18:32:54] UPDATE webshop_products SET `price3_name`='Kereskedő -33,6%', `price3_currency`='HUF', `price3_value`='2169' WHERE id=4533

[2019-07-08 18:32:54] UPDATE webshop_products SET `price4_name`='Szakmai 1 ár -7%', `price4_currency`='HUF', `price4_value`='3039' WHERE id=4533

[2019-07-08 18:32:54] UPDATE webshop_products SET `price5_name`='Szakmai 2 ár -14%', `price5_currency`='HUF', `price5_value`='2811' WHERE id=4533

[2019-07-08 18:32:54] UPDATE webshop_products SET `price6_name`='Vásárló', `price6_currency`='HUF', `price6_value`='3268' WHERE id=4533

[2019-07-08 18:32:54] UPDATE webshop_products SET `price7_name`='W Lista ár', `price7_currency`='HUF', `price7_value`='3268' WHERE id=4533

[2019-07-08 18:32:54] UPDATE webshop_products SET `price`='3268', `reduced_price`=0 WHERE id=4533

[2019-07-08 18:32:54] UPDATE webshop_products SET `price1_name`='Beszerzési ár', `price1_currency`='HUF', `price1_value`='569' WHERE id=4534

[2019-07-08 18:32:54] UPDATE webshop_products SET `price2_name`='Kereskedő -27,6%', `price2_currency`='HUF', `price2_value`='1186' WHERE id=4534

[2019-07-08 18:32:54] UPDATE webshop_products SET `price3_name`='Kereskedő -33,6%', `price3_currency`='HUF', `price3_value`='1088' WHERE id=4534

[2019-07-08 18:32:54] UPDATE webshop_products SET `price4_name`='Szakmai 1 ár -7%', `price4_currency`='HUF', `price4_value`='1524' WHERE id=4534

[2019-07-08 18:32:54] UPDATE webshop_products SET `price5_name`='Szakmai 2 ár -14%', `price5_currency`='HUF', `price5_value`='1408' WHERE id=4534

[2019-07-08 18:32:54] UPDATE webshop_products SET `price6_name`='Vásárló', `price6_currency`='HUF', `price6_value`='1638' WHERE id=4534

[2019-07-08 18:32:54] UPDATE webshop_products SET `price7_name`='W Lista ár', `price7_currency`='HUF', `price7_value`='1638' WHERE id=4534

[2019-07-08 18:32:54] UPDATE webshop_products SET `price`='1638', `reduced_price`=0 WHERE id=4534

[2019-07-08 18:32:54] UPDATE webshop_products SET `price1_name`='Beszerzési ár', `price1_currency`='HUF', `price1_value`='725' WHERE id=4535

[2019-07-08 18:32:54] UPDATE webshop_products SET `price2_name`='Kereskedő -27,6%', `price2_currency`='HUF', `price2_value`='1511' WHERE id=4535

[2019-07-08 18:32:54] UPDATE webshop_products SET `price3_name`='Kereskedő -33,6%', `price3_currency`='HUF', `price3_value`='1387' WHERE id=4535

[2019-07-08 18:32:54] UPDATE webshop_products SET `price4_name`='Szakmai 1 ár -7%', `price4_currency`='HUF', `price4_value`='1942' WHERE id=4535

[2019-07-08 18:32:54] UPDATE webshop_products SET `price5_name`='Szakmai 2 ár -14%', `price5_currency`='HUF', `price5_value`='1796' WHERE id=4535

[2019-07-08 18:32:54] UPDATE webshop_products SET `price6_name`='Vásárló', `price6_currency`='HUF', `price6_value`='2088' WHERE id=4535

[2019-07-08 18:32:54] UPDATE webshop_products SET `price7_name`='W Lista ár', `price7_currency`='HUF', `price7_value`='2088' WHERE id=4535

[2019-07-08 18:32:54] UPDATE webshop_products SET `price`='2088', `reduced_price`=0 WHERE id=4535

[2019-07-08 18:33:27] UPDATE users SET lastlogin = NOW() WHERE id = '11'

[2019-07-08 18:33:30] UPDATE users SET lastlogin = NOW() WHERE id = '11'

[2019-07-08 18:33:43] INSERT INTO webshop_gallery (`id`, `product_id`, `original_name`, `new_name`, `date`) VALUES (12745, 4533, 'Draw hajfény spray', '12745.jpg', 1562603623)

[2019-07-08 18:33:45] UPDATE users SET lastlogin = NOW() WHERE id = '11'

[2019-07-08 18:33:54] DELETE FROM webshop_gallery WHERE id=12745

[2019-07-08 18:33:58] INSERT INTO webshop_gallery (`id`, `product_id`, `original_name`, `new_name`, `date`) VALUES (12745, 4534, 'Concerto C vitaminos tápláló színvédő sampon minden hajra', '12745.jpg', 1562603638)

[2019-07-08 18:34:00] UPDATE users SET lastlogin = NOW() WHERE id = '11'

[2019-07-08 18:34:09] DELETE FROM webshop_gallery WHERE id=12745

[2019-07-08 18:34:13] INSERT INTO webshop_gallery (`id`, `product_id`, `original_name`, `new_name`, `date`) VALUES (12745, 4532, 'Draw yoghurtos hajregeneráló pakolás sérült töredezett hajra', '12745.jpg', 1562603653)

[2019-07-08 18:34:15] UPDATE users SET lastlogin = NOW() WHERE id = '11'

[2019-07-08 18:34:15] DELETE FROM webshop_gallery WHERE id=12745

[2019-07-08 18:34:26] INSERT INTO webshop_gallery (`id`, `product_id`, `original_name`, `new_name`, `date`) VALUES (12745, 4530, 'Vifrex hajwax férfi hajra', '12745.jpg', 1562603666)

[2019-07-08 18:34:28] UPDATE users SET lastlogin = NOW() WHERE id = '11'

[2019-07-08 18:34:40] INSERT INTO webshop_gallery (`id`, `product_id`, `original_name`, `new_name`, `date`) VALUES (12746, 4531, 'Draw yoghurtos hajregeneráló sampon sérült töredezett hajra', '12746.jpg', 1562603680)

[2019-07-08 18:34:42] UPDATE users SET lastlogin = NOW() WHERE id = '11'

[2019-07-08 18:34:47] DELETE FROM webshop_gallery WHERE id=12746

[2019-07-08 18:34:54] INSERT INTO webshop_gallery (`id`, `product_id`, `original_name`, `new_name`, `date`) VALUES (12746, 4535, 'Concerto C vitaminos tápláló színvédő hajpakolás minden hajra', '12746.jpg', 1562603694)

[2019-07-08 18:57:02] UPDATE users SET lastlogin = NOW() WHERE id = '11'

