[2019-07-03 09:52:57] UPDATE users SET lastlogin = NOW() WHERE id = '11'

[2019-07-03 09:52:59] UPDATE users SET lastlogin = NOW() WHERE id = '11'

[2019-07-03 09:53:01] UPDATE users SET lastlogin = NOW() WHERE id = '11'

[2019-07-03 09:53:01] INSERT INTO webshop_gallery (`id`, `product_id`, `original_name`, `new_name`, `date`) VALUES (12729, 4526, 'Hajcsipesz Japán Carbon JR fodrászkellék', '12729.jpg', 1562140381)

[2019-07-03 09:53:01] INSERT INTO webshop_products (`id`, `name_hun`, `name_eng`, `item_id`, `price`, `reduced_price`, `status`, `currency`, `content_short`, `content`, `details`, `date`, `default_pic`, `active`, `main`, `sort`, `category_id`, `root_category_id`, `seo_name`, `fullurl`, `websyx_id`, `quantity`, `other_categories`) VALUES ('4526', 'Hajcsipesz Japán Carbon JR fodrászkellék', 'Hajcsipesz Japán Carbon JR fodrászkellék', '2033-cs-98002000-6db-12cm', 0, 0, 1, 'Ft', 'Hajcsipesz Carbonból. 6db 12cm hosszú Carbon hajcsipesz. A&nbsp; Carbon hajcsipesz rendkívül erős fodrászkellék....', 'Hajcsipesz Carbonból. 6db 12cm hosszú Carbon hajcsipesz. A&nbsp; Carbon hajcsipesz rendkívül erős fodrászkellék. A hajcsipesz, erősen és stabilan&nbsp;tartja a hajat.
<P style=\"TEXT-ALIGN: justify; MARGIN: 0cm 0cm 10pt\"><B style=\"mso-bidi-font-weight: normal\"><U></U></B>&nbsp;</P>
<P style=\"TEXT-ALIGN: justify; MARGIN: 0cm 0cm 10pt\"><B style=\"mso-bidi-font-weight: normal\"><U>A hajcsatok, hajcsipeszek adatai:</U></B></P>
<P style=\"TEXT-ALIGN: justify; MARGIN: 0cm 0cm 10pt\">Hajcsat hossza: 120mm</P>
<P style=\"TEXT-ALIGN: justify; MARGIN: 0cm 0cm 10pt\">Hajcsat márka: JR</P>
<P style=\"TEXT-ALIGN: justify; MARGIN: 0cm 0cm 10pt\">Hajcsat származási helye: Japán</P>
<P style=\"TEXT-ALIGN: justify; MARGIN: 0cm 0cm 10pt\">Professzionális fodrászoknak készült fodrászcikk, fodrászkellék.</P>
<P style=\"TEXT-ALIGN: justify; MARGIN: 0cm 0cm 10pt\">&nbsp;</P>', '', 1562140381, '12729', '1', 0, 1, 104, '0', 'hajcsipesz-japan-carbon-jr-fodraszkellek', 'fodraszkellek/hajcsipesz-japan-carbon-jr-fodraszkellek', '1065', 1, '104,114,222')

[2019-07-03 09:53:02] INSERT INTO webshop_special_fields (`key`, `value`, `product_id`) VALUES ('manufacturer', '01.KIN Cosmetics fodrászcikk', 4526)

[2019-07-03 09:53:02] INSERT INTO webshop_special_fields (`key`, `value`, `product_id`) VALUES ('quantityunit', 'db', 4526)

[2019-07-03 09:53:02] INSERT INTO webshop_special_fields (`key`, `value`, `product_id`) VALUES ('kiszereles', '1', 4526)

[2019-07-03 09:53:02] INSERT INTO webshop_gallery (`id`, `product_id`, `original_name`, `new_name`, `date`) VALUES (12730, 4527, 'Olló tartó táska Avantgarde Cerena Solingen GB103B-6', '12730.jpg', 1562140382)

[2019-07-03 09:53:02] INSERT INTO webshop_products (`id`, `name_hun`, `name_eng`, `item_id`, `price`, `reduced_price`, `status`, `currency`, `content_short`, `content`, `details`, `date`, `default_pic`, `active`, `main`, `sort`, `category_id`, `root_category_id`, `seo_name`, `fullurl`, `websyx_id`, `quantity`, `other_categories`) VALUES ('4527', 'Olló tartó táska Avantgarde Cerena Solingen GB103B-6', 'Olló tartó táska Avantgarde Cerena Solingen GB103B-6', '2028-csot-61220001-gb103b-6', 0, 0, 1, 'Ft', 'Ollótartó táska műbőrből, fekete színben. A vállra akasztható, és derékra is rögzíthető...', '<P style=\"TEXT-ALIGN: justify; MARGIN: 0cm 0cm 10pt\"><FONT face=Calibri>Ollótartó táska műbőrből, fekete színben. A vállra akasztható, és derékra is rögzíthető ollótartóban,&nbsp; ollót tartó táskával, minden&nbsp;hajvágáshoz szükséges eszközt biztonságosan szállíthatunk, tárolhatunk.&nbsp;&nbsp;Mivel&nbsp;jól rögzíthető, az ollótartóval gyors mozgást is végezhetünk.</FONT></P>
<P style=\"TEXT-ALIGN: justify; MARGIN: 0cm 0cm 10pt\"><FONT face=Calibri>Hajvágó ollói, eszközei a&nbsp;táskában biztonságosan tárolhatók, szállíthatók.</FONT></P>
<P style=\"TEXT-ALIGN: justify; MARGIN: 0cm 0cm 10pt\">Az Olló tartó táska&nbsp; - Szerszám táska főbb jellemzői.<BR>&nbsp;&nbsp;&nbsp;&nbsp;&nbsp;6 ollós zseb<BR>&nbsp;&nbsp;&nbsp;&nbsp;&nbsp;3 tartozék rekesz<BR>&nbsp;&nbsp;&nbsp;&nbsp;&nbsp;csatos elülső szárnya a könnyebb tisztítás érdekében<BR>&nbsp;&nbsp;&nbsp;&nbsp; Méret: kb. 19 cm x&nbsp;15 cm</P>', '', 1562140382, '12730', '1', 0, 1, 104, '0', 'ollo-tarto-taska-avantgarde-cerena-solingen-gb103b-6', 'fodraszkellek/ollo-tarto-taska-avantgarde-cerena-solingen-gb103b-6', '1112', 1, '104,121,125')

[2019-07-03 09:53:02] INSERT INTO webshop_special_fields (`key`, `value`, `product_id`) VALUES ('manufacturer', '42.Solingen Olló', 4527)

[2019-07-03 09:53:02] INSERT INTO webshop_special_fields (`key`, `value`, `product_id`) VALUES ('quantityunit', 'db', 4527)

[2019-07-03 09:53:02] INSERT INTO webshop_special_fields (`key`, `value`, `product_id`) VALUES ('kiszereles', '1', 4527)

[2019-07-03 09:53:02] UPDATE webshop_gallery SET original_name='Krómozott csillagtalp fodrász székhez', date=1562140382 WHERE id=8581

[2019-07-03 09:53:02] UPDATE webshop_special_fields SET `value`='31.Euro fodrászkellék' WHERE `key`='manufacturer' AND `product_id`=4471

[2019-07-03 09:53:02] UPDATE webshop_special_fields SET `value`='db' WHERE `key`='quantityunit' AND `product_id`=4471

[2019-07-03 09:53:02] UPDATE webshop_special_fields SET `value`='1' WHERE `key`='kiszereles' AND `product_id`=4471

[2019-07-03 09:53:02] UPDATE webshop_products SET `name_hun`='Krómozott csillagtalp fodrász székhez',`content_short`='Krómozott csillagtalp fodrász székhez. Új, hidraulikus fodrász székekehez készült csillagtalp, stabil gumi...',`content`='<P>Krómozott csillagtalp fodrász székhez. Új, hidraulikus fodrász székekehez készült csillagtalp, stabil gumi tappancsokkal. A rögzítési pontok fodrász szék hidraulikához készültek, de ha a lenti méretek megengedik, más működésű fodrászati, vagy irodai székekehez is felhasználhatók.</P>
<P>Új alkatrész.</P>
<P>A fodrász székhez készült csillagtalp méretei:</P>
<P>A hidraulika talpának&nbsp;készült lyuk átmérő: 70mm ( nem ez tartja a hidraulikát, hanem a 8 csavar! )</P>
<P>A középpontól számítva - az 5db csillag kar hossza 31cm, a 6db 8mm&nbsp; csavar hely lyuk középpontja&nbsp;44mm</P>
<P>6db 8mm&nbsp; csavar hely lyuk középpontja&nbsp;egymástól 43mm</P>', `item_id`='1839-csillagtalp', `default_pic`='8581', `active`='1', `category_id`='86', `root_category_id`='0', `seo_name`='kromozott-csillagtalp-fodrasz-szekhez', `fullurl`='fodrasz-butorok-hajmoso/kromozott-csillagtalp-fodrasz-szekhez', `other_categories`='86,104,344' WHERE id=4471

[2019-07-03 09:53:03] UPDATE webshop_gallery SET original_name='Olló tartó táska Avantgarde Cerena Solingen', date=1562140383 WHERE id=843

[2019-07-03 09:53:03] UPDATE webshop_special_fields SET `value`='42.Solingen Olló' WHERE `key`='manufacturer' AND `product_id`=2839

[2019-07-03 09:53:03] UPDATE webshop_special_fields SET `value`='db' WHERE `key`='quantityunit' AND `product_id`=2839

[2019-07-03 09:53:03] UPDATE webshop_special_fields SET `value`='1' WHERE `key`='kiszereles' AND `product_id`=2839

[2019-07-03 09:53:03] UPDATE webshop_products SET `name_hun`='Olló tartó táska Avantgarde Cerena Solingen',`content_short`='Ollótartó táska prémium kivitelben, fekete színben. A vállra akasztható, és derékra is rögzíthető...',`content`='<P style=\"TEXT-ALIGN: justify; MARGIN: 0cm 0cm 10pt\"><FONT face=Calibri>Ollótartó táska prémium kivitelben, fekete színben. A vállra akasztható, és derékra is rögzíthető ollótartó táskák méretei, 12cm × 21cm.&nbsp;Mivel&nbsp;jól rögzíthető, az ollótartóval gyors mozgást is végezhetünk.</FONT></P>
<P style=\"TEXT-ALIGN: justify; MARGIN: 0cm 0cm 10pt\"><FONT face=Calibri>Hajvágó ollóink, eszközeink a&nbsp;táskában biztonságosan tárolhatók, szállíthatók.</FONT></P>
<P style=\"TEXT-ALIGN: justify; MARGIN: 0cm 0cm 10pt\">Az Olló tartó táska&nbsp; - Szerszám táska fekete színben főbb jellemzői.<BR>&nbsp;&nbsp;&nbsp;&nbsp;&nbsp;4 ollós zseb<BR>&nbsp;&nbsp;&nbsp;&nbsp; 2 tartozék rekesz<BR>&nbsp;&nbsp;&nbsp;&nbsp;&nbsp;csatos elülső szárnya a könnyebb tisztítás érdekében<BR>&nbsp;&nbsp;&nbsp;&nbsp; Méret: kb. 12 cm x 21 cm</P>', `item_id`='2028-cs-61220001', `default_pic`='843', `active`='1', `category_id`='104', `root_category_id`='0', `seo_name`='ollo-tarto-taska-avantgarde-cerena-solingen', `fullurl`='fodraszkellek/ollo-tarto-taska-avantgarde-cerena-solingen', `other_categories`='104,121,125,222' WHERE id=2839

[2019-07-03 09:53:03] UPDATE webshop_products SET sort=1 WHERE id=3326

[2019-07-03 09:53:03] UPDATE webshop_products SET sort=2 WHERE id=4526

[2019-07-03 09:53:03] UPDATE webshop_products SET sort=3 WHERE id=4527

[2019-07-03 09:53:06] UPDATE users SET lastlogin = NOW() WHERE id = '11'

[2019-07-03 09:53:08] UPDATE users SET lastlogin = NOW() WHERE id = '11'

[2019-07-03 09:53:08] UPDATE webshop_products SET `price1_name`='Beszerzési ár', `price1_currency`='HUF', `price1_value`='1253' WHERE id=4526

[2019-07-03 09:53:08] UPDATE webshop_products SET `price2_name`='Kereskedő -27,6%', `price2_currency`='HUF', `price2_value`='2069' WHERE id=4526

[2019-07-03 09:53:08] UPDATE webshop_products SET `price3_name`='Kereskedő -33,6%', `price3_currency`='HUF', `price3_value`='1897' WHERE id=4526

[2019-07-03 09:53:08] UPDATE webshop_products SET `price4_name`='Szakmai 1 ár -7%', `price4_currency`='HUF', `price4_value`='2658' WHERE id=4526

[2019-07-03 09:53:08] UPDATE webshop_products SET `price5_name`='Szakmai 2 ár -14%', `price5_currency`='HUF', `price5_value`='2457' WHERE id=4526

[2019-07-03 09:53:08] UPDATE webshop_products SET `price6_name`='Vásárló', `price6_currency`='HUF', `price6_value`='2858' WHERE id=4526

[2019-07-03 09:53:08] UPDATE webshop_products SET `price7_name`='W Lista ár', `price7_currency`='HUF', `price7_value`='2858' WHERE id=4526

[2019-07-03 09:53:08] UPDATE webshop_products SET `price`='2858', `reduced_price`=0 WHERE id=4526

[2019-07-03 09:53:08] UPDATE webshop_products SET `price1_name`='Beszerzési ár', `price1_currency`='HUF', `price1_value`='4307' WHERE id=4527

[2019-07-03 09:53:08] UPDATE webshop_products SET `price2_name`='Kereskedő -27,6%', `price2_currency`='HUF', `price2_value`='7108' WHERE id=4527

[2019-07-03 09:53:08] UPDATE webshop_products SET `price3_name`='Kereskedő -33,6%', `price3_currency`='HUF', `price3_value`='6519' WHERE id=4527

[2019-07-03 09:53:08] UPDATE webshop_products SET `price4_name`='Szakmai 1 ár -7%', `price4_currency`='HUF', `price4_value`='9131' WHERE id=4527

[2019-07-03 09:53:08] UPDATE webshop_products SET `price5_name`='Szakmai 2 ár -14%', `price5_currency`='HUF', `price5_value`='8444' WHERE id=4527

[2019-07-03 09:53:08] UPDATE webshop_products SET `price6_name`='Vásárló', `price6_currency`='HUF', `price6_value`='9818' WHERE id=4527

[2019-07-03 09:53:08] UPDATE webshop_products SET `price7_name`='W Lista ár', `price7_currency`='HUF', `price7_value`='9818' WHERE id=4527

[2019-07-03 09:53:08] UPDATE webshop_products SET `price`='9818', `reduced_price`=0 WHERE id=4527

[2019-07-03 09:53:12] UPDATE users SET lastlogin = NOW() WHERE id = '11'

[2019-07-03 09:53:14] UPDATE users SET lastlogin = NOW() WHERE id = '11'

[2019-07-03 09:53:26] INSERT INTO webshop_gallery (`id`, `product_id`, `original_name`, `new_name`, `date`) VALUES (12731, 4527, 'Olló tartó táska Avantgarde Cerena Solingen GB103B-6', '12731.jpg', 1562140406)

[2019-07-03 09:53:28] UPDATE users SET lastlogin = NOW() WHERE id = '11'

[2019-07-03 09:53:31] DELETE FROM webshop_gallery WHERE id=12731

[2019-07-03 09:53:40] INSERT INTO webshop_gallery (`id`, `product_id`, `original_name`, `new_name`, `date`) VALUES (12731, 4526, 'Hajcsipesz Japán Carbon JR fodrászkellék', '12731.jpg', 1562140420)

[2019-07-03 09:53:45] UPDATE users SET lastlogin = NOW() WHERE id = '11'

