[2020-06-24 19:30:47] UPDATE users SET lastlogin = NOW() WHERE id = '11'

[2020-06-24 19:30:50] UPDATE users SET lastlogin = NOW() WHERE id = '11'

[2020-06-24 19:30:51] UPDATE users SET lastlogin = NOW() WHERE id = '11'

[2020-06-24 19:30:52] INSERT INTO webshop_gallery (`id`, `product_id`, `original_name`, `new_name`, `date`) VALUES (15005, 4959, 'Fodrász szalon hajápoló csomag száraz hajra ajándék 500ml Draw erős hajspray-vel', '15005.jpg', 1593019852)

[2020-06-24 19:30:52] INSERT INTO webshop_products (`id`, `name_hun`, `name_eng`, `item_id`, `price`, `reduced_price`, `status`, `currency`, `content_short`, `content`, `details`, `date`, `default_pic`, `active`, `main`, `sort`, `category_id`, `root_category_id`, `seo_name`, `fullurl`, `websyx_id`, `quantity`, `other_categories`) VALUES ('4959', 'Fodrász szalon hajápoló csomag száraz hajra ajándék 500ml Draw erős hajspray-vel', 'Fodrász szalon hajápoló csomag száraz hajra ajándék 500ml Draw erős hajspray-vel', '0920-csomag-szárazhaj', 0, 0, 1, 'Ft', 'Fodrász szalon hajápoló csomag száraz hajra, Ajándék! erős hajspray-vel
A fodrászoknak összeállított...', '<P style=\"MARGIN: 0cm 0cm 10pt\"><FONT face=Calibri>Fodrász szalon hajápoló csomag száraz hajra, <STRONG>Ajándék! erős hajspray-vel</STRONG></FONT></P>
<P style=\"MARGIN: 0cm 0cm 10pt\"><FONT face=Calibri>A fodrászoknak összeállított hajápoló csomagban, a fodrászatban előforduló minden napos fodrászati alapműveletekhez találhatók, kedvező áru, jó minőségű, nagy kiszerelésű professzionális hajápoló, hajfixáló termékek, a Baxter termék családból.</FONT></P>
<P style=\"MARGIN: 0cm 0cm 10pt\"><FONT face=Calibri>&nbsp;</FONT></P>
<P style=\"MARGIN: 0cm 0cm 10pt\"><FONT face=Calibri>1db Baxter &nbsp;Bamboo 1000ml hajtípusnak megfelelő sampon</FONT></P>
<P style=\"MARGIN: 0cm 0cm 10pt\"><FONT face=Calibri>1db Baxter &nbsp;Bamboo 1000ml hajtípusnak megfelelő hajpakolás</FONT></P>
<P style=\"MARGIN: 0cm 0cm 10pt\"><FONT face=Calibri>1db Baxter &nbsp;Bamboo 1000ml hajtípusnak megfelelő hajbalzsam</FONT></P>
<P style=\"MARGIN: 0cm 0cm 10pt\"><FONT face=Calibri>1db &nbsp;Draw vagy Nuance 300 vagy 400ml erős tartású hajfixáló hab</FONT></P>
<P style=\"MARGIN: 0cm 0cm 10pt\"><FONT face=Calibri>1db 100ml Draw hajwax</FONT></P>
<P style=\"MARGIN: 0cm 0cm 10pt\"><FONT face=Calibri>Ajándék: 1db 750ml Concerto erős hajspray</FONT></P>
<P style=\"MARGIN: 0cm 0cm 10pt\"><FONT face=Calibri>&nbsp;</FONT></P>
<P style=\"MARGIN: 0cm 0cm 10pt\"><FONT face=Calibri>A Baxter, Draw, Nuance termékek, és azok részletes leírása a webáruházban külön, a terméknél található!</FONT></P>
<P>&nbsp;</P>', '', 1593019852, '15005', '1', 0, 1, 49, '131', 'fodrasz-szalon-hajapolo-csomag-szaraz-hajra-ajandek-500ml-draw-eros-hajspray-vel', 'hajapolas/3-fodrasz-szalonkiszerelesu-hajapolok/fodrasz-szalon-hajapolo-csomag-szaraz-hajra-ajandek-500ml-draw-eros-hajspray-vel', '81', 1, '49,104,131,137,220,239,349,355')

[2020-06-24 19:30:52] INSERT INTO webshop_special_fields (`key`, `value`, `product_id`) VALUES ('manufacturer', 'PDV Baxter-Nuance-Concerto', 4959)

[2020-06-24 19:30:52] INSERT INTO webshop_special_fields (`key`, `value`, `product_id`) VALUES ('quantityunit', 'db', 4959)

[2020-06-24 19:30:52] INSERT INTO webshop_special_fields (`key`, `value`, `product_id`) VALUES ('kiszereles', '1', 4959)

[2020-06-24 19:30:52] INSERT INTO webshop_gallery (`id`, `product_id`, `original_name`, `new_name`, `date`) VALUES (15006, 4960, 'Fodrász szalon hajápoló csomag festett és normál hajra ajándék 500ml Draw erős hajspray-vel', '15006.jpg', 1593019852)

[2020-06-24 19:30:52] INSERT INTO webshop_products (`id`, `name_hun`, `name_eng`, `item_id`, `price`, `reduced_price`, `status`, `currency`, `content_short`, `content`, `details`, `date`, `default_pic`, `active`, `main`, `sort`, `category_id`, `root_category_id`, `seo_name`, `fullurl`, `websyx_id`, `quantity`, `other_categories`) VALUES ('4960', 'Fodrász szalon hajápoló csomag festett és normál hajra ajándék 500ml Draw erős hajspray-vel', 'Fodrász szalon hajápoló csomag festett és normál hajra ajándék 500ml Draw erős hajspray-vel', '0920-csomag-festetthaj', 0, 0, 1, 'Ft', 'Fodrász szalon hajápoló csomag festett és normál hajra, Ajándék! erős hajspray-vel
A fodrászoknak...', '<P><FONT face=Calibri>Fodrász szalon hajápoló csomag festett és normál hajra, <STRONG>Ajándék! erős hajspray-vel</STRONG></FONT></P>
<P style=\"MARGIN: 0cm 0cm 10pt\"><FONT face=Calibri>A fodrászoknak összeállított hajápoló csomagban, a fodrászatban előforduló minden napos fodrászati alapműveletekhez találhatók, kedvező áru, jó minőségű, nagy kiszerelésű professzionális hajápoló, hajfixáló termékek, a Baxter termék családból.</FONT></P>
<P style=\"MARGIN: 0cm 0cm 10pt\"><FONT face=Calibri>&nbsp;</FONT></P>
<P style=\"MARGIN: 0cm 0cm 10pt\"><FONT face=Calibri>1db Baxter&nbsp;&nbsp;Latte 1000ml hajtípusnak megfelelő sampon</FONT></P>
<P style=\"MARGIN: 0cm 0cm 10pt\"><FONT face=Calibri>1db Baxter &nbsp;Frutta 1000ml hajtípusnak megfelelő hajpakolás</FONT></P>
<P style=\"MARGIN: 0cm 0cm 10pt\"><FONT face=Calibri>1db Baxter &nbsp;Latte 1000ml hajtípusnak megfelelő hajbalzsam</FONT></P>
<P style=\"MARGIN: 0cm 0cm 10pt\"><FONT face=Calibri>1db &nbsp;Draw vagy Nuance 300 vagy 400ml erős tartású hajfixáló hab</FONT></P>
<P style=\"MARGIN: 0cm 0cm 10pt\"><FONT face=Calibri>1db 100ml Draw hajwax</FONT></P>
<P style=\"MARGIN: 0cm 0cm 10pt\"><FONT face=Calibri>Ajándék: 1db 750ml Concerto erős hajspray</FONT></P>
<P style=\"MARGIN: 0cm 0cm 10pt\"><FONT face=Calibri>&nbsp;</FONT></P>
<P style=\"MARGIN: 0cm 0cm 10pt\"><FONT face=Calibri>A Baxter, Draw, Nuance termékek, és azok részletes leírása a webáruházban külön, a terméknél található!</FONT></P>
<P>&nbsp;</P>', '', 1593019852, '15006', '1', 0, 1, 49, '131', 'fodrasz-szalon-hajapolo-csomag-festett-es-normal-hajra-ajandek-500ml-draw-eros-hajspray-vel', 'hajapolas/3-fodrasz-szalonkiszerelesu-hajapolok/fodrasz-szalon-hajapolo-csomag-festett-es-normal-hajra-ajandek-500ml-draw-eros-hajspray-vel', '84', 1, '49,104,131,137,220,239,355')

[2020-06-24 19:30:52] INSERT INTO webshop_special_fields (`key`, `value`, `product_id`) VALUES ('manufacturer', 'PDV Baxter-Nuance-Concerto', 4960)

[2020-06-24 19:30:52] INSERT INTO webshop_special_fields (`key`, `value`, `product_id`) VALUES ('quantityunit', 'db', 4960)

[2020-06-24 19:30:52] INSERT INTO webshop_special_fields (`key`, `value`, `product_id`) VALUES ('kiszereles', '1', 4960)

[2020-06-24 19:30:52] INSERT INTO webshop_gallery (`id`, `product_id`, `original_name`, `new_name`, `date`) VALUES (15007, 4961, 'Fodrász szalon hajápoló csomag hosszú hajra ajándék 500ml Draw erős hajspray-vel', '15007.jpg', 1593019852)

[2020-06-24 19:30:52] INSERT INTO webshop_products (`id`, `name_hun`, `name_eng`, `item_id`, `price`, `reduced_price`, `status`, `currency`, `content_short`, `content`, `details`, `date`, `default_pic`, `active`, `main`, `sort`, `category_id`, `root_category_id`, `seo_name`, `fullurl`, `websyx_id`, `quantity`, `other_categories`) VALUES ('4961', 'Fodrász szalon hajápoló csomag hosszú hajra ajándék 500ml Draw erős hajspray-vel', 'Fodrász szalon hajápoló csomag hosszú hajra ajándék 500ml Draw erős hajspray-vel', '0920-csomag-hosszúhaj', 0, 0, 1, 'Ft', 'Fodrász szalon hajápoló csomag hosszú hajra,&nbsp;&nbsp;Ajándék! erős hajspray-vel
A fodrászoknak...', '<P style=\"MARGIN: 0cm 0cm 10pt\">Fodrász szalon hajápoló csomag hosszú hajra,&nbsp;&nbsp;<STRONG>Ajándék! erős hajspray-vel</STRONG></P>
<P style=\"MARGIN: 0cm 0cm 10pt\">A fodrászoknak összeállított hajápoló csomagban, a fodrászatban előforduló minden napos fodrászati alapműveletekhez találhatók, kedvező áru, jó minőségű, nagy kiszerelésű professzionális hajápoló, hajfixáló termékek, a Baxter termék családból.</P>
<P style=\"MARGIN: 0cm 0cm 10pt\">&nbsp;</P>
<P style=\"MARGIN: 0cm 0cm 10pt\">1db Baxter &nbsp;Apricot 1000ml hajtípusnak megfelelő sampon</P>
<P style=\"MARGIN: 0cm 0cm 10pt\">1db Baxter &nbsp;Herbs 1000ml hajtípusnak megfelelő hajpakolás</P>
<P style=\"MARGIN: 0cm 0cm 10pt\">1db Baxter &nbsp;Apricot 1000ml hajtípusnak megfelelő hajbalzsam</P>
<P style=\"MARGIN: 0cm 0cm 10pt\">1db &nbsp;Draw vagy Nuance 300 vagy 400ml erős tartású hajfixáló hab</P>
<P style=\"MARGIN: 0cm 0cm 10pt\">1db 100ml Draw hajwax</P>
<P style=\"MARGIN: 0cm 0cm 10pt\">Ajándék: 1db 750ml Concerto erős hajspray</P>
<P style=\"MARGIN: 0cm 0cm 10pt\">&nbsp;</P>
<P style=\"MARGIN: 0cm 0cm 10pt\">A Baxter, Draw, Nuance termékek, és azok részletes leírása a webáruházban külön, a terméknél található!</P>
<P>&nbsp;</P>', '', 1593019852, '15007', '1', 0, 1, 49, '131', 'fodrasz-szalon-hajapolo-csomag-hosszu-hajra-ajandek-500ml-draw-eros-hajspray-vel', 'hajapolas/3-fodrasz-szalonkiszerelesu-hajapolok/fodrasz-szalon-hajapolo-csomag-hosszu-hajra-ajandek-500ml-draw-eros-hajspray-vel', '277', 1, '49,104,131,137,220,239,349,355')

[2020-06-24 19:30:52] INSERT INTO webshop_special_fields (`key`, `value`, `product_id`) VALUES ('manufacturer', 'PDV Baxter-Nuance-Concerto', 4961)

[2020-06-24 19:30:52] INSERT INTO webshop_special_fields (`key`, `value`, `product_id`) VALUES ('quantityunit', 'db', 4961)

[2020-06-24 19:30:52] INSERT INTO webshop_special_fields (`key`, `value`, `product_id`) VALUES ('kiszereles', '1', 4961)

[2020-06-24 19:30:52] INSERT INTO webshop_gallery (`id`, `product_id`, `original_name`, `new_name`, `date`) VALUES (15008, 4962, 'megszünt - Maxima Acid hajpakolás festett hajra 500ml pink -47%', '15008.jpg', 1593019852)

[2020-06-24 19:30:52] INSERT INTO webshop_products (`id`, `name_hun`, `name_eng`, `item_id`, `price`, `reduced_price`, `status`, `currency`, `content_short`, `content`, `details`, `date`, `default_pic`, `active`, `main`, `sort`, `category_id`, `root_category_id`, `seo_name`, `fullurl`, `websyx_id`, `quantity`, `other_categories`) VALUES ('4962', 'megszünt - Maxima Acid hajpakolás festett hajra 500ml pink -47%', 'megszünt - Maxima Acid hajpakolás festett hajra 500ml pink -47%', '1414-vmat-7005-500ml-pink-', 0, 0, 1, 'Ft', 'Hajpakolás festett hajra, gyümölcs savakkal. Kifutó széria kedvezménnyel!
Prémium hajápoláshoz,&nbsp;festett...', '<P style=\"TEXT-ALIGN: justify; MARGIN: 0cm 0cm 10pt\">Hajpakolás festett hajra, gyümölcs savakkal. Kifutó széria kedvezménnyel!</P>
<P style=\"TEXT-ALIGN: justify; MARGIN: 0cm 0cm 10pt\">Prémium hajápoláshoz,&nbsp;festett és színezett hajat ápoló és&nbsp;színét védő, színstabilizáló, intenzíven ápoló gyümölcs savas hajkezelés!&nbsp; -- A hajpakolás a Vitalfarco Maxima&nbsp;Acid - UV védelemmel ellátott, gyümölcs savas termékcsaládjának egyik eleme.&nbsp; </P>
<P style=\"TEXT-ALIGN: justify; MARGIN: 0cm 0cm 10pt\">500ml - A professzionális hajszín védő hajpakolás nagymértékben segít a mindennapi hajápolásban, a károsodott haj regenerálásában. Prémium professzionális fodrászcikk, fodrászkellék!</P>
<P style=\"TEXT-ALIGN: justify; MARGIN: 0cm 0cm 10pt\">A mélyen tápláló gyümölcssavas hajpakolással, a&nbsp;festett hajra készült hajápolókat bővítette a cég.&nbsp;Segíti megőrizni a keratin sértetlenségét, a hajszínt, és megelőzi a töredezett hajvégeket. Használata visszaállítja a haj természetes ph egyensúlyát, rendkívüli fényt és selymességet ad a hajnak.</P>
<P style=\"TEXT-ALIGN: justify; MARGIN: 0cm 0cm 10pt\"><B style=\"mso-bidi-font-weight: normal\">Hajpakolás festett hajra, használata. - - </B>Vigye fel a megfelelő mennyiséget a hajpakolásból a hajra. Biztosítsa az egyenletes eloszlást. Hagyja hatni pár percig, majd óvatosan öblítse le a hajról. A hajpakolást használja bármilyen kémiai kezelés után, vagy festett hajon.</P>', '', 1593019852, '15008', '1', 0, 1, 265, '104', 'megszunt-maxima-acid-hajpakolas-festett-hajra-500ml-pink-47', 'fodraszkellek/hajkefe/keramia-korkefe/megszunt-maxima-acid-hajpakolas-festett-hajra-500ml-pink-47', '313', 1, '')

[2020-06-24 19:30:52] INSERT INTO webshop_special_fields (`key`, `value`, `product_id`) VALUES ('manufacturer', 'Vitalfarco Maxima-NHP-Vitael', 4962)

[2020-06-24 19:30:52] INSERT INTO webshop_special_fields (`key`, `value`, `product_id`) VALUES ('quantityunit', 'ml', 4962)

[2020-06-24 19:30:52] INSERT INTO webshop_special_fields (`key`, `value`, `product_id`) VALUES ('kiszereles', '500', 4962)

[2020-06-24 19:30:52] INSERT INTO webshop_gallery (`id`, `product_id`, `original_name`, `new_name`, `date`) VALUES (15009, 4963, 'Fodrász szalon hajápoló hajerősítő csomag Ajándék 500ml Draw erős hajspray-vel', '15009.jpg', 1593019852)

[2020-06-24 19:30:52] INSERT INTO webshop_products (`id`, `name_hun`, `name_eng`, `item_id`, `price`, `reduced_price`, `status`, `currency`, `content_short`, `content`, `details`, `date`, `default_pic`, `active`, `main`, `sort`, `category_id`, `root_category_id`, `seo_name`, `fullurl`, `websyx_id`, `quantity`, `other_categories`) VALUES ('4963', 'Fodrász szalon hajápoló hajerősítő csomag Ajándék 500ml Draw erős hajspray-vel', 'Fodrász szalon hajápoló hajerősítő csomag Ajándék 500ml Draw erős hajspray-vel', '0920-csomag-hajerősítő', 0, 0, 1, 'Ft', 'Fodrász szalon hajápoló hajerősítő csomag Ajándék erős hajspray-vel
A fodrászoknak összeállított...', '<P style=\"MARGIN: 0cm 0cm 10pt\"><FONT face=Calibri>Fodrász szalon hajápoló hajerősítő csomag <STRONG>Ajándék erős hajspray-vel</STRONG></FONT></P>
<P style=\"MARGIN: 0cm 0cm 10pt\"><FONT face=Calibri>A fodrászoknak összeállított hajápoló csomagban, a fodrászatban előforduló minden napos fodrászati alapműveletekhez találhatók, kedvező áru, jó minőségű, nagy kiszerelésű professzionális hajápoló, hajfixáló termékek, a Baxter termék családból.</FONT></P>
<P style=\"MARGIN: 0cm 0cm 10pt\"><FONT face=Calibri>&nbsp;</FONT></P>
<P style=\"MARGIN: 0cm 0cm 10pt\"><FONT face=Calibri>1db Baxter &nbsp;Apricot 1000ml hajtípusnak megfelelő sampon</FONT></P>
<P style=\"MARGIN: 0cm 0cm 10pt\"><FONT face=Calibri>1db Baxter &nbsp;Herbs 1000ml hajtípusnak megfelelő hajpakolás</FONT></P>
<P style=\"MARGIN: 0cm 0cm 10pt\"><FONT face=Calibri>1db Baxter &nbsp;Apricot 1000ml hajtípusnak megfelelő hajbalzsam</FONT></P>
<P style=\"MARGIN: 0cm 0cm 10pt\"><FONT face=Calibri>1db &nbsp;Draw vagy Nuance 300 vagy 400ml erős tartású hajfixáló hab</FONT></P>
<P style=\"MARGIN: 0cm 0cm 10pt\"><FONT face=Calibri>1db 100ml Draw hajwax</FONT></P>
<P style=\"MARGIN: 0cm 0cm 10pt\"><FONT face=Calibri>Ajándék: 1db 750ml Concerto erős hajspray</FONT></P>
<P style=\"MARGIN: 0cm 0cm 10pt\"><FONT face=Calibri>&nbsp;</FONT></P>
<P style=\"MARGIN: 0cm 0cm 10pt\"><FONT face=Calibri>A Baxter, Draw, Nuance termékek, és azok részletes leírása a webáruházban külön, a terméknél található!</FONT></P>
<P>&nbsp;</P>', '', 1593019852, '15009', '1', 0, 1, 49, '131', 'fodrasz-szalon-hajapolo-hajerosito-csomag-ajandek-500ml-draw-eros-hajspray-vel', 'hajapolas/3-fodrasz-szalonkiszerelesu-hajapolok/fodrasz-szalon-hajapolo-hajerosito-csomag-ajandek-500ml-draw-eros-hajspray-vel', '427', 1, '49,104,131,137,220,239,349,355')

[2020-06-24 19:30:52] INSERT INTO webshop_special_fields (`key`, `value`, `product_id`) VALUES ('manufacturer', 'PDV Baxter-Nuance-Concerto', 4963)

[2020-06-24 19:30:52] INSERT INTO webshop_special_fields (`key`, `value`, `product_id`) VALUES ('quantityunit', 'db', 4963)

[2020-06-24 19:30:52] INSERT INTO webshop_special_fields (`key`, `value`, `product_id`) VALUES ('kiszereles', '1', 4963)

[2020-06-24 19:30:52] INSERT INTO webshop_gallery (`id`, `product_id`, `original_name`, `new_name`, `date`) VALUES (15010, 4964, 'Fodrász szalon hajápoló csomag normál hajra ajándék 500ml Draw erős hajspray-vel', '15010.jpg', 1593019852)

[2020-06-24 19:30:52] INSERT INTO webshop_products (`id`, `name_hun`, `name_eng`, `item_id`, `price`, `reduced_price`, `status`, `currency`, `content_short`, `content`, `details`, `date`, `default_pic`, `active`, `main`, `sort`, `category_id`, `root_category_id`, `seo_name`, `fullurl`, `websyx_id`, `quantity`, `other_categories`) VALUES ('4964', 'Fodrász szalon hajápoló csomag normál hajra ajándék 500ml Draw erős hajspray-vel', 'Fodrász szalon hajápoló csomag normál hajra ajándék 500ml Draw erős hajspray-vel', '0920-csomag-normálhaj', 0, 0, 1, 'Ft', 'Fodrász szalon hajápoló csomag normál hajra, Ajándék! erős hajspray-vel
A fodrászoknak összeállított...', '<P><FONT face=Calibri>Fodrász szalon hajápoló csomag normál hajra, <STRONG>Ajándék! erős hajspray-vel</STRONG></FONT></P>
<P style=\"MARGIN: 0cm 0cm 10pt\"><FONT face=Calibri>A fodrászoknak összeállított hajápoló csomagban, a fodrászatban előforduló minden napos fodrászati alapműveletekhez találhatók, kedvező áru, jó minőségű, nagy kiszerelésű professzionális hajápoló, hajfixáló termékek, a Baxter termék családból.</FONT></P>
<P style=\"MARGIN: 0cm 0cm 10pt\"><FONT face=Calibri>&nbsp;</FONT></P>
<P style=\"MARGIN: 0cm 0cm 10pt\"><FONT face=Calibri>1db Baxter&nbsp;&nbsp;Latte 1000ml hajtípusnak megfelelő sampon</FONT></P>
<P style=\"MARGIN: 0cm 0cm 10pt\"><FONT face=Calibri>1db Baxter &nbsp;Frutta 1000ml hajtípusnak megfelelő hajpakolás</FONT></P>
<P style=\"MARGIN: 0cm 0cm 10pt\"><FONT face=Calibri>1db Baxter &nbsp;Latte 1000ml hajtípusnak megfelelő hajbalzsam</FONT></P>
<P style=\"MARGIN: 0cm 0cm 10pt\"><FONT face=Calibri>1db &nbsp;Draw vagy Nuance 300 vagy 400ml erős tartású hajfixáló hab</FONT></P>
<P style=\"MARGIN: 0cm 0cm 10pt\"><FONT face=Calibri>1db 100ml Draw hajwax</FONT></P>
<P style=\"MARGIN: 0cm 0cm 10pt\"><FONT face=Calibri>Ajándék: 1db 750ml Concerto erős hajspray</FONT></P>
<P style=\"MARGIN: 0cm 0cm 10pt\"><FONT face=Calibri>&nbsp;</FONT></P>
<P style=\"MARGIN: 0cm 0cm 10pt\"><FONT face=Calibri>A Baxter, Draw, Nuance termékek, és azok részletes leírása a webáruházban külön, a terméknél található!</FONT></P>', '', 1593019852, '15010', '1', 0, 1, 49, '131', 'fodrasz-szalon-hajapolo-csomag-normal-hajra-ajandek-500ml-draw-eros-hajspray-vel', 'hajapolas/3-fodrasz-szalonkiszerelesu-hajapolok/fodrasz-szalon-hajapolo-csomag-normal-hajra-ajandek-500ml-draw-eros-hajspray-vel', '524', 1, '49,104,131,137,220,239,349,355')

[2020-06-24 19:30:52] INSERT INTO webshop_special_fields (`key`, `value`, `product_id`) VALUES ('manufacturer', 'PDV Baxter-Nuance-Concerto', 4964)

[2020-06-24 19:30:52] INSERT INTO webshop_special_fields (`key`, `value`, `product_id`) VALUES ('quantityunit', 'db', 4964)

[2020-06-24 19:30:52] INSERT INTO webshop_special_fields (`key`, `value`, `product_id`) VALUES ('kiszereles', '1', 4964)

[2020-06-24 19:30:52] INSERT INTO webshop_gallery (`id`, `product_id`, `original_name`, `new_name`, `date`) VALUES (15011, 4965, 'Fodrász szalon hajápoló csomag vékony hajra Ajándék 500ml Draw erős hajspray-vel', '15011.jpg', 1593019852)

[2020-06-24 19:30:52] INSERT INTO webshop_products (`id`, `name_hun`, `name_eng`, `item_id`, `price`, `reduced_price`, `status`, `currency`, `content_short`, `content`, `details`, `date`, `default_pic`, `active`, `main`, `sort`, `category_id`, `root_category_id`, `seo_name`, `fullurl`, `websyx_id`, `quantity`, `other_categories`) VALUES ('4965', 'Fodrász szalon hajápoló csomag vékony hajra Ajándék 500ml Draw erős hajspray-vel', 'Fodrász szalon hajápoló csomag vékony hajra Ajándék 500ml Draw erős hajspray-vel', '0920-csomag-vékonyhaj', 0, 0, 1, 'Ft', 'Fodrász szalon hajápoló csomag vékony hajra, Ajándék! erős hajspray-vel
A fodrászoknak összeállított...', '<P style=\"MARGIN: 0cm 0cm 10pt\">Fodrász szalon hajápoló csomag vékony hajra, <STRONG>Ajándék! erős hajspray-vel</STRONG></P>
<P style=\"MARGIN: 0cm 0cm 10pt\">A fodrászoknak összeállított hajápoló csomagban, a fodrászatban előforduló minden napos fodrászati alapműveletekhez találhatók, kedvező áru, jó minőségű, nagy kiszerelésű professzionális hajápoló, hajfixáló termékek, a Baxter termék családból.</P>
<P style=\"MARGIN: 0cm 0cm 10pt\">&nbsp;</P>
<P style=\"MARGIN: 0cm 0cm 10pt\">1db Baxter &nbsp;Apricot 1000ml hajtípusnak megfelelő sampon</P>
<P style=\"MARGIN: 0cm 0cm 10pt\">1db Baxter &nbsp;Herbs 1000ml hajtípusnak megfelelő hajpakolás</P>
<P style=\"MARGIN: 0cm 0cm 10pt\">1db Baxter &nbsp;Apricot 1000ml hajtípusnak megfelelő hajbalzsam</P>
<P style=\"MARGIN: 0cm 0cm 10pt\">1db &nbsp;Draw vagy Nuance 300 vagy 400ml erős tartású hajfixáló hab</P>
<P style=\"MARGIN: 0cm 0cm 10pt\">1db 100ml Draw hajwax</P>
<P style=\"MARGIN: 0cm 0cm 10pt\">Ajándék: 1db 750ml Concerto erős hajspray</P>
<P style=\"MARGIN: 0cm 0cm 10pt\">&nbsp;</P>
<P style=\"MARGIN: 0cm 0cm 10pt\">A Baxter, Draw, Nuance termékek, és azok részletes leírása a webáruházban külön, a terméknél található!</P>
<P>&nbsp;</P>', '', 1593019852, '15011', '1', 0, 1, 49, '131', 'fodrasz-szalon-hajapolo-csomag-vekony-hajra-ajandek-500ml-draw-eros-hajspray-vel', 'hajapolas/3-fodrasz-szalonkiszerelesu-hajapolok/fodrasz-szalon-hajapolo-csomag-vekony-hajra-ajandek-500ml-draw-eros-hajspray-vel', '529', 1, '49,104,131,137,220,239,315,349,355')

[2020-06-24 19:30:52] INSERT INTO webshop_special_fields (`key`, `value`, `product_id`) VALUES ('manufacturer', 'PDV Baxter-Nuance-Concerto', 4965)

[2020-06-24 19:30:52] INSERT INTO webshop_special_fields (`key`, `value`, `product_id`) VALUES ('quantityunit', 'db', 4965)

[2020-06-24 19:30:52] INSERT INTO webshop_special_fields (`key`, `value`, `product_id`) VALUES ('kiszereles', '1', 4965)

[2020-06-24 19:30:52] UPDATE webshop_gallery SET original_name='Elfogyott! - Kéz és felületfertőtlenítő oldat Inno-Sept fresh', date=1593019852 WHERE id=914

[2020-06-24 19:30:52] UPDATE webshop_special_fields SET `value`='Egyéb fodrászkellék' WHERE `key`='manufacturer' AND `product_id`=2910

[2020-06-24 19:30:52] UPDATE webshop_special_fields SET `value`='ml' WHERE `key`='quantityunit' AND `product_id`=2910

[2020-06-24 19:30:52] UPDATE webshop_special_fields SET `value`='1000' WHERE `key`='kiszereles' AND `product_id`=2910

[2020-06-24 19:30:52] UPDATE webshop_products SET `name_hun`='Kéz és felületfertőtlenítő oldat Inno-Sept fresh',`content_short`='Kéz-, bőr- és felületfertőtlenítő baktericid (MRSA), fungicid, virucid, tuberkulocid hatással.
Figyelem! A -...',`content`='<P style=\"MARGIN: auto 0cm; tab-stops: 87.75pt\">Kéz-, bőr- és felületfertőtlenítő baktericid (MRSA), fungicid, virucid, tuberkulocid hatással.</P>
<P style=\"TEXT-ALIGN: justify\">Figyelem! A - Biztonsági adatlapot letöltse le&nbsp;a következő linknél, a termék nevétől&nbsp;:&nbsp;Inno-Sept fresh <A href=\"http://innoveng1.hu/biztonsagi-adatlapok/\"><FONT color=#0000ff>http://innoveng1.hu/biztonsagi-adatlapok/</FONT></A></P>
<P style=\"MARGIN: auto 0cm; tab-stops: 87.75pt\">1000ml - Alkohol, kvaterner ammónium vegyület, alkilamin derivátum hatóanyagot tartalmazó kéz- és felületfertőtlenítő, amely alkalmas a kéz- és bőrfelület valamint egyéb alkoholálló felületek higiénés fertőtlenítésére.</P>
<P style=\"MARGIN: auto 0cm\"><STRONG>Felhasználási terület</STRONG></P>
<P style=\"MARGIN: auto 0cm\">Minden olyan területen használható, ahol valamilyen művelet után, vagy műveletek között a kéz és bőrfelületet illetve a munkafelületet fertőtleníteni akarjuk. Ilyen felhasználási helyek lehetnek az ipar (élelmiszeripar, vendéglátás, kozmetikai ipar, stb.), a közegészségügy (kórházak, rendelők, szociális otthonok, stb.) munkaterületei, valamint a lakossági felhasználás bizonyos helyzetei (utazás, kirándulás, stb.).</P>
<P style=\"MARGIN: auto 0cm\">Kiszerelés: 1 literes műanyag szóróflakon</P>
<P style=\"MARGIN: auto 0cm\">Antimikrobiális spektrum: Baktericid (MRSA), yeasticid, sz.virucid, tuberkulocid</P>
<P style=\"TEXT-ALIGN: justify\">Összetevők: kvaterner ammónium vegyület, triclosan, izopropil-alkohol, szerves sav, illatanyag, víz</P>
<P style=\"TEXT-ALIGN: justify\">100 g keverék biocid anyag tartalma 1,5 g didecil-dimetil-ammónium-klorid, 0,5 g benzil-C12-16-alkildimetil klorid.</P>
<P style=\"TEXT-ALIGN: justify\">Alkalmazási feltételek: töményen kell alkalmazni. </P>
<P style=\"TEXT-ALIGN: justify\"><I style=\"mso-bidi-font-style: normal\">Higiéniás kézfertőtlenítés</I>: Adagolóból jutassunk a tenyérbe kb. 3 ml INNO-SEPT FRESH oldatot, majd alaposan dörzsöljük be a készítményt 30 másodpercig. A tuberkulocid hatékonyság elérésére 1 perc behatási idő szükséges.</P>
<P style=\"TEXT-ALIGN: justify\"><I style=\"mso-bidi-font-style: normal\">Felületfertőtlenítés</I>: Permetezze a készítményt a felületre, vagy a fertőtlenítőszerrel átitatott törlőkendővel kezelje a felületet úgy, hogy a fertőtlenítőszer a felületet teljesen benedvesítse és kezeletlen részek ne maradjanak. Minimális behatási idő: 5 perc. A behatási idő letelte után ivóvíz minőségű vízzel öblíthető a kezelt felület.</P>', `item_id`='0749-ifsz-1000ml', `default_pic`='914', `active`='1', `category_id`='217', `root_category_id`='104', `seo_name`='kez-es-feluletfertotlenito-oldat-inno-sept-fresh', `fullurl`='fodraszkellek/szolarium-kez-eszkoz-fertotlenito-szagtalanito/kez-es-feluletfertotlenito-oldat-inno-sept-fresh', `other_categories`='217,222' WHERE id=2910

[2020-06-24 19:30:53] UPDATE webshop_gallery SET original_name='elfogyott! - Fertőtlenítő szórófejjel eszközre és felületre Innocid 3% 500ml', date=1593019853 WHERE id=915

[2020-06-24 19:30:53] UPDATE webshop_special_fields SET `value`='Egyéb fodrászkellék' WHERE `key`='manufacturer' AND `product_id`=2911

[2020-06-24 19:30:53] UPDATE webshop_special_fields SET `value`='ml' WHERE `key`='quantityunit' AND `product_id`=2911

[2020-06-24 19:30:53] UPDATE webshop_special_fields SET `value`='500' WHERE `key`='kiszereles' AND `product_id`=2911

[2020-06-24 19:30:53] UPDATE webshop_products SET `name_hun`='Fertőtlenítő szórófejjel eszközre és felületre Innocid 3% 500ml',`content_short`='Fertőtlenítő szórófejjel eszközre és felületre. INNOCID 3%-os alkoholos oldat, általános...',`content`='<P style=\"MARGIN: auto 0cm; tab-stops: 87.75pt\"><B style=\"mso-bidi-font-weight: normal\">Fertőtlenítő szórófejjel eszközre és felületre. INNOCID 3%-os alkoholos oldat, általános felületfertőtlenítő szer. </B>Felhasználásra kész baktericid, fungicid, virucid, tuberkulocid alkoholos oldat.</P>
<P style=\"TEXT-ALIGN: justify\">Figyelem! A - Biztonsági adatlapot letöltse le&nbsp;a következő linknél, a termék nevétől&nbsp;:&nbsp; <STRONG>INNOCID 3%-os alkoholos oldat&nbsp; </STRONG><A href=\"http://innoveng1.hu/biztonsagi-adatlapok/\"><FONT color=#0000ff>http://innoveng1.hu/biztonsagi-adatlapok/</FONT></A></P>
<P style=\"MARGIN: auto 0cm\">Az egyik leghatékonyabb és legszélesebb hatásspektrumú hatóanyagot tartalmazó INNOCID nevű fertőtlenítőszer koncentrátumából készített alkoholos oldat. A semleges, enyhén savas folyadék a benne lévő speciális tenzidek és egyéb segédanyagok hatására jól zsírtalanít és szennyoldó hatása is kiváló.</P>
<P style=\"MARGIN: auto 0cm\"><STRONG>Felhasználási terület</STRONG></P>
<P style=\"MARGIN: auto 0cm\">Felhasználható minden olyan helyen, ahol különböző tárgyak, eszközök, felületek széles spektrumú fertőtlenítése a cél. Például kórházak, egészségügyi intézmények, élelmiszeripar, állattenyésztés, közétkeztetés, kozmetikai ipar, stb. Alkalmazható szoláriumágyak, fodrász-, pedikűrös-, manikűrös- és kozmetikus eszközök, stb. fertőtlenítésére is. A termék összetételéből adódóan alkalmas szennyeződések fellazítására, zsírtalanításra, így a kombinált tisztító-fertőtlenítő hatás kiválóan érvényesülhet gyengén szennyezett felületek esetén.</P>
<P style=\"MARGIN: auto 0cm\"><STRONG>Kiszerelés: </STRONG>0,5 literes műanyag flakon permetezős kivitelben</P>
<P style=\"MARGIN: auto 0cm\"><STRONG>Antimikrobiális spektrum: </STRONG><STRONG>Baktericid (MRSA), fungicid, virucid (HBV/HIV), tuberkulocid</STRONG></P>
<P style=\"TEXT-ALIGN: justify\"><STRONG>Összetevők:</STRONG> glioxál, glutáraldehid, kationos tenzid, nemionos tenzid, izopropil-alkohol, víz</P>
<P style=\"TEXT-ALIGN: justify\">100 g készítmény biocid anyag tartalma 65,0 g izopropil-alkohol, 0,09 g glutáraldehid, 0,22 g glioxál, 0,25 g didecil-dimetil-ammónium-klorid<STRONG>.</STRONG></P>
<P style=\"TEXT-ALIGN: justify\"><STRONG>Alkalmazási feltételek: </STRONG><STRONG>töményen kell alkalmazni, felületre permetezni és megvárni, amíg rászárad. Behatási idő: 3 perc baktericid, fungicid, virucid, 15 perc tuberkulocid hatás eléréséhez.</STRONG><B></B></P>
<P style=\"TEXT-ALIGN: justify\">Biztonsági adatlap letölthető innen: <A href=\"http://www.innoveng1.hu/\"><FONT color=#0000ff>http://www.innoveng1.hu</FONT></A></P>
<P>&nbsp;</P>', `item_id`='0749-innocid-13313057-500ml', `default_pic`='915', `active`='1', `category_id`='217', `root_category_id`='104', `seo_name`='fertotlenito-szorofejjel-eszkozre-es-feluletre-innocid-3-500ml', `fullurl`='fodraszkellek/szolarium-kez-eszkoz-fertotlenito-szagtalanito/fertotlenito-szorofejjel-eszkozre-es-feluletre-innocid-3-500ml', `other_categories`='217,222' WHERE id=2911

[2020-06-24 19:30:53] UPDATE webshop_gallery SET original_name='elfogyott! - Fertőtlenítő szappan INNO-SEPT', date=1593019853 WHERE id=917

[2020-06-24 19:30:53] UPDATE webshop_special_fields SET `value`='Egyéb fodrászkellék' WHERE `key`='manufacturer' AND `product_id`=2913

[2020-06-24 19:30:53] UPDATE webshop_special_fields SET `value`='ml' WHERE `key`='quantityunit' AND `product_id`=2913

[2020-06-24 19:30:53] UPDATE webshop_special_fields SET `value`='500' WHERE `key`='kiszereles' AND `product_id`=2913

[2020-06-24 19:30:53] UPDATE webshop_products SET `name_hun`='Fertőtlenítő szappan INNO-SEPT',`content_short`='fertőtlenítő szappan koncentrátum.&nbsp; Baktericid (MRSA), fungicid, virucid, tuberkulocid hatású higiéniás...',`content`='<P style=\"MARGIN: auto 0cm; tab-stops: 87.75pt\"><B style=\"mso-bidi-font-weight: normal\">fertőtlenítő szappan koncentrátum.&nbsp; </B>Baktericid (MRSA), fungicid, virucid, tuberkulocid hatású higiéniás kézfertőtlenítő folyékony szappan</P>
<P style=\"TEXT-ALIGN: justify\">Figyelem! A - Biztonsági adatlapot letöltse le&nbsp;a következő linknél, a termék nevétől&nbsp;:&nbsp;INNO-SEPTszappan &nbsp;<A href=\"http://innoveng1.hu/biztonsagi-adatlapok/\"><FONT color=#0000ff>http://innoveng1.hu/biztonsagi-adatlapok/</FONT></A></P>
<P style=\"MARGIN: auto 0cm\">Folyékony halmazállapotú, kvaterner ammóniumvegyületet tartalmazó higiéniás kézfertőtlenítő folyékony szappan. Hatásideje 30 másodperc, amely idő alatt kifejti mikrobicid hatását. Hepatitis A, B, C és HIV és H5N1 (madárinfluenza) vírus ellen is hatásos. A kezet nem szárítja, kézvédő adalék tartalmánál fogva annak finom tapintást ad.</P>
<P style=\"MARGIN: auto 0cm\"><STRONG>Felhasználási terület.</STRONG></P>
<P style=\"MARGIN: auto 0cm\">Felhasználható minden olyan helyen, ahol a kézmosáson kívül a kéz hatékony fertőtlenítésére is szükség van, elsősorban az élelmiszeripari üzemek, konyhák, cukrászdák, köz- és betegellátó intézmények, iskolák, óvodák és minden olyan helyszín ahol sok ember megfordul és a kézzel átvihető fertőzés kockázata nagy. A termék összetételénél fogva az intenzív fertőtlenítő hatás mellett (30 másodperc) erőteljes tisztító hatással is rendelkezik. A termék OTH engedéllyel rendelkezik, ezért az <EM>egészségügy</EM> területén használható.</P>
<P style=\"MARGIN: auto 0cm\"><STRONG>Kiszerelés:</STRONG> 500 ml-es pumpás kivitel</P>
<P style=\"MARGIN: auto 0cm\"><STRONG>Antimikrobiális spektrum: </STRONG><STRONG>Baktericid (MRSA), fungicid, virucid, tuberkulocid bőrkímélő tulajdonsággal</STRONG></P>
<P style=\"TEXT-ALIGN: justify\"><STRONG>Összetevők:</STRONG> kvaterner ammónium vegyület, nemionos tenzid, illat, színezék, állagjavító</P>
<P style=\"TEXT-ALIGN: justify\">100 g készítmény biocid hatóanyag tartalma 2,0 g kvaterner ammónium vegyület<STRONG>.</STRONG></P>
<P style=\"TEXT-ALIGN: justify\"><STRONG>Alkalmazási feltételek: </STRONG><STRONG>Higítás nélkül, töményen kell alkalmazni. Behatási idő: szobahőmérsékleten 30 másodperc.</STRONG></P>
<P style=\"TEXT-ALIGN: justify\">Biztonsági adatlap letölthető innen: <A href=\"http://www.innoveng1.hu/\"><FONT color=#0000ff>http://www.innoveng1.hu</FONT></A></P>
<P>&nbsp;</P>', `item_id`='0749-innosept-16216019-500ml', `default_pic`='917', `active`='1', `category_id`='217', `root_category_id`='104', `seo_name`='fertotlenito-szappan-inno-sept', `fullurl`='fodraszkellek/szolarium-kez-eszkoz-fertotlenito-szagtalanito/fertotlenito-szappan-inno-sept', `other_categories`='217,222,431' WHERE id=2913

[2020-06-24 19:30:53] UPDATE webshop_products SET sort=1 WHERE id=3326

[2020-06-24 19:30:53] UPDATE webshop_products SET sort=2 WHERE id=4959

[2020-06-24 19:30:53] UPDATE webshop_products SET sort=3 WHERE id=4960

[2020-06-24 19:30:53] UPDATE webshop_products SET sort=4 WHERE id=4961

[2020-06-24 19:30:53] UPDATE webshop_products SET sort=5 WHERE id=4965

[2020-06-24 19:30:53] UPDATE webshop_products SET sort=6 WHERE id=4963

[2020-06-24 19:30:53] UPDATE webshop_products SET sort=7 WHERE id=4964

[2020-06-24 19:30:53] UPDATE webshop_products SET sort=8 WHERE id=4962

[2020-06-24 19:30:54] UPDATE users SET lastlogin = NOW() WHERE id = '11'

[2020-06-24 19:30:55] INSERT INTO webshop_gallery (`id`, `product_id`, `original_name`, `new_name`, `date`) VALUES (15012, 4966, 'Főnöző gombos kör hajkefe 30 mm átmérővel 8440152', '15012.jpg', 1593019855)

[2020-06-24 19:30:55] INSERT INTO webshop_products (`id`, `name_hun`, `name_eng`, `item_id`, `price`, `reduced_price`, `status`, `currency`, `content_short`, `content`, `details`, `date`, `default_pic`, `active`, `main`, `sort`, `category_id`, `root_category_id`, `seo_name`, `fullurl`, `websyx_id`, `quantity`, `other_categories`) VALUES ('4966', 'Főnöző gombos kör hajkefe 30 mm átmérővel 8440152', 'Főnöző gombos kör hajkefe 30 mm átmérővel 8440152', '0727-sibel-8440152-30mm', 0, 0, 1, 'Ft', 'Főnöző gombos kör hajkefe 30 mm - külső átmérővel.&nbsp; -- 
hajkefe hossza 220mm,&nbsp; -...', '<P>Főnöző gombos kör hajkefe 30 mm - külső átmérővel.&nbsp; -- </P>
<P>hajkefe hossza 220mm,&nbsp; - átmérők:&nbsp;12×30mm</P>', '', 1593019855, '15012', '1', 0, 1, 116, '104', 'fonozo-gombos-kor-hajkefe-30-mm-atmerovel-8440152', 'fodraszkellek/hajkefe/korkefe/fonozo-gombos-kor-hajkefe-30-mm-atmerovel-8440152', '3138', 1, '116,361,366')

[2020-06-24 19:30:55] INSERT INTO webshop_special_fields (`key`, `value`, `product_id`) VALUES ('manufacturer', 'Egyéb fodrászkellék', 4966)

[2020-06-24 19:30:55] INSERT INTO webshop_special_fields (`key`, `value`, `product_id`) VALUES ('quantityunit', 'db', 4966)

[2020-06-24 19:30:55] INSERT INTO webshop_special_fields (`key`, `value`, `product_id`) VALUES ('kiszereles', '1', 4966)

[2020-06-24 19:30:55] UPDATE webshop_products SET sort=1 WHERE id=3326

[2020-06-24 19:30:55] UPDATE webshop_products SET sort=2 WHERE id=4966

[2020-06-24 19:30:56] UPDATE users SET lastlogin = NOW() WHERE id = '11'

[2020-06-24 19:30:57] INSERT INTO webshop_gallery (`id`, `product_id`, `original_name`, `new_name`, `date`) VALUES (15013, 4967, 'megszűnt - Nirvel Green hajlakk -55%voc bio hajtógázzal', '15013.jpg', 1593019857)

[2020-06-24 19:30:57] INSERT INTO webshop_products (`id`, `name_hun`, `name_eng`, `item_id`, `price`, `reduced_price`, `status`, `currency`, `content_short`, `content`, `details`, `date`, `default_pic`, `active`, `main`, `sort`, `category_id`, `root_category_id`, `seo_name`, `fullurl`, `websyx_id`, `quantity`, `other_categories`) VALUES ('4967', 'megszűnt - Nirvel Green hajlakk -55%voc bio hajtógázzal', 'megszűnt - Nirvel Green hajlakk -55%voc bio hajtógázzal', '0110-ngh-8681-erős-500ml', 0, 0, 1, 'Ft', 'bio hajlakk. Erős tartású - Antiallergén&nbsp; ,,&nbsp; -55%-V.O.C. Green Bio\" gázkeverékkel, töltött lakk,...', '<P style=\"TEXT-ALIGN: justify; MARGIN: 0cm 0cm 10pt; LINE-HEIGHT: normal; mso-margin-top-alt: auto; mso-margin-bottom-alt: auto\"><FONT face=Calibri>bio hajlakk. Erős tartású - Antiallergén&nbsp; ,,&nbsp; -55%-V.O.C. Green Bio\" gázkeverékkel, töltött lakk, amely nem irritálja a légutakat.&nbsp; A virágillatú hajlakk, egy professzionális aktív hajfixáló, ami hosszan tartó erős, de rugalmas tartást biztosít. A hajlakk a Nirvel által kifejlesztett védőformuláival fixálja, óvja és vitalizálja a hajat. Ideális kész frizurák, formázott hajak fixálására. A könnyen kifésülhető KIN hajlakk márkák, hosszan tartják hatásukat, nem hagy maradványokat a hajban.</FONT></P>
<P style=\"MARGIN: 0cm 0cm 10pt\"><FONT face=Calibri><STRONG>V.O.C-tartalom fogalma.</STRONG> (volatile organic compound), azaz a hajtógázból a levegőbe felszabaduló szerves vegyület. A VOC az erre érzékenyeknek fejfájást, légzőszervi, torok- és szemirritációt, szédülést, okozhat, és csökkentheti a koncentrálóképességet.</FONT></P>
<P style=\"TEXT-ALIGN: justify; MARGIN: 0cm 0cm 10pt; LINE-HEIGHT: normal; mso-margin-top-alt: auto; mso-margin-bottom-alt: auto\"><FONT face=Calibri><B style=\"mso-bidi-font-weight: normal\">500ml - A hajlakk használata professzionális szolgáltatást tesz lehetővé</B> a fodrászatokban és otthon, alacsony költségek mellett.&nbsp; A Nirvel által kifejlesztett összetételnek köszönhetően, a <B style=\"mso-bidi-font-weight: normal\">Nirvel hajlakk márkák</B>, hajsprayk, antiallergén virág illattal, környezetbarát összetevőkkel és alacsony költséggel készülnek.</FONT></P>
<P style=\"TEXT-ALIGN: justify; MARGIN: 0cm 0cm 10pt; LINE-HEIGHT: normal; mso-margin-top-alt: auto; mso-margin-bottom-alt: auto\"><FONT face=Calibri><U><STRONG>A -55%-voc</STRONG></U>&nbsp; <U><STRONG>Green hajlakk védőformulái óvják és vitalizálják a hajat, használatának hatásai.</STRONG></U></FONT></P>
<UL type=disc>
<LI style=\"TEXT-ALIGN: justify; MARGIN: 0cm 0cm 10pt; LINE-HEIGHT: normal; mso-margin-top-alt: auto; mso-margin-bottom-alt: auto; mso-list: l0 level1 lfo1; tab-stops: list 36.0pt\"><FONT face=Calibri>Nem irritálja a légutakat.</FONT> 
<LI style=\"TEXT-ALIGN: justify; MARGIN: 0cm 0cm 10pt; LINE-HEIGHT: normal; mso-margin-top-alt: auto; mso-margin-bottom-alt: auto; mso-list: l0 level1 lfo1; tab-stops: list 36.0pt\"><FONT face=Calibri>Extra erős tartású. </FONT><FONT face=Calibri>
<LI style=\"TEXT-ALIGN: justify; MARGIN: 0cm 0cm 10pt; LINE-HEIGHT: normal; mso-margin-top-alt: auto; mso-margin-bottom-alt: auto; mso-list: l0 level1 lfo1; tab-stops: list 36.0pt\">A hajlakk rugalmasan, láthatatlanul tartja a hajat. 
<LI style=\"TEXT-ALIGN: justify; MARGIN: 0cm 0cm 10pt; LINE-HEIGHT: normal; mso-margin-top-alt: auto; mso-margin-bottom-alt: auto; mso-list: l0 level1 lfo1; tab-stops: list 36.0pt\">Könnyen kifésülhető, gyors hatású&nbsp;hajfixáló. 
<LI style=\"TEXT-ALIGN: justify; MARGIN: 0cm 0cm 10pt; LINE-HEIGHT: normal; mso-margin-top-alt: auto; mso-margin-bottom-alt: auto; mso-list: l0 level1 lfo1; tab-stops: list 36.0pt\">A hajlakkal hosszan tartó hatását érünk el, nem hagy maradványokat a hajban. 
<LI style=\"TEXT-ALIGN: justify; MARGIN: 0cm 0cm 10pt; LINE-HEIGHT: normal; mso-margin-top-alt: auto; mso-margin-bottom-alt: auto; mso-list: l0 level1 lfo1; tab-stops: list 36.0pt\">Párataszító hatású hajlakk. 
<LI style=\"TEXT-ALIGN: justify; MARGIN: 0cm 0cm 10pt; LINE-HEIGHT: normal; mso-margin-top-alt: auto; mso-margin-bottom-alt: auto; mso-list: l0 level1 lfo1; tab-stops: list 36.0pt\">A hajlakknak UV szűrő hatása is van, amely véd a káros környezeti hatásoktól.</FONT></LI></UL>
<P style=\"TEXT-ALIGN: justify; MARGIN: 0cm 0cm 10pt; LINE-HEIGHT: normal; mso-margin-top-alt: auto; mso-margin-bottom-alt: auto\"><FONT face=Calibri><B><U>A Nirvel Green Bio hajlakk&nbsp;márkák használata.</U></B></FONT></P>
<P style=\"TEXT-ALIGN: justify; MARGIN: 0cm 0cm 10pt; LINE-HEIGHT: normal; mso-margin-top-alt: auto; mso-margin-bottom-alt: auto\"><FONT face=Calibri>A hajlakkot fújja száraz hajra kb. 30 cm távolságról. Ha a haj volumenét szeretné növelni, fújja a hajlakkot közvetlenül a hajtövekre.</FONT></P>
<P style=\"TEXT-ALIGN: justify; MARGIN: 0cm 0cm 10pt; LINE-HEIGHT: normal; mso-margin-top-alt: auto; mso-margin-bottom-alt: auto\"><FONT face=Calibri>A Nirvel Green Bio hajlakk bio hajtógázzal &nbsp;hajlakk, egy professzionális fodrászcikk, fodrászkellék!</FONT> </P>', '', 1593019857, '15013', '1', 0, 1, 61, '73', 'megszunt-nirvel-green-hajlakk-55-voc-bio-hajtogazzal', 'hajfixalo-hajformazo/hajlakk/eros-hajlakk/megszunt-nirvel-green-hajlakk-55-voc-bio-hajtogazzal', '1152', 1, '61,222')

[2020-06-24 19:30:57] INSERT INTO webshop_special_fields (`key`, `value`, `product_id`) VALUES ('manufacturer', 'Nirvel', 4967)

[2020-06-24 19:30:57] INSERT INTO webshop_special_fields (`key`, `value`, `product_id`) VALUES ('quantityunit', 'ml', 4967)

[2020-06-24 19:30:57] INSERT INTO webshop_special_fields (`key`, `value`, `product_id`) VALUES ('kiszereles', '500', 4967)

[2020-06-24 19:30:57] INSERT INTO webshop_gallery (`id`, `product_id`, `original_name`, `new_name`, `date`) VALUES (15014, 4968, 'megszünt - Gőzbúra Ceriotti Akciós!', '15014.jpg', 1593019857)

[2020-06-24 19:30:57] INSERT INTO webshop_products (`id`, `name_hun`, `name_eng`, `item_id`, `price`, `reduced_price`, `status`, `currency`, `content_short`, `content`, `details`, `date`, `default_pic`, `active`, `main`, `sort`, `category_id`, `root_category_id`, `seo_name`, `fullurl`, `websyx_id`, `quantity`, `other_categories`) VALUES ('4968', 'megszünt - Gőzbúra Ceriotti Akciós!', 'megszünt - Gőzbúra Ceriotti Akciós!', '1738-cm-8320129-blitz+9990szállítás-hasz', 0, 0, 1, 'Ft', 'Gőzbúra információk -&nbsp; A gőzbúra műszaki adatai, és leírása a&nbsp; - Gőzbúra Ceriotti - nevű...', '<P>Gőzbúra információk -&nbsp; A gőzbúra műszaki adatai, és leírása a&nbsp; - Gőzbúra Ceriotti - nevű terméknél.</P>', '', 1593019857, '15014', '1', 0, 1, 265, '104', 'megszunt-gozbura-ceriotti-akcios', 'fodraszkellek/hajkefe/keramia-korkefe/megszunt-gozbura-ceriotti-akcios', '1164', 1, '')

[2020-06-24 19:30:57] INSERT INTO webshop_special_fields (`key`, `value`, `product_id`) VALUES ('manufacturer', 'Elektromos hajformázó gép', 4968)

[2020-06-24 19:30:57] INSERT INTO webshop_special_fields (`key`, `value`, `product_id`) VALUES ('quantityunit', 'db', 4968)

[2020-06-24 19:30:57] INSERT INTO webshop_special_fields (`key`, `value`, `product_id`) VALUES ('kiszereles', '1', 4968)

[2020-06-24 19:30:57] INSERT INTO webshop_gallery (`id`, `product_id`, `original_name`, `new_name`, `date`) VALUES (15015, 4969, 'Főnöző gombos kör hajkefe 40 mm átmérővel 8440162', '15015.jpg', 1593019857)

[2020-06-24 19:30:57] INSERT INTO webshop_products (`id`, `name_hun`, `name_eng`, `item_id`, `price`, `reduced_price`, `status`, `currency`, `content_short`, `content`, `details`, `date`, `default_pic`, `active`, `main`, `sort`, `category_id`, `root_category_id`, `seo_name`, `fullurl`, `websyx_id`, `quantity`, `other_categories`) VALUES ('4969', 'Főnöző gombos kör hajkefe 40 mm átmérővel 8440162', 'Főnöző gombos kör hajkefe 40 mm átmérővel 8440162', '0727-sibel-8440162-40mm', 0, 0, 1, 'Ft', 'Főnöző gombos kör hajkefe 40 mm - külső átmérővel.&nbsp; -- 
hajkefe hossza 220mm,&nbsp; -...', '<P>Főnöző gombos kör hajkefe 40 mm - külső átmérővel.&nbsp; -- </P>
<P>hajkefe hossza 220mm,&nbsp; - átmérők:&nbsp;16×40mm</P>', '', 1593019857, '15015', '1', 0, 1, 116, '104', 'fonozo-gombos-kor-hajkefe-40-mm-atmerovel-8440162', 'fodraszkellek/hajkefe/korkefe/fonozo-gombos-kor-hajkefe-40-mm-atmerovel-8440162', '1422', 1, '116,361,366')

[2020-06-24 19:30:57] INSERT INTO webshop_special_fields (`key`, `value`, `product_id`) VALUES ('manufacturer', 'Egyéb fodrászkellék', 4969)

[2020-06-24 19:30:57] INSERT INTO webshop_special_fields (`key`, `value`, `product_id`) VALUES ('quantityunit', 'db', 4969)

[2020-06-24 19:30:57] INSERT INTO webshop_special_fields (`key`, `value`, `product_id`) VALUES ('kiszereles', '1', 4969)

[2020-06-24 19:30:57] INSERT INTO webshop_gallery (`id`, `product_id`, `original_name`, `new_name`, `date`) VALUES (15016, 4970, 'megszünt - Hajszárító búra fehér Diamante falikaros', '15016.jpg', 1593019857)

[2020-06-24 19:30:57] INSERT INTO webshop_products (`id`, `name_hun`, `name_eng`, `item_id`, `price`, `reduced_price`, `status`, `currency`, `content_short`, `content`, `details`, `date`, `default_pic`, `active`, `main`, `sort`, `category_id`, `root_category_id`, `seo_name`, `fullurl`, `websyx_id`, `quantity`, `other_categories`) VALUES ('4970', 'megszünt - Hajszárító búra fehér Diamante falikaros', 'megszünt - Hajszárító búra fehér Diamante falikaros', '1738-cm-diamante3000+9990Ft-szállítás', 0, 0, 1, 'Ft', 'Hajszárító búra,&nbsp;falikarral.&nbsp;A falikaros hajszárító búra&nbsp;csak rendelhető!&nbsp;
Hajszárító...', '<P style=\"TEXT-ALIGN: justify; MARGIN: 0cm 0cm 0pt\">Hajszárító búra,&nbsp;falikarral.&nbsp;A falikaros hajszárító búra&nbsp;csak rendelhető!&nbsp;</P>
<P style=\"MARGIN: 0cm 0cm 10pt\"><B style=\"mso-bidi-font-weight: normal\"><U>Hajszárító búra egyéb paraméterek:</U></B></P>
<P style=\"MARGIN: 0cm 0cm 0pt 36pt; TEXT-INDENT: -18pt\">·&nbsp;&nbsp;&nbsp;&nbsp;&nbsp;&nbsp;&nbsp;&nbsp; A hajszárító búra teljesítménye: 1000W / 220-240V / 50 Hz</P>
<P style=\"MARGIN: 0cm 0cm 0pt 36pt; TEXT-INDENT: -18pt\">·&nbsp;&nbsp;&nbsp;&nbsp;&nbsp;&nbsp;&nbsp;&nbsp; A hajszárító búrában automatikus, termosztátos hőfokkapcsoló található. </P>
<P style=\"MARGIN: 0cm 0cm 0pt 36pt; TEXT-INDENT: -18pt\">·&nbsp;&nbsp;&nbsp;&nbsp;&nbsp;&nbsp;&nbsp;&nbsp; 1 sebességfokozatú ventilátor </P>
<P style=\"MARGIN: 0cm 0cm 0pt 36pt; TEXT-INDENT: -18pt\">·&nbsp;&nbsp;&nbsp;&nbsp;&nbsp;&nbsp;&nbsp;&nbsp; elektronikus zavarszűrő </P>
<P style=\"MARGIN: 0cm 0cm 0pt 36pt; TEXT-INDENT: -18pt\">·&nbsp;&nbsp;&nbsp;&nbsp;&nbsp;&nbsp;&nbsp;&nbsp; folyamatosan állítható hőfokszabályozó</P>
<P style=\"MARGIN: 0cm 0cm 0pt 36pt; TEXT-INDENT: -18pt\">·&nbsp;&nbsp;&nbsp;&nbsp;&nbsp;&nbsp;&nbsp;&nbsp; 2 körös rozsdamentes acélburkolatú fűtőtest </P>
<P style=\"MARGIN: 0cm 0cm 0pt 36pt; TEXT-INDENT: -18pt\">·&nbsp;&nbsp;&nbsp;&nbsp;&nbsp;&nbsp;&nbsp;&nbsp; Időkapcsoló: 0-60 perces időzítő </P>
<P style=\"MARGIN: 0cm 0cm 0pt 36pt; TEXT-INDENT: -18pt\">&nbsp;</P>
<P style=\"MARGIN: 0cm 0cm 0pt 36pt; TEXT-INDENT: -18pt\">·&nbsp;&nbsp;&nbsp;&nbsp;&nbsp;&nbsp;&nbsp;&nbsp; A búra, 20&nbsp;000-szer felnyitható első ajtóval rendelkezik.</P>
<P style=\"MARGIN: 0cm 0cm 0pt 36pt; TEXT-INDENT: -18pt\">·&nbsp;&nbsp;&nbsp;&nbsp;&nbsp;&nbsp;&nbsp;&nbsp; Hajszárító búra márka:&nbsp;&nbsp;<FONT face=Calibri>Ceriotti</FONT></P>
<P style=\"MARGIN: 0cm 0cm 0pt 36pt; TEXT-INDENT: -18pt\">·&nbsp;&nbsp;&nbsp;&nbsp;&nbsp;&nbsp;&nbsp;&nbsp; Hajszárító búra Származási hely: Olaszország </P>', '', 1593019857, '15016', '1', 0, 1, 265, '104', 'megszunt-hajszarito-bura-feher-diamante-falikaros', 'fodraszkellek/hajkefe/keramia-korkefe/megszunt-hajszarito-bura-feher-diamante-falikaros', '1424', 1, '')

[2020-06-24 19:30:57] INSERT INTO webshop_special_fields (`key`, `value`, `product_id`) VALUES ('manufacturer', 'Comair fodrászkellék', 4970)

[2020-06-24 19:30:57] INSERT INTO webshop_special_fields (`key`, `value`, `product_id`) VALUES ('quantityunit', 'db', 4970)

[2020-06-24 19:30:57] INSERT INTO webshop_special_fields (`key`, `value`, `product_id`) VALUES ('kiszereles', '1', 4970)

[2020-06-24 19:30:57] INSERT INTO webshop_gallery (`id`, `product_id`, `original_name`, `new_name`, `date`) VALUES (15017, 4971, 'megszünt - Hajszárító búra fekete Diamante falikaros', '15017.jpg', 1593019857)

[2020-06-24 19:30:57] INSERT INTO webshop_products (`id`, `name_hun`, `name_eng`, `item_id`, `price`, `reduced_price`, `status`, `currency`, `content_short`, `content`, `details`, `date`, `default_pic`, `active`, `main`, `sort`, `category_id`, `root_category_id`, `seo_name`, `fullurl`, `websyx_id`, `quantity`, `other_categories`) VALUES ('4971', 'megszünt - Hajszárító búra fekete Diamante falikaros', 'megszünt - Hajszárító búra fekete Diamante falikaros', '1738-cm-diamante-falika+9990Ft-szállítás', 0, 0, 1, 'Ft', 'Hajszárító búra,&nbsp;falikarral.&nbsp;A falikaros hajszárító búra&nbsp;csak rendelhető!&nbsp;
Hajszárító...', '<P style=\"TEXT-ALIGN: justify; MARGIN: 0cm 0cm 0pt\">Hajszárító búra,&nbsp;falikarral.&nbsp;A falikaros hajszárító búra&nbsp;csak rendelhető!&nbsp;</P>
<P style=\"MARGIN: 0cm 0cm 10pt\"><B style=\"mso-bidi-font-weight: normal\"><U>Hajszárító búra egyéb paraméterek:</U></B></P>
<P style=\"MARGIN: 0cm 0cm 0pt 36pt; TEXT-INDENT: -18pt\">·&nbsp;&nbsp;&nbsp;&nbsp;&nbsp;&nbsp;&nbsp;&nbsp; A hajszárító búra teljesítménye: 1000W / 220-240V / 50 Hz</P>
<P style=\"MARGIN: 0cm 0cm 0pt 36pt; TEXT-INDENT: -18pt\">·&nbsp;&nbsp;&nbsp;&nbsp;&nbsp;&nbsp;&nbsp;&nbsp; A hajszárító búrában automatikus, termosztátos hőfokkapcsoló található. </P>
<P style=\"MARGIN: 0cm 0cm 0pt 36pt; TEXT-INDENT: -18pt\">·&nbsp;&nbsp;&nbsp;&nbsp;&nbsp;&nbsp;&nbsp;&nbsp; 1 sebességfokozatú ventilátor </P>
<P style=\"MARGIN: 0cm 0cm 0pt 36pt; TEXT-INDENT: -18pt\">·&nbsp;&nbsp;&nbsp;&nbsp;&nbsp;&nbsp;&nbsp;&nbsp; elektronikus zavarszűrő </P>
<P style=\"MARGIN: 0cm 0cm 0pt 36pt; TEXT-INDENT: -18pt\">·&nbsp;&nbsp;&nbsp;&nbsp;&nbsp;&nbsp;&nbsp;&nbsp; folyamatosan állítható hőfokszabályozó</P>
<P style=\"MARGIN: 0cm 0cm 0pt 36pt; TEXT-INDENT: -18pt\">·&nbsp;&nbsp;&nbsp;&nbsp;&nbsp;&nbsp;&nbsp;&nbsp; 2 körös rozsdamentes acélburkolatú fűtőtest </P>
<P style=\"MARGIN: 0cm 0cm 0pt 36pt; TEXT-INDENT: -18pt\">·&nbsp;&nbsp;&nbsp;&nbsp;&nbsp;&nbsp;&nbsp;&nbsp; Időkapcsoló: 0-60 perces időzítő </P>
<P style=\"MARGIN: 0cm 0cm 0pt 36pt; TEXT-INDENT: -18pt\">&nbsp;</P>
<P style=\"MARGIN: 0cm 0cm 0pt 36pt; TEXT-INDENT: -18pt\">·&nbsp;&nbsp;&nbsp;&nbsp;&nbsp;&nbsp;&nbsp;&nbsp; A búra, 20&nbsp;000-szer felnyitható első ajtóval rendelkezik.</P>
<P style=\"MARGIN: 0cm 0cm 0pt 36pt; TEXT-INDENT: -18pt\">·&nbsp;&nbsp;&nbsp;&nbsp;&nbsp;&nbsp;&nbsp;&nbsp; Hajszárító búra márka:&nbsp;&nbsp;<FONT face=Calibri>Ceriotti</FONT></P>
<P style=\"MARGIN: 0cm 0cm 0pt 36pt; TEXT-INDENT: -18pt\">·&nbsp;&nbsp;&nbsp;&nbsp;&nbsp;&nbsp;&nbsp;&nbsp; Hajszárító búra Származási hely: Olaszország </P>', '', 1593019857, '15017', '1', 0, 1, 265, '104', 'megszunt-hajszarito-bura-fekete-diamante-falikaros', 'fodraszkellek/hajkefe/keramia-korkefe/megszunt-hajszarito-bura-fekete-diamante-falikaros', '1425', 1, '')

[2020-06-24 19:30:57] INSERT INTO webshop_special_fields (`key`, `value`, `product_id`) VALUES ('manufacturer', 'Comair fodrászkellék', 4971)

[2020-06-24 19:30:57] INSERT INTO webshop_special_fields (`key`, `value`, `product_id`) VALUES ('quantityunit', 'db', 4971)

[2020-06-24 19:30:57] INSERT INTO webshop_special_fields (`key`, `value`, `product_id`) VALUES ('kiszereles', '1', 4971)

[2020-06-24 19:30:57] UPDATE webshop_gallery SET original_name='Paraffinos kéz és lábápoló LS', date=1593019857 WHERE id=198

[2020-06-24 19:30:57] UPDATE webshop_special_fields SET `value`='Egyéb kozmetika' WHERE `key`='manufacturer' AND `product_id`=2193

[2020-06-24 19:30:57] UPDATE webshop_special_fields SET `value`='ml' WHERE `key`='quantityunit' AND `product_id`=2193

[2020-06-24 19:30:57] UPDATE webshop_special_fields SET `value`='500' WHERE `key`='kiszereles' AND `product_id`=2193

[2020-06-24 19:30:57] UPDATE webshop_products SET `name_hun`='Paraffinos kéz és lábápoló krém Golden Green Natura',`content_short`='Paraffinos kéz és lábápoló krém.
Regeneráló, ápoló, bőrpuhító masszírozó krém. Professzionális...',`content`='<P>Paraffinos kéz és lábápoló krém.</P>
<P style=\"TEXT-ALIGN: justify; MARGIN: 0cm 0cm 10pt\"><FONT face=Calibri>Regeneráló, ápoló, bőrpuhító masszírozó krém. Professzionális védelem és ápolás.</FONT><FONT face=Calibri></P>
<P style=\"TEXT-ALIGN: justify; MARGIN: 0cm 0cm 0pt 36pt; TEXT-INDENT: -18pt; mso-list: l0 level1 lfo1\">·&nbsp;&nbsp;&nbsp;&nbsp;&nbsp;&nbsp;&nbsp;&nbsp; gazdagon tápláló krém, mely az erősen igénybevett bőrfelületek ápolására szolgál</P>
<P style=\"TEXT-ALIGN: justify; MARGIN: 0cm 0cm 0pt 36pt; TEXT-INDENT: -18pt; mso-list: l0 level1 lfo1\">·&nbsp;&nbsp;&nbsp;&nbsp;&nbsp;&nbsp;&nbsp;&nbsp; regenerálja a kéz, a sarok, a könyök kiszáradt bőrét</P>
<P style=\"TEXT-ALIGN: justify; MARGIN: 0cm 0cm 0pt 36pt; TEXT-INDENT: -18pt; mso-list: l0 level1 lfo1\">·&nbsp;&nbsp;&nbsp;&nbsp;&nbsp;&nbsp;&nbsp;&nbsp; a repedezett, durva érzet helyett bársonyossá és puha tapintásúvá varázsolja a kényes bőrfelületeket</P>
<P style=\"TEXT-ALIGN: justify; MARGIN: 0cm 0cm 10pt 36pt; TEXT-INDENT: -18pt; mso-list: l0 level1 lfo1\">·&nbsp;&nbsp;&nbsp;&nbsp;&nbsp;&nbsp;&nbsp;&nbsp; extra gazdaságos kiszerelésben</FONT></P>
<P style=\"TEXT-ALIGN: justify; MARGIN: 0cm 0cm 10pt\"><FONT face=Calibri>Manikűrös-pedikűrös kezelések fontos kelléke.</FONT></P>
<P style=\"TEXT-ALIGN: justify; MARGIN: 0cm 0cm 10pt\"><FONT face=Calibri>Használati javaslat:&nbsp;Mindennapi használatra illetve igénybevett kézre repedezett sarokra ajánljuk.&nbsp;A megtisztított bőrre vigyünk fel elegendő mennyiségű krémet majd alaposan, masszírozzuk be. A krém tökéletesen felszívódik, a krémezést naponta ajánlatos többször is megismételni.</FONT></P>
<P>
<P>500ml - Kéz és lábápoló parafinnal, szépséipari kezelésekhez.</P>
<P></P>', `item_id`='0770-shsvpklk-500ml', `default_pic`='198', `active`='1', `category_id`='215', `root_category_id`='191', `seo_name`='paraffinos-kez-es-labapolo-krem-golden-green-natura', `fullurl`='arcapolas-testapolas/masszazs-pedikur/kezapolas-labapolas/paraffinos-kez-es-labapolo-krem-golden-green-natura', `other_categories`='215,222,422' WHERE id=2193

[2020-06-24 19:30:57] UPDATE webshop_gallery SET original_name='.Melírfólia tépős dobozban 12cm×50m ezüst színű fodrászkellék', date=1593019857 WHERE id=283

[2020-06-24 19:30:57] UPDATE webshop_special_fields SET `value`='Ro.ial papír és kozmetika' WHERE `key`='manufacturer' AND `product_id`=2278

[2020-06-24 19:30:57] UPDATE webshop_special_fields SET `value`='db' WHERE `key`='quantityunit' AND `product_id`=2278

[2020-06-24 19:30:57] UPDATE webshop_special_fields SET `value`='1' WHERE `key`='kiszereles' AND `product_id`=2278

[2020-06-24 19:30:57] UPDATE webshop_products SET `name_hun`='.Melírfólia tépős dobozban 12cm×50m ezüst színű fodrászkellék',`content_short`='Melírfólia haj melírozáshoz. Ezüst színű - 15 mikron vastag, 12cm x 50m tekercsben, tépős...',`content`='<P style=\"TEXT-ALIGN: justify; MARGIN: 0cm 0cm 10pt\"><FONT face=Calibri>Melírfólia haj melírozáshoz. Ezüst színű - 15 mikron vastag, 12cm x 50m tekercsben, tépős dobozban&nbsp;kapható alumínium melírfólia, hajfestéshez, melírozáshoz, haj szőkítéshez, és egyéb vegyi műveletekhez.</FONT></P>
<P style=\"TEXT-ALIGN: justify; MARGIN: 0cm 0cm 10pt\"><FONT face=Calibri>Az alumínium melírfólia&nbsp;praktikus fodrászkelléke a &nbsp;haj melírozás technikáknak. Több vastagságban, színben és méretben készül, a fodrásztok számára.&nbsp;Az alumínium &nbsp;melírfóla doboza egy tépő pengével van ellátva, ami megkönnyíti a pontos méretre szabást.</FONT> </P>
<P style=\"TEXT-ALIGN: justify; MARGIN: 0cm 0cm 10pt\">Melirfólia márka:Ro.ial</P>
<P style=\"TEXT-ALIGN: justify; MARGIN: 0cm 0cm 10pt\">Melírfólia származási helye: Olaszország</P>', `item_id`='2124-acc706-15mikron-12cm×50m-ezüst', `default_pic`='283', `active`='1', `category_id`='22', `root_category_id`='0', `seo_name`='melirfolia-tepos-dobozban-12cm-50m-ezust-szinu-fodraszkellek', `fullurl`='hajfestek/melirfolia-tepos-dobozban-12cm-50m-ezust-szinu-fodraszkellek', `other_categories`='22,34,45,104,113,222,257,258,331,332' WHERE id=2278

[2020-06-24 19:30:57] UPDATE webshop_gallery SET original_name='Dermophil paszta pattanásos bőrre LS', date=1593019857 WHERE id=5550

[2020-06-24 19:30:57] UPDATE webshop_special_fields SET `value`='Egyéb fodrászkellék' WHERE `key`='manufacturer' AND `product_id`=4061

[2020-06-24 19:30:57] UPDATE webshop_special_fields SET `value`='ml' WHERE `key`='quantityunit' AND `product_id`=4061

[2020-06-24 19:30:57] UPDATE webshop_special_fields SET `value`='500' WHERE `key`='kiszereles' AND `product_id`=4061

[2020-06-24 19:30:57] UPDATE webshop_products SET `name_hun`='Dermofil paszta pattanásos bőrre LS',`content_short`='Seborrheás, pattanásos arcbőr kezelésére kiválóan alkalmas készítmény, mely megszünteti az arcbőr egyéb...',`content`='<P>Seborrheás, pattanásos arcbőr kezelésére kiválóan alkalmas készítmény, mely megszünteti az arcbőr egyéb lokális gyulladásait is. Hatóanyagai: Mentol, aktív kén, titándioxid, cinkoxid.</P>
<P>Dermophil paszta Használata. - Vékony rétegben vigyük fel a pasztát a letisztított arcbőrre majd 20-30 perc múlva langyos vízzel mossuk le. Helyi gyulladás kezelésére naponta alkalmazható, más esetekben a kezelést kétnaponként ismételjük meg.</P>
<P style=\"TEXT-ALIGN: justify; MARGIN: 0cm 0cm 10pt\">500ml</P>', `item_id`='0750-lsdp-500ml-lady-stella', `default_pic`='5550', `active`='1', `category_id`='191', `root_category_id`='0', `seo_name`='dermofil-paszta-pattanasos-borre-ls', `fullurl`='arcapolas-testapolas/dermofil-paszta-pattanasos-borre-ls', `other_categories`='191,192' WHERE id=4061

[2020-06-24 19:30:57] UPDATE webshop_gallery SET original_name='Fodrászkellék Zuhany sapka erős fóliából - 27cm', date=1593019857 WHERE id=837

[2020-06-24 19:30:57] UPDATE webshop_special_fields SET `value`='Egyéb fodrászkellék' WHERE `key`='manufacturer' AND `product_id`=2833

[2020-06-24 19:30:58] UPDATE webshop_special_fields SET `value`='db' WHERE `key`='quantityunit' AND `product_id`=2833

[2020-06-24 19:30:58] UPDATE webshop_special_fields SET `value`='1' WHERE `key`='kiszereles' AND `product_id`=2833

[2020-06-24 19:30:58] UPDATE webshop_products SET `name_hun`='Fodrászkellék Zuhany sapka erős fóliából - 27cm',`content_short`='Fodrászkellék&nbsp; - Gumis fólia sapka. Alkalmas zuhanyozáshoz, hajfestési, dauerolási műveletekhez. A kép...',`content`='<P>Fodrászkellék&nbsp; - Gumis fólia sapka. Alkalmas zuhanyozáshoz, hajfestési, dauerolási műveletekhez. A kép csak illusztráció! -Raktárkészlettől függően, sárga,&nbsp;színtelen,&nbsp;fehér, rózsaszín, világoskék vagy pink&nbsp;színekben tudjuk küldeni.</P>
<P>&nbsp;</P>', `item_id`='0725-czsf-1db-sibel', `default_pic`='837', `active`='1', `category_id`='22', `root_category_id`='0', `seo_name`='fodraszkellek-zuhany-sapka-eros-foliabol-27cm', `fullurl`='hajfestek/fodraszkellek-zuhany-sapka-eros-foliabol-27cm', `other_categories`='22,34,58,104,107,113,222' WHERE id=2833

[2020-06-24 19:30:58] UPDATE webshop_gallery SET original_name='Hajlakk hajolajjal Brillant', date=1593019858 WHERE id=2885

[2020-06-24 19:30:58] UPDATE webshop_special_fields SET `value`='Egyéb fodrászkellék' WHERE `key`='manufacturer' AND `product_id`=3359

[2020-06-24 19:30:58] UPDATE webshop_special_fields SET `value`='ml' WHERE `key`='quantityunit' AND `product_id`=3359

[2020-06-24 19:30:58] UPDATE webshop_special_fields SET `value`='500' WHERE `key`='kiszereles' AND `product_id`=3359

[2020-06-24 19:30:58] UPDATE webshop_products SET `name_hun`='Hajlakk extra erős tartással Brillant',`content_short`='Extra erős tartású hajfixáló, ami hosszan tartó erős, de rugalmas tartást biztosít. A hajlakk...',`content`='<P style=\"TEXT-ALIGN: justify\">Extra erős tartású hajfixáló, ami hosszan tartó erős, de rugalmas tartást biztosít. A hajlakk védőformuláival fixálja, óvja és vitalizálja a hajat. Ideális kész frizurák, formázott hajak fixálására. </P>
<P style=\"MARGIN: 0cm 0cm 0pt; LINE-HEIGHT: normal\"><STRONG><U>A&nbsp; professzionális hajlakk márkák, hajsprayk a következő aktív összetevőket tartalmazzák</U></STRONG><FONT face=Calibri><B><U>:</U></B><U> </U></FONT></P>
<UL type=disc>
<LI style=\"MARGIN: 0cm 0cm 10pt; LINE-HEIGHT: normal; mso-margin-top-alt: auto; mso-margin-bottom-alt: auto; mso-list: l0 level1 lfo1; tab-stops: list 36.0pt\"><FONT face=Calibri>Pantenol </FONT>
<LI style=\"MARGIN: 0cm 0cm 10pt; LINE-HEIGHT: normal; mso-margin-top-alt: auto; mso-margin-bottom-alt: auto; mso-list: l0 level1 lfo1; tab-stops: list 36.0pt\"><FONT face=Calibri>UV filter</FONT></LI></UL>
<P><STRONG><U>A hajlakk márkák, hajsprayk használata:</U></STRONG></P>
<P>A hajlakkot fújja száraz hajra kb. 30 cm távolságról. Ha a haj volumenét szeretné növelni, fújja a hajlakkot közvetlenül a hajtövekre.</P>
<P>A hajlakk, egy professzionális fodrászcikk, fodrászkellék! </P>', `item_id`='0710-bh-500ml', `default_pic`='2885', `active`='1', `category_id`='61', `root_category_id`='73', `seo_name`='hajlakk-extra-eros-tartassal-brillant', `fullurl`='hajfixalo-hajformazo/hajlakk/eros-hajlakk/hajlakk-extra-eros-tartassal-brillant', `other_categories`='61,222' WHERE id=3359

[2020-06-24 19:30:58] UPDATE webshop_products SET sort=1 WHERE id=3326

[2020-06-24 19:30:58] UPDATE webshop_products SET sort=2 WHERE id=4971

[2020-06-24 19:30:58] UPDATE webshop_products SET sort=3 WHERE id=4967

[2020-06-24 19:30:58] UPDATE webshop_products SET sort=4 WHERE id=4968

[2020-06-24 19:30:58] UPDATE webshop_products SET sort=5 WHERE id=4969

[2020-06-24 19:30:58] UPDATE webshop_products SET sort=6 WHERE id=4970

[2020-06-24 19:30:59] UPDATE users SET lastlogin = NOW() WHERE id = '11'

[2020-06-24 19:30:59] INSERT INTO webshop_gallery (`id`, `product_id`, `original_name`, `new_name`, `date`) VALUES (15018, 4972, 'megszünt - Dauervíz erős dauerhoz Neofix 100ml', '15018.jpg', 1593019859)

[2020-06-24 19:30:59] INSERT INTO webshop_products (`id`, `name_hun`, `name_eng`, `item_id`, `price`, `reduced_price`, `status`, `currency`, `content_short`, `content`, `details`, `date`, `default_pic`, `active`, `main`, `sort`, `category_id`, `root_category_id`, `seo_name`, `fullurl`, `websyx_id`, `quantity`, `other_categories`) VALUES ('4972', 'megszünt - Dauervíz erős dauerhoz Neofix 100ml', 'megszünt - Dauervíz erős dauerhoz Neofix 100ml', '0706-nf-100ml', 0, 0, 1, 'Ft', '...', '', '', 1593019859, '15018', '1', 0, 1, 56, '0', 'megszunt-dauerviz-eros-dauerhoz-neofix-100ml', 'dauer/megszunt-dauerviz-eros-dauerhoz-neofix-100ml', '2139', 1, '56')

[2020-06-24 19:31:00] INSERT INTO webshop_special_fields (`key`, `value`, `product_id`) VALUES ('manufacturer', 'Egyéb fodrászkellék', 4972)

[2020-06-24 19:31:00] INSERT INTO webshop_special_fields (`key`, `value`, `product_id`) VALUES ('quantityunit', 'db', 4972)

[2020-06-24 19:31:00] INSERT INTO webshop_special_fields (`key`, `value`, `product_id`) VALUES ('kiszereles', '1', 4972)

[2020-06-24 19:31:00] INSERT INTO webshop_gallery (`id`, `product_id`, `original_name`, `new_name`, `date`) VALUES (15019, 4973, 'megszünt - Hajsütővas Ion kerámia Comair', '15019.jpg', 1593019860)

[2020-06-24 19:31:00] INSERT INTO webshop_products (`id`, `name_hun`, `name_eng`, `item_id`, `price`, `reduced_price`, `status`, `currency`, `content_short`, `content`, `details`, `date`, `default_pic`, `active`, `main`, `sort`, `category_id`, `root_category_id`, `seo_name`, `fullurl`, `websyx_id`, `quantity`, `other_categories`) VALUES ('4973', 'megszünt - Hajsütővas Ion kerámia Comair', 'megszünt - Hajsütővas Ion kerámia Comair', '1730-7000244-32mm', 0, 0, 1, 'Ft', 'Hajsütővas Ion kerámia bevonatos felülettel, automata hőfokszabályozóval.
A hajsütővas az újszerű...', '<P style=\"TEXT-ALIGN: justify; MARGIN: 0cm 0cm 10pt; LINE-HEIGHT: normal; mso-margin-top-alt: auto; mso-margin-bottom-alt: auto\"><FONT face=Calibri>Hajsütővas Ion kerámia bevonatos felülettel, automata hőfokszabályozóval.</FONT></P>
<P style=\"TEXT-ALIGN: justify; MARGIN: 0cm 0cm 10pt; LINE-HEIGHT: normal; mso-margin-top-alt: auto; mso-margin-bottom-alt: auto\"><FONT face=Calibri>A hajsütővas az újszerű kerámiatechnológiának köszönhetően nagyon könnyűvé teszi a professzionális hajformázást. A kerámia bevonatú fűtőelem gondoskodik az egyenletes hő elosztásról a hajgöndörítéshez, a hajsütővas kerámia felülete pedig az egészséges és fényes hajról.</FONT></P>
<P style=\"TEXT-ALIGN: justify; MARGIN: 0cm 0cm 10pt; LINE-HEIGHT: normal; mso-margin-top-alt: auto; mso-margin-bottom-alt: auto\"><FONT face=Calibri>Hajvasalásnál, hajgöndörítésnél, mindig használjunk hő védő folyadékot, krémet! </FONT></P>
<P style=\"TEXT-ALIGN: justify; MARGIN: 0cm 0cm 10pt; LINE-HEIGHT: normal; mso-margin-top-alt: auto; mso-margin-bottom-alt: auto\"><FONT face=Calibri><B><U>A 32mm comair hajsütővas műszaki paraméteri a következők.</U></B></FONT></P>
<UL type=disc>
<LI style=\"TEXT-ALIGN: justify; MARGIN: 0cm 0cm 10pt; LINE-HEIGHT: normal; mso-margin-top-alt: auto; mso-margin-bottom-alt: auto; mso-list: l0 level1 lfo1; tab-stops: list 36.0pt\"><FONT face=Calibri>Felmelegedés 200°C-ig kb. 2perc, </FONT>
<LI style=\"TEXT-ALIGN: justify; MARGIN: 0cm 0cm 10pt; LINE-HEIGHT: normal; mso-margin-top-alt: auto; mso-margin-bottom-alt: auto; mso-list: l0 level1 lfo1; tab-stops: list 36.0pt\"><FONT face=Calibri>Becsukható tartólábak, </FONT>
<LI style=\"TEXT-ALIGN: justify; MARGIN: 0cm 0cm 10pt; LINE-HEIGHT: normal; mso-margin-top-alt: auto; mso-margin-bottom-alt: auto; mso-list: l0 level1 lfo1; tab-stops: list 36.0pt\"><FONT face=Calibri>2.8m-es profi kábel, forgókuplunggal rendelkezik.</FONT><FONT face=Calibri> 
<LI style=\"TEXT-ALIGN: justify; MARGIN: 0cm 0cm 10pt; LINE-HEIGHT: normal; mso-margin-top-alt: auto; mso-margin-bottom-alt: auto; mso-list: l0 level1 lfo1; tab-stops: list 36.0pt\">A hajsütővas teljesítmény felvétele, 220-240V&nbsp; 50/60Hz&nbsp;kb.&nbsp;30Watt.</FONT> 
<LI style=\"TEXT-ALIGN: justify; MARGIN: 0cm 0cm 10pt; LINE-HEIGHT: normal; mso-margin-top-alt: auto; mso-margin-bottom-alt: auto; mso-list: l0 level1 lfo1; tab-stops: list 36.0pt\"><FONT face=Calibri>Származási hely: Németország</FONT></LI></UL>', '', 1593019860, '15019', '1', 0, 1, 265, '104', 'megszunt-hajsutovas-ion-keramia-comair', 'fodraszkellek/hajkefe/keramia-korkefe/megszunt-hajsutovas-ion-keramia-comair', '2203', 1, '')

[2020-06-24 19:31:00] INSERT INTO webshop_special_fields (`key`, `value`, `product_id`) VALUES ('manufacturer', 'Comair fodrászkellék', 4973)

[2020-06-24 19:31:00] INSERT INTO webshop_special_fields (`key`, `value`, `product_id`) VALUES ('quantityunit', 'db', 4973)

[2020-06-24 19:31:00] INSERT INTO webshop_special_fields (`key`, `value`, `product_id`) VALUES ('kiszereles', '1', 4973)

[2020-06-24 19:31:00] INSERT INTO webshop_gallery (`id`, `product_id`, `original_name`, `new_name`, `date`) VALUES (15020, 4974, 'megszünt - Concerto párataszító erős 750ml hajlakk+300ml hajhab+2db 100ml Draw Wet hajwax', '15020.jpg', 1593019860)

[2020-06-24 19:31:00] INSERT INTO webshop_products (`id`, `name_hun`, `name_eng`, `item_id`, `price`, `reduced_price`, `status`, `currency`, `content_short`, `content`, `details`, `date`, `default_pic`, `active`, `main`, `sort`, `category_id`, `root_category_id`, `seo_name`, `fullurl`, `websyx_id`, `quantity`, `other_categories`) VALUES ('4974', 'megszünt - Concerto párataszító erős 750ml hajlakk+300ml hajhab+2db 100ml Draw Wet hajwax', 'megszünt - Concerto párataszító erős 750ml hajlakk+300ml hajhab+2db 100ml Draw Wet hajwax', '0920-concerto-hajlakk-hab-2dbajándékwax', 0, 0, 1, 'Ft', 'Az akciós hajápoló csomag tatalma: 1db Concerto 750ml hajlakk + 1db&nbsp;Baxter 300ml erős hajhab + 2db 100ml Draw...', 'Az akciós hajápoló csomag tatalma: 1db Concerto 750ml hajlakk + 1db&nbsp;Baxter 300ml erős hajhab + 2db 100ml Draw Wet hajwax', '', 1593019860, '15020', '1', 0, 1, 60, '73', 'megszunt-concerto-parataszito-eros-750ml-hajlakk-300ml-hajhab-2db-100ml-draw-wet-hajwax', 'hajfixalo-hajformazo/hajlakk/megszunt-concerto-parataszito-eros-750ml-hajlakk-300ml-hajhab-2db-100ml-draw-wet-hajwax', '2534', 1, '60,61,66,68,76,77,104,239')

[2020-06-24 19:31:00] INSERT INTO webshop_special_fields (`key`, `value`, `product_id`) VALUES ('manufacturer', 'PDV Baxter-Nuance-Concerto', 4974)

[2020-06-24 19:31:00] INSERT INTO webshop_special_fields (`key`, `value`, `product_id`) VALUES ('quantityunit', 'db', 4974)

[2020-06-24 19:31:00] INSERT INTO webshop_special_fields (`key`, `value`, `product_id`) VALUES ('kiszereles', '1', 4974)

[2020-06-24 19:31:00] UPDATE webshop_gallery SET original_name='Dauer víz és fixáló ( szett ) Nirvel Perm', date=1593019860 WHERE id=586

[2020-06-24 19:31:00] UPDATE webshop_special_fields SET `value`='Nirvel' WHERE `key`='manufacturer' AND `product_id`=2582

[2020-06-24 19:31:00] UPDATE webshop_special_fields SET `value`='db' WHERE `key`='quantityunit' AND `product_id`=2582

[2020-06-24 19:31:00] UPDATE webshop_special_fields SET `value`='1' WHERE `key`='kiszereles' AND `product_id`=2582

[2020-06-24 19:31:00] UPDATE webshop_products SET `name_hun`='Dauervíz és fixáló ( szett ) Nirvel Perm',`content_short`='Dauervíz a tökéletes göndör hajhullámokért, és az egészséges hajért. A&nbsp; modern dauer víz a dauerolás...',`content`='<P style=\"TEXT-ALIGN: justify\">Dauervíz a tökéletes göndör hajhullámokért, és az egészséges hajért. A&nbsp; modern dauer víz a dauerolás ideje&nbsp;alatt, egyidejűleg tartósan védi, rugalmassá teszi a göndörített hajat, a dauerolással készített hajhullámok hosszabb időtartamra megőrzik tartósságukat.</P>
<P style=\"TEXT-ALIGN: justify\">125+125ml&nbsp; - A dauervíz kellemes illata kiemeli természetességét, a használatát még kellemesebbé teszi. Ahhoz, hogy maximális puhaságot, fényt és rugalmasságot érjünk el, nagyon fontos, hogy a dauerolás befejezéseként, a dauer vízhez készült fixálót, egyensúly visszaállító semlegesítőt használjuk.</P>
<P style=\"TEXT-ALIGN: justify\"><B style=\"mso-bidi-font-weight: normal\"><U>A Nirvel Perm dauer víz 3&nbsp; erősségben készül.</U></B></P>
<P style=\"TEXT-ALIGN: justify\">- O erős hajra</P>
<P style=\"TEXT-ALIGN: justify\">- 1 normál természetes haj</P>
<P style=\"TEXT-ALIGN: justify\">- 2 festett hajra</P>
<P style=\"MARGIN: 0cm 0cm 10pt\"><B style=\"mso-bidi-font-weight: normal\"><U><FONT face=Calibri>A Nirvel Perm dauer víz hatóidők:</FONT></U></B></P>
<P style=\"TEXT-ALIGN: justify\">erős és normál hajon-20-25 perc , festett, dauerolt hajon 10-15 perc</P>
<P style=\"TEXT-ALIGN: justify\"><STRONG>Professzionális fodrászcikk, fodrászkellék! </STRONG><B style=\"mso-bidi-font-weight: normal\"></B></P>
<P style=\"MARGIN: 0cm 0cm 10pt\"><B style=\"mso-bidi-font-weight: normal\"><U><FONT face=Calibri>A Nirvel Perm dauer víz használata.</FONT></U></B></P>
<P style=\"TEXT-ALIGN: justify\">Mossa meg a hajat,öblítse le, majd törölje meg. Válassza ki a hajtípusnak megfelelő dauer vizet. Ha a haj károsodott roncsolt, a dauerolás előtt ajánlott dauer előtti hajszerkezet javítót használni, vagy azonnali hajregenerálóval kezelni a hajat! A&nbsp; törölközőszáraz hajat csavarja fel, majd vigye fel a dauer vizet csavaróról csavaróra. Itassa át jól. Ha teheti, tegyen fel műanyag sapkát, az egyenletesebb hő eloszlás miatt. Hagyja állni a hatóidő lejártáig. Egy-egy tincsen folyamatosan ellenőrizze a hatást. A dauer víz hatóidejének lejárta után nagyon alaposan öblítse ki a dauervizet a hajból, majd törölje meg a hajat. Vigye fel a dauer fixálót minden csavaróra, majd hagyja hatni 5 percig. Óvatosan szedje ki a csavarókat. Újból vigye fel a dauer fixálót, és hagyja hatni 5 percig. Ezután alaposan öblítsen langyos vízzel.</P>
<P style=\"TEXT-ALIGN: justify\"><U><STRONG>Dauer fixáló használata.</STRONG></U></P>
<P style=\"TEXT-ALIGN: justify\">A dauer víz hatóidejének lejárta után nagyon alaposan öblítse ki a dauervizet a hajból, majd törölje meg a hajat. Vigye fel a dauer fixálót minden csavaróra, majd hagyja hatni 5 percig. Óvatosan szedje ki a csavarókat. Újból vigye fel a fixálót, és hagyja hatni 5 percig. Ezután alaposan öblítse ki a hajat langyos vízzel.</P>
<P style=\"TEXT-ALIGN: justify; MARGIN: 0cm 0cm 10pt\"><FONT face=Calibri><B style=\"mso-bidi-font-weight: normal\">Figyelem! Minden dauerolás alapszabálya!</B> A dauer víz maradék nélküli eltávolítása, az alapos kiöblítése a hajból azért fontos minden típusú dauervíznél, dauerolásnál, mert a dauervíz és a dauerfixáló találkozásakor nagyon heves hő hatás keletkezik. Ha nem öblítjük ki tökéletesen a dauer vizet a hajból, a két anyag találkozása égetheti meg a hajat, ekkor törhet le! A dauervíz használata, a dauerolás, megfelelő kivitelezése soha nem égeti el a hajat, téves a sokakba rosszul beidegződött kifejezés!</FONT></P>
<P style=\"TEXT-ALIGN: justify\">&nbsp;</P>', `item_id`='0106-np-8094-2×125ml-alap', `default_pic`='586', `active`='1', `category_id`='57', `root_category_id`='56', `seo_name`='dauerviz-es-fixalo-szett-nirvel-perm', `fullurl`='dauer/dauerviz/dauerviz-es-fixalo-szett-nirvel-perm', `other_categories`='57,222,240' WHERE id=2582

[2020-06-24 19:31:00] UPDATE webshop_gallery SET original_name='Dauer víz Nirvel Perm', date=1593019860 WHERE id=587

[2020-06-24 19:31:00] UPDATE webshop_special_fields SET `value`='Nirvel' WHERE `key`='manufacturer' AND `product_id`=2583

[2020-06-24 19:31:00] UPDATE webshop_special_fields SET `value`='ml' WHERE `key`='quantityunit' AND `product_id`=2583

[2020-06-24 19:31:00] UPDATE webshop_special_fields SET `value`='500' WHERE `key`='kiszereles' AND `product_id`=2583

[2020-06-24 19:31:00] UPDATE webshop_products SET `name_hun`='Dauervíz Nirvel Perm',`content_short`='Dauer víz a tökéletes hullámokért, és az egészséges hajért. A&nbsp; modern dauer víz egyidejűleg tartósan...',`content`='<P style=\"TEXT-ALIGN: justify\">Dauer víz a tökéletes hullámokért, és az egészséges hajért. A&nbsp; modern dauer víz egyidejűleg tartósan védi, rugalmassá teszi a hajat, a hullámok hosszabb időtartamra megőrzik tartósságukat. A dauervíz kellemes illata kiemeli természetességét, a használatát még kellemesebbé teszi. Ahhoz, hogy maximális puhaságot, fényt és rugalmasságot érjünk el, nagyon fontos, hogy a dauerolás befejezéseként, a dauer vízhez készült fixálót, egyensúly visszaállító semlegesítőt használjuk.</P>
<P style=\"TEXT-ALIGN: justify\"><U>500ml -&nbsp; - A Nirvel Perm dauer vízek &nbsp;3&nbsp; erősségben készülnek.</U></P>
<P style=\"TEXT-ALIGN: justify\">- O erős hajra</P>
<P style=\"TEXT-ALIGN: justify\">- 1 normál természetes haj</P>
<P style=\"TEXT-ALIGN: justify\">- 2 festett hajra</P>
<P style=\"TEXT-ALIGN: justify\">- 3 vékony, és &nbsp;érzékeny hajra</P>
<P style=\"MARGIN: 0cm 0cm 10pt\"><U>A Nirvel Perm dauer víz hatóidők.</U></P>
<P style=\"TEXT-ALIGN: justify; MARGIN: 0cm 0cm 10pt\">A készítendő hajhullámok erősségének növelését, a haj&nbsp;állagának függvényében minden dauervíz típusnál, a hatóidő 10 &ndash; 30 perc közötti növelésével&nbsp;állíthatja be!</P>
<P style=\"TEXT-ALIGN: justify; MARGIN: 0cm 0cm 10pt\"><U>Ajánlás:</U></P>
<P style=\"TEXT-ALIGN: justify; MARGIN: 0cm 0cm 10pt\">Hatóidő&nbsp;jó állagú&nbsp;hajon &nbsp;25-30 perc,</P>
<P style=\"TEXT-ALIGN: justify; MARGIN: 0cm 0cm 10pt\">Hatóidő&nbsp;száraz hajon 20-25 perc,</P>
<P style=\"TEXT-ALIGN: justify; MARGIN: 0cm 0cm 10pt\">Hatóidő nagyon száraz hajon 10-20 perc,</P>
<P style=\"TEXT-ALIGN: justify; MARGIN: 0cm 0cm 10pt\">Professzionális felhasználásra készült fodrászcikk, fodrászkellék! </P>
<P style=\"MARGIN: 0cm 0cm 10pt\"><U>A Nirvel Perm dauer víz használata:</U></P>
<P style=\"TEXT-ALIGN: justify\">Mossa meg a hajat,öblítse le, majd törölje meg. Válassza ki a hajtípusnak megfelelő dauer vizet. Ha a haj károsodott roncsolt, a dauerolás előtt ajánlott dauer előtti hajszerkezet javítót használni, vagy azonnali hajregenerálóval kezelni a hajat! A&nbsp; törölközőszáraz hajat csavarja fel, majd vigye fel a dauer vizet csavaróról csavaróra. Itassa át jól. Ha teheti, tegyen fel műanyag sapkát, az egyenletesebb hő eloszlás miatt. Hagyja állni a hatóidő lejártáig. Egy-egy tincsen folyamatosan ellenőrizze a hatást. A dauer víz hatóidejének lejárta után nagyon alaposan öblítse ki a dauervizet a hajból, majd törölje meg a hajat. Vigye fel a dauer fixálót minden csavaróra, majd hagyja hatni 5 percig. Óvatosan szedje ki a csavarókat. Újból vigye fel a dauer fixálót, és hagyja hatni 5 percig. Ezután alaposan öblítsen langyos vízzel.&nbsp; --&nbsp; Figyelem! Minden dauerolás alapszabálya! A dauer víz maradék nélküli eltávolítása, az alapos kiöblítése a hajból azért fontos minden típusú dauervíznél, dauerolásnál, mert a dauervíz és a dauerfixáló találkozásakor nagyon heves hő hatás keletkezik. Ha nem öblítjük ki tökéletesen a dauer vizet a hajból, a két anyag találkozása égetheti meg a hajat, ekkor törhet le! A dauervíz használata, a dauerolás, megfelelő kivitelezése soha nem égeti el a hajat, téves a sokakba rosszul beidegződött kifejezés!</P>', `item_id`='0106-np-8105-alap-500ml-alap', `default_pic`='587', `active`='1', `category_id`='56', `root_category_id`='0', `seo_name`='dauerviz-nirvel-perm', `fullurl`='dauer/dauerviz-nirvel-perm', `other_categories`='56,57,222' WHERE id=2583

[2020-06-24 19:31:00] UPDATE webshop_gallery SET original_name='elfogyott! - Fertőtlenítő szórófejjel eszközre és felületre Innocid 3%', date=1593019860 WHERE id=2933

[2020-06-24 19:31:00] UPDATE webshop_special_fields SET `value`='Egyéb fodrászkellék' WHERE `key`='manufacturer' AND `product_id`=3402

[2020-06-24 19:31:00] UPDATE webshop_special_fields SET `value`='ml' WHERE `key`='quantityunit' AND `product_id`=3402

[2020-06-24 19:31:00] UPDATE webshop_special_fields SET `value`='1000' WHERE `key`='kiszereles' AND `product_id`=3402

[2020-06-24 19:31:00] UPDATE webshop_products SET `name_hun`='Fertőtlenítő szórófejjel eszközre és felületre Innocid 3%',`content_short`='Felületfertőtlenítő. Az INNOCID 3%-os alkoholos oldat, általános felületfertőtlenítő szer. Felhasználásra...',`content`='<P style=\"MARGIN: auto 0cm; tab-stops: 87.75pt\"><STRONG>Felületfertőtlenítő. Az </STRONG><STRONG>INNOCID 3%-os alkoholos oldat, általános felületfertőtlenítő szer. </STRONG>Felhasználásra kész baktericid, fungicid, virucid, tuberkulocid alkoholos oldat.</P>
<P style=\"TEXT-ALIGN: justify\">Figyelem! A - Biztonsági adatlapot letöltse le&nbsp;a következő linknél, a termék nevétől&nbsp;:&nbsp;<STRONG>INNOCID 3%-os alkoholos oldat</STRONG> <A href=\"http://innoveng1.hu/biztonsagi-adatlapok/\"><FONT color=#0000ff>http://innoveng1.hu/biztonsagi-adatlapok/</FONT></A></P>
<P style=\"MARGIN: auto 0cm\">1000ml - Az egyik leghatékonyabb és legszélesebb hatásspektrumú hatóanyagot tartalmazó INNOCID nevű fertőtlenítőszer koncentrátumából készített alkoholos oldat. A semleges, enyhén savas folyadék a benne lévő speciális tenzidek és egyéb segédanyagok hatására jól zsírtalanít és szennyoldó hatása is kiváló.</P>
<P style=\"MARGIN: auto 0cm\"><STRONG>Felhasználási terület</STRONG></P>
<P style=\"MARGIN: auto 0cm\">Felhasználható minden olyan helyen, ahol különböző tárgyak, eszközök, felületek széles spektrumú fertőtlenítése a cél. Például kórházak, egészségügyi intézmények, élelmiszeripar, állattenyésztés, közétkeztetés, kozmetikai ipar, stb. Alkalmazható szoláriumágyak, fodrász-, pedikűrös-, manikűrös- és kozmetikus eszközök, stb. fertőtlenítésére is. A termék összetételéből adódóan alkalmas szennyeződések fellazítására, zsírtalanításra, így a kombinált tisztító-fertőtlenítő hatás kiválóan érvényesülhet gyengén szennyezett felületek esetén.</P>
<P style=\"MARGIN: auto 0cm\"><STRONG>Kiszerelés:</STRONG> 1 literes műanyag flakon csavarzáras kivitelben</P>
<P style=\"MARGIN: auto 0cm\"><STRONG>Antimikrobiális spektrum: </STRONG><STRONG>Baktericid (MRSA), fungicid, virucid (HBV/HIV), tuberkulocid</STRONG></P>
<P style=\"TEXT-ALIGN: justify\"><STRONG>Összetevők:</STRONG> glioxál, glutáraldehid, kationos tenzid, nemionos tenzid, izopropil-alkohol, víz</P>
<P style=\"TEXT-ALIGN: justify\">100 g készítmény biocid anyag tartalma 65,0 g izopropil-alkohol, 0,09 g glutáraldehid, 0,22 g glioxál, 0,25 g didecil-dimetil-ammónium-klorid<STRONG>.</STRONG></P>
<P style=\"TEXT-ALIGN: justify\"><STRONG>Alkalmazási feltételek: </STRONG><STRONG>töményen kell alkalmazni, felületre permetezni és megvárni, amíg rászárad. Behatási idő: 3 perc baktericid, fungicid, virucid, 15 perc tuberkulocid hatás eléréséhez.</STRONG><B></B></P>
<P style=\"TEXT-ALIGN: justify\">Biztonsági adatlap letölthető innen: <A href=\"http://www.innoveng1.hu/\"><FONT color=#0000ff>http://www.innoveng1.hu</FONT></A></P>
<P>&nbsp;</P>', `item_id`='0749-innocid-13313056-1000ml', `default_pic`='2933', `active`='1', `category_id`='217', `root_category_id`='104', `seo_name`='fertotlenito-szorofejjel-eszkozre-es-feluletre-innocid-3', `fullurl`='fodraszkellek/szolarium-kez-eszkoz-fertotlenito-szagtalanito/fertotlenito-szorofejjel-eszkozre-es-feluletre-innocid-3', `other_categories`='217,222' WHERE id=3402

[2020-06-24 19:31:00] UPDATE webshop_gallery SET original_name='Elfogyott! - Körömlakk lemosó univerzális illatosított 1000ml', date=1593019860 WHERE id=7781

[2020-06-24 19:31:00] UPDATE webshop_special_fields SET `value`='Manikűr Pedikűr' WHERE `key`='manufacturer' AND `product_id`=4252

[2020-06-24 19:31:00] UPDATE webshop_special_fields SET `value`='ml' WHERE `key`='quantityunit' AND `product_id`=4252

[2020-06-24 19:31:00] UPDATE webshop_special_fields SET `value`='1000' WHERE `key`='kiszereles' AND `product_id`=4252

[2020-06-24 19:31:00] UPDATE webshop_products SET `name_hun`='Körömlakk lemosó univerzális illatosított 1000ml',`content_short`='Körömlakk lemosó univerzális, illatosított. Minden körömlakkot old.
Acetont...',`content`='<P>Körömlakk lemosó univerzális, illatosított. Minden körömlakkot old.</P>
<P>Acetont tartalmaz.</P>', `item_id`='0770-eakl-1000ml-univerzális', `default_pic`='7781', `active`='1', `category_id`='104', `root_category_id`='0', `seo_name`='koromlakk-lemoso-univerzalis-illatositott-1000ml', `fullurl`='fodraszkellek/koromlakk-lemoso-univerzalis-illatositott-1000ml', `other_categories`='104,211,215,217,240,241,242,308,354,430' WHERE id=4252

[2020-06-24 19:31:00] UPDATE webshop_gallery SET original_name='Elfogyott! - Körömlakk lemosó univerzális illatosított 100ml', date=1593019860 WHERE id=7782

[2020-06-24 19:31:00] UPDATE webshop_special_fields SET `value`='Manikűr Pedikűr' WHERE `key`='manufacturer' AND `product_id`=4253

[2020-06-24 19:31:00] UPDATE webshop_special_fields SET `value`='ml' WHERE `key`='quantityunit' AND `product_id`=4253

[2020-06-24 19:31:01] UPDATE webshop_special_fields SET `value`='100' WHERE `key`='kiszereles' AND `product_id`=4253

[2020-06-24 19:31:01] UPDATE webshop_products SET `name_hun`='Körömlakk lemosó univerzális illatosított 100ml',`content_short`='Körömlakk lemosó univerzális, illatosított. Minden körömlakkot old.
Acetont...',`content`='<P>Körömlakk lemosó univerzális, illatosított. Minden körömlakkot old.</P>
<P>Acetont tartalmaz.</P>', `item_id`='0770-eakl-100ml-univerzális', `default_pic`='7782', `active`='1', `category_id`='104', `root_category_id`='0', `seo_name`='koromlakk-lemoso-univerzalis-illatositott-100ml', `fullurl`='fodraszkellek/koromlakk-lemoso-univerzalis-illatositott-100ml', `other_categories`='104,211,215,217,241,242,308,354' WHERE id=4253

[2020-06-24 19:31:01] INSERT INTO webshop_gallery (`id`, `product_id`, `original_name`, `new_name`, `date`) VALUES (15021, 4975, 'Extra erős páncél vizipipa alumínium fólia tekercs - 24 mikronos sárga12cm×50m', '15021.jpg', 1593019861)

[2020-06-24 19:31:01] INSERT INTO webshop_products (`id`, `name_hun`, `name_eng`, `item_id`, `price`, `reduced_price`, `status`, `currency`, `content_short`, `content`, `details`, `date`, `default_pic`, `active`, `main`, `sort`, `category_id`, `root_category_id`, `seo_name`, `fullurl`, `websyx_id`, `quantity`, `other_categories`) VALUES ('4975', 'Extra erős páncél vizipipa alumínium fólia tekercs - 24 mikronos sárga12cm×50m', 'Extra erős páncél vizipipa alumínium fólia tekercs - 24 mikronos sárga12cm×50m', '1724-cmf-7000579-24mikr-12cm×50m-sárga', 0, 0, 1, 'Ft', 'Extra erős páncél vizipipa alumínium fólia tekercs - 24 mikronos...', 'Extra erős páncél vizipipa alumínium fólia tekercs - 24 mikronos sárga12cm×50m', '', 1593019861, '15021', '1', 0, 1, 420, '416', 'extra-eros-pancel-vizipipa-aluminium-folia-tekercs-24-mikronos-sarga12cm-50m', 't-haztartasi-cikk/kellek/extra-eros-pancel-vizipipa-aluminium-folia-tekercs-24-mikronos-sarga12cm-50m', '3136', 1, '420')

[2020-06-24 19:31:01] INSERT INTO webshop_special_fields (`key`, `value`, `product_id`) VALUES ('manufacturer', 'Comair fodrászkellék', 4975)

[2020-06-24 19:31:01] INSERT INTO webshop_special_fields (`key`, `value`, `product_id`) VALUES ('quantityunit', 'db', 4975)

[2020-06-24 19:31:01] INSERT INTO webshop_special_fields (`key`, `value`, `product_id`) VALUES ('kiszereles', '1', 4975)

[2020-06-24 19:31:01] INSERT INTO webshop_gallery (`id`, `product_id`, `original_name`, `new_name`, `date`) VALUES (15022, 4976, 'Extra erős páncél vizipipa alumínium fólia tekercs - 20 mikronos ezüst 12cm×50m', '15022.jpg', 1593019861)

[2020-06-24 19:31:01] INSERT INTO webshop_products (`id`, `name_hun`, `name_eng`, `item_id`, `price`, `reduced_price`, `status`, `currency`, `content_short`, `content`, `details`, `date`, `default_pic`, `active`, `main`, `sort`, `category_id`, `root_category_id`, `seo_name`, `fullurl`, `websyx_id`, `quantity`, `other_categories`) VALUES ('4976', 'Extra erős páncél vizipipa alumínium fólia tekercs - 20 mikronos ezüst 12cm×50m', 'Extra erős páncél vizipipa alumínium fólia tekercs - 20 mikronos ezüst 12cm×50m', '1724-cmf-7000579-24mikr-12cm×50m-1db-NEI', 0, 0, 1, 'Ft', 'Extra erős páncél vizipipa alumínium fólia tekercs - 20 mikronos ezüst...', 'Extra erős páncél vizipipa alumínium fólia tekercs - 20 mikronos ezüst 12cm×50m', '', 1593019861, '15022', '1', 0, 1, 420, '416', 'extra-eros-pancel-vizipipa-aluminium-folia-tekercs-20-mikronos-ezust-12cm-50m', 't-haztartasi-cikk/kellek/extra-eros-pancel-vizipipa-aluminium-folia-tekercs-20-mikronos-ezust-12cm-50m', '3137', 1, '420')

[2020-06-24 19:31:01] INSERT INTO webshop_special_fields (`key`, `value`, `product_id`) VALUES ('manufacturer', 'Comair fodrászkellék', 4976)

[2020-06-24 19:31:01] INSERT INTO webshop_special_fields (`key`, `value`, `product_id`) VALUES ('quantityunit', 'db', 4976)

[2020-06-24 19:31:01] INSERT INTO webshop_special_fields (`key`, `value`, `product_id`) VALUES ('kiszereles', '1', 4976)

[2020-06-24 19:31:01] UPDATE webshop_products SET sort=1 WHERE id=3326

[2020-06-24 19:31:01] UPDATE webshop_products SET sort=2 WHERE id=4972

[2020-06-24 19:31:01] UPDATE webshop_products SET sort=3 WHERE id=4973

[2020-06-24 19:31:01] UPDATE webshop_products SET sort=4 WHERE id=4974

[2020-06-24 19:31:01] UPDATE webshop_products SET sort=5 WHERE id=4976

[2020-06-24 19:31:01] UPDATE webshop_products SET sort=6 WHERE id=4975

[2020-06-24 19:31:26] UPDATE users SET lastlogin = NOW() WHERE id = '11'

[2020-06-24 19:31:29] UPDATE users SET lastlogin = NOW() WHERE id = '11'

[2020-06-24 19:31:29] UPDATE webshop_products SET `price1_name`='Beszerzési ár', `price1_currency`='HUF', `price1_value`='1415' WHERE id=2910

[2020-06-24 19:31:29] UPDATE webshop_products SET `price2_name`='Kereskedő -27,6%', `price2_currency`='HUF', `price2_value`='1824' WHERE id=2910

[2020-06-24 19:31:29] UPDATE webshop_products SET `price3_name`='Kereskedő -33,6%', `price3_currency`='HUF', `price3_value`='1673' WHERE id=2910

[2020-06-24 19:31:29] UPDATE webshop_products SET `price4_name`='Szakmai 1 ár -7%', `price4_currency`='HUF', `price4_value`='2342' WHERE id=2910

[2020-06-24 19:31:29] UPDATE webshop_products SET `price5_name`='Szakmai 2 ár -14%', `price5_currency`='HUF', `price5_value`='2165' WHERE id=2910

[2020-06-24 19:31:29] UPDATE webshop_products SET `price6_name`='Vásárló', `price6_currency`='HUF', `price6_value`='2518' WHERE id=2910

[2020-06-24 19:31:29] UPDATE webshop_products SET `price7_name`='W Lista ár', `price7_currency`='HUF', `price7_value`='2518' WHERE id=2910

[2020-06-24 19:31:29] UPDATE webshop_products SET `price`='2518', `reduced_price`=0 WHERE id=2910

[2020-06-24 19:31:29] UPDATE webshop_products SET `price1_name`='Beszerzési ár', `price1_currency`='HUF', `price1_value`='1679' WHERE id=2911

[2020-06-24 19:31:29] UPDATE webshop_products SET `price2_name`='Kereskedő -27,6%', `price2_currency`='HUF', `price2_value`='2540' WHERE id=2911

[2020-06-24 19:31:29] UPDATE webshop_products SET `price3_name`='Kereskedő -33,6%', `price3_currency`='HUF', `price3_value`='2540' WHERE id=2911

[2020-06-24 19:31:29] UPDATE webshop_products SET `price4_name`='Szakmai 1 ár -7%', `price4_currency`='HUF', `price4_value`='2988' WHERE id=2911

[2020-06-24 19:31:29] UPDATE webshop_products SET `price5_name`='Szakmai 2 ár -14%', `price5_currency`='HUF', `price5_value`='2988' WHERE id=2911

[2020-06-24 19:31:29] UPDATE webshop_products SET `price6_name`='Vásárló', `price6_currency`='HUF', `price6_value`='2988' WHERE id=2911

[2020-06-24 19:31:29] UPDATE webshop_products SET `price7_name`='W Lista ár', `price7_currency`='HUF', `price7_value`='2988' WHERE id=2911

[2020-06-24 19:31:29] UPDATE webshop_products SET `price`='2988', `reduced_price`=0 WHERE id=2911

[2020-06-24 19:31:29] UPDATE webshop_products SET `price1_name`='Beszerzési ár', `price1_currency`='HUF', `price1_value`='1392' WHERE id=2913

[2020-06-24 19:31:29] UPDATE webshop_products SET `price2_name`='Kereskedő -27,6%', `price2_currency`='HUF', `price2_value`='1795' WHERE id=2913

[2020-06-24 19:31:29] UPDATE webshop_products SET `price3_name`='Kereskedő -33,6%', `price3_currency`='HUF', `price3_value`='1645' WHERE id=2913

[2020-06-24 19:31:29] UPDATE webshop_products SET `price4_name`='Szakmai 1 ár -7%', `price4_currency`='HUF', `price4_value`='2304' WHERE id=2913

[2020-06-24 19:31:29] UPDATE webshop_products SET `price5_name`='Szakmai 2 ár -14%', `price5_currency`='HUF', `price5_value`='2131' WHERE id=2913

[2020-06-24 19:31:29] UPDATE webshop_products SET `price6_name`='Vásárló', `price6_currency`='HUF', `price6_value`='2478' WHERE id=2913

[2020-06-24 19:31:29] UPDATE webshop_products SET `price7_name`='W Lista ár', `price7_currency`='HUF', `price7_value`='2478' WHERE id=2913

[2020-06-24 19:31:29] UPDATE webshop_products SET `price`='2478', `reduced_price`=0 WHERE id=2913

[2020-06-24 19:31:29] UPDATE webshop_products SET `price1_name`='Beszerzési ár', `price1_currency`='HUF', `price1_value`='999' WHERE id=4969

[2020-06-24 19:31:29] UPDATE webshop_products SET `price2_name`='Kereskedő -27,6%', `price2_currency`='HUF', `price2_value`='1650' WHERE id=4969

[2020-06-24 19:31:29] UPDATE webshop_products SET `price3_name`='Kereskedő -33,6%', `price3_currency`='HUF', `price3_value`='1513' WHERE id=4969

[2020-06-24 19:31:29] UPDATE webshop_products SET `price4_name`='Szakmai 1 ár -7%', `price4_currency`='HUF', `price4_value`='2118' WHERE id=4969

[2020-06-24 19:31:29] UPDATE webshop_products SET `price5_name`='Szakmai 2 ár -14%', `price5_currency`='HUF', `price5_value`='1960' WHERE id=4969

[2020-06-24 19:31:29] UPDATE webshop_products SET `price6_name`='Vásárló', `price6_currency`='HUF', `price6_value`='2278' WHERE id=4969

[2020-06-24 19:31:29] UPDATE webshop_products SET `price7_name`='W Lista ár', `price7_currency`='HUF', `price7_value`='2278' WHERE id=4969

[2020-06-24 19:31:29] UPDATE webshop_products SET `price`='2278', `reduced_price`=0 WHERE id=4969

[2020-06-24 19:31:29] UPDATE webshop_products SET `price1_name`='Beszerzési ár', `price1_currency`='HUF', `price1_value`='1689' WHERE id=2193

[2020-06-24 19:31:29] UPDATE webshop_products SET `price2_name`='Kereskedő -27,6%', `price2_currency`='HUF', `price2_value`='1932' WHERE id=2193

[2020-06-24 19:31:29] UPDATE webshop_products SET `price3_name`='Kereskedő -33,6%', `price3_currency`='HUF', `price3_value`='1772' WHERE id=2193

[2020-06-24 19:31:29] UPDATE webshop_products SET `price4_name`='Szakmai 1 ár -7%', `price4_currency`='HUF', `price4_value`='2482' WHERE id=2193

[2020-06-24 19:31:29] UPDATE webshop_products SET `price5_name`='Szakmai 2 ár -14%', `price5_currency`='HUF', `price5_value`='2295' WHERE id=2193

[2020-06-24 19:31:29] UPDATE webshop_products SET `price6_name`='Vásárló', `price6_currency`='HUF', `price6_value`='2668' WHERE id=2193

[2020-06-24 19:31:29] UPDATE webshop_products SET `price7_name`='W Lista ár', `price7_currency`='HUF', `price7_value`='2668' WHERE id=2193

[2020-06-24 19:31:29] UPDATE webshop_products SET `price`='2668', `reduced_price`=0 WHERE id=2193

[2020-06-24 19:31:29] UPDATE webshop_products SET `price1_name`='Beszerzési ár', `price1_currency`='HUF', `price1_value`='1764' WHERE id=4061

[2020-06-24 19:31:29] UPDATE webshop_products SET `price2_name`='Kereskedő -27,6%', `price2_currency`='HUF', `price2_value`='2018' WHERE id=4061

[2020-06-24 19:31:29] UPDATE webshop_products SET `price3_name`='Kereskedő -33,6%', `price3_currency`='HUF', `price3_value`='1850' WHERE id=4061

[2020-06-24 19:31:29] UPDATE webshop_products SET `price4_name`='Szakmai 1 ár -7%', `price4_currency`='HUF', `price4_value`='2592' WHERE id=4061

[2020-06-24 19:31:29] UPDATE webshop_products SET `price5_name`='Szakmai 2 ár -14%', `price5_currency`='HUF', `price5_value`='2398' WHERE id=4061

[2020-06-24 19:31:29] UPDATE webshop_products SET `price6_name`='Vásárló', `price6_currency`='HUF', `price6_value`='2788' WHERE id=4061

[2020-06-24 19:31:29] UPDATE webshop_products SET `price7_name`='W Lista ár', `price7_currency`='HUF', `price7_value`='2788' WHERE id=4061

[2020-06-24 19:31:29] UPDATE webshop_products SET `price`='2788', `reduced_price`=0 WHERE id=4061

[2020-06-24 19:31:29] UPDATE webshop_products SET `price1_name`='Beszerzési ár', `price1_currency`='HUF', `price1_value`='179' WHERE id=2833

[2020-06-24 19:31:29] UPDATE webshop_products SET `price2_name`='Kereskedő -27,6%', `price2_currency`='HUF', `price2_value`='295' WHERE id=2833

[2020-06-24 19:31:29] UPDATE webshop_products SET `price3_name`='Kereskedő -33,6%', `price3_currency`='HUF', `price3_value`='271' WHERE id=2833

[2020-06-24 19:31:29] UPDATE webshop_products SET `price4_name`='Szakmai 1 ár -7%', `price4_currency`='HUF', `price4_value`='380' WHERE id=2833

[2020-06-24 19:31:29] UPDATE webshop_products SET `price5_name`='Szakmai 2 ár -14%', `price5_currency`='HUF', `price5_value`='351' WHERE id=2833

[2020-06-24 19:31:29] UPDATE webshop_products SET `price6_name`='Vásárló', `price6_currency`='HUF', `price6_value`='408' WHERE id=2833

[2020-06-24 19:31:29] UPDATE webshop_products SET `price7_name`='W Lista ár', `price7_currency`='HUF', `price7_value`='408' WHERE id=2833

[2020-06-24 19:31:29] UPDATE webshop_products SET `price`='408', `reduced_price`=0 WHERE id=2833

[2020-06-24 19:31:29] UPDATE webshop_products SET `price1_name`='Beszerzési ár', `price1_currency`='HUF', `price1_value`='1135' WHERE id=2066

[2020-06-24 19:31:29] UPDATE webshop_products SET `price2_name`='Kereskedő -27,6%', `price2_currency`='HUF', `price2_value`='1380' WHERE id=2066

[2020-06-24 19:31:29] UPDATE webshop_products SET `price3_name`='Kereskedő -33,6%', `price3_currency`='HUF', `price3_value`='1266' WHERE id=2066

[2020-06-24 19:31:29] UPDATE webshop_products SET `price4_name`='Szakmai 1 ár -7%', `price4_currency`='HUF', `price4_value`='1774' WHERE id=2066

[2020-06-24 19:31:29] UPDATE webshop_products SET `price5_name`='Szakmai 2 ár -14%', `price5_currency`='HUF', `price5_value`='1641' WHERE id=2066

[2020-06-24 19:31:29] UPDATE webshop_products SET `price6_name`='Vásárló', `price6_currency`='HUF', `price6_value`='1908' WHERE id=2066

[2020-06-24 19:31:29] UPDATE webshop_products SET `price7_name`='W Lista ár', `price7_currency`='HUF', `price7_value`='1908' WHERE id=2066

[2020-06-24 19:31:29] UPDATE webshop_products SET `price`='1908', `reduced_price`=0 WHERE id=2066

[2020-06-24 19:31:29] UPDATE webshop_products SET `price1_name`='Beszerzési ár', `price1_currency`='HUF', `price1_value`='2836' WHERE id=3402

[2020-06-24 19:31:29] UPDATE webshop_products SET `price2_name`='Kereskedő -27,6%', `price2_currency`='HUF', `price2_value`='4291' WHERE id=3402

[2020-06-24 19:31:29] UPDATE webshop_products SET `price3_name`='Kereskedő -33,6%', `price3_currency`='HUF', `price3_value`='4291' WHERE id=3402

[2020-06-24 19:31:29] UPDATE webshop_products SET `price4_name`='Szakmai 1 ár -7%', `price4_currency`='HUF', `price4_value`='5048' WHERE id=3402

[2020-06-24 19:31:29] UPDATE webshop_products SET `price5_name`='Szakmai 2 ár -14%', `price5_currency`='HUF', `price5_value`='5048' WHERE id=3402

[2020-06-24 19:31:29] UPDATE webshop_products SET `price6_name`='Vásárló', `price6_currency`='HUF', `price6_value`='5048' WHERE id=3402

[2020-06-24 19:31:29] UPDATE webshop_products SET `price7_name`='W Lista ár', `price7_currency`='HUF', `price7_value`='5048' WHERE id=3402

[2020-06-24 19:31:29] UPDATE webshop_products SET `price`='5048', `reduced_price`=0 WHERE id=3402

[2020-06-24 19:31:29] UPDATE webshop_products SET `price1_name`='Beszerzési ár', `price1_currency`='HUF', `price1_value`='872' WHERE id=4011

[2020-06-24 19:31:29] UPDATE webshop_products SET `price2_name`='Kereskedő -27,6%', `price2_currency`='HUF', `price2_value`='1440' WHERE id=4011

[2020-06-24 19:31:29] UPDATE webshop_products SET `price3_name`='Kereskedő -33,6%', `price3_currency`='HUF', `price3_value`='1321' WHERE id=4011

[2020-06-24 19:31:29] UPDATE webshop_products SET `price4_name`='Szakmai 1 ár -7%', `price4_currency`='HUF', `price4_value`='1849' WHERE id=4011

[2020-06-24 19:31:29] UPDATE webshop_products SET `price5_name`='Szakmai 2 ár -14%', `price5_currency`='HUF', `price5_value`='1711' WHERE id=4011

[2020-06-24 19:31:29] UPDATE webshop_products SET `price6_name`='Vásárló', `price6_currency`='HUF', `price6_value`='1989' WHERE id=4011

[2020-06-24 19:31:29] UPDATE webshop_products SET `price7_name`='W Lista ár', `price7_currency`='HUF', `price7_value`='1989' WHERE id=4011

[2020-06-24 19:31:29] UPDATE webshop_products SET `price`='1989', `reduced_price`=0 WHERE id=4011

[2020-06-24 19:31:29] UPDATE webshop_products SET `price1_name`='Beszerzési ár', `price1_currency`='HUF', `price1_value`='1372' WHERE id=4252

[2020-06-24 19:31:29] UPDATE webshop_products SET `price2_name`='Kereskedő -27,6%', `price2_currency`='HUF', `price2_value`='1867' WHERE id=4252

[2020-06-24 19:31:29] UPDATE webshop_products SET `price3_name`='Kereskedő -33,6%', `price3_currency`='HUF', `price3_value`='1712' WHERE id=4252

[2020-06-24 19:31:29] UPDATE webshop_products SET `price4_name`='Szakmai 1 ár -7%', `price4_currency`='HUF', `price4_value`='2398' WHERE id=4252

[2020-06-24 19:31:29] UPDATE webshop_products SET `price5_name`='Szakmai 2 ár -14%', `price5_currency`='HUF', `price5_value`='2217' WHERE id=4252

[2020-06-24 19:31:29] UPDATE webshop_products SET `price6_name`='Vásárló', `price6_currency`='HUF', `price6_value`='2578' WHERE id=4252

[2020-06-24 19:31:29] UPDATE webshop_products SET `price7_name`='W Lista ár', `price7_currency`='HUF', `price7_value`='2578' WHERE id=4252

[2020-06-24 19:31:29] UPDATE webshop_products SET `price`='2578', `reduced_price`=0 WHERE id=4252

[2020-06-24 19:31:29] UPDATE webshop_products SET `price1_name`='Beszerzési ár', `price1_currency`='HUF', `price1_value`='1648' WHERE id=4975

[2020-06-24 19:31:29] UPDATE webshop_products SET `price2_name`='Kereskedő -27,6%', `price2_currency`='HUF', `price2_value`='2720' WHERE id=4975

[2020-06-24 19:31:29] UPDATE webshop_products SET `price3_name`='Kereskedő -33,6%', `price3_currency`='HUF', `price3_value`='2496' WHERE id=4975

[2020-06-24 19:31:29] UPDATE webshop_products SET `price4_name`='Szakmai 1 ár -7%', `price4_currency`='HUF', `price4_value`='3495' WHERE id=4975

[2020-06-24 19:31:29] UPDATE webshop_products SET `price5_name`='Szakmai 2 ár -14%', `price5_currency`='HUF', `price5_value`='3232' WHERE id=4975

[2020-06-24 19:31:29] UPDATE webshop_products SET `price6_name`='Vásárló', `price6_currency`='HUF', `price6_value`='3758' WHERE id=4975

[2020-06-24 19:31:29] UPDATE webshop_products SET `price7_name`='W Lista ár', `price7_currency`='HUF', `price7_value`='3758' WHERE id=4975

[2020-06-24 19:31:29] UPDATE webshop_products SET `price`='3758', `reduced_price`=0 WHERE id=4975

[2020-06-24 19:31:29] UPDATE webshop_products SET `price1_name`='Beszerzési ár', `price1_currency`='HUF', `price1_value`='1648' WHERE id=4976

[2020-06-24 19:31:29] UPDATE webshop_products SET `price2_name`='Kereskedő -27,6%', `price2_currency`='HUF', `price2_value`='2720' WHERE id=4976

[2020-06-24 19:31:29] UPDATE webshop_products SET `price3_name`='Kereskedő -33,6%', `price3_currency`='HUF', `price3_value`='2496' WHERE id=4976

[2020-06-24 19:31:29] UPDATE webshop_products SET `price4_name`='Szakmai 1 ár -7%', `price4_currency`='HUF', `price4_value`='3495' WHERE id=4976

[2020-06-24 19:31:29] UPDATE webshop_products SET `price5_name`='Szakmai 2 ár -14%', `price5_currency`='HUF', `price5_value`='3232' WHERE id=4976

[2020-06-24 19:31:29] UPDATE webshop_products SET `price6_name`='Vásárló', `price6_currency`='HUF', `price6_value`='3758' WHERE id=4976

[2020-06-24 19:31:29] UPDATE webshop_products SET `price7_name`='W Lista ár', `price7_currency`='HUF', `price7_value`='3758' WHERE id=4976

[2020-06-24 19:31:29] UPDATE webshop_products SET `price`='3758', `reduced_price`=0 WHERE id=4976

[2020-06-24 19:31:29] UPDATE webshop_products SET `price1_name`='Beszerzési ár', `price1_currency`='HUF', `price1_value`='999' WHERE id=4966

[2020-06-24 19:31:29] UPDATE webshop_products SET `price2_name`='Kereskedő -27,6%', `price2_currency`='HUF', `price2_value`='1650' WHERE id=4966

[2020-06-24 19:31:29] UPDATE webshop_products SET `price3_name`='Kereskedő -33,6%', `price3_currency`='HUF', `price3_value`='1513' WHERE id=4966

[2020-06-24 19:31:29] UPDATE webshop_products SET `price4_name`='Szakmai 1 ár -7%', `price4_currency`='HUF', `price4_value`='2118' WHERE id=4966

[2020-06-24 19:31:29] UPDATE webshop_products SET `price5_name`='Szakmai 2 ár -14%', `price5_currency`='HUF', `price5_value`='1960' WHERE id=4966

[2020-06-24 19:31:29] UPDATE webshop_products SET `price6_name`='Vásárló', `price6_currency`='HUF', `price6_value`='2278' WHERE id=4966

[2020-06-24 19:31:29] UPDATE webshop_products SET `price7_name`='W Lista ár', `price7_currency`='HUF', `price7_value`='2278' WHERE id=4966

[2020-06-24 19:31:29] UPDATE webshop_products SET `price`='2278', `reduced_price`=0 WHERE id=4966

[2020-06-24 19:31:39] UPDATE users SET lastlogin = NOW() WHERE id = '11'

[2020-06-24 19:31:41] UPDATE users SET lastlogin = NOW() WHERE id = '11'

[2020-06-24 19:31:57] INSERT INTO webshop_gallery (`id`, `product_id`, `original_name`, `new_name`, `date`) VALUES (15023, 4969, 'Főnöző gombos kör hajkefe 40 mm átmérővel 8440162', '15023.jpg', 1593019917)

[2020-06-24 19:31:57] DELETE FROM webshop_gallery WHERE id='14400'

[2020-06-24 19:31:57] INSERT INTO webshop_gallery (`id`, `product_id`, `original_name`, `new_name`, `date`) VALUES (15024, 2193, 'Paraffinos kéz és lábápoló krém Natura Vita', '15024.jpg', 1593019917)

[2020-06-24 19:31:57] INSERT INTO webshop_gallery (`id`, `product_id`, `original_name`, `new_name`, `date`) VALUES (15025, 4975, 'Extra erős páncél vizipipa alumínium fólia tekercs - 24 mikronos sárga12cm×50m', '15025.jpg', 1593019917)

[2020-06-24 19:31:57] INSERT INTO webshop_gallery (`id`, `product_id`, `original_name`, `new_name`, `date`) VALUES (15026, 4976, 'Extra erős páncél vizipipa alumínium fólia tekercs - 20 mikronos ezüst 12cm×50m', '15026.jpg', 1593019917)

[2020-06-24 19:31:57] INSERT INTO webshop_gallery (`id`, `product_id`, `original_name`, `new_name`, `date`) VALUES (15027, 4966, 'Főnöző gombos kör hajkefe 30 mm átmérővel 8440152', '15027.jpg', 1593019917)

[2020-06-24 19:32:02] UPDATE users SET lastlogin = NOW() WHERE id = '11'

