[2019-06-14 17:52:23] UPDATE users SET lastlogin = NOW() WHERE id = '11'

[2019-06-14 17:52:25] UPDATE users SET lastlogin = NOW() WHERE id = '11'

[2019-06-14 17:52:27] UPDATE users SET lastlogin = NOW() WHERE id = '11'

[2019-06-14 17:52:27] INSERT INTO webshop_products (`id`, `name_hun`, `name_eng`, `item_id`, `price`, `reduced_price`, `status`, `currency`, `content_short`, `content`, `details`, `date`, `default_pic`, `active`, `main`, `sort`, `category_id`, `root_category_id`, `seo_name`, `fullurl`, `websyx_id`, `quantity`, `other_categories`) VALUES ('4510', 'Hajkisimító és szuper hajbontó kefe TANGLIM-Flowers', 'Hajkisimító és szuper hajbontó kefe TANGLIM-Flowers', '2827-lim-tanglim-dt-flowers-hátlappal', 0, 0, 1, 'Ft', 'Tangle Teezer hajkefe. - Rugalmas felépítésű, Luxus kivitelezésű, szuper hajkibontó kefe. A LIM - HAIR TANGLIM,...', '<P style=\"TEXT-ALIGN: justify\">Tangle Teezer hajkefe. - Rugalmas felépítésű, Luxus kivitelezésű, szuper hajkibontó kefe. A LIM - HAIR TANGLIM, a Tangle Teezer hajkefék luxus kidolgozású változata, ergonómikus nyeles, és tenyérbe fogható csepp alakú változatban készülnek. A fésülő rész, 3 különböző magasságú rugalmas hajkefe tüske sorok többszörös ismétlődésével készül, hogy használata a lehető legkíméletesebb hajbontást tegye lehetővé.</P>
<P style=\"MARGIN: 0cm 0cm 10pt\"><FONT face=Calibri>Egyedi megjelenésű, Luxus kidolgozású és minőségű hajkefék, hajkímélő erős és&nbsp;strapabíró fésülő, bontó tüskékkel.</FONT></P>
<P style=\"MARGIN: 0cm 0cm 10pt\"><FONT face=Calibri>- Forradalmian új sörtéinek köszönhetően, fájdalom nélkül kibontja a csomókat. Nem roncsolja a hajvégeket.</FONT></P>
<P style=\"MARGIN: 0cm 0cm 10pt\"><FONT face=Calibri>- Még a vizes hajat is kíméletesen és gyorsan kifésüli.</FONT></P>
<P style=\"MARGIN: 0cm 0cm 10pt\"><FONT face=Calibri>- Megvédi a hajat a mechanikai sérülésektől, csökkenti a töredezettséget</FONT></P>
<P style=\"MARGIN: 0cm 0cm 10pt\"><FONT face=Calibri>- Bármilyen hajtípushoz használható. (egyenes, göndör, száraz, vizes)</FONT></P>
<P style=\"MARGIN: 0cm 0cm 10pt\"><FONT face=Calibri>- Speciálisan ívelt elrendezésének köszönhetően a hajtövektől a végekig egyenletesen hat.</FONT></P>
<P style=\"MARGIN: 0cm 0cm 10pt\"><FONT face=Calibri>- Formatervezett külső, jól illeszkedik a tenyérbe, kényelmes használat.</FONT></P>
<P style=\"MARGIN: 0cm 0cm 10pt\"><FONT face=Calibri>- Ilyen gyors még sosem volt a fésülködés</FONT></P>
<P style=\"TEXT-ALIGN: justify\">
<P style=\"TEXT-ALIGN: justify\">LIM - HAIR TANGLIM és Tangle Teezer hajkefe ideális minden típusú haj kibontására, egyenesre fésülésére. Úgy tervezték, hogy az egész hajkefe ( a hajkefe nyél és test, a tüskék) rugalmas legyen, és a 3 különböző magasságú, rugalmas hajkefe tüske sorokból álló kefe rész alkalmazkodjon minden hajhoz. Ezek a hajkefe tüskék finoman, tépés nélkül bontanak ki, minden típusú haj csomót, legyen az bármilyen kesze - kusza is, és varázsolják egyenesre a hajtincseket. A hajkefe test rugalmas hajlásával a nyomás először csökken a hajra, majd kiegyenlítődik, így megakadályozza a haj rángatását, a haj megtörését, a haj kitépését, de ugyanabban az időben rendkívül hatékonyan kibont, és kiegyenesít mindenféle hajcsomót.</P>
<P style=\"TEXT-ALIGN: justify\" data-mce-style=\"text-align: justify;\">Rugalmas felépítésű, Luxus kivitelezésű hajkefe. A LIM - HAIR TANGLIM&nbsp; a Tangle Teezer hajkefék változata, ergonómikus nyeles, és tenyérbe fogható változatban készülnek. A fésülő rész, 3 különböző magasságú rugalmas hajkefe tüske sorok többszörös ismétlődésével készül, hogy használata a lehető legkíméletesebb hajbontást tegye lehetővé.</P>
<P style=\"TEXT-ALIGN: justify\" data-mce-style=\"text-align: justify;\">LIM - HAIR TANGLIM&nbsp;és Tangle Teezer hajkefe ideális minden típusú haj kibontására, egyenesre fésülésére. Úgy tervezték hogy az egész hajkefe ( a hajkefe nyél és&nbsp;test, a&nbsp;tüskék) &nbsp;rugalmas legyen, és a 3 különböző magasságú, rugalmas hajkefe tüske sorokból álló kefe rész alkalmazkodjon minden hajhoz. Ezek a hajkefe tüskék finoman, tépés nélkül bontanak ki, minden típusú haj csomót, legyen az bármilyen kesze - kusza is, és varázsolják egyenesre a hajtincseket. A hajkefe test rugalmas hajlásával a nyomás először csökken a hajra, majd kiegyenlítődik,&nbsp;így megakadályozza a haj rángatását, a haj megtörését, a haj kitépését, de ugyanabban az időben rendkívül hatékonyan kibont, és kiegyenesít mindenféle hajcsomót.</P>
<P style=\"TEXT-ALIGN: justify\" data-mce-style=\"text-align: justify;\">A TANGLIM hajkefével egy nagyon sima, feltöltődés mentes hajat készíthetünk, mivel Antisztatikus. A hajkefék&nbsp;&nbsp;sokoldalúsága ideálissá teszi használatukat a vékony, közepes és durva, &nbsp;a göndör vagy egyenes, a rövid vagy közepes, a hosszú, és nagyon dús hajak ápolásához.</P>
<P style=\"TEXT-ALIGN: justify\" data-mce-style=\"text-align: justify;\">A TANGLIM hajkefét még a zuhany alatt is használhatjuk, pl. a keratinos hajápolási termékek felvitelére, a hajba fésülésére.</P>
<P style=\"TEXT-ALIGN: justify\" data-mce-style=\"text-align: justify; line-height: normal;\"><B><U>A TANGLIM&nbsp; hajkefe adatai, használata:</U></B></P>
<P style=\"TEXT-ALIGN: justify\" data-mce-style=\"text-align: justify; line-height: normal;\">A LIM - HAIR TANGLIM Tangle Teezer Econ hajkefe hossza: kb. 180mm</P>
<P style=\"TEXT-ALIGN: justify\" data-mce-style=\"text-align: justify; line-height: normal;\">A LIM - HAIR TANGLIM&nbsp;Tangle Teezer hajkefe fejszélessége változó: kb. 30-80mm</P>
<P style=\"TEXT-ALIGN: justify\" data-mce-style=\"text-align: justify; line-height: normal;\">A Hajkefe szőr anyaga: rugalmas antisztatikus műanyag bontó tüske</P>
<P style=\"TEXT-ALIGN: justify\" data-mce-style=\"text-align: justify; line-height: normal;\"><BR>A hajkefét a hajszárító csőrénél kiáramló nagyon magas hőtől óvni kell! 25cm-nél közelebb ne közelítse a hajkeféhez a hajszárítót!</P>
<P style=\"TEXT-ALIGN: justify\" data-mce-style=\"text-align: justify; line-height: normal;\">Hajkefe márka: HAIR &ndash;LIM TANGLIM</P>
<P style=\"TEXT-ALIGN: justify\">Hajkefe származási helye: Spanyolország</P>', '', 1560527547, '0', '1', 0, 1, 104, '0', 'hajkisimito-es-szuper-hajbonto-kefe-tanglim-flowers', 'fodraszkellek/hajkisimito-es-szuper-hajbonto-kefe-tanglim-flowers', '1938', 1, '104,115,117,120,222,250,315')

[2019-06-14 17:52:27] INSERT INTO webshop_special_fields (`key`, `value`, `product_id`) VALUES ('manufacturer', '35.LIM HAIR elektromos hajformázók', 4510)

[2019-06-14 17:52:28] INSERT INTO webshop_special_fields (`key`, `value`, `product_id`) VALUES ('quantityunit', 'db', 4510)

[2019-06-14 17:52:28] INSERT INTO webshop_special_fields (`key`, `value`, `product_id`) VALUES ('kiszereles', '1', 4510)

[2019-06-14 17:52:28] UPDATE webshop_gallery SET original_name='Hajcsipesz krokodil csat Carbon Hairway 42030 fodrászkellék', date=1560527548 WHERE id=354

[2019-06-14 17:52:28] UPDATE webshop_special_fields SET `value`='21.Egyéb fodrászkellék gyártó' WHERE `key`='manufacturer' AND `product_id`=2350

[2019-06-14 17:52:28] UPDATE webshop_special_fields SET `value`='db' WHERE `key`='quantityunit' AND `product_id`=2350

[2019-06-14 17:52:28] UPDATE webshop_special_fields SET `value`='1' WHERE `key`='kiszereles' AND `product_id`=2350

[2019-06-14 17:52:28] UPDATE webshop_products SET `name_hun`='Hajcsipesz krokodil csat Carbon 6db 42030 fodrászkellék',`content_short`='
Hajcsipesz, krokodil csat. 6db Carbon hajcsipesz. A&nbsp;csuklópántos krokodil Carbon hajcsipesz rendkívül erős...',`content`='<FONT face=Calibri>
<P style=\"TEXT-ALIGN: justify; MARGIN: 0cm 0cm 10pt\">Hajcsipesz, krokodil csat. 6db Carbon hajcsipesz. A&nbsp;csuklópántos krokodil Carbon hajcsipesz rendkívül erős kivitelű fodrászkellék. A hajcsat a csuklós száraival nagyra nyílik, így nagy tömegű, vastag hajt is képes rögzíteni. A hajcsipesz, erősen és stabilan&nbsp;tartja a hajat. A csuklópántoknak köszönhetően a Carbon hajcsipesz tökéletesen felveszi a hajfonat formáját.</P>
<P style=\"TEXT-ALIGN: justify; MARGIN: 0cm 0cm 10pt\"><B style=\"mso-bidi-font-weight: normal\"><U>A hajcsatok, hajcsipeszek adatai:</U></B></P>
<P style=\"TEXT-ALIGN: justify; MARGIN: 0cm 0cm 10pt\">Hajcsat hossza: 110mm</P>
<P style=\"TEXT-ALIGN: justify; MARGIN: 0cm 0cm 10pt\">Hajcsat márka: 42030</P>
<P style=\"TEXT-ALIGN: justify; MARGIN: 0cm 0cm 10pt\">Hajcsat származási helye: Németország </P>
<P style=\"TEXT-ALIGN: justify; MARGIN: 0cm 0cm 10pt\">Professzionális fodrászoknak készült fodrászcikk, fodrászkellék.</P>
<P style=\"TEXT-ALIGN: justify; MARGIN: 0cm 0cm 10pt\"></FONT>&nbsp;</P>', `item_id`='1833-hw-42030-6db', `default_pic`='354', `active`='1', `category_id`='104', `root_category_id`='0', `seo_name`='hajcsipesz-krokodil-csat-carbon-6db-42030-fodraszkellek', `fullurl`='fodraszkellek/hajcsipesz-krokodil-csat-carbon-6db-42030-fodraszkellek', `other_categories`='104,114,222,359' WHERE id=2350

[2019-06-14 17:52:28] UPDATE webshop_gallery SET original_name='.MINI hajszárító LIM-HAIR-TR1', date=1560527548 WHERE id=3071

[2019-06-14 17:52:28] UPDATE webshop_special_fields SET `value`='35.LIM HAIR elektromos hajformázók' WHERE `key`='manufacturer' AND `product_id`=3465

[2019-06-14 17:52:28] UPDATE webshop_special_fields SET `value`='db' WHERE `key`='quantityunit' AND `product_id`=3465

[2019-06-14 17:52:28] UPDATE webshop_special_fields SET `value`='1' WHERE `key`='kiszereles' AND `product_id`=3465

[2019-06-14 17:52:28] UPDATE webshop_products SET `name_hun`='.MINI hajszárító LIM-HAIR-Trencadis',`content_short`='Mini hajszárító hajkímélő hajszárításhoz. Diffúzoros, és a&nbsp;szűkítő fúvócső is...',`content`='<P style=\"TEXT-ALIGN: justify; MARGIN: 0cm 0cm 10pt; LINE-HEIGHT: normal; mso-margin-top-alt: auto; mso-margin-bottom-alt: auto\">Mini hajszárító hajkímélő hajszárításhoz. Diffúzoros, és a&nbsp;szűkítő fúvócső is tartozék.&nbsp;13cm hosszú,&nbsp;pehely súlyú, de&nbsp;óriási lég teljesítményt szállít, a&nbsp;LIM design mintás &nbsp;travel hajszárító gépe. Ennek köszönhetően alacsony hőfokon is&nbsp;rendkívül gyorsan képes megszárítani az egész család&nbsp;haját egy kiránduláson, anélkül, hogy károsítaná a hajat. &nbsp;Egy női kézi táskában is könnyen elfér, használata, utazáshoz, &hellip;.. ajánlott. &nbsp;A LIM hajszárítókat Spanyolország Barcelonai gyárában készítik.</P>
<P style=\"TEXT-ALIGN: justify; MARGIN: 0cm 0cm 10pt; LINE-HEIGHT: normal; mso-margin-top-alt: auto; mso-margin-bottom-alt: auto\">A diffúzor használata ideális a göndör haj készítéséhez, szárításához.</P>
<P style=\"MARGIN: 0cm 0cm 10pt; LINE-HEIGHT: normal; mso-margin-top-alt: auto; mso-margin-bottom-alt: auto\"><B>LIM-HAIR-TR1 travel mini hajszárító gép műszaki adatok, tartozékok.</B></P>
<UL type=disc>
<LI style=\"MARGIN: 0cm 0cm 10pt; LINE-HEIGHT: normal; mso-margin-top-alt: auto; mso-margin-bottom-alt: auto; mso-list: l0 level1 lfo1; tab-stops: list 36.0pt\">A mini hajszárító modern, extravagáns &nbsp;színes borítással rendelkezik. 
<LI style=\"MARGIN: 0cm 0cm 10pt; LINE-HEIGHT: normal; mso-margin-top-alt: auto; mso-margin-bottom-alt: auto; mso-list: l0 level1 lfo1; tab-stops: list 36.0pt\">Mini&nbsp;kiképzésű, a hajszárító gép test hossza kb.130mm. 
<LI style=\"MARGIN: 0cm 0cm 10pt; LINE-HEIGHT: normal; mso-margin-top-alt: auto; mso-margin-bottom-alt: auto; mso-list: l0 level1 lfo1; tab-stops: list 36.0pt\">Hajszárításkor 2 meleg hő fokozatot kapcsolhatunk, és minden fokozatnál használhatjuk a hűtő gombot, amellyel a hideg levegőt állíthatunk elő, ha szükséges. 
<LI style=\"MARGIN: 0cm 0cm 10pt; LINE-HEIGHT: normal; mso-margin-top-alt: auto; mso-margin-bottom-alt: auto; mso-list: l0 level1 lfo1; tab-stops: list 36.0pt\">A hajszárítónál a levehető szűkítő, és diffúzor tartozékok. 
<LI style=\"MARGIN: 0cm 0cm 10pt; LINE-HEIGHT: normal; mso-margin-top-alt: auto; mso-margin-bottom-alt: auto; mso-list: l0 level1 lfo1; tab-stops: list 36.0pt\">A hajszárításhoz szükséges&nbsp; villamos&nbsp; teljesítmény, 220-240V&nbsp; 50/60Hz&nbsp;&nbsp; 1000Watt. 
<LI style=\"MARGIN: 0cm 0cm 10pt; LINE-HEIGHT: normal; mso-margin-top-alt: auto; mso-margin-bottom-alt: auto; mso-list: l0 level1 lfo1; tab-stops: list 36.0pt\">A hajszárítóval kb. 3 m &ndash;re távolodhatunk el a konnektortól. 
<LI style=\"MARGIN: 0cm 0cm 10pt; LINE-HEIGHT: normal; mso-margin-top-alt: auto; mso-margin-bottom-alt: auto; mso-list: l0 level1 lfo1; tab-stops: list 36.0pt\">A <B>LIM-HAIR-TR1 travel mini </B>hajszárítók felakasztható füllel is rendelkeznek. 
<LI style=\"MARGIN: 0cm 0cm 10pt; LINE-HEIGHT: normal; mso-margin-top-alt: auto; mso-margin-bottom-alt: auto; mso-list: l0 level1 lfo1; tab-stops: list 36.0pt\">A hajszárító gép test súlya kb. 185gr, kábellel együtt 330gr.&nbsp; 
<LI style=\"MARGIN: 0cm 0cm 10pt; LINE-HEIGHT: normal; mso-margin-top-alt: auto; mso-margin-bottom-alt: auto; mso-list: l0 level1 lfo1; tab-stops: list 36.0pt\"><B>LIM-HAIR-TR1 travel mini </B>hajszárító származási hely, EU.</LI></UL>', `item_id`='2829-lim-wm2.0-trencadis', `default_pic`='3071', `active`='1', `category_id`='92', `root_category_id`='0', `seo_name`='mini-hajszarito-lim-hair-trencadis', `fullurl`='hajformazo-gepek/mini-hajszarito-lim-hair-trencadis', `other_categories`='92,96,104,222,250,315,378' WHERE id=3465

[2019-06-14 17:52:28] UPDATE webshop_gallery SET original_name='KINACTIF SUNCARE napozás, úszás utáni hajhidratáló hajregeneráló sampon', date=1560527548 WHERE id=1376

[2019-06-14 17:52:28] UPDATE webshop_special_fields SET `value`='01.KIN Cosmetics fodrászcikk' WHERE `key`='manufacturer' AND `product_id`=3096

[2019-06-14 17:52:28] UPDATE webshop_special_fields SET `value`='ml' WHERE `key`='quantityunit' AND `product_id`=3096

[2019-06-14 17:52:28] UPDATE webshop_special_fields SET `value`='250' WHERE `key`='kiszereles' AND `product_id`=3096

[2019-06-14 17:52:28] UPDATE webshop_products SET `name_hun`='KINACTIF SUNCARE Napozás úszás utáni hajhidratáló hajregeneráló sampon',`content_short`='Hajhidratáló, hajregeneráló prémium sampon. Napozás, úszás utáni tápláló hidratáló sampon.&nbsp; A...',`content`='<P style=\"TEXT-ALIGN: justify; MARGIN: 0cm 0cm 10pt\"><FONT face=Calibri>Hajhidratáló, hajregeneráló prémium sampon. Napozás, úszás utáni tápláló hidratáló sampon.&nbsp;<STRONG> </STRONG>A napnak, sós vagy klóros víznek kitett hajat finoman tisztítja ez a hidratáló sampon. Új, innovatív formulájának köszönhetően alaposan táplálja és hidratálja a hajat, amely kiszáradt, ki volt téve folyamatos UV sugárzásnak, és megtisztítja a só és klór maradványoktól. Illata gyümölcsös, a fő jegy a sárgabarack.<B style=\"mso-bidi-font-weight: normal\"></B></FONT></P>
<P style=\"TEXT-ALIGN: justify; MARGIN: 0cm 0cm 10pt\"><FONT face=Calibri><STRONG><U>hajhidratáló, regenereáló sampon használata.</U></STRONG></FONT></P>
<P style=\"TEXT-ALIGN: justify; MARGIN: 0cm 0cm 10pt\"><FONT face=Calibri>Vigye fel a hajra és fejbőrre, masszírozza bele, habosítsa fel, hagyja hatni pár percig, majd alaposan öblítse ki. Ismételje meg.</FONT></P>
<P style=\"TEXT-ALIGN: justify; MARGIN: 0cm 0cm 10pt\">Professzionális célra készült prémium fodrászcikk, fodrászkellék!</P>
<P style=\"TEXT-ALIGN: justify\">&nbsp;</P>
<P style=\"TEXT-ALIGN: justify\">&nbsp;</P>', `item_id`='0818-ksuncare-510210-250ml', `default_pic`='1376', `active`='1', `category_id`='104', `root_category_id`='0', `seo_name`='kinactif-suncare-napozas-uszas-utani-hajhidratalo-hajregeneralo-sampon', `fullurl`='fodraszkellek/kinactif-suncare-napozas-uszas-utani-hajhidratalo-hajregeneralo-sampon', `other_categories`='104,131,136,168,180,182,189,222,284,346,394' WHERE id=3096

[2019-06-14 17:52:28] UPDATE webshop_gallery SET original_name='KINACTIF SUNCARE Reconstructor Napozás, úszás utáni ultragyors hajregeneráló', date=1560527548 WHERE id=1377

[2019-06-14 17:52:28] UPDATE webshop_special_fields SET `value`='01.KIN Cosmetics fodrászcikk' WHERE `key`='manufacturer' AND `product_id`=3097

[2019-06-14 17:52:28] UPDATE webshop_special_fields SET `value`='ml' WHERE `key`='quantityunit' AND `product_id`=3097

[2019-06-14 17:52:28] UPDATE webshop_special_fields SET `value`='150' WHERE `key`='kiszereles' AND `product_id`=3097

[2019-06-14 17:52:28] UPDATE webshop_products SET `name_hun`='KINACTIF SUNCARE Reconstructor Napozás úszás utáni ultragyors hajregeneráló',`content_short`='Napozás, úszás utáni ultragyors prémium hajregeneráló, helyreállító hakondicionáló.
150ml- Ez a...',`content`='<P style=\"TEXT-ALIGN: justify; MARGIN: 0cm 0cm 10pt\"><B style=\"mso-bidi-font-weight: normal\"><FONT face=Calibri>Napozás, úszás utáni ultragyors prémium hajregeneráló, helyreállító hakondicionáló.</FONT></B></P>
<P style=\"TEXT-ALIGN: justify; MARGIN: 0cm 0cm 10pt\"><FONT face=Calibri>150ml- Ez a helyreállító kondícionáló szuper-gyorsan helyreállítja a napozásnak, sós és klóros víznek kitett hajat. A haj belső szerkezetét erősíti és regenerálja. A hajrostokat azonnal táplálja és hidratálja. Illata gyümölcsös, a fő jegy a sárgabarack.</FONT></P>
<P style=\"TEXT-ALIGN: justify; MARGIN: 0cm 0cm 10pt\"><B style=\"mso-bidi-font-weight: normal\"><FONT face=Calibri><U>A hajregeneráló használata.</U></FONT></B></P>
<P style=\"TEXT-ALIGN: justify; MARGIN: 0cm 0cm 10pt\"><FONT face=Calibri>Vigye fel törölköző-száraz hajra, egyenletesen oszlassa el, miközben finoman belemasszírozza a hajba. Hagyja hatni 2-3 percig, majd alaposan öblítse le.</FONT></P>
<P style=\"TEXT-ALIGN: justify; MARGIN: 0cm 0cm 10pt\"><STRONG>Professzionális célra készült prémium fodrászcikk, fodrászkellék.</STRONG></P>
<P style=\"TEXT-ALIGN: justify; MARGIN: 0cm 0cm 10pt\">
<P style=\"TEXT-ALIGN: justify\">&nbsp;</P>
<P style=\"TEXT-ALIGN: justify\">&nbsp;</P>
<P></P>', `item_id`='0809-ksuncare-510281-150ml', `default_pic`='1377', `active`='1', `category_id`='104', `root_category_id`='0', `seo_name`='kinactif-suncare-reconstructor-napozas-uszas-utani-ultragyors-hajregeneralo', `fullurl`='fodraszkellek/kinactif-suncare-reconstructor-napozas-uszas-utani-ultragyors-hajregeneralo', `other_categories`='104,131,133,136,170,180,182,189,222,284,394' WHERE id=3097

[2019-06-14 17:52:28] UPDATE webshop_gallery SET original_name='KINACTIF Suncare nyári strandoló hajápoló csomag strand táskával', date=1560527548 WHERE id=1466

[2019-06-14 17:52:28] UPDATE webshop_special_fields SET `value`='01.KIN Cosmetics fodrászcikk' WHERE `key`='manufacturer' AND `product_id`=3182

[2019-06-14 17:52:28] UPDATE webshop_special_fields SET `value`='db' WHERE `key`='quantityunit' AND `product_id`=3182

[2019-06-14 17:52:28] UPDATE webshop_special_fields SET `value`='1' WHERE `key`='kiszereles' AND `product_id`=3182

[2019-06-14 17:52:28] UPDATE webshop_products SET `name_hun`='KINACTIF Suncare nyári strandoló hajápoló csomag strand táskával',`content_short`='
Nyári strandoló hajápoló csomag ajándék strand táskával. Maximális védelem a tűző nap, a tenger és...',`content`='<FONT face=Calibri>
<P style=\"MARGIN: 0cm 0cm 10pt\">Nyári strandoló hajápoló csomag ajándék strand táskával. Maximális védelem a tűző nap, a tenger és uszodavíz okozta káros hatások ellen! A napozáshoz, strandoláshoz,&nbsp;készült hajápoló termékösszeállítás&nbsp;3 terméket tartalmaz.</P>
<P style=\"MARGIN: 0cm 0cm 10pt\">A Kin logóval ellátott nagyméretű, vállra is akasztható strand táska mérete&nbsp; 45×35cm. </P>
<P style=\"MARGIN: 0cm 0cm 10pt\">Az akciót csak&nbsp; a készlet erejéig tudjuk biztosítani!</P>
<P style=\"TEXT-ALIGN: justify; MARGIN: 0cm 0cm 10pt\"></FONT></P>
<P style=\"TEXT-ALIGN: justify; MARGIN: 0cm 0cm 10pt\"><FONT face=Calibri>Használata a&nbsp;tűző napnak, sós vagy klóros víznek kitett hajat védi, finoman tisztítja.&nbsp;Alaposan táplálja és hidratálja a hajat, amely kiszáradt, vagy ki volt téve folyamatos erős UV sugárzásnak. Megtisztítja a hajat a tengeri vagy&nbsp;egyéb &nbsp;só, és klór maradványoktól. Illata gyümölcsös, a fő illat jegye a sárgabarack.</FONT></P>
<P style=\"TEXT-ALIGN: justify; MARGIN: 0cm 0cm 10pt\"><STRONG><FONT face=Calibri>......</FONT></STRONG></P>
<P style=\"TEXT-ALIGN: justify; MARGIN: 0cm 0cm 10pt\"><B style=\"mso-bidi-font-weight: normal\"><FONT face=Calibri>Napozás, úszás utáni hidratáló sampon KIN-SUNCARE</FONT></B></P>
<P style=\"TEXT-ALIGN: justify; MARGIN: 0cm 0cm 10pt\"><FONT face=Calibri><B style=\"mso-bidi-font-weight: normal\">250 ml &ndash; Napozás, úszás utáni tápláló hidratáló sampon.&nbsp; </B>A napnak, sós vagy klóros víznek kitett hajat finoman tisztítja ez a hidratáló sampon. Új, innovatív formulájának köszönhetően alaposan táplálja és hidratálja a hajat, amely kiszáradt, ki volt téve folyamatos UV sugárzásnak, és megtisztítja a só és klór maradványoktól. Illata gyümölcsös, a fő jegy a sárgabarack.<B style=\"mso-bidi-font-weight: normal\"></B></FONT></P>
<P style=\"TEXT-ALIGN: justify; MARGIN: 0cm 0cm 10pt\"><B style=\"mso-bidi-font-weight: normal\"><U><FONT face=Calibri>Sampon használata:</FONT></U></B></P>
<P style=\"TEXT-ALIGN: justify; MARGIN: 0cm 0cm 10pt\"><FONT face=Calibri>&nbsp;Vigye fel a hajra és fejbőrre, masszírozza bele, habosítsa fel, hagyja hatni pár percig, majd alaposan öblítse ki. Ismételje meg.</FONT></P>
<P style=\"TEXT-ALIGN: justify; MARGIN: 0cm 0cm 10pt\"><STRONG>Professzionális célra készült prémium fodrászcikk, fodrászkellék!</STRONG></P>
<P style=\"TEXT-ALIGN: justify; MARGIN: 0cm 0cm 10pt\"><STRONG>&hellip;&hellip;&hellip;&hellip;&hellip;&hellip;&hellip;&hellip;&hellip;&hellip;..</STRONG></P>
<P style=\"TEXT-ALIGN: justify; MARGIN: 0cm 0cm 10pt\"><B style=\"mso-bidi-font-weight: normal\"><FONT face=Calibri>Napozás, úszás utáni ultragyors hajregeneráló KIN- SUNCARE-Reconstructor </FONT></B></P>
<P style=\"TEXT-ALIGN: justify; MARGIN: 0cm 0cm 10pt\"><B style=\"mso-bidi-font-weight: normal\"><FONT face=Calibri>150 ml &ndash; Napozás, úszás utáni ultragyors hajregeneráló, helyreállító kondicionáló.</FONT></B></P>
<P style=\"TEXT-ALIGN: justify; MARGIN: 0cm 0cm 10pt\"><FONT face=Calibri>Ez a helyreállító kondícionáló szuper-gyorsan helyreállítja a napozásnak, sós és klóros víznek kitett hajat. A haj belső szerkezetét erősíti és regenerálja. A hajrostokat azonnal táplálja és hidratálja. Illata gyümölcsös, a fő jegy a sárgabarack.</FONT></P>
<P style=\"TEXT-ALIGN: justify; MARGIN: 0cm 0cm 10pt\"><B style=\"mso-bidi-font-weight: normal\"><FONT face=Calibri><U>A hajregeneráló használata:</U> </FONT></B></P>
<P style=\"TEXT-ALIGN: justify; MARGIN: 0cm 0cm 10pt\"><FONT face=Calibri>Vigye fel törölköző-száraz hajra, egyenletesen oszlassa el, miközben finoman belemasszírozza a hajba. Hagyja hatni 2-3 percig, majd alaposan öblítse le.</FONT></P>
<P style=\"TEXT-ALIGN: justify; MARGIN: 0cm 0cm 10pt\"><STRONG>Professzionális célra készült prémium fodrászcikk, fodrászkellék!</STRONG></P>
<P style=\"TEXT-ALIGN: justify; MARGIN: 0cm 0cm 10pt\"><FONT face=Calibri>&hellip;&hellip;&hellip;&hellip;&hellip;&hellip;&hellip;&hellip;&hellip;&hellip;&hellip;&hellip;.</FONT></P>
<P style=\"TEXT-ALIGN: justify; MARGIN: 0cm 0cm 10pt\"><B style=\"mso-bidi-font-weight: normal\"><FONT face=Calibri>Intenzív napvédő spray hajra KIN-SUNCARE-Protector</FONT></B></P>
<P style=\"TEXT-ALIGN: justify; MARGIN: 0cm 0cm 10pt\"><FONT face=Calibri><B style=\"mso-bidi-font-weight: normal\">200 ml &ndash; Intenzív napvédő spray. </B>Ez a hajvédő, vízálló spray intenzíven óvja a hajat a napsugárzástól, sós és klóros víztől egyaránt. Megvédi a hajat a napsugarak káros hatásától, megelőzve a hajszín elváltozását és a dehidratációt. Illata gyümölcsös, a fő jegy a sárgabarack.<B style=\"mso-bidi-font-weight: normal\"></B></FONT></P>
<P style=\"TEXT-ALIGN: justify; MARGIN: 0cm 0cm 10pt\"><U><FONT face=Calibri>Protector használata:</FONT></U></P>
<P style=\"TEXT-ALIGN: justify; MARGIN: 0cm 0cm 10pt\"><FONT face=Calibri>&nbsp;Használja napozás előtt és után is! Fújja rá a spray-t a száraz vagy nedves hajra és NE öblítse ki!</FONT></P>
<P style=\"TEXT-ALIGN: justify; MARGIN: 0cm 0cm 10pt\"><FONT face=Calibri>Szembe ne kerüljön!</FONT></P>
<P style=\"TEXT-ALIGN: justify; MARGIN: 0cm 0cm 10pt\"><STRONG>Professzionális célra készült prémium fodrászcikk, fodrászkellék!</STRONG></P>', `item_id`='0820-ksuncare-510287-dobozban-táskával', `default_pic`='1466', `active`='1', `category_id`='104', `root_category_id`='0', `seo_name`='kinactif-suncare-nyari-strandolo-hajapolo-csomag-strand-taskaval', `fullurl`='fodraszkellek/kinactif-suncare-nyari-strandolo-hajapolo-csomag-strand-taskaval', `other_categories`='104,131,136,137,170,180,182,189,220,222,284,349,359' WHERE id=3182

[2019-06-14 17:52:29] UPDATE webshop_products SET sort=1 WHERE id=3326

[2019-06-14 17:52:29] UPDATE webshop_products SET sort=2 WHERE id=4510

[2019-06-14 17:52:30] UPDATE users SET lastlogin = NOW() WHERE id = '11'

[2019-06-14 17:52:30] UPDATE webshop_gallery SET original_name='Nirvel Barber Tattoo Hydra protect tetoválás színfelfrissítő', date=1560527550 WHERE id=7917

[2019-06-14 17:52:30] UPDATE webshop_special_fields SET `value`='09.Nirvel fodrászcikk' WHERE `key`='manufacturer' AND `product_id`=4323

[2019-06-14 17:52:30] UPDATE webshop_special_fields SET `value`='ml' WHERE `key`='quantityunit' AND `product_id`=4323

[2019-06-14 17:52:30] UPDATE webshop_special_fields SET `value`='200' WHERE `key`='kiszereles' AND `product_id`=4323

[2019-06-14 17:52:30] UPDATE webshop_products SET `name_hun`='Nirvel Barber Tatto Hydra protect tetoválás színfelfrissítő',`content_short`='Tetoválás után színfelfrissítő, bőrfrissítő, hidratáló Tattoo krém. A tetoválások...',`content`='<P style=\"MARGIN: 0cm 0cm 10pt\"><FONT face=Calibri>Tetoválás után színfelfrissítő, bőrfrissítő, hidratáló Tattoo krém. A tetoválások utáni&nbsp;színfelfrissítő krém, a tetoválások színeit, annak fényerejét, hidratálással kiemeli,&nbsp;növeli. A krém használatától a bőr tökéletesen hidratálódik. Gyorsan felszívódik, nem hagy a ragadós érzést a bőrön.<BR></FONT><FONT face=Calibri>A tetoválás utáni kezelés, ápolás új eleme&nbsp;ez a&nbsp;testápoló, mellyel&nbsp;egy korszerű, és látványos&nbsp;utókezelés valósítható meg.</FONT></P>
<P style=\"MARGIN: 0cm 0cm 10pt\"><FONT face=Calibri><BR>200ml - A &nbsp;tetoválás színfelfrissítő krém használatának eredményei:<BR><BR>&nbsp;&nbsp;&nbsp;&nbsp; Élénk fényerő.<BR>&nbsp;&nbsp;&nbsp;&nbsp; Hidratált bőr.<BR>&nbsp;&nbsp;&nbsp;&nbsp; Gyorsan felszívódik.<BR>&nbsp;&nbsp;&nbsp;&nbsp; Nincs ragacsos érzés.<BR><BR>Alkalmazás, használat<BR>Naponta alkalmazzuk az egész testen, különösen a tetovált területeken. Ne alkalmazzuk sebes területeken.</FONT></P>', `item_id`='0150-nbarber-6731-200ml', `default_pic`='7917', `active`='1', `category_id`='104', `root_category_id`='0', `seo_name`='nirvel-barber-tatto-hydra-protect-tetovalas-szinfelfrissito', `fullurl`='fodraszkellek/nirvel-barber-tatto-hydra-protect-tetovalas-szinfelfrissito', `other_categories`='104,191,197,219,252,253,256,314,376,401' WHERE id=4323

[2019-06-14 17:52:30] INSERT INTO webshop_products (`id`, `name_hun`, `name_eng`, `item_id`, `price`, `reduced_price`, `status`, `currency`, `content_short`, `content`, `details`, `date`, `default_pic`, `active`, `main`, `sort`, `category_id`, `root_category_id`, `seo_name`, `fullurl`, `websyx_id`, `quantity`, `other_categories`) VALUES ('4511', 'Maxima Sun Lovin napozás úszás utáni hidratáló sampon és tusfürdő', 'Maxima Sun Lovin napozás úszás utáni hidratáló sampon és tusfürdő', '1418-msunlavin-7099-250ml', 0, 0, 1, 'Ft', 'Napozás, úszás utáni tápláló hidratáló sampon.&nbsp; A napnak, sós vagy klóros víznek kitett hajat finoman...', '<P style=\"TEXT-ALIGN: justify; MARGIN: 0cm 0cm 10pt\"><FONT face=Calibri>Napozás, úszás utáni tápláló hidratáló sampon.&nbsp; A napnak, sós vagy klóros víznek kitett hajat finoman tisztítja ez a hidratáló sampon. Új, innovatív formulájának köszönhetően alaposan táplálja és hidratálja a hajat, amely kiszáradt, ki volt téve folyamatos UV sugárzásnak, és megtisztítja a só és klór maradványoktól.</FONT></P>
<P style=\"TEXT-ALIGN: justify; MARGIN: 0cm 0cm 10pt\"><FONT face=Calibri>250 ml &ndash; Fő alkotó elemei a természetes Goji bogyó, ( magas C vtamin tartalmú, Kínai orvoslásban használt termény, farkasbogyó néven is ismert ) Aloe Vera kivonatok, napraforgó olaj, E vitamin UV szűrők, intenzíven, gyorsan és hatékonyan regenerálják, ápolják a hajat, és védik az erős UV sugárzástól. Illata gyümölcsös.</FONT></P>
<P style=\"TEXT-ALIGN: justify; MARGIN: 0cm 0cm 10pt\"><U><FONT face=Calibri><STRONG>Sampon használata:</STRONG></FONT></U></P>
<P style=\"TEXT-ALIGN: justify; MARGIN: 0cm 0cm 10pt\"><FONT face=Calibri>Vigye fel a hajra és fejbőrre, masszírozza bele, habosítsa fel, hagyja hatni pár percig, majd alaposan öblítse ki. Ismételje meg.</FONT></P>
<P style=\"TEXT-ALIGN: justify; MARGIN: 0cm 0cm 10pt\"><FONT face=Calibri>Professzionális célra készült prémium fodrászcikk, fodrászkellék!</FONT></P>', '', 1560527550, '0', '1', 0, 1, 104, '0', 'maxima-sun-lovin-napozas-uszas-utani-hidratalo-sampon-es-tusfurdo', 'fodraszkellek/maxima-sun-lovin-napozas-uszas-utani-hidratalo-sampon-es-tusfurdo', '1336', 1, '104,131,136,157,168,222,225,250,264,315,383')

[2019-06-14 17:52:30] INSERT INTO webshop_special_fields (`key`, `value`, `product_id`) VALUES ('manufacturer', '06.Vitalfarco Milano fodrászcikk', 4511)

[2019-06-14 17:52:30] INSERT INTO webshop_special_fields (`key`, `value`, `product_id`) VALUES ('quantityunit', 'ml', 4511)

[2019-06-14 17:52:30] INSERT INTO webshop_special_fields (`key`, `value`, `product_id`) VALUES ('kiszereles', '250', 4511)

[2019-06-14 17:52:30] INSERT INTO webshop_products (`id`, `name_hun`, `name_eng`, `item_id`, `price`, `reduced_price`, `status`, `currency`, `content_short`, `content`, `details`, `date`, `default_pic`, `active`, `main`, `sort`, `category_id`, `root_category_id`, `seo_name`, `fullurl`, `websyx_id`, `quantity`, `other_categories`) VALUES ('4512', 'Maxima Sun Lovin Mask napozás úszás utáni intenzív tápláló hidratáló hajpakolás', 'Maxima Sun Lovin Mask napozás úszás utáni intenzív tápláló hidratáló hajpakolás', '1418-msunlavin-70100-250ml', 0, 0, 1, 'Ft', 'Napozás, úszás utáni intenzív tápláló hidratáló hajpakolás. A napnak, sós vagy klóros víznek kitett hajat...', '<P style=\"TEXT-ALIGN: justify; MARGIN: 0cm 0cm 10pt\"><FONT face=Calibri>Napozás, úszás utáni intenzív tápláló hidratáló hajpakolás. A napnak, sós vagy klóros víznek kitett hajat azonnal és intenzíven ápolja. Új, innovatív formulájának köszönhetően alaposan táplálja és hidratálja a hajat, amely kiszáradt, ki volt téve a folyamatos UV sugárzásnak. </FONT></P>
<P style=\"TEXT-ALIGN: justify; MARGIN: 0cm 0cm 10pt\"><FONT face=Calibri>250 ml &ndash; Fő alkotó elemei a természetes Goji bogyó, ( magas C vtamin tartalmú, Kínai orvoslásban használt termény, farkasbogyó néven is ismert ) Aloe Vera kivonatok, napraforgó olaj, E vitamin UV szűrők, intenzíven, gyorsan és hatékonyan regenerálják, ápolják a hajat, és védik az erős UV sugárzástól. Illata gyümölcsös.</FONT></P>
<P style=\"TEXT-ALIGN: justify; MARGIN: 0cm 0cm 10pt\"><FONT face=Calibri><STRONG><U>Hajpakolás használata:</U></STRONG></FONT></P>
<P style=\"TEXT-ALIGN: justify; MARGIN: 0cm 0cm 10pt\"><FONT face=Calibri>&nbsp;Vigye fel a hajra és fejbőrre, masszírozza bele, habosítsa fel, hagyja hatni 4-5 percig, majd alaposan öblítse ki.</FONT></P>
<P style=\"TEXT-ALIGN: justify; MARGIN: 0cm 0cm 10pt\"><FONT face=Calibri>Professzionális célra készült prémium fodrászcikk, fodrászkellék!</FONT></P>', '', 1560527550, '0', '1', 0, 1, 104, '0', 'maxima-sun-lovin-mask-napozas-uszas-utani-intenziv-taplalo-hidratalo-hajpakolas', 'fodraszkellek/maxima-sun-lovin-mask-napozas-uszas-utani-intenziv-taplalo-hidratalo-hajpakolas', '1407', 1, '104,131,136,142,222,225,226,250,264,315')

[2019-06-14 17:52:30] INSERT INTO webshop_special_fields (`key`, `value`, `product_id`) VALUES ('manufacturer', '06.Vitalfarco Milano fodrászcikk', 4512)

[2019-06-14 17:52:30] INSERT INTO webshop_special_fields (`key`, `value`, `product_id`) VALUES ('quantityunit', 'ml', 4512)

[2019-06-14 17:52:30] INSERT INTO webshop_special_fields (`key`, `value`, `product_id`) VALUES ('kiszereles', '250', 4512)

[2019-06-14 17:52:30] INSERT INTO webshop_products (`id`, `name_hun`, `name_eng`, `item_id`, `price`, `reduced_price`, `status`, `currency`, `content_short`, `content`, `details`, `date`, `default_pic`, `active`, `main`, `sort`, `category_id`, `root_category_id`, `seo_name`, `fullurl`, `websyx_id`, `quantity`, `other_categories`) VALUES ('4513', 'Maxima Sun Lovin Bi-Phase Spray napozás úszás utáni azonnali hajregeneráló', 'Maxima Sun Lovin Bi-Phase Spray napozás úszás utáni azonnali hajregeneráló', '1420-msunlavin-70101-200ml', 0, 0, 1, 'Ft', 'Napozás úszás utáni ultragyors hajregeneráló, helyreállító kondicionáló.
Ez a helyreállító...', '<P style=\"TEXT-ALIGN: justify; MARGIN: 0cm 0cm 10pt\"><FONT face=Calibri>Napozás úszás utáni ultragyors hajregeneráló, helyreállító kondicionáló.</FONT></P>
<P style=\"TEXT-ALIGN: justify; MARGIN: 0cm 0cm 10pt\"><FONT face=Calibri>Ez a helyreállító kondícionáló szuper-gyorsan helyreállítja a napozásnak, sós és klóros víznek kitett hajat. A haj belső szerkezetét erősíti és regenerálja. A hajrostokat azonnal táplálja és hidratálja. </FONT></P>
<P style=\"TEXT-ALIGN: justify; MARGIN: 0cm 0cm 10pt\"><FONT face=Calibri>200 ml &ndash; Fő alkotó elemei a természetes Goji bogyó, ( magas C vtamin tartalmú, Kínai orvoslásban használt termény, farkasbogyó néven is ismert ) Aloe Vera kivonatok, napraforgó olaj, E vitamin UV szűrők, intenzíven, gyorsan és hatékonyan regenerálják, ápolják a hajat, és védik az erős UV sugárzástól. Illata gyümölcsös.</FONT></P>
<P style=\"TEXT-ALIGN: justify; MARGIN: 0cm 0cm 10pt\"><FONT face=Calibri><STRONG><U>A hajregeneráló használata:</U></STRONG> </FONT></P>
<P style=\"TEXT-ALIGN: justify; MARGIN: 0cm 0cm 10pt\"><FONT face=Calibri>Vigye fel törölköző-száraz, vagy száraz hajra, egyenletesen oszlassa el, miközben finoman belemasszírozza a hajba. Ne öblítse le.</FONT></P>
<P style=\"TEXT-ALIGN: justify; MARGIN: 0cm 0cm 10pt\"><FONT face=Calibri>Professzionális célra készült prémium fodrászcikk, fodrászkellék!</FONT></P>', '', 1560527550, '0', '1', 0, 1, 131, '0', 'maxima-sun-lovin-bi-phase-spray-napozas-uszas-utani-azonnali-hajregeneralo', 'hajapolas/maxima-sun-lovin-bi-phase-spray-napozas-uszas-utani-azonnali-hajregeneralo', '1409', 1, '131,133,136,138,222,225,250,264,315')

[2019-06-14 17:52:30] INSERT INTO webshop_special_fields (`key`, `value`, `product_id`) VALUES ('manufacturer', '06.Vitalfarco Milano fodrászcikk', 4513)

[2019-06-14 17:52:30] INSERT INTO webshop_special_fields (`key`, `value`, `product_id`) VALUES ('quantityunit', 'ml', 4513)

[2019-06-14 17:52:30] INSERT INTO webshop_special_fields (`key`, `value`, `product_id`) VALUES ('kiszereles', '200', 4513)

[2019-06-14 17:52:30] INSERT INTO webshop_products (`id`, `name_hun`, `name_eng`, `item_id`, `price`, `reduced_price`, `status`, `currency`, `content_short`, `content`, `details`, `date`, `default_pic`, `active`, `main`, `sort`, `category_id`, `root_category_id`, `seo_name`, `fullurl`, `websyx_id`, `quantity`, `other_categories`) VALUES ('4514', 'Maxima Sun Lovin nyári hajápoló nagy csomag strandtáskával sok ajándékkal', 'Maxima Sun Lovin nyári hajápoló nagy csomag strandtáskával sok ajándékkal', '1420-msunlavin-nagycsomag', 0, 0, 1, 'Ft', 'Nyári strandoló hajápoló csomag sok ajándékkal. Használata maximális védelmet nyújt a tűző nap, a tenger...', '<P style=\"MARGIN: 0cm 0cm 10pt\">Nyári strandoló hajápoló csomag sok ajándékkal. Használata maximális védelmet nyújt a tűző nap, a tenger és uszodavíz okozta káros hatások ellen! A napozáshoz, strandoláshoz,&nbsp;készült hajápoló termék összeállítás&nbsp;3 terméket és a következő ajándékokat tartalmazza.</P>
<P style=\"MARGIN: 0cm 0cm 10pt\"><U>Ajándékok:</U></P>
<P style=\"MARGIN: 0cm 0cm 10pt\">1db Maxima logóval ellátott, nagyméretű, vállra is akasztható strandoló táska. Mérete&nbsp; 54×35cm. </P>
<P style=\"MARGIN: 0cm 0cm 10pt\">1db Maxima Sun Lovin napozás úszás utáni hajápoló<B style=\"mso-bidi-font-weight: normal\"> </B>komplett utazó szett - termék összeállítás mind 3 termék 100ml változatából, mini táskában utazáshoz</P>
<P style=\"MARGIN: 0cm 0cm 10pt\">5db 10ml sampon és 10ml maszk összeállítás szoláriumozáshoz&hellip;..</P>
<P style=\"MARGIN: 0cm 0cm 10pt\">2db Maxima logós pamut törölköző</P>
<P style=\"MARGIN: 0cm 0cm 10pt\">1db Prémium - Hajkisimító és szuper hajbontó kefe Tanglim econ-pink </P>
<P style=\"MARGIN: 0cm 0cm 10pt\">Használata a&nbsp;tűző napnak, sós vagy klóros víznek kitett hajat védi, finoman tisztítja.&nbsp;Alaposan táplálja és hidratálja a hajat, amely kiszáradt, vagy ki volt téve folyamatos erős UV sugárzásnak. Megtisztítja a hajat a tengeri vagy&nbsp;egyéb &nbsp;só, és klór maradványoktól. Illata gyümölcsös, a fő illat jegye a sárgabarack.</P>
<P style=\"TEXT-ALIGN: justify; MARGIN: 0cm 0cm 10pt\"><STRONG>......</STRONG></P>
<P style=\"TEXT-ALIGN: justify; MARGIN: 0cm 0cm 10pt\"><B style=\"mso-bidi-font-weight: normal\">Maxima Sun Lovin</B> <B style=\"mso-bidi-font-weight: normal\">napozás úszás utáni hidratáló sampon és tusfürdő</B></P>
<P style=\"TEXT-ALIGN: justify; MARGIN: 0cm 0cm 10pt\"><B style=\"mso-bidi-font-weight: normal\">250 ml &ndash; Napozás, úszás utáni tápláló hidratáló sampon.&nbsp; </B>A napnak, sós vagy klóros víznek kitett hajat finoman tisztítja ez a hidratáló sampon. Új, innovatív formulájának köszönhetően alaposan táplálja és hidratálja a hajat, amely kiszáradt, ki volt téve folyamatos UV sugárzásnak, és megtisztítja a só és klór maradványoktól.</P>
<P style=\"TEXT-ALIGN: justify; MARGIN: 0cm 0cm 10pt\">Fő alkotó elemei a természetes Goji bogyó, ( magas C vtamin tartalmú, Kínai orvoslásban használt termény, farkasbogyó néven is ismert ) Aloe Vera kivonatok, napraforgó olaj, E vitamin UV szűrők, intenzíven, gyorsan és hatékonyan regenerálják, ápolják a hajat, és védik az erős UV sugárzástól. Illata gyümölcsös.</P>
<P style=\"TEXT-ALIGN: justify; MARGIN: 0cm 0cm 10pt\"><B style=\"mso-bidi-font-weight: normal\"><U>Sampon használata:</U></B></P>
<P style=\"TEXT-ALIGN: justify; MARGIN: 0cm 0cm 10pt\">Vigye fel a hajra és fejbőrre, masszírozza bele, habosítsa fel, hagyja hatni pár percig, majd alaposan öblítse ki. Ismételje meg.</P>
<P style=\"TEXT-ALIGN: justify; MARGIN: 0cm 0cm 10pt\"><STRONG>Professzionális célra készült prémium fodrászcikk, fodrászkellék!</STRONG></P>
<P style=\"TEXT-ALIGN: justify; MARGIN: 0cm 0cm 10pt\"><STRONG>&hellip;&hellip;&hellip;&hellip;&hellip;&hellip;&hellip;&hellip;&hellip;&hellip;..</STRONG></P>
<P style=\"TEXT-ALIGN: justify; MARGIN: 0cm 0cm 10pt\"><B style=\"mso-bidi-font-weight: normal\">Maxima Sun Lovin Bi-Phase Spray napozás úszás utáni azonnali hajregeneráló </B></P>
<P style=\"TEXT-ALIGN: justify; MARGIN: 0cm 0cm 10pt\"><B style=\"mso-bidi-font-weight: normal\">200 ml &ndash; Napozás úszás utáni ultragyors hajregeneráló, helyreállító kondicionáló.</B></P>
<P style=\"TEXT-ALIGN: justify; MARGIN: 0cm 0cm 10pt\">Ez a helyreállító kondícionáló szuper-gyorsan helyreállítja a napozásnak, sós és klóros víznek kitett hajat. A haj belső szerkezetét erősíti és regenerálja. A hajrostokat azonnal táplálja és hidratálja. </P>
<P style=\"TEXT-ALIGN: justify; MARGIN: 0cm 0cm 10pt\">Fő alkotó elemei a természetes Goji bogyó, ( magas C vtamin tartalmú, Kínai orvoslásban használt termény, farkasbogyó néven is ismert ) Aloe Vera kivonatok, napraforgó olaj, E vitamin UV szűrők, intenzíven, gyorsan és hatékonyan regenerálják, ápolják a hajat, és védik az erős UV sugárzástól. Illata gyümölcsös.</P>
<P style=\"TEXT-ALIGN: justify; MARGIN: 0cm 0cm 10pt\">&nbsp;</P>
<P style=\"TEXT-ALIGN: justify; MARGIN: 0cm 0cm 10pt\"><B style=\"mso-bidi-font-weight: normal\"><U>A hajregeneráló használata:</U></B><B style=\"mso-bidi-font-weight: normal\"> </B></P>
<P style=\"TEXT-ALIGN: justify; MARGIN: 0cm 0cm 10pt\">Vigye fel törölköző-száraz, vagy száraz hajra, egyenletesen oszlassa el, miközben finoman belemasszírozza a hajba. Ne öblítse le.</P>
<P style=\"TEXT-ALIGN: justify; MARGIN: 0cm 0cm 10pt\"><STRONG>Professzionális célra készült prémium fodrászcikk, fodrászkellék!</STRONG></P>
<P style=\"TEXT-ALIGN: justify; MARGIN: 0cm 0cm 10pt\">&hellip;&hellip;&hellip;&hellip;&hellip;&hellip;&hellip;&hellip;&hellip;&hellip;&hellip;&hellip;.</P>
<P style=\"TEXT-ALIGN: justify; MARGIN: 0cm 0cm 10pt\"><B style=\"mso-bidi-font-weight: normal\">Maxima Sun Lovin Mask napozás úszás utáni intenzív tápláló hidratáló hajpakolás</B></P>
<P style=\"TEXT-ALIGN: justify; MARGIN: 0cm 0cm 10pt\"><B style=\"mso-bidi-font-weight: normal\">200 ml &ndash; </B>Napozás, úszás utáni intenzív tápláló hidratáló hajpakolás.<B style=\"mso-bidi-font-weight: normal\"> </B>A napnak, sós vagy klóros víznek kitett hajat azonnal és intenzíven ápolja. Új, innovatív formulájának köszönhetően alaposan táplálja és hidratálja a hajat, amely kiszáradt, ki volt téve a folyamatos UV sugárzásnak. <B style=\"mso-bidi-font-weight: normal\"></B></P>
<P style=\"TEXT-ALIGN: justify; MARGIN: 0cm 0cm 10pt\">Fő alkotó elemei a természetes Goji bogyó, ( magas C vtamin tartalmú, Kínai orvoslásban használt termény, farkasbogyó néven is ismert ) Aloe Vera kivonatok, napraforgó olaj, E vitamin UV szűrők, intenzíven, gyorsan és hatékonyan regenerálják, ápolják a hajat, és védik az erős UV sugárzástól. Illata gyümölcsös.</P>
<P style=\"TEXT-ALIGN: justify; MARGIN: 0cm 0cm 10pt\"><B style=\"mso-bidi-font-weight: normal\"><U>Hajpakolás használata:</U></B><U></U></P>
<P style=\"TEXT-ALIGN: justify; MARGIN: 0cm 0cm 10pt\">&nbsp;Vigye fel a hajra és fejbőrre, masszírozza bele, habosítsa fel, hagyja hatni 4-5 percig, majd alaposan öblítse ki.</P>
<P style=\"TEXT-ALIGN: justify; MARGIN: 0cm 0cm 10pt\"><STRONG>Professzionális célra készült prémium fodrászcikk, fodrászkellék!</STRONG></P>', '', 1560527550, '0', '1', 0, 1, 104, '0', 'maxima-sun-lovin-nyari-hajapolo-nagy-csomag-strandtaskaval-sok-ajandekkal', 'fodraszkellek/maxima-sun-lovin-nyari-hajapolo-nagy-csomag-strandtaskaval-sok-ajandekkal', '1858', 1, '104,131,136,137,222,239,250,264,315,349,383')

[2019-06-14 17:52:30] INSERT INTO webshop_special_fields (`key`, `value`, `product_id`) VALUES ('manufacturer', '06.Vitalfarco Milano fodrászcikk', 4514)

[2019-06-14 17:52:30] INSERT INTO webshop_special_fields (`key`, `value`, `product_id`) VALUES ('quantityunit', 'db', 4514)

[2019-06-14 17:52:30] INSERT INTO webshop_special_fields (`key`, `value`, `product_id`) VALUES ('kiszereles', '1', 4514)

[2019-06-14 17:52:30] INSERT INTO webshop_products (`id`, `name_hun`, `name_eng`, `item_id`, `price`, `reduced_price`, `status`, `currency`, `content_short`, `content`, `details`, `date`, `default_pic`, `active`, `main`, `sort`, `category_id`, `root_category_id`, `seo_name`, `fullurl`, `websyx_id`, `quantity`, `other_categories`) VALUES ('4515', 'Maxima Sun Lovin nyári hajápoló utazó csomag', 'Maxima Sun Lovin nyári hajápoló utazó csomag', '1420-msunlavin-aptks-utazócsomag', 0, 0, 1, 'Ft', 'Maxima Sun Lovin napozás úszás utáni hajápoló komplett utazó szett - termék összeállítás 3 termék 100ml...', '<P style=\"MARGIN: 0cm 0cm 10pt\">Maxima Sun Lovin napozás úszás utáni hajápoló<B style=\"mso-bidi-font-weight: normal\"> </B>komplett utazó szett - termék összeállítás 3 termék 100ml változatából, mini táskában.</P>
<P style=\"MARGIN: 0cm 0cm 10pt\">Használata a&nbsp;tűző napnak, sós vagy klóros víznek kitett hajat védi, finoman tisztítja.&nbsp;Alaposan táplálja és hidratálja a hajat, amely kiszáradt, vagy ki volt téve folyamatos erős UV sugárzásnak. Megtisztítja a hajat a tengeri vagy&nbsp;egyéb &nbsp;só, és klór maradványoktól. Illata gyümölcsös, a fő illat jegye a sárgabarack.</P>
<P style=\"TEXT-ALIGN: justify; MARGIN: 0cm 0cm 10pt\"><STRONG>......</STRONG></P>
<P style=\"TEXT-ALIGN: justify; MARGIN: 0cm 0cm 10pt\"><B style=\"mso-bidi-font-weight: normal\">Maxima Sun Lovin</B> <B style=\"mso-bidi-font-weight: normal\">napozás úszás utáni hidratáló sampon és tusfürdő</B></P>
<P style=\"TEXT-ALIGN: justify; MARGIN: 0cm 0cm 10pt\"><B style=\"mso-bidi-font-weight: normal\">100 ml &ndash; Napozás, úszás utáni tápláló hidratáló sampon.&nbsp; </B>A napnak, sós vagy klóros víznek kitett hajat finoman tisztítja ez a hidratáló sampon. Új, innovatív formulájának köszönhetően alaposan táplálja és hidratálja a hajat, amely kiszáradt, ki volt téve folyamatos UV sugárzásnak, és megtisztítja a só és klór maradványoktól.</P>
<P style=\"TEXT-ALIGN: justify; MARGIN: 0cm 0cm 10pt\">Fő alkotó elemei a természetes Goji bogyó, ( magas C vtamin tartalmú, Kínai orvoslásban használt termény, farkasbogyó néven is ismert ) Aloe Vera kivonatok, napraforgó olaj, E vitamin UV szűrők, intenzíven, gyorsan és hatékonyan regenerálják, ápolják a hajat, és védik az erős UV sugárzástól. Illata gyümölcsös.</P>
<P style=\"TEXT-ALIGN: justify; MARGIN: 0cm 0cm 10pt\"><B style=\"mso-bidi-font-weight: normal\"><U>Sampon használata:</U></B></P>
<P style=\"TEXT-ALIGN: justify; MARGIN: 0cm 0cm 10pt\">Vigye fel a hajra és fejbőrre, masszírozza bele, habosítsa fel, hagyja hatni pár percig, majd alaposan öblítse ki. Ismételje meg.</P>
<P style=\"TEXT-ALIGN: justify; MARGIN: 0cm 0cm 10pt\"><STRONG>Professzionális célra készült prémium fodrászcikk, fodrászkellék!</STRONG></P>
<P style=\"TEXT-ALIGN: justify; MARGIN: 0cm 0cm 10pt\"><STRONG>&hellip;&hellip;&hellip;&hellip;&hellip;&hellip;&hellip;&hellip;&hellip;&hellip;..</STRONG></P>
<P style=\"TEXT-ALIGN: justify; MARGIN: 0cm 0cm 10pt\"><B style=\"mso-bidi-font-weight: normal\">Maxima Sun Lovin Bi-Phase Spray napozás úszás utáni azonnali hajregeneráló </B></P>
<P style=\"TEXT-ALIGN: justify; MARGIN: 0cm 0cm 10pt\"><B style=\"mso-bidi-font-weight: normal\">100 ml &ndash; Napozás úszás utáni ultragyors hajregeneráló, helyreállító kondicionáló.</B></P>
<P style=\"TEXT-ALIGN: justify; MARGIN: 0cm 0cm 10pt\">Ez a helyreállító kondícionáló szuper-gyorsan helyreállítja a napozásnak, sós és klóros víznek kitett hajat. A haj belső szerkezetét erősíti és regenerálja. A hajrostokat azonnal táplálja és hidratálja. </P>
<P style=\"TEXT-ALIGN: justify; MARGIN: 0cm 0cm 10pt\">Fő alkotó elemei a természetes Goji bogyó, ( magas C vtamin tartalmú, Kínai orvoslásban használt termény, farkasbogyó néven is ismert ) Aloe Vera kivonatok, napraforgó olaj, E vitamin UV szűrők, intenzíven, gyorsan és hatékonyan regenerálják, ápolják a hajat, és védik az erős UV sugárzástól. Illata gyümölcsös.</P>
<P style=\"TEXT-ALIGN: justify; MARGIN: 0cm 0cm 10pt\">&nbsp;</P>
<P style=\"TEXT-ALIGN: justify; MARGIN: 0cm 0cm 10pt\"><B style=\"mso-bidi-font-weight: normal\"><U>A hajregeneráló használata:</U></B><B style=\"mso-bidi-font-weight: normal\"> </B></P>
<P style=\"TEXT-ALIGN: justify; MARGIN: 0cm 0cm 10pt\">Vigye fel törölköző-száraz, vagy száraz hajra, egyenletesen oszlassa el, miközben finoman belemasszírozza a hajba. Ne öblítse le.</P>
<P style=\"TEXT-ALIGN: justify; MARGIN: 0cm 0cm 10pt\"><STRONG>Professzionális célra készült prémium fodrászcikk, fodrászkellék!</STRONG></P>
<P style=\"TEXT-ALIGN: justify; MARGIN: 0cm 0cm 10pt\">&hellip;&hellip;&hellip;&hellip;&hellip;&hellip;&hellip;&hellip;&hellip;&hellip;&hellip;&hellip;.</P>
<P style=\"TEXT-ALIGN: justify; MARGIN: 0cm 0cm 10pt\"><B style=\"mso-bidi-font-weight: normal\">Maxima Sun Lovin Mask napozás úszás utáni intenzív tápláló hidratáló hajpakolás</B></P>
<P style=\"TEXT-ALIGN: justify; MARGIN: 0cm 0cm 10pt\"><B style=\"mso-bidi-font-weight: normal\">100 ml &ndash; </B>Napozás, úszás utáni intenzív tápláló hidratáló hajpakolás.<B style=\"mso-bidi-font-weight: normal\"> </B>A napnak, sós vagy klóros víznek kitett hajat azonnal és intenzíven ápolja. Új, innovatív formulájának köszönhetően alaposan táplálja és hidratálja a hajat, amely kiszáradt, ki volt téve a folyamatos UV sugárzásnak. <B style=\"mso-bidi-font-weight: normal\"></B></P>
<P style=\"TEXT-ALIGN: justify; MARGIN: 0cm 0cm 10pt\">Fő alkotó elemei a természetes Goji bogyó, ( magas C vtamin tartalmú, Kínai orvoslásban használt termény, farkasbogyó néven is ismert ) Aloe Vera kivonatok, napraforgó olaj, E vitamin UV szűrők, intenzíven, gyorsan és hatékonyan regenerálják, ápolják a hajat, és védik az erős UV sugárzástól. Illata gyümölcsös.</P>
<P style=\"TEXT-ALIGN: justify; MARGIN: 0cm 0cm 10pt\"><B style=\"mso-bidi-font-weight: normal\"><U>Hajpakolás használata:</U></B><U></U></P>
<P style=\"TEXT-ALIGN: justify; MARGIN: 0cm 0cm 10pt\">&nbsp;Vigye fel a hajra és fejbőrre, masszírozza bele, habosítsa fel, hagyja hatni 4-5 percig, majd alaposan öblítse ki.</P>
<P style=\"TEXT-ALIGN: justify; MARGIN: 0cm 0cm 10pt\"><STRONG>Professzionális célra készült prémium fodrászcikk, fodrászkellék!</STRONG></P>', '', 1560527550, '0', '1', 0, 1, 104, '0', 'maxima-sun-lovin-nyari-hajapolo-utazo-csomag', 'fodraszkellek/maxima-sun-lovin-nyari-hajapolo-utazo-csomag', '1883', 1, '104,131,136,137,222,250,264,270,315,349,383')

[2019-06-14 17:52:30] INSERT INTO webshop_special_fields (`key`, `value`, `product_id`) VALUES ('manufacturer', '06.Vitalfarco Milano fodrászcikk', 4515)

[2019-06-14 17:52:30] INSERT INTO webshop_special_fields (`key`, `value`, `product_id`) VALUES ('quantityunit', 'db', 4515)

[2019-06-14 17:52:30] INSERT INTO webshop_special_fields (`key`, `value`, `product_id`) VALUES ('kiszereles', '1', 4515)

[2019-06-14 17:52:30] UPDATE webshop_gallery SET original_name='Szemöldök csipesz egyenes (Schwertloewen Solingen 1620)', date=1560527550 WHERE id=1039

[2019-06-14 17:52:30] UPDATE webshop_special_fields SET `value`='42.Solingen Olló' WHERE `key`='manufacturer' AND `product_id`=3035

[2019-06-14 17:52:30] UPDATE webshop_special_fields SET `value`='db' WHERE `key`='quantityunit' AND `product_id`=3035

[2019-06-14 17:52:30] UPDATE webshop_special_fields SET `value`='1' WHERE `key`='kiszereles' AND `product_id`=3035

[2019-06-14 17:52:31] UPDATE webshop_products SET `name_hun`='Szemöldök csipesz egyenes (Schwertloewen Solingen 1620)',`content_short`='Szemöldök csipesz 8 cm,egyenes aranyozott...',`content`='Szemöldök csipesz 8 cm,egyenes aranyozott véggel.', `item_id`='0758-hwssc-1620', `default_pic`='1039', `active`='1', `category_id`='104', `root_category_id`='0', `seo_name`='szemoldok-csipesz-egyenes-schwertloewen-solingen-1620', `fullurl`='fodraszkellek/szemoldok-csipesz-egyenes-schwertloewen-solingen-1620', `other_categories`='104,207,222,242,375' WHERE id=3035

[2019-06-14 17:52:31] UPDATE webshop_gallery SET original_name='Szemöldök csipesz ferde ( Schwertloewen Solingen 1621 )', date=1560527551 WHERE id=81

[2019-06-14 17:52:31] UPDATE webshop_special_fields SET `value`='42.Solingen Olló' WHERE `key`='manufacturer' AND `product_id`=2076

[2019-06-14 17:52:31] UPDATE webshop_special_fields SET `value`='db' WHERE `key`='quantityunit' AND `product_id`=2076

[2019-06-14 17:52:31] UPDATE webshop_special_fields SET `value`='1' WHERE `key`='kiszereles' AND `product_id`=2076

[2019-06-14 17:52:31] UPDATE webshop_products SET `name_hun`='Szemöldök csipesz ferde ( Schwertloewen Solingen 1621 )',`content_short`='Szemöldök csipesz 8 cm, ferde&nbsp;aranyozott...',`content`='<P>Szemöldök csipesz 8 cm, ferde&nbsp;aranyozott véggel.</P>', `item_id`='0758-hwssc-1621', `default_pic`='81', `active`='1', `category_id`='104', `root_category_id`='0', `seo_name`='szemoldok-csipesz-ferde-schwertloewen-solingen-1621', `fullurl`='fodraszkellek/szemoldok-csipesz-ferde-schwertloewen-solingen-1621', `other_categories`='104,207,222,242,375' WHERE id=2076

[2019-06-14 17:52:31] UPDATE webshop_gallery SET original_name='Szemöldök csipesz karmos ( Schwertloewen Solingen 1628 )', date=1560527551 WHERE id=82

[2019-06-14 17:52:31] UPDATE webshop_special_fields SET `value`='42.Solingen Olló' WHERE `key`='manufacturer' AND `product_id`=2077

[2019-06-14 17:52:31] UPDATE webshop_special_fields SET `value`='db' WHERE `key`='quantityunit' AND `product_id`=2077

[2019-06-14 17:52:31] UPDATE webshop_special_fields SET `value`='1' WHERE `key`='kiszereles' AND `product_id`=2077

[2019-06-14 17:52:31] UPDATE webshop_products SET `name_hun`='Szemöldök csipesz karmos ( Schwertloewen Solingen 1628 )',`content_short`='Szemöldök csipesz 8 cm, karmos aranyozott...',`content`='Szemöldök csipesz 8 cm, karmos aranyozott véggel.', `item_id`='0758-hwssc-1628', `default_pic`='82', `active`='1', `category_id`='104', `root_category_id`='0', `seo_name`='szemoldok-csipesz-karmos-schwertloewen-solingen-1628', `fullurl`='fodraszkellek/szemoldok-csipesz-karmos-schwertloewen-solingen-1628', `other_categories`='104,207,222,242,375' WHERE id=2077

[2019-06-14 17:52:31] INSERT INTO webshop_products (`id`, `name_hun`, `name_eng`, `item_id`, `price`, `reduced_price`, `status`, `currency`, `content_short`, `content`, `details`, `date`, `default_pic`, `active`, `main`, `sort`, `category_id`, `root_category_id`, `seo_name`, `fullurl`, `websyx_id`, `quantity`, `other_categories`) VALUES ('4516', '.MINI hajszárító LIM-HAIR-Black Carbon', '.MINI hajszárító LIM-HAIR-Black Carbon', '2829-lim-wm2.0-blackcarbon', 0, 0, 1, 'Ft', 'Mini hajszárító hajkímélő hajszárításhoz. Diffúzoros, és a&nbsp;szűkítő fúvócső is...', '<P style=\"TEXT-ALIGN: justify; MARGIN: 0cm 0cm 10pt; LINE-HEIGHT: normal; mso-margin-top-alt: auto; mso-margin-bottom-alt: auto\">Mini hajszárító hajkímélő hajszárításhoz. Diffúzoros, és a&nbsp;szűkítő fúvócső is tartozék.&nbsp;13cm hosszú,&nbsp;pehely súlyú, de&nbsp;óriási lég teljesítményt szállít, a&nbsp;LIM design mintás &nbsp;travel hajszárító gépe. Ennek köszönhetően alacsony hőfokon is&nbsp;rendkívül gyorsan képes megszárítani az egész család&nbsp;haját egy kiránduláson, anélkül, hogy károsítaná a hajat. &nbsp;Egy női kézi táskában is könnyen elfér, használata, utazáshoz, &hellip;.. ajánlott. &nbsp;A LIM hajszárítókat Spanyolország Barcelonai gyárában készítik.</P>
<P style=\"TEXT-ALIGN: justify; MARGIN: 0cm 0cm 10pt; LINE-HEIGHT: normal; mso-margin-top-alt: auto; mso-margin-bottom-alt: auto\">A diffúzor használata ideális a göndör haj készítéséhez, szárításához.</P>
<P style=\"MARGIN: 0cm 0cm 10pt; LINE-HEIGHT: normal; mso-margin-top-alt: auto; mso-margin-bottom-alt: auto\"><B>LIM-HAIR-TR1 travel mini hajszárító gép műszaki adatok, tartozékok.</B></P>
<UL type=disc>
<LI style=\"MARGIN: 0cm 0cm 10pt; LINE-HEIGHT: normal; mso-margin-top-alt: auto; mso-margin-bottom-alt: auto; mso-list: l0 level1 lfo1; tab-stops: list 36.0pt\">A mini hajszárító modern, extravagáns &nbsp;színes borítással rendelkezik. 
<LI style=\"MARGIN: 0cm 0cm 10pt; LINE-HEIGHT: normal; mso-margin-top-alt: auto; mso-margin-bottom-alt: auto; mso-list: l0 level1 lfo1; tab-stops: list 36.0pt\">Mini&nbsp;kiképzésű, a hajszárító gép test hossza kb.130mm. 
<LI style=\"MARGIN: 0cm 0cm 10pt; LINE-HEIGHT: normal; mso-margin-top-alt: auto; mso-margin-bottom-alt: auto; mso-list: l0 level1 lfo1; tab-stops: list 36.0pt\">Hajszárításkor 2 meleg hő fokozatot kapcsolhatunk, és minden fokozatnál használhatjuk a hűtő gombot, amellyel a hideg levegőt állíthatunk elő, ha szükséges. 
<LI style=\"MARGIN: 0cm 0cm 10pt; LINE-HEIGHT: normal; mso-margin-top-alt: auto; mso-margin-bottom-alt: auto; mso-list: l0 level1 lfo1; tab-stops: list 36.0pt\">A hajszárítónál a levehető szűkítő, és diffúzor tartozékok. 
<LI style=\"MARGIN: 0cm 0cm 10pt; LINE-HEIGHT: normal; mso-margin-top-alt: auto; mso-margin-bottom-alt: auto; mso-list: l0 level1 lfo1; tab-stops: list 36.0pt\">A hajszárításhoz szükséges&nbsp; villamos&nbsp; teljesítmény, 220-240V&nbsp; 50/60Hz&nbsp;&nbsp; 1000Watt. 
<LI style=\"MARGIN: 0cm 0cm 10pt; LINE-HEIGHT: normal; mso-margin-top-alt: auto; mso-margin-bottom-alt: auto; mso-list: l0 level1 lfo1; tab-stops: list 36.0pt\">A hajszárítóval kb. 3 m &ndash;re távolodhatunk el a konnektortól. 
<LI style=\"MARGIN: 0cm 0cm 10pt; LINE-HEIGHT: normal; mso-margin-top-alt: auto; mso-margin-bottom-alt: auto; mso-list: l0 level1 lfo1; tab-stops: list 36.0pt\">A <B>LIM-HAIR-TR1 travel mini </B>hajszárítók felakasztható füllel is rendelkeznek. 
<LI style=\"MARGIN: 0cm 0cm 10pt; LINE-HEIGHT: normal; mso-margin-top-alt: auto; mso-margin-bottom-alt: auto; mso-list: l0 level1 lfo1; tab-stops: list 36.0pt\">A hajszárító gép test súlya kb. 185gr, kábellel együtt 330gr.&nbsp; 
<LI style=\"MARGIN: 0cm 0cm 10pt; LINE-HEIGHT: normal; mso-margin-top-alt: auto; mso-margin-bottom-alt: auto; mso-list: l0 level1 lfo1; tab-stops: list 36.0pt\"><B>LIM-HAIR-TR1 travel mini </B>hajszárító származási hely, EU.&nbsp;</LI></UL>', '', 1560527551, '0', '1', 0, 1, 92, '0', 'mini-hajszarito-lim-hair-black-carbon', 'hajformazo-gepek/mini-hajszarito-lim-hair-black-carbon', '1925', 1, '92,96,104,222,378')

[2019-06-14 17:52:31] INSERT INTO webshop_special_fields (`key`, `value`, `product_id`) VALUES ('manufacturer', '35.LIM HAIR elektromos hajformázók', 4516)

[2019-06-14 17:52:31] INSERT INTO webshop_special_fields (`key`, `value`, `product_id`) VALUES ('quantityunit', 'db', 4516)

[2019-06-14 17:52:31] INSERT INTO webshop_special_fields (`key`, `value`, `product_id`) VALUES ('kiszereles', '1', 4516)

[2019-06-14 17:52:31] UPDATE webshop_products SET sort=1 WHERE id=3326

[2019-06-14 17:52:31] UPDATE webshop_products SET sort=2 WHERE id=4511

[2019-06-14 17:52:31] UPDATE webshop_products SET sort=3 WHERE id=4512

[2019-06-14 17:52:31] UPDATE webshop_products SET sort=4 WHERE id=4513

[2019-06-14 17:52:31] UPDATE webshop_products SET sort=5 WHERE id=4514

[2019-06-14 17:52:31] UPDATE webshop_products SET sort=6 WHERE id=4515

[2019-06-14 17:52:31] UPDATE webshop_products SET sort=7 WHERE id=4516

[2019-06-14 17:52:50] UPDATE users SET lastlogin = NOW() WHERE id = '11'

[2019-06-14 17:52:53] UPDATE users SET lastlogin = NOW() WHERE id = '11'

[2019-06-14 17:52:53] UPDATE webshop_products SET `price1_name`='Beszerzési ár', `price1_currency`='HUF', `price1_value`='1078' WHERE id=4511

[2019-06-14 17:52:53] UPDATE webshop_products SET `price2_name`='Kereskedő -27,6%', `price2_currency`='HUF', `price2_value`='2092' WHERE id=4511

[2019-06-14 17:52:53] UPDATE webshop_products SET `price3_name`='Kereskedő -33,6%', `price3_currency`='HUF', `price3_value`='1919' WHERE id=4511

[2019-06-14 17:52:53] UPDATE webshop_products SET `price4_name`='Szakmai 1 ár -7%', `price4_currency`='HUF', `price4_value`='2687' WHERE id=4511

[2019-06-14 17:52:53] UPDATE webshop_products SET `price5_name`='Szakmai 2 ár -14%', `price5_currency`='HUF', `price5_value`='2485' WHERE id=4511

[2019-06-14 17:52:53] UPDATE webshop_products SET `price6_name`='Vásárló', `price6_currency`='HUF', `price6_value`='2889' WHERE id=4511

[2019-06-14 17:52:53] UPDATE webshop_products SET `price7_name`='W Lista ár', `price7_currency`='HUF', `price7_value`='2889' WHERE id=4511

[2019-06-14 17:52:53] UPDATE webshop_products SET `price`='2889', `reduced_price`=0 WHERE id=4511

[2019-06-14 17:52:53] UPDATE webshop_products SET `price1_name`='Beszerzési ár', `price1_currency`='HUF', `price1_value`='1078' WHERE id=4512

[2019-06-14 17:52:53] UPDATE webshop_products SET `price2_name`='Kereskedő -27,6%', `price2_currency`='HUF', `price2_value`='2092' WHERE id=4512

[2019-06-14 17:52:53] UPDATE webshop_products SET `price3_name`='Kereskedő -33,6%', `price3_currency`='HUF', `price3_value`='1919' WHERE id=4512

[2019-06-14 17:52:53] UPDATE webshop_products SET `price4_name`='Szakmai 1 ár -7%', `price4_currency`='HUF', `price4_value`='2687' WHERE id=4512

[2019-06-14 17:52:53] UPDATE webshop_products SET `price5_name`='Szakmai 2 ár -14%', `price5_currency`='HUF', `price5_value`='2485' WHERE id=4512

[2019-06-14 17:52:53] UPDATE webshop_products SET `price6_name`='Vásárló', `price6_currency`='HUF', `price6_value`='2889' WHERE id=4512

[2019-06-14 17:52:53] UPDATE webshop_products SET `price7_name`='W Lista ár', `price7_currency`='HUF', `price7_value`='2889' WHERE id=4512

[2019-06-14 17:52:53] UPDATE webshop_products SET `price`='2889', `reduced_price`=0 WHERE id=4512

[2019-06-14 17:52:53] UPDATE webshop_products SET `price1_name`='Beszerzési ár', `price1_currency`='HUF', `price1_value`='1182' WHERE id=4513

[2019-06-14 17:52:53] UPDATE webshop_products SET `price2_name`='Kereskedő -27,6%', `price2_currency`='HUF', `price2_value`='2294' WHERE id=4513

[2019-06-14 17:52:53] UPDATE webshop_products SET `price3_name`='Kereskedő -33,6%', `price3_currency`='HUF', `price3_value`='2104' WHERE id=4513

[2019-06-14 17:52:53] UPDATE webshop_products SET `price4_name`='Szakmai 1 ár -7%', `price4_currency`='HUF', `price4_value`='2946' WHERE id=4513

[2019-06-14 17:52:53] UPDATE webshop_products SET `price5_name`='Szakmai 2 ár -14%', `price5_currency`='HUF', `price5_value`='2725' WHERE id=4513

[2019-06-14 17:52:53] UPDATE webshop_products SET `price6_name`='Vásárló', `price6_currency`='HUF', `price6_value`='3168' WHERE id=4513

[2019-06-14 17:52:53] UPDATE webshop_products SET `price7_name`='W Lista ár', `price7_currency`='HUF', `price7_value`='3168' WHERE id=4513

[2019-06-14 17:52:53] UPDATE webshop_products SET `price`='3168', `reduced_price`=0 WHERE id=4513

[2019-06-14 17:52:53] UPDATE webshop_products SET `price1_name`='Beszerzési ár', `price1_currency`='HUF', `price1_value`='10732' WHERE id=4514

[2019-06-14 17:52:53] UPDATE webshop_products SET `price2_name`='Kereskedő -27,6%', `price2_currency`='HUF', `price2_value`='17715' WHERE id=4514

[2019-06-14 17:52:53] UPDATE webshop_products SET `price3_name`='Kereskedő -33,6%', `price3_currency`='HUF', `price3_value`='16247' WHERE id=4514

[2019-06-14 17:52:53] UPDATE webshop_products SET `price4_name`='Szakmai 1 ár -7%', `price4_currency`='HUF', `price4_value`='22755' WHERE id=4514

[2019-06-14 17:52:53] UPDATE webshop_products SET `price5_name`='Szakmai 2 ár -14%', `price5_currency`='HUF', `price5_value`='21043' WHERE id=4514

[2019-06-14 17:52:53] UPDATE webshop_products SET `price6_name`='Vásárló', `price6_currency`='HUF', `price6_value`='24468' WHERE id=4514

[2019-06-14 17:52:53] UPDATE webshop_products SET `price7_name`='W Lista ár', `price7_currency`='HUF', `price7_value`='24468' WHERE id=4514

[2019-06-14 17:52:53] UPDATE webshop_products SET `price`='24468', `reduced_price`=0 WHERE id=4514

[2019-06-14 17:52:53] UPDATE webshop_products SET `price1_name`='Beszerzési ár', `price1_currency`='HUF', `price1_value`='3258' WHERE id=4515

[2019-06-14 17:52:53] UPDATE webshop_products SET `price2_name`='Kereskedő -27,6%', `price2_currency`='HUF', `price2_value`='5848' WHERE id=4515

[2019-06-14 17:52:53] UPDATE webshop_products SET `price3_name`='Kereskedő -33,6%', `price3_currency`='HUF', `price3_value`='5364' WHERE id=4515

[2019-06-14 17:52:53] UPDATE webshop_products SET `price4_name`='Szakmai 1 ár -7%', `price4_currency`='HUF', `price4_value`='7513' WHERE id=4515

[2019-06-14 17:52:53] UPDATE webshop_products SET `price5_name`='Szakmai 2 ár -14%', `price5_currency`='HUF', `price5_value`='6947' WHERE id=4515

[2019-06-14 17:52:53] UPDATE webshop_products SET `price6_name`='Vásárló', `price6_currency`='HUF', `price6_value`='8078' WHERE id=4515

[2019-06-14 17:52:53] UPDATE webshop_products SET `price7_name`='W Lista ár', `price7_currency`='HUF', `price7_value`='8078' WHERE id=4515

[2019-06-14 17:52:53] UPDATE webshop_products SET `price`='8078', `reduced_price`=0 WHERE id=4515

[2019-06-14 17:52:53] UPDATE webshop_products SET `price1_name`='Beszerzési ár', `price1_currency`='HUF', `price1_value`='4903' WHERE id=4516

[2019-06-14 17:52:53] UPDATE webshop_products SET `price2_name`='Kereskedő -27,6%', `price2_currency`='HUF', `price2_value`='8448' WHERE id=4516

[2019-06-14 17:52:53] UPDATE webshop_products SET `price3_name`='Kereskedő -33,6%', `price3_currency`='HUF', `price3_value`='7748' WHERE id=4516

[2019-06-14 17:52:53] UPDATE webshop_products SET `price4_name`='Szakmai 1 ár -7%', `price4_currency`='HUF', `price4_value`='10851' WHERE id=4516

[2019-06-14 17:52:53] UPDATE webshop_products SET `price5_name`='Szakmai 2 ár -14%', `price5_currency`='HUF', `price5_value`='10035' WHERE id=4516

[2019-06-14 17:52:53] UPDATE webshop_products SET `price6_name`='Vásárló', `price6_currency`='HUF', `price6_value`='11668' WHERE id=4516

[2019-06-14 17:52:53] UPDATE webshop_products SET `price7_name`='W Lista ár', `price7_currency`='HUF', `price7_value`='11668' WHERE id=4516

[2019-06-14 17:52:53] UPDATE webshop_products SET `price`='11668', `reduced_price`=0 WHERE id=4516

[2019-06-14 17:52:53] UPDATE webshop_products SET `price1_name`='Beszerzési ár', `price1_currency`='HUF', `price1_value`='1082' WHERE id=2350

[2019-06-14 17:52:53] UPDATE webshop_products SET `price2_name`='Kereskedő -27,6%', `price2_currency`='HUF', `price2_value`='1787' WHERE id=2350

[2019-06-14 17:52:53] UPDATE webshop_products SET `price3_name`='Kereskedő -33,6%', `price3_currency`='HUF', `price3_value`='1638' WHERE id=2350

[2019-06-14 17:52:53] UPDATE webshop_products SET `price4_name`='Szakmai 1 ár -7%', `price4_currency`='HUF', `price4_value`='2295' WHERE id=2350

[2019-06-14 17:52:53] UPDATE webshop_products SET `price5_name`='Szakmai 2 ár -14%', `price5_currency`='HUF', `price5_value`='2122' WHERE id=2350

[2019-06-14 17:52:53] UPDATE webshop_products SET `price6_name`='Vásárló', `price6_currency`='HUF', `price6_value`='2468' WHERE id=2350

[2019-06-14 17:52:53] UPDATE webshop_products SET `price7_name`='W Lista ár', `price7_currency`='HUF', `price7_value`='2468' WHERE id=2350

[2019-06-14 17:52:53] UPDATE webshop_products SET `price`='2468', `reduced_price`=0 WHERE id=2350

[2019-06-14 17:53:12] UPDATE users SET lastlogin = NOW() WHERE id = '11'

[2019-06-14 17:53:14] UPDATE users SET lastlogin = NOW() WHERE id = '11'

[2019-06-14 17:53:15] DELETE FROM webshop_gallery WHERE id=12636

[2019-06-14 17:53:18] DELETE FROM webshop_gallery WHERE id=12637

[2019-06-14 17:53:19] DELETE FROM webshop_gallery WHERE id=12635

[2019-06-14 17:53:26] INSERT INTO webshop_gallery (`id`, `product_id`, `original_name`, `new_name`, `date`) VALUES (12635, 4512, 'Maxima Sun Lovin Mask napozás úszás utáni intenzív tápláló hidratáló hajpakolás', '12635.jpg', 1560527606)

[2019-06-14 17:53:28] UPDATE users SET lastlogin = NOW() WHERE id = '11'

[2019-06-14 17:53:40] INSERT INTO webshop_gallery (`id`, `product_id`, `original_name`, `new_name`, `date`) VALUES (12636, 4516, '.MINI hajszárító LIM-HAIR-Black Carbon', '12636.jpg', 1560527620)

[2019-06-14 17:53:42] UPDATE users SET lastlogin = NOW() WHERE id = '11'

[2019-06-14 17:53:53] DELETE FROM webshop_gallery WHERE id='11355'

[2019-06-14 17:53:53] INSERT INTO webshop_gallery (`id`, `product_id`, `original_name`, `new_name`, `date`) VALUES (12637, 2350, 'Hajcsipesz krokodil csat Carbon Hairway 42030', '12637.jpg', 1560527633)

[2019-06-14 17:53:55] UPDATE users SET lastlogin = NOW() WHERE id = '11'

[2019-06-14 17:54:07] INSERT INTO webshop_gallery (`id`, `product_id`, `original_name`, `new_name`, `date`) VALUES (12638, 4513, 'Maxima Sun Lovin Bi-Phase Spray napozás úszás utáni azonnali hajregeneráló', '12638.jpg', 1560527647)

[2019-06-14 17:54:09] UPDATE users SET lastlogin = NOW() WHERE id = '11'

[2019-06-14 17:54:21] INSERT INTO webshop_gallery (`id`, `product_id`, `original_name`, `new_name`, `date`) VALUES (12639, 4515, 'Maxima Sun Lovin nyári hajápoló utazó csomag', '12639.jpg', 1560527661)

[2019-06-14 17:54:23] UPDATE users SET lastlogin = NOW() WHERE id = '11'

[2019-06-14 17:54:33] INSERT INTO webshop_gallery (`id`, `product_id`, `original_name`, `new_name`, `date`) VALUES (12640, 4510, 'Hajkisimító és szuper hajbontó kefe TANGLIM-Flowers', '12640.jpg', 1560527673)

[2019-06-14 17:55:20] UPDATE users SET lastlogin = NOW() WHERE id = '11'

