[2020-03-24 14:25:39] UPDATE users SET lastlogin = NOW() WHERE id = '11'

[2020-03-24 14:25:43] UPDATE users SET lastlogin = NOW() WHERE id = '11'

[2020-03-24 14:25:44] UPDATE users SET lastlogin = NOW() WHERE id = '11'

[2020-03-24 14:25:44] UPDATE webshop_gallery SET original_name='Normál zsilettpengés hagyományos borotva 24029', date=1585056344 WHERE id=8609

[2020-03-24 14:25:44] UPDATE webshop_special_fields SET `value`='Euro fodrászkellék' WHERE `key`='manufacturer' AND `product_id`=4488

[2020-03-24 14:25:44] UPDATE webshop_special_fields SET `value`='db' WHERE `key`='quantityunit' AND `product_id`=4488

[2020-03-24 14:25:45] UPDATE webshop_special_fields SET `value`='1' WHERE `key`='kiszereles' AND `product_id`=4488

[2020-03-24 14:25:45] UPDATE webshop_products SET `name_hun`='Normál pengés Exclusive borotva 24029 díszdobozban',`content_short`='Profi borotválkozó borotva, mágnes záras díszdobozban&nbsp;(a borotvapengét nem tartalmazza). Hagyományos...',`content`='<P style=\"MARGIN: 0cm 0cm 10pt\"><FONT face=Calibri>Profi borotválkozó borotva, mágnes záras díszdobozban&nbsp;(a borotvapengét nem tartalmazza). Hagyományos normál hosszúságú,&nbsp; borotva pengével használható. A pengét nem kell ketté törni, a pengetartóban meg lehet fordítani a teljes pengét.</FONT></P>
<P style=\"MARGIN: 0cm 0cm 10pt\"><FONT face=Calibri>Penge csere a borotvában:&nbsp;A borotván levő krómozott hüvelyt húzza le a penge tartó fejről vízszintes irányban. A pengét tartó lapok így szétnyílnak, a penge könnyen kicserélhető.</FONT></P>
<P style=\"MARGIN: 0cm 0cm 10pt\"><BR><FONT face=Calibri>&nbsp;&nbsp;&nbsp;&nbsp; borotválkozáshoz, vágáshoz és modellezéshez<BR>&nbsp;&nbsp;&nbsp;&nbsp;&nbsp;nagyméretű borotva penge tartó,&nbsp;a borotvapengék egyszerű behelyezéséhez (41 mm)<BR>&nbsp;&nbsp;&nbsp; &nbsp;felületkezelt fa nyél és festett acél pengetartós kombinációja<BR>&nbsp;&nbsp;&nbsp;&nbsp; fogantyú hossza 14 cm<BR>&nbsp;&nbsp;&nbsp;&nbsp; súlya 72 g</FONT></P>', `item_id`='1828-hwa-24029', `default_pic`='8609', `active`='1', `category_id`='104', `root_category_id`='0', `seo_name`='normal-penges-exclusive-borotva-24029-diszdobozban', `fullurl`='fodraszkellek/normal-penges-exclusive-borotva-24029-diszdobozban', `other_categories`='104,121,122,313,314,366,423' WHERE id=4488

[2020-03-24 14:25:45] UPDATE webshop_gallery SET original_name='Fólia kesztyű Einweg245×290mm hajfestő fodrászkellék', date=1585056345 WHERE id=931

[2020-03-24 14:25:45] UPDATE webshop_special_fields SET `value`='Comair fodrászkellék' WHERE `key`='manufacturer' AND `product_id`=2927

[2020-03-24 14:25:45] UPDATE webshop_special_fields SET `value`='db' WHERE `key`='quantityunit' AND `product_id`=2927

[2020-03-24 14:25:45] UPDATE webshop_special_fields SET `value`='100' WHERE `key`='kiszereles' AND `product_id`=2927

[2020-03-24 14:25:45] UPDATE webshop_products SET `name_hun`='Fólia kesztyű Einweg245×290mm hajfestő fodrászkellék',`content_short`='Fólia kesztyű Fodrászkellék&nbsp; -&nbsp; 245×290mm. 100db/csomagban, - 0,019 mikron vastag nylon...',`content`='Fólia kesztyű Fodrászkellék&nbsp; -&nbsp; 245×290mm. 100db/csomagban, - 0,019 mikron vastag nylon fóliából.', `item_id`='1724-chfkew-3011610-100db-245×290-0,019', `default_pic`='931', `active`='1', `category_id`='34', `root_category_id`='22', `seo_name`='folia-kesztyu-einweg245-290mm-hajfesto-fodraszkellek', `fullurl`='hajfestek/hajfestes-fodraszkellekei/folia-kesztyu-einweg245-290mm-hajfesto-fodraszkellek', `other_categories`='34,58,107,113,241' WHERE id=2927

[2020-03-24 14:25:45] UPDATE webshop_gallery SET original_name='.Gumikesztyű vinil 100db S-es', date=1585056345 WHERE id=408

[2020-03-24 14:25:45] UPDATE webshop_special_fields SET `value`='Comair fodrászkellék' WHERE `key`='manufacturer' AND `product_id`=2404

[2020-03-24 14:25:45] UPDATE webshop_special_fields SET `value`='db' WHERE `key`='quantityunit' AND `product_id`=2404

[2020-03-24 14:25:45] UPDATE webshop_special_fields SET `value`='100' WHERE `key`='kiszereles' AND `product_id`=2404

[2020-03-24 14:25:45] UPDATE webshop_products SET `name_hun`='.Gumikesztyű vinil 100db S-es',`content_short`='Gumikesztyű&nbsp;vinil anyagból. 100db/doboz - Púderos&nbsp;&ndash;&nbsp; rugalmas, mindkét kézen hordható,...',`content`='<P style=\"TEXT-ALIGN: justify; MARGIN: 0cm 0cm 10pt\"><FONT face=Calibri>Gumikesztyű&nbsp;vinil anyagból. 100db/doboz - Púderos&nbsp;&ndash;&nbsp; rugalmas, mindkét kézen hordható, kiválóan illeszkedő, bőrbarát, munkavédelmi, vizsgáló, vizsgálati, kesztyűk, amik megfelelnek az élelmiszerkezeléssel kapcsolatos európai irányelveknek is.</FONT></P>
<P style=\"TEXT-ALIGN: justify; MARGIN: 0cm 0cm 10pt\"><FONT face=Calibri><STRONG>Figyelem!</STRONG> - A készletünk elfogyott, de április elején még várunk egy szállítmányt!&nbsp;Ha leadja rendelését,&nbsp;ezen szállítmány készlet erejéig, &nbsp;a rendelések beérkezési sorrendje szerint tudjuk vásárlóinkat kiszolgálni. A készlet kimerülése után mindenkit e-mailben értesítünk, és a rendelését töröljük! Köszönjük megértését!</FONT></P>', `item_id`='1724-cvh-3012333-S-vinil-púderos-100db', `default_pic`='408', `active`='1', `category_id`='22', `root_category_id`='0', `seo_name`='gumikesztyu-vinil-100db-s-es', `fullurl`='hajfestek/gumikesztyu-vinil-100db-s-es', `other_categories`='22,34,58,104,107,113,222,241' WHERE id=2404

[2020-03-24 14:25:45] UPDATE webshop_gallery SET original_name='.Gumikesztyű vinil 100db M-es', date=1585056345 WHERE id=891

[2020-03-24 14:25:45] UPDATE webshop_special_fields SET `value`='Comair fodrászkellék' WHERE `key`='manufacturer' AND `product_id`=2887

[2020-03-24 14:25:45] UPDATE webshop_special_fields SET `value`='db' WHERE `key`='quantityunit' AND `product_id`=2887

[2020-03-24 14:25:45] UPDATE webshop_special_fields SET `value`='100' WHERE `key`='kiszereles' AND `product_id`=2887

[2020-03-24 14:25:45] UPDATE webshop_products SET `name_hun`='.Gumikesztyű vinil 100db M-es',`content_short`='Gumikesztyű&nbsp;vinil anyagból. 100db/doboz - Púderos&nbsp;&ndash;&nbsp; rugalmas, mindkét kézen hordható,...',`content`='<P style=\"TEXT-ALIGN: justify; MARGIN: 0cm 0cm 10pt\"><FONT face=Calibri>Gumikesztyű&nbsp;vinil anyagból. 100db/doboz - Púderos&nbsp;&ndash;&nbsp; rugalmas, mindkét kézen hordható, kiválóan illeszkedő, bőrbarát, munkavédelmi, vizsgáló, vizsgálati, kesztyűk, amik megfelelnek az élelmiszerkezeléssel kapcsolatos európai irányelveknek is.</FONT></P>
<P style=\"TEXT-ALIGN: justify; MARGIN: 0cm 0cm 10pt\"><B style=\"mso-bidi-font-weight: normal\">Figyelem!</B> - A készletünk elfogyott, de április elején még várunk egy szállítmányt!&nbsp;Ha leadja rendelését,&nbsp;ezen szállítmány készlet erejéig, &nbsp;a rendelések beérkezési sorrendje szerint tudjuk vásárlóinkat kiszolgálni. A készlet kimerülése után mindenkit e-mailben értesítünk, és a rendelését töröljük! Köszönjük megértését!</P>', `item_id`='1724-cvh-3012336-M-vinil-púderos-100db', `default_pic`='891', `active`='1', `category_id`='22', `root_category_id`='0', `seo_name`='gumikesztyu-vinil-100db-m-es', `fullurl`='hajfestek/gumikesztyu-vinil-100db-m-es', `other_categories`='22,34,58,104,107,113,222,241' WHERE id=2887

[2020-03-24 14:25:46] UPDATE webshop_gallery SET original_name='Borotva és hajnyeső fésűvel 00730', date=1585056346 WHERE id=3861

[2020-03-24 14:25:46] UPDATE webshop_special_fields SET `value`='Euro fodrászkellék' WHERE `key`='manufacturer' AND `product_id`=3591

[2020-03-24 14:25:46] UPDATE webshop_special_fields SET `value`='db' WHERE `key`='quantityunit' AND `product_id`=3591

[2020-03-24 14:25:46] UPDATE webshop_special_fields SET `value`='1' WHERE `key`='kiszereles' AND `product_id`=3591

[2020-03-24 14:25:46] UPDATE webshop_products SET `name_hun`='Borotva és hajnyeső fésűvel 00730',`content_short`='Borotva és hajnyeső, fekete színben.&nbsp;Normál méretű, kettétört&nbsp;borotva pengével használható...',`content`='<P>Borotva és hajnyeső, fekete színben.&nbsp;Normál méretű, kettétört&nbsp;borotva pengével használható borotválkozó eszköz, hajnyeső, ......&nbsp;fodrászkellék. A borotvák és hajnyesők, ezen típusát borotvapenge nélkül szállítjuk.</P>
<P>Nnormál, hosszúságú kettétört borotva pengével, hagyományos borotvaként, vagy hajnyesőként is&nbsp;használható. A borotvában,&nbsp;a pengetartó&nbsp;mechanika segítségével könnyen kicserélhető a borotva penge. </P>
<P>A&nbsp;borotvát, hajnyesőt,&nbsp;jelenleg csak fekete színben tudjuk szállítani!</P>', `item_id`='3128-ebh-00730vagyhw24004', `default_pic`='3861', `active`='1', `category_id`='104', `root_category_id`='0', `seo_name`='borotva-es-hajnyeso-fesuvel-00730', `fullurl`='fodraszkellek/borotva-es-hajnyeso-fesuvel-00730', `other_categories`='104,121,122,423' WHERE id=3591

[2020-03-24 14:25:46] UPDATE webshop_gallery SET original_name='Fodrász borotva Cerena Solingen 9201', date=1585056346 WHERE id=596

[2020-03-24 14:25:46] UPDATE webshop_special_fields SET `value`='Solingen Olló' WHERE `key`='manufacturer' AND `product_id`=2592

[2020-03-24 14:25:46] UPDATE webshop_special_fields SET `value`='db' WHERE `key`='quantityunit' AND `product_id`=2592

[2020-03-24 14:25:46] UPDATE webshop_special_fields SET `value`='1' WHERE `key`='kiszereles' AND `product_id`=2592

[2020-03-24 14:25:46] UPDATE webshop_products SET `name_hun`='Borotva Cerena Solingen 9201',`content_short`='Borotva. Normál&nbsp;hosszúságú, kettétört&nbsp;pengével használható, Solingen hajnyeső, borotváló,...',`content`='<P>Borotva. Normál&nbsp;hosszúságú, kettétört&nbsp;pengével használható, Solingen hajnyeső, borotváló, eszköz, műanyag nyéllel. </P>
<P>A hajnyesőként és borotvaként is használható fodrászkellék, a&nbsp;normál méretű borotva pengét kettétörve&nbsp;használható.&nbsp;</P>
<P>Hagyományos borotvaként, hajnyesőként, szinte minden alap műveletre alkalmas. A borotvában, egy&nbsp;&nbsp;pengekitoló mechanika segítségével nagyon könnyen kicserélhető a borotva penge. </P>', `item_id`='2028-9201-0020-fehér', `default_pic`='596', `active`='1', `category_id`='104', `root_category_id`='0', `seo_name`='borotva-cerena-solingen-9201', `fullurl`='fodraszkellek/borotva-cerena-solingen-9201', `other_categories`='104,122,222,313,314,361,366,423' WHERE id=2592

[2020-03-24 14:25:46] UPDATE webshop_products SET sort=1 WHERE id=3326

[2020-03-24 14:25:47] UPDATE users SET lastlogin = NOW() WHERE id = '11'

[2020-03-24 14:25:47] INSERT INTO webshop_gallery (`id`, `product_id`, `original_name`, `new_name`, `date`) VALUES (13118, 4659, 'Hajháló erős anyagból - gumis - kék', '13118.jpg', 1585056347)

[2020-03-24 14:25:47] INSERT INTO webshop_products (`id`, `name_hun`, `name_eng`, `item_id`, `price`, `reduced_price`, `status`, `currency`, `content_short`, `content`, `details`, `date`, `default_pic`, `active`, `main`, `sort`, `category_id`, `root_category_id`, `seo_name`, `fullurl`, `websyx_id`, `quantity`, `other_categories`) VALUES ('4659', 'Hajháló erős anyagból - gumis - kék', 'Hajháló erős anyagból - gumis - kék', '3134-ehh-01539-kék', 0, 0, 1, 'Ft', '...', '', '', 1585056347, '13118', '1', 0, 1, 318, '104', 'hajhalo-eros-anyagbol-gumis-kek', 'fodraszkellek/hajhalo-fodraszkellek/hajhalo-eros-anyagbol-gumis-kek', '136', 1, '318')

[2020-03-24 14:25:48] INSERT INTO webshop_special_fields (`key`, `value`, `product_id`) VALUES ('manufacturer', 'Euro fodrászkellék', 4659)

[2020-03-24 14:25:48] INSERT INTO webshop_special_fields (`key`, `value`, `product_id`) VALUES ('quantityunit', 'db', 4659)

[2020-03-24 14:25:48] INSERT INTO webshop_special_fields (`key`, `value`, `product_id`) VALUES ('kiszereles', '1', 4659)

[2020-03-24 14:25:48] INSERT INTO webshop_gallery (`id`, `product_id`, `original_name`, `new_name`, `date`) VALUES (13119, 4660, 'Hajháló erős anyagból - gumis - rózsaszínes fehér', '13119.jpg', 1585056348)

[2020-03-24 14:25:48] INSERT INTO webshop_products (`id`, `name_hun`, `name_eng`, `item_id`, `price`, `reduced_price`, `status`, `currency`, `content_short`, `content`, `details`, `date`, `default_pic`, `active`, `main`, `sort`, `category_id`, `root_category_id`, `seo_name`, `fullurl`, `websyx_id`, `quantity`, `other_categories`) VALUES ('4660', 'Hajháló erős anyagból - gumis - rózsaszínes fehér', 'Hajháló erős anyagból - gumis - rózsaszínes fehér', '3134-ehh-01538-fehér-rózsa', 0, 0, 1, 'Ft', 'Hajháló erős anyagból - gumis - rózsaszínes...', '<P>Hajháló erős anyagból - gumis - rózsaszínes fehér</P>', '', 1585056348, '13119', '1', 0, 1, 318, '104', 'hajhalo-eros-anyagbol-gumis-rozsaszines-feher', 'fodraszkellek/hajhalo-fodraszkellek/hajhalo-eros-anyagbol-gumis-rozsaszines-feher', '153', 1, '318')

[2020-03-24 14:25:48] INSERT INTO webshop_special_fields (`key`, `value`, `product_id`) VALUES ('manufacturer', 'Euro fodrászkellék', 4660)

[2020-03-24 14:25:48] INSERT INTO webshop_special_fields (`key`, `value`, `product_id`) VALUES ('quantityunit', 'db', 4660)

[2020-03-24 14:25:48] INSERT INTO webshop_special_fields (`key`, `value`, `product_id`) VALUES ('kiszereles', '1', 4660)

[2020-03-24 14:25:48] INSERT INTO webshop_gallery (`id`, `product_id`, `original_name`, `new_name`, `date`) VALUES (13120, 4661, 'Borotva penge 5db Premium Qualiti', '13120.jpg', 1585056348)

[2020-03-24 14:25:48] INSERT INTO webshop_products (`id`, `name_hun`, `name_eng`, `item_id`, `price`, `reduced_price`, `status`, `currency`, `content_short`, `content`, `details`, `date`, `default_pic`, `active`, `main`, `sort`, `category_id`, `root_category_id`, `seo_name`, `fullurl`, `websyx_id`, `quantity`, `other_categories`) VALUES ('4661', 'Borotva penge 5db Premium Qualiti', 'Borotva penge 5db Premium Qualiti', '3128-sbp-06161-5db-derby', 0, 0, 1, 'Ft', 'Borotva és hajnyeső penge 5db. Normál hosszúságú (45mm),&nbsp;borotva...', '<P>Borotva és hajnyeső penge 5db. Normál hosszúságú (45mm),&nbsp;borotva pengék.</P>', '', 1585056348, '13120', '1', 0, 1, 122, '104', 'borotva-penge-5db-premium-qualiti', 'fodraszkellek/hajvago-ollo-borotva/hajnyeso-es-fodrasz-borotva/borotva-penge-5db-premium-qualiti', '219', 1, '122,361,366')

[2020-03-24 14:25:48] INSERT INTO webshop_special_fields (`key`, `value`, `product_id`) VALUES ('manufacturer', 'Euro fodrászkellék', 4661)

[2020-03-24 14:25:48] INSERT INTO webshop_special_fields (`key`, `value`, `product_id`) VALUES ('quantityunit', 'db', 4661)

[2020-03-24 14:25:48] INSERT INTO webshop_special_fields (`key`, `value`, `product_id`) VALUES ('kiszereles', '1', 4661)

[2020-03-24 14:25:48] UPDATE webshop_gallery SET original_name='Fodrász borotva 24003', date=1585056348 WHERE id=3903

[2020-03-24 14:25:48] UPDATE webshop_special_fields SET `value`='Egyéb fodrászkellék' WHERE `key`='manufacturer' AND `product_id`=3621

[2020-03-24 14:25:48] UPDATE webshop_special_fields SET `value`='db' WHERE `key`='quantityunit' AND `product_id`=3621

[2020-03-24 14:25:48] UPDATE webshop_special_fields SET `value`='1' WHERE `key`='kiszereles' AND `product_id`=3621

[2020-03-24 14:25:48] UPDATE webshop_products SET `name_hun`='Fodrász hajnyeső és borotva 24003',`content_short`='Hajnyeső és fodrász borotva.&nbsp;Az 58mm -es hosszított&nbsp;ketté tört borotvapengével használható hajnyeső...',`content`='Hajnyeső és fodrász borotva.&nbsp;Az 58mm -es hosszított&nbsp;ketté tört borotvapengével használható hajnyeső és borotva fodrászoknak.', `item_id`='1828-hwh-24003-fekete', `default_pic`='3903', `active`='1', `category_id`='122', `root_category_id`='104', `seo_name`='fodrasz-hajnyeso-es-borotva-24003', `fullurl`='fodraszkellek/hajvago-ollo-borotva/hajnyeso-es-fodrasz-borotva/fodrasz-hajnyeso-es-borotva-24003', `other_categories`='122,313,314,361,366' WHERE id=3621

[2020-03-24 14:25:48] UPDATE webshop_gallery SET original_name='Barber fodrász borotva Captain Cook 06422', date=1585056348 WHERE id=3904

[2020-03-24 14:25:48] UPDATE webshop_special_fields SET `value`='Euro fodrászkellék' WHERE `key`='manufacturer' AND `product_id`=3622

[2020-03-24 14:25:48] UPDATE webshop_special_fields SET `value`='db' WHERE `key`='quantityunit' AND `product_id`=3622

[2020-03-24 14:25:48] UPDATE webshop_special_fields SET `value`='1' WHERE `key`='kiszereles' AND `product_id`=3622

[2020-03-24 14:25:48] UPDATE webshop_products SET `name_hun`='Barber fodrász borotva Captain Cook 06422',`content_short`='Barber Fodrász borotva. Különleges kialakítása&nbsp;precíz vonalvezetést tesz lehetővé,&nbsp;használata...',`content`='<P style=\"TEXT-ALIGN: justify; MARGIN: 0cm 0cm 10pt\"><FONT face=Calibri>Barber Fodrász borotva. Különleges kialakítása&nbsp;precíz vonalvezetést tesz lehetővé,&nbsp;használata hosszabb idő után sem fárasztja el a kéz ujjait. Ergonómikus kivitelű borotváló eszköz, normál hosszúságú, kettétört borotvapengével&nbsp;használható. A borotva kialakítása nagyon könnyű&nbsp;borotválást tesz lehetővé.</FONT></P>
<P style=\"TEXT-ALIGN: justify; MARGIN: 0cm 0cm 10pt\"><FONT face=Calibri>A borotva hossza 125mm</FONT></P>
<P style=\"TEXT-ALIGN: justify; MARGIN: 0cm 0cm 10pt\"><FONT face=Calibri>Normál&nbsp;méretű, ketté tört borotvapengével használható.</FONT>&nbsp;</P>', `item_id`='3128-esbb-06422-fekete', `default_pic`='3904', `active`='1', `category_id`='122', `root_category_id`='104', `seo_name`='barber-fodrasz-borotva-captain-cook-06422', `fullurl`='fodraszkellek/hajvago-ollo-borotva/hajnyeso-es-fodrasz-borotva/barber-fodrasz-borotva-captain-cook-06422', `other_categories`='122,313,314,361,366' WHERE id=3622

[2020-03-24 14:25:49] UPDATE webshop_gallery SET original_name='Fólia kesztyű Einweg230×280mm hajfestő fodrászkellék', date=1585056349 WHERE id=800

[2020-03-24 14:25:49] UPDATE webshop_special_fields SET `value`='Comair fodrászkellék' WHERE `key`='manufacturer' AND `product_id`=2796

[2020-03-24 14:25:49] UPDATE webshop_special_fields SET `value`='db' WHERE `key`='quantityunit' AND `product_id`=2796

[2020-03-24 14:25:49] UPDATE webshop_special_fields SET `value`='100' WHERE `key`='kiszereles' AND `product_id`=2796

[2020-03-24 14:25:49] UPDATE webshop_products SET `name_hun`='Fólia kesztyű Einweg230×280mm hajfestő fodrászkellék',`content_short`='Fólia kesztyű, 230×280mm 100db/csomag&nbsp; 0,018 mikron vastag nylon...',`content`='Fólia kesztyű, 230×280mm 100db/csomag&nbsp; 0,018 mikron vastag nylon fóliából.', `item_id`='1724-chfkew-3011614-100db-230×280-0,018', `default_pic`='800', `active`='1', `category_id`='34', `root_category_id`='22', `seo_name`='folia-kesztyu-einweg230-280mm-hajfesto-fodraszkellek', `fullurl`='hajfestek/hajfestes-fodraszkellekei/folia-kesztyu-einweg230-280mm-hajfesto-fodraszkellek', `other_categories`='34,58,107,113,217,222,241' WHERE id=2796

[2020-03-24 14:25:49] UPDATE webshop_gallery SET original_name='.Gumikesztyű latex 100db S-es', date=1585056349 WHERE id=13115

[2020-03-24 14:25:49] UPDATE webshop_special_fields SET `value`='Comair fodrászkellék' WHERE `key`='manufacturer' AND `product_id`=4657

[2020-03-24 14:25:49] UPDATE webshop_special_fields SET `value`='db' WHERE `key`='quantityunit' AND `product_id`=4657

[2020-03-24 14:25:49] UPDATE webshop_special_fields SET `value`='100' WHERE `key`='kiszereles' AND `product_id`=4657

[2020-03-24 14:25:49] UPDATE webshop_products SET `name_hun`='.Gumikesztyű latex 100db S-es',`content_short`='Gumikesztyű&nbsp;latex anyagból. 100db/doboz - Púderos&nbsp;&ndash;&nbsp; rugalmas, mindkét kézen hordható,...',`content`='<P style=\"TEXT-ALIGN: justify; MARGIN: 0cm 0cm 10pt\"><FONT face=Calibri>Gumikesztyű&nbsp;latex anyagból. 100db/doboz - Púderos&nbsp;&ndash;&nbsp; rugalmas, mindkét kézen hordható, kiválóan illeszkedő, bőrbarát, munkavédelmi, vizsgáló, vizsgálati, kesztyűk, amik megfelelnek az élelmiszerkezeléssel kapcsolatos európai irányelveknek is.</FONT></P>
<P style=\"TEXT-ALIGN: justify; MARGIN: 0cm 0cm 10pt\"><B style=\"mso-bidi-font-weight: normal\">Figyelem!</B> - A készletünk elfogyott, de április elején még várunk egy szállítmányt!&nbsp;Ha leadja rendelését,&nbsp;ezen szállítmány készlet erejéig, &nbsp;a rendelések beérkezési sorrendje szerint tudjuk vásárlóinkat kiszolgálni. A készlet kimerülése után mindenkit e-mailben értesítünk, és a rendelését töröljük! Köszönjük megértését!</P>', `item_id`='1724-cvh-3012326-S-latex-púderos-100db', `default_pic`='13115', `active`='1', `category_id`='241', `root_category_id`='104', `seo_name`='gumikesztyu-latex-100db-s-es', `fullurl`='fodraszkellek/gumikesztyu-gumipartvis-takarito-fodraszkellek/gumikesztyu-latex-100db-s-es', `other_categories`='241' WHERE id=4657

[2020-03-24 14:25:49] UPDATE webshop_gallery SET original_name='.Gumikesztyű latex 100db M-es', date=1585056349 WHERE id=13116

[2020-03-24 14:25:49] UPDATE webshop_special_fields SET `value`='Comair fodrászkellék' WHERE `key`='manufacturer' AND `product_id`=4658

[2020-03-24 14:25:49] UPDATE webshop_special_fields SET `value`='db' WHERE `key`='quantityunit' AND `product_id`=4658

[2020-03-24 14:25:49] UPDATE webshop_special_fields SET `value`='100' WHERE `key`='kiszereles' AND `product_id`=4658

[2020-03-24 14:25:49] UPDATE webshop_products SET `name_hun`='.Gumikesztyű latex 100db M-es',`content_short`='Gumikesztyű&nbsp;latex anyagból. 100db/doboz - Púderos&nbsp;&ndash;&nbsp; rugalmas, mindkét kézen hordható,...',`content`='<P style=\"TEXT-ALIGN: justify; MARGIN: 0cm 0cm 10pt\"><FONT face=Calibri>Gumikesztyű&nbsp;latex anyagból. 100db/doboz - Púderos&nbsp;&ndash;&nbsp; rugalmas, mindkét kézen hordható, kiválóan illeszkedő, bőrbarát, munkavédelmi, vizsgáló, vizsgálati, kesztyűk, amik megfelelnek az élelmiszerkezeléssel kapcsolatos európai irányelveknek is.</FONT></P>
<P style=\"TEXT-ALIGN: justify; MARGIN: 0cm 0cm 10pt\"><B style=\"mso-bidi-font-weight: normal\">Figyelem!</B> - A készletünk elfogyott, de április elején még várunk egy szállítmányt!&nbsp;Ha leadja rendelését,&nbsp;ezen szállítmány készlet erejéig, &nbsp;a rendelések beérkezési sorrendje szerint tudjuk vásárlóinkat kiszolgálni. A készlet kimerülése után mindenkit e-mailben értesítünk, és a rendelését töröljük! Köszönjük megértését!</P>', `item_id`='1724-cvh-3012327-M-latex-púderos-100db', `default_pic`='13116', `active`='1', `category_id`='241', `root_category_id`='104', `seo_name`='gumikesztyu-latex-100db-m-es', `fullurl`='fodraszkellek/gumikesztyu-gumipartvis-takarito-fodraszkellek/gumikesztyu-latex-100db-m-es', `other_categories`='241' WHERE id=4658

[2020-03-24 14:25:49] INSERT INTO webshop_gallery (`id`, `product_id`, `original_name`, `new_name`, `date`) VALUES (13121, 4662, 'Felezett Borotva és Hajnyeső penge 100db Premium', '13121.jpg', 1585056349)

[2020-03-24 14:25:49] INSERT INTO webshop_products (`id`, `name_hun`, `name_eng`, `item_id`, `price`, `reduced_price`, `status`, `currency`, `content_short`, `content`, `details`, `date`, `default_pic`, `active`, `main`, `sort`, `category_id`, `root_category_id`, `seo_name`, `fullurl`, `websyx_id`, `quantity`, `other_categories`) VALUES ('4662', 'Felezett Borotva és Hajnyeső penge 100db Premium', 'Felezett Borotva és Hajnyeső penge 100db Premium', '3128-sbp-06160-100db-derby', 0, 0, 1, 'Ft', 'Borotva és hajnyeső penge 100db. Normál hosszúságú (45mm),&nbsp;&nbsp;fél&nbsp;borotva pengék. Megkönnyíti a...', '<P>Borotva és hajnyeső penge 100db. Normál hosszúságú (45mm),&nbsp;&nbsp;fél&nbsp;borotva pengék. Megkönnyíti a borotválkozást, ha olyan borotvába, hajnyesőbe használjuk, amelybe eddig középen ketté kellett törni a hagyományos borotva pengét.</P>', '', 1585056349, '13121', '1', 0, 1, 122, '104', 'felezett-borotva-es-hajnyeso-penge-100db-premium', 'fodraszkellek/hajvago-ollo-borotva/hajnyeso-es-fodrasz-borotva/felezett-borotva-es-hajnyeso-penge-100db-premium', '1411', 1, '122,361,366')

[2020-03-24 14:25:49] INSERT INTO webshop_special_fields (`key`, `value`, `product_id`) VALUES ('manufacturer', 'Euro fodrászkellék', 4662)

[2020-03-24 14:25:49] INSERT INTO webshop_special_fields (`key`, `value`, `product_id`) VALUES ('quantityunit', 'ml', 4662)

[2020-03-24 14:25:49] INSERT INTO webshop_special_fields (`key`, `value`, `product_id`) VALUES ('kiszereles', '100', 4662)

[2020-03-24 14:25:49] UPDATE webshop_gallery SET original_name='Horgolt erős hajháló - hd-barna', date=1585056349 WHERE id=3875

[2020-03-24 14:25:49] UPDATE webshop_special_fields SET `value`='Euro fodrászkellék' WHERE `key`='manufacturer' AND `product_id`=3605

[2020-03-24 14:25:49] UPDATE webshop_special_fields SET `value`='db' WHERE `key`='quantityunit' AND `product_id`=3605

[2020-03-24 14:25:49] UPDATE webshop_special_fields SET `value`='1' WHERE `key`='kiszereles' AND `product_id`=3605

[2020-03-24 14:25:49] UPDATE webshop_products SET `name_hun`='Horgolt erős hajháló - hd-barna',`content_short`='Horgolt erős hajháló -...',`content`='Horgolt erős hajháló - hd-barna', `item_id`='3134-ehh-01044/69-barna', `default_pic`='3875', `active`='1', `category_id`='58', `root_category_id`='56', `seo_name`='horgolt-eros-hajhalo-hd-barna', `fullurl`='dauer/dauer-fodraszkellek/horgolt-eros-hajhalo-hd-barna', `other_categories`='58,107,112,318' WHERE id=3605

[2020-03-24 14:25:49] UPDATE webshop_products SET sort=1 WHERE id=3326

[2020-03-24 14:25:49] UPDATE webshop_products SET sort=2 WHERE id=4659

[2020-03-24 14:25:49] UPDATE webshop_products SET sort=3 WHERE id=4661

[2020-03-24 14:25:49] UPDATE webshop_products SET sort=4 WHERE id=4660

[2020-03-24 14:25:49] UPDATE webshop_products SET sort=5 WHERE id=4662

[2020-03-24 14:26:14] UPDATE users SET lastlogin = NOW() WHERE id = '11'

[2020-03-24 14:26:17] UPDATE users SET lastlogin = NOW() WHERE id = '11'

[2020-03-24 14:26:17] UPDATE webshop_products SET `price1_name`='Beszerzési ár', `price1_currency`='HUF', `price1_value`='255' WHERE id=4659

[2020-03-24 14:26:17] UPDATE webshop_products SET `price2_name`='Kereskedő -27,6%', `price2_currency`='HUF', `price2_value`='643' WHERE id=4659

[2020-03-24 14:26:17] UPDATE webshop_products SET `price3_name`='Kereskedő -33,6%', `price3_currency`='HUF', `price3_value`='589' WHERE id=4659

[2020-03-24 14:26:17] UPDATE webshop_products SET `price4_name`='Szakmai 1 ár -7%', `price4_currency`='HUF', `price4_value`='826' WHERE id=4659

[2020-03-24 14:26:17] UPDATE webshop_products SET `price5_name`='Szakmai 2 ár -14%', `price5_currency`='HUF', `price5_value`='763' WHERE id=4659

[2020-03-24 14:26:17] UPDATE webshop_products SET `price6_name`='Vásárló', `price6_currency`='HUF', `price6_value`='888' WHERE id=4659

[2020-03-24 14:26:17] UPDATE webshop_products SET `price7_name`='W Lista ár', `price7_currency`='HUF', `price7_value`='888' WHERE id=4659

[2020-03-24 14:26:17] UPDATE webshop_products SET `price`='888', `reduced_price`=0 WHERE id=4659

[2020-03-24 14:26:17] UPDATE webshop_products SET `price1_name`='Beszerzési ár', `price1_currency`='HUF', `price1_value`='321' WHERE id=4660

[2020-03-24 14:26:17] UPDATE webshop_products SET `price2_name`='Kereskedő -27,6%', `price2_currency`='HUF', `price2_value`='809' WHERE id=4660

[2020-03-24 14:26:17] UPDATE webshop_products SET `price3_name`='Kereskedő -33,6%', `price3_currency`='HUF', `price3_value`='742' WHERE id=4660

[2020-03-24 14:26:17] UPDATE webshop_products SET `price4_name`='Szakmai 1 ár -7%', `price4_currency`='HUF', `price4_value`='1039' WHERE id=4660

[2020-03-24 14:26:17] UPDATE webshop_products SET `price5_name`='Szakmai 2 ár -14%', `price5_currency`='HUF', `price5_value`='961' WHERE id=4660

[2020-03-24 14:26:17] UPDATE webshop_products SET `price6_name`='Vásárló', `price6_currency`='HUF', `price6_value`='1118' WHERE id=4660

[2020-03-24 14:26:17] UPDATE webshop_products SET `price7_name`='W Lista ár', `price7_currency`='HUF', `price7_value`='1118' WHERE id=4660

[2020-03-24 14:26:17] UPDATE webshop_products SET `price`='1118', `reduced_price`=0 WHERE id=4660

[2020-03-24 14:26:17] UPDATE webshop_products SET `price1_name`='Beszerzési ár', `price1_currency`='HUF', `price1_value`='105' WHERE id=4661

[2020-03-24 14:26:17] UPDATE webshop_products SET `price2_name`='Kereskedő -27,6%', `price2_currency`='HUF', `price2_value`='433' WHERE id=4661

[2020-03-24 14:26:17] UPDATE webshop_products SET `price3_name`='Kereskedő -33,6%', `price3_currency`='HUF', `price3_value`='398' WHERE id=4661

[2020-03-24 14:26:17] UPDATE webshop_products SET `price4_name`='Szakmai 1 ár -7%', `price4_currency`='HUF', `price4_value`='556' WHERE id=4661

[2020-03-24 14:26:17] UPDATE webshop_products SET `price5_name`='Szakmai 2 ár -14%', `price5_currency`='HUF', `price5_value`='514' WHERE id=4661

[2020-03-24 14:26:17] UPDATE webshop_products SET `price6_name`='Vásárló', `price6_currency`='HUF', `price6_value`='598' WHERE id=4661

[2020-03-24 14:26:17] UPDATE webshop_products SET `price7_name`='W Lista ár', `price7_currency`='HUF', `price7_value`='598' WHERE id=4661

[2020-03-24 14:26:17] UPDATE webshop_products SET `price`='598', `reduced_price`=0 WHERE id=4661

[2020-03-24 14:26:17] UPDATE webshop_products SET `price1_name`='Beszerzési ár', `price1_currency`='HUF', `price1_value`='1048' WHERE id=4662

[2020-03-24 14:26:17] UPDATE webshop_products SET `price2_name`='Kereskedő -27,6%', `price2_currency`='HUF', `price2_value`='2033' WHERE id=4662

[2020-03-24 14:26:17] UPDATE webshop_products SET `price3_name`='Kereskedő -33,6%', `price3_currency`='HUF', `price3_value`='1864' WHERE id=4662

[2020-03-24 14:26:17] UPDATE webshop_products SET `price4_name`='Szakmai 1 ár -7%', `price4_currency`='HUF', `price4_value`='2611' WHERE id=4662

[2020-03-24 14:26:17] UPDATE webshop_products SET `price5_name`='Szakmai 2 ár -14%', `price5_currency`='HUF', `price5_value`='2414' WHERE id=4662

[2020-03-24 14:26:17] UPDATE webshop_products SET `price6_name`='Vásárló', `price6_currency`='HUF', `price6_value`='2808' WHERE id=4662

[2020-03-24 14:26:17] UPDATE webshop_products SET `price7_name`='W Lista ár', `price7_currency`='HUF', `price7_value`='2808' WHERE id=4662

[2020-03-24 14:26:17] UPDATE webshop_products SET `price`='2808', `reduced_price`=0 WHERE id=4662

[2020-03-24 14:26:17] UPDATE webshop_products SET `price1_name`='Beszerzési ár', `price1_currency`='HUF', `price1_value`='1697' WHERE id=2592

[2020-03-24 14:26:17] UPDATE webshop_products SET `price2_name`='Kereskedő -27,6%', `price2_currency`='HUF', `price2_value`='2800' WHERE id=2592

[2020-03-24 14:26:17] UPDATE webshop_products SET `price3_name`='Kereskedő -33,6%', `price3_currency`='HUF', `price3_value`='2569' WHERE id=2592

[2020-03-24 14:26:17] UPDATE webshop_products SET `price4_name`='Szakmai 1 ár -7%', `price4_currency`='HUF', `price4_value`='3598' WHERE id=2592

[2020-03-24 14:26:17] UPDATE webshop_products SET `price5_name`='Szakmai 2 ár -14%', `price5_currency`='HUF', `price5_value`='3327' WHERE id=2592

[2020-03-24 14:26:17] UPDATE webshop_products SET `price6_name`='Vásárló', `price6_currency`='HUF', `price6_value`='3868' WHERE id=2592

[2020-03-24 14:26:17] UPDATE webshop_products SET `price7_name`='W Lista ár', `price7_currency`='HUF', `price7_value`='3868' WHERE id=2592

[2020-03-24 14:26:17] UPDATE webshop_products SET `price`='3868', `reduced_price`=0 WHERE id=2592

[2020-03-24 14:26:24] UPDATE users SET lastlogin = NOW() WHERE id = '11'

[2020-03-24 14:26:27] UPDATE users SET lastlogin = NOW() WHERE id = '11'

[2020-03-24 14:26:41] INSERT INTO webshop_gallery (`id`, `product_id`, `original_name`, `new_name`, `date`) VALUES (13122, 4660, 'Hajháló erős anyagból - gumis - rózsaszínes fehér', '13122.jpg', 1585056401)

[2020-03-24 14:26:43] UPDATE users SET lastlogin = NOW() WHERE id = '11'

[2020-03-24 14:26:50] DELETE FROM webshop_gallery WHERE id=13122

[2020-03-24 14:26:57] INSERT INTO webshop_gallery (`id`, `product_id`, `original_name`, `new_name`, `date`) VALUES (13122, 4662, 'Felezett Borotva és Hajnyeső penge 100db Premium', '13122.jpg', 1585056417)

[2020-03-24 14:26:59] UPDATE users SET lastlogin = NOW() WHERE id = '11'

[2020-03-24 14:27:07] DELETE FROM webshop_gallery WHERE id=13122

[2020-03-24 14:27:15] INSERT INTO webshop_gallery (`id`, `product_id`, `original_name`, `new_name`, `date`) VALUES (13122, 4659, 'Hajháló erős anyagból - gumis - kék', '13122.jpg', 1585056435)

[2020-03-24 14:27:17] UPDATE users SET lastlogin = NOW() WHERE id = '11'

[2020-03-24 14:27:20] DELETE FROM webshop_gallery WHERE id=13122

[2020-03-24 14:27:30] INSERT INTO webshop_gallery (`id`, `product_id`, `original_name`, `new_name`, `date`) VALUES (13122, 4661, 'Borotva penge 5db Premium', '13122.jpg', 1585056450)

[2020-03-24 14:27:34] UPDATE users SET lastlogin = NOW() WHERE id = '11'

