[2020-03-23 12:32:44] UPDATE users SET lastlogin = NOW() WHERE id = '11'

[2020-03-23 12:32:46] UPDATE users SET lastlogin = NOW() WHERE id = '11'

[2020-03-23 12:32:48] UPDATE users SET lastlogin = NOW() WHERE id = '11'

[2020-03-23 12:32:48] UPDATE webshop_gallery SET original_name='Elfogyott! - Gumikesztyű latex GUA592 L-es', date=1584963168 WHERE id=493

[2020-03-23 12:32:48] UPDATE webshop_special_fields SET `value`='Ro.ial papír és kozmetika' WHERE `key`='manufacturer' AND `product_id`=2489

[2020-03-23 12:32:48] UPDATE webshop_special_fields SET `value`='db' WHERE `key`='quantityunit' AND `product_id`=2489

[2020-03-23 12:32:48] UPDATE webshop_special_fields SET `value`='100' WHERE `key`='kiszereles' AND `product_id`=2489

[2020-03-23 12:32:48] UPDATE webshop_products SET `name_hun`='Elfogyott! - Gumikesztyű latex GUA592 L-es',`content_short`='Gumikesztyű latex anyagból. 100db/doboz - púderos, Olasz, Ro.ial gyártmányú, rugalmas, mindkét kézen hordható,...',`content`='<P style=\"MARGIN: 0cm 0cm 10pt\"><FONT face=Calibri>Gumikesztyű latex anyagból. 100db/doboz - púderos, Olasz, Ro.ial gyártmányú, rugalmas, mindkét kézen hordható, kiválóan illeszkedő, bőrbarát, nem steril higiéniai latex munkavédelmi, vizsgáló, vizsgálati, kesztyűk, amik megfelelnek az élelmiszerkezeléssel kapcsolatos európai irányelveknek. </FONT></P>
<P style=\"MARGIN: 0cm 0cm 10pt\"><STRONG>A latex kesztyű</STRONG><FONT face=Calibri> tulajdonságai: kiváló rugalmasság, vízálló és jó mechanikai szilárdságú, tartalmaznak latex fehérjéket, amelyek ritka esetekben allergiás reakciót válthatnak ki.</FONT></P>
<P style=\"MARGIN: 0cm 0cm 10pt\"><B style=\"mso-bidi-font-weight: normal\"><U><FONT face=Calibri>A latex vizsgáló, munkavédelmi, vizsgáló, vizsgálati kesztyű tulajdonságai:</FONT></U></B></P>
<P style=\"MARGIN: 0cm 0cm 10pt\"><FONT face=Calibri>A kesztyű anyaga: latex</FONT></P>
<P style=\"MARGIN: 0cm 0cm 10pt\"><FONT face=Calibri>A latex kesztyű púdermentes és púderos változatban készül.</FONT></P>
<P style=\"MARGIN: 0cm 0cm 10pt\"><FONT face=Calibri>A kesztyű alkalmazható az orvosi alapellátásban, a laboratóriumi munkában, a fogászatban.</FONT></P>
<P style=\"MARGIN: 0cm 0cm 10pt\"><FONT face=Calibri>A kesztyű finom tapintású, használata pontos munkavégzést tesz lehetővé.</FONT></P>
<P style=\"MARGIN: 0cm 0cm 10pt\"><FONT face=Calibri>A kesztyű nem steril.</FONT></P>
<P style=\"MARGIN: 0cm 0cm 10pt\"><FONT face=Calibri>A kesztyű világos színe alkalmas az orvosi műveletekre.</FONT></P>
<P style=\"MARGIN: 0cm 0cm 10pt\"><FONT face=Calibri>A kesztyű nagyon jó, terhelhető anyagösszetétel rendelkezik.</FONT></P>
<P style=\"MARGIN: 0cm 0cm 10pt; LINE-HEIGHT: normal; mso-margin-top-alt: auto; mso-margin-bottom-alt: auto\"><FONT face=Calibri>CAT 1, megfelel az EN 420 követelményeinek. </FONT></P>
<P style=\"MARGIN: 0cm 0cm 10pt\"><FONT face=Calibri>A latex kesztyű ajánlott felhasználási területei: élelmiszeripari, humán- és állategészségügyi, vendéglátó ipari, laboratóriumi, kozmetikai, mikroelektronikai, minőség-ellenőrzési, háztartási munkák.</FONT></P>
<P style=\"MARGIN: 0cm 0cm 10pt\"><FONT face=Calibri>Professzionális fodrászcikk és fodrászkellék webáruház.</FONT></P>
<P><STRONG>Az EN 420</STRONG> <STRONG>szabvány</STRONG> a kesztyű tervezési és szerkezeti követelményeit, a hibátlanságát, kényelmét és hatékonyságát határozza meg, a jelölés és információ minden védőkesztyűre érvényes. Az információk a használati utasítás mellékletét képezik. </P>', `item_id`='2124-gua592L-latex-puderos-100db', `default_pic`='493', `active`='1', `category_id`='22', `root_category_id`='0', `seo_name`='elfogyott-gumikesztyu-latex-gua592-l-es', `fullurl`='hajfestek/elfogyott-gumikesztyu-latex-gua592-l-es', `other_categories`='22,34,58,104,107,113,203,217,222,241,242,420' WHERE id=2489

[2020-03-23 12:32:48] INSERT INTO webshop_gallery (`id`, `product_id`, `original_name`, `new_name`, `date`) VALUES (13115, 4657, 'Gumikesztyű latex 100db S-es', '13115.jpg', 1584963168)

[2020-03-23 12:32:48] INSERT INTO webshop_products (`id`, `name_hun`, `name_eng`, `item_id`, `price`, `reduced_price`, `status`, `currency`, `content_short`, `content`, `details`, `date`, `default_pic`, `active`, `main`, `sort`, `category_id`, `root_category_id`, `seo_name`, `fullurl`, `websyx_id`, `quantity`, `other_categories`) VALUES ('4657', 'Gumikesztyű latex 100db S-es', 'Gumikesztyű latex 100db S-es', '1724-cvh-3012326-S-latex-púderos-100db', 0, 0, 1, 'Ft', 'Gumikesztyű&nbsp;latex anyagból. 100db/doboz - Púderos&nbsp;&ndash;&nbsp; rugalmas, mindkét kézen hordható,...', '<P style=\"TEXT-ALIGN: justify; MARGIN: 0cm 0cm 10pt\"><FONT face=Calibri>Gumikesztyű&nbsp;latex anyagból. 100db/doboz - Púderos&nbsp;&ndash;&nbsp; rugalmas, mindkét kézen hordható, kiválóan illeszkedő, bőrbarát, munkavédelmi, vizsgáló, vizsgálati, kesztyűk, amik megfelelnek az élelmiszerkezeléssel kapcsolatos európai irányelveknek is.</FONT></P>', '', 1584963168, '13115', '1', 0, 1, 241, '104', 'gumikesztyu-latex-100db-s-es', 'fodraszkellek/gumikesztyu-gumipartvis-takarito-fodraszkellek/gumikesztyu-latex-100db-s-es', '1334', 1, '241')

[2020-03-23 12:32:48] INSERT INTO webshop_special_fields (`key`, `value`, `product_id`) VALUES ('manufacturer', 'Comair fodrászkellék', 4657)

[2020-03-23 12:32:49] INSERT INTO webshop_special_fields (`key`, `value`, `product_id`) VALUES ('quantityunit', 'db', 4657)

[2020-03-23 12:32:49] INSERT INTO webshop_special_fields (`key`, `value`, `product_id`) VALUES ('kiszereles', '100', 4657)

[2020-03-23 12:32:49] INSERT INTO webshop_gallery (`id`, `product_id`, `original_name`, `new_name`, `date`) VALUES (13116, 4658, 'Gumikesztyű latex 100db M-es', '13116.jpg', 1584963169)

[2020-03-23 12:32:49] INSERT INTO webshop_products (`id`, `name_hun`, `name_eng`, `item_id`, `price`, `reduced_price`, `status`, `currency`, `content_short`, `content`, `details`, `date`, `default_pic`, `active`, `main`, `sort`, `category_id`, `root_category_id`, `seo_name`, `fullurl`, `websyx_id`, `quantity`, `other_categories`) VALUES ('4658', 'Gumikesztyű latex 100db M-es', 'Gumikesztyű latex 100db M-es', '1724-cvh-3012327-M-latex-púderos-100db', 0, 0, 1, 'Ft', 'Gumikesztyű&nbsp;latex anyagból. 100db/doboz - Púderos&nbsp;&ndash;&nbsp; rugalmas, mindkét kézen hordható,...', '<P style=\"TEXT-ALIGN: justify; MARGIN: 0cm 0cm 10pt\"><FONT face=Calibri>Gumikesztyű&nbsp;latex anyagból. 100db/doboz - Púderos&nbsp;&ndash;&nbsp; rugalmas, mindkét kézen hordható, kiválóan illeszkedő, bőrbarát, munkavédelmi, vizsgáló, vizsgálati, kesztyűk, amik megfelelnek az élelmiszerkezeléssel kapcsolatos európai irányelveknek is.</FONT></P>', '', 1584963169, '13116', '1', 0, 1, 241, '104', 'gumikesztyu-latex-100db-m-es', 'fodraszkellek/gumikesztyu-gumipartvis-takarito-fodraszkellek/gumikesztyu-latex-100db-m-es', '1404', 1, '241')

[2020-03-23 12:32:49] INSERT INTO webshop_special_fields (`key`, `value`, `product_id`) VALUES ('manufacturer', 'Comair fodrászkellék', 4658)

[2020-03-23 12:32:49] INSERT INTO webshop_special_fields (`key`, `value`, `product_id`) VALUES ('quantityunit', 'db', 4658)

[2020-03-23 12:32:49] INSERT INTO webshop_special_fields (`key`, `value`, `product_id`) VALUES ('kiszereles', '100', 4658)

[2020-03-23 12:32:49] UPDATE webshop_gallery SET original_name='Elfogyott! - Gumikesztyű latex GUA592-M-es', date=1584963169 WHERE id=1364

[2020-03-23 12:32:49] UPDATE webshop_special_fields SET `value`='Ro.ial papír és kozmetika' WHERE `key`='manufacturer' AND `product_id`=3084

[2020-03-23 12:32:49] UPDATE webshop_special_fields SET `value`='db' WHERE `key`='quantityunit' AND `product_id`=3084

[2020-03-23 12:32:49] UPDATE webshop_special_fields SET `value`='100' WHERE `key`='kiszereles' AND `product_id`=3084

[2020-03-23 12:32:49] UPDATE webshop_products SET `name_hun`='Elfogyott! - Gumikesztyű latex GUA592-M-es',`content_short`='
Védő kesztyű latexból. 100db/doboz - púderos &ndash; Olasz, Ro.ial gyártmányú, rugalmas, mindkét kézen...',`content`='<FONT face=Calibri>
<P style=\"MARGIN: 0cm 0cm 10pt\">Védő kesztyű latexból. 100db/doboz - púderos &ndash; Olasz, Ro.ial gyártmányú, rugalmas, mindkét kézen hordható, kiválóan illeszkedő, bőrbarát gumikesztyű.&nbsp; </P>
<P style=\"MARGIN: 0cm 0cm 10pt\">A nem steril, higiéniai latex, munkavédelmi, vizsgáló, vizsgálati, kesztyűk, megfelelnek az élelmiszerkezeléssel kapcsolatos európai irányelveknek is. </P>
<P style=\"MARGIN: 0cm 0cm 10pt\"><FONT face=\"Times New Roman\">A latex kesztyű</FONT> tulajdonságai: kiváló rugalmasság, vízálló és jó mechanikai szilárdságú, tartalmaznak latex fehérjéket, amelyek ritka esetekben allergiás reakciót válthatnak ki.</FONT></P>
<P style=\"MARGIN: 0cm 0cm 10pt\"><U><FONT face=Calibri>A latex vizsgáló, munkavédelmi, vizsgáló, vizsgálati kesztyű tulajdonságai:</FONT></U></P>
<P style=\"MARGIN: 0cm 0cm 10pt\"><FONT face=Calibri>A kesztyű anyaga: színtelen&nbsp;latex</FONT></P>
<P style=\"MARGIN: 0cm 0cm 10pt\"><U><FONT face=Calibri>A latex kesztyű méret jelölései:</FONT></U></P>
<P style=\"MARGIN: 0cm 0cm 10pt\"><FONT face=Calibri>&nbsp;XS &ndash; nagyon kis méret, S &ndash; kis méret, M &ndash; közepes méret, L &ndash; nagy méret, XL &ndash; legnagyobb méret </FONT></P>
<P style=\"MARGIN: 0cm 0cm 10pt\">
<P style=\"MARGIN: 0cm 0cm 10pt\"><FONT face=Calibri>A latex kesztyű púdermentes és púderos változatban készül.</FONT></P>
<P style=\"MARGIN: 0cm 0cm 10pt\"><FONT face=Calibri>A kesztyű alkalmazható az orvosi alapellátásban, a laboratóriumi munkában, a fogászatban.</FONT></P>
<P style=\"MARGIN: 0cm 0cm 10pt\"><FONT face=Calibri>A kesztyű finom tapintású, használata pontos munkavégzést tesz lehetővé.</FONT></P>
<P style=\"MARGIN: 0cm 0cm 10pt\"><FONT face=Calibri>A kesztyű nem steril.</FONT></P>
<P style=\"MARGIN: 0cm 0cm 10pt\"><FONT face=Calibri>A kesztyű világos színe alkalmas az orvosi műveletekre.</FONT></P>
<P style=\"MARGIN: 0cm 0cm 10pt\"><FONT face=Calibri>A kesztyű nagyon jó, terhelhető anyagösszetétel rendelkezik.</FONT></P>
<P style=\"MARGIN: 0cm 0cm 10pt; LINE-HEIGHT: normal; mso-margin-top-alt: auto; mso-margin-bottom-alt: auto\"><FONT face=Calibri>CAT 1, megfelel az EN 420 követelményeinek. </FONT></P>
<P style=\"MARGIN: 0cm 0cm 10pt\"><FONT face=Calibri>A latex kesztyű ajánlott felhasználási területei: élelmiszeripari, humán- és állategészségügyi, vendéglátó ipari, laboratóriumi, kozmetikai, mikroelektronikai, minőség-ellenőrzési, háztartási munkák.</FONT></P>
<P style=\"MARGIN: 0cm 0cm 10pt\"><FONT face=Calibri>Professzionális fodrászcikk és fodrászkellék webáruház.</FONT></P>
<P>Az EN 420 szabvány a kesztyű tervezési és szerkezeti követelményeit, a hibátlanságát, kényelmét és hatékonyságát határozza meg, a jelölés és információ minden védőkesztyűre érvényes. Az információk a használati utasítás mellékletét képezik. </P>
<P></P>', `item_id`='2124-gua592M-latex-puderos-100db', `default_pic`='1364', `active`='1', `category_id`='22', `root_category_id`='0', `seo_name`='elfogyott-gumikesztyu-latex-gua592-m-es', `fullurl`='hajfestek/elfogyott-gumikesztyu-latex-gua592-m-es', `other_categories`='22,34,58,104,107,113,203,222,241,242,420' WHERE id=3084

[2020-03-23 12:32:49] UPDATE webshop_gallery SET original_name='Elfogyott! - Gumikesztyű latex GUA592-S-es', date=1584963169 WHERE id=1365

[2020-03-23 12:32:49] UPDATE webshop_special_fields SET `value`='Ro.ial papír és kozmetika' WHERE `key`='manufacturer' AND `product_id`=3085

[2020-03-23 12:32:49] UPDATE webshop_special_fields SET `value`='db' WHERE `key`='quantityunit' AND `product_id`=3085

[2020-03-23 12:32:49] UPDATE webshop_special_fields SET `value`='100' WHERE `key`='kiszereles' AND `product_id`=3085

[2020-03-23 12:32:49] UPDATE webshop_products SET `name_hun`='Elfogyott! - Gumikesztyű latex GUA592-S-es',`content_short`='Gumikesztyű latex. 100db/doboz - púderos &ndash; &nbsp;Olasz, Ro.ial gyártmányú, rugalmas, mindkét kézen...',`content`='<P style=\"MARGIN: 0cm 0cm 10pt\"><FONT face=Calibri>Gumikesztyű latex. 100db/doboz - púderos &ndash; &nbsp;Olasz, Ro.ial gyártmányú, rugalmas, mindkét kézen hordható, kiválóan illeszkedő, bőrbarát, nem steril higiéniai latex munkavédelmi, vizsgáló, vizsgálati, kesztyűk, amik megfelelnek az élelmiszerkezeléssel kapcsolatos európai irányelveknek. </FONT></P>
<P style=\"MARGIN: 0cm 0cm 10pt\">A latex kesztyű<FONT face=Calibri> tulajdonságai: kiváló rugalmasság, vízálló és jó mechanikai szilárdságú, tartalmaznak latex fehérjéket, amelyek ritka esetekben allergiás reakciót válthatnak ki.</FONT></P>
<P style=\"MARGIN: 0cm 0cm 10pt\"><U><FONT face=Calibri>A latex vizsgáló, munkavédelmi, vizsgáló, vizsgálati kesztyű tulajdonságai:</FONT></U></P>
<P style=\"MARGIN: 0cm 0cm 10pt\"><FONT face=Calibri>A kesztyű anyaga: színtelen&nbsp;latex</FONT></P>
<P style=\"MARGIN: 0cm 0cm 10pt\"><U><FONT face=Calibri>A latex kesztyű méret jelölései:</FONT></U></P>
<P style=\"MARGIN: 0cm 0cm 10pt\"><FONT face=Calibri>&nbsp;XS &ndash; nagyon kis méret, S &ndash; kis méret, M &ndash; közepes méret, L &ndash; nagy méret, XL &ndash; legnagyobb méret </FONT></P>
<P style=\"MARGIN: 0cm 0cm 10pt\">
<P style=\"MARGIN: 0cm 0cm 10pt\"><FONT face=Calibri>A latex kesztyű púdermentes és púderos változatban készül.</FONT></P>
<P style=\"MARGIN: 0cm 0cm 10pt\"><FONT face=Calibri>A kesztyű alkalmazható az orvosi alapellátásban, a laboratóriumi munkában, a fogászatban.</FONT></P>
<P style=\"MARGIN: 0cm 0cm 10pt\"><FONT face=Calibri>A kesztyű finom tapintású, használata pontos munkavégzést tesz lehetővé.</FONT></P>
<P style=\"MARGIN: 0cm 0cm 10pt\"><FONT face=Calibri>A kesztyű nem steril.</FONT></P>
<P style=\"MARGIN: 0cm 0cm 10pt\"><FONT face=Calibri>A kesztyű világos színe alkalmas az orvosi műveletekre.</FONT></P>
<P style=\"MARGIN: 0cm 0cm 10pt\"><FONT face=Calibri>A kesztyű nagyon jó, terhelhető anyagösszetétel rendelkezik.</FONT></P>
<P style=\"MARGIN: 0cm 0cm 10pt; LINE-HEIGHT: normal; mso-margin-top-alt: auto; mso-margin-bottom-alt: auto\"><FONT face=Calibri>CAT 1, megfelel az EN 420 követelményeinek. </FONT></P>
<P style=\"MARGIN: 0cm 0cm 10pt\"><FONT face=Calibri>A latex kesztyű ajánlott felhasználási területei: élelmiszeripari, humán- és állategészségügyi, vendéglátó ipari, laboratóriumi, kozmetikai, mikroelektronikai, minőség-ellenőrzési, háztartási munkák.</FONT></P>
<P style=\"MARGIN: 0cm 0cm 10pt\"><FONT face=Calibri>Professzionális fodrászcikk és fodrászkellék webáruház.</FONT></P>
<P>Az EN 420 szabvány a kesztyű tervezési és szerkezeti követelményeit, a hibátlanságát, kényelmét és hatékonyságát határozza meg, a jelölés és információ minden védőkesztyűre érvényes. Az információk a használati utasítás mellékletét képezik. </P>
<P></P>', `item_id`='2124-gua592S-latex-puderos-100db', `default_pic`='1365', `active`='1', `category_id`='22', `root_category_id`='0', `seo_name`='elfogyott-gumikesztyu-latex-gua592-s-es', `fullurl`='hajfestek/elfogyott-gumikesztyu-latex-gua592-s-es', `other_categories`='22,34,58,104,107,113,203,222,241,242,420' WHERE id=3085

[2020-03-23 12:32:49] UPDATE webshop_products SET sort=1 WHERE id=3326

[2020-03-23 12:32:49] UPDATE webshop_products SET sort=2 WHERE id=4657

[2020-03-23 12:32:49] UPDATE webshop_products SET sort=3 WHERE id=4658

[2020-03-23 12:32:53] UPDATE users SET lastlogin = NOW() WHERE id = '11'

[2020-03-23 12:32:55] UPDATE users SET lastlogin = NOW() WHERE id = '11'

[2020-03-23 12:32:55] UPDATE webshop_products SET `price1_name`='Beszerzési ár', `price1_currency`='HUF', `price1_value`='1148' WHERE id=2489

[2020-03-23 12:32:55] UPDATE webshop_products SET `price2_name`='Kereskedő -27,6%', `price2_currency`='HUF', `price2_value`='1896' WHERE id=2489

[2020-03-23 12:32:55] UPDATE webshop_products SET `price3_name`='Kereskedő -33,6%', `price3_currency`='HUF', `price3_value`='1739' WHERE id=2489

[2020-03-23 12:32:55] UPDATE webshop_products SET `price4_name`='Szakmai 1 ár -7%', `price4_currency`='HUF', `price4_value`='2435' WHERE id=2489

[2020-03-23 12:32:55] UPDATE webshop_products SET `price5_name`='Szakmai 2 ár -14%', `price5_currency`='HUF', `price5_value`='2252' WHERE id=2489

[2020-03-23 12:32:55] UPDATE webshop_products SET `price6_name`='Vásárló', `price6_currency`='HUF', `price6_value`='2618' WHERE id=2489

[2020-03-23 12:32:55] UPDATE webshop_products SET `price7_name`='W Lista ár', `price7_currency`='HUF', `price7_value`='2618' WHERE id=2489

[2020-03-23 12:32:55] UPDATE webshop_products SET `price`='2618', `reduced_price`=0 WHERE id=2489

[2020-03-23 12:32:56] UPDATE webshop_products SET `price1_name`='Beszerzési ár', `price1_currency`='HUF', `price1_value`='2008' WHERE id=4657

[2020-03-23 12:32:56] UPDATE webshop_products SET `price2_name`='Kereskedő -27,6%', `price2_currency`='HUF', `price2_value`='3315' WHERE id=4657

[2020-03-23 12:32:56] UPDATE webshop_products SET `price3_name`='Kereskedő -33,6%', `price3_currency`='HUF', `price3_value`='3040' WHERE id=4657

[2020-03-23 12:32:56] UPDATE webshop_products SET `price4_name`='Szakmai 1 ár -7%', `price4_currency`='HUF', `price4_value`='4258' WHERE id=4657

[2020-03-23 12:32:56] UPDATE webshop_products SET `price5_name`='Szakmai 2 ár -14%', `price5_currency`='HUF', `price5_value`='3937' WHERE id=4657

[2020-03-23 12:32:56] UPDATE webshop_products SET `price6_name`='Vásárló', `price6_currency`='HUF', `price6_value`='4578' WHERE id=4657

[2020-03-23 12:32:56] UPDATE webshop_products SET `price7_name`='W Lista ár', `price7_currency`='HUF', `price7_value`='4578' WHERE id=4657

[2020-03-23 12:32:56] UPDATE webshop_products SET `price`='4578', `reduced_price`=0 WHERE id=4657

[2020-03-23 12:32:56] UPDATE webshop_products SET `price1_name`='Beszerzési ár', `price1_currency`='HUF', `price1_value`='2008' WHERE id=4658

[2020-03-23 12:32:56] UPDATE webshop_products SET `price2_name`='Kereskedő -27,6%', `price2_currency`='HUF', `price2_value`='3315' WHERE id=4658

[2020-03-23 12:32:56] UPDATE webshop_products SET `price3_name`='Kereskedő -33,6%', `price3_currency`='HUF', `price3_value`='3040' WHERE id=4658

[2020-03-23 12:32:56] UPDATE webshop_products SET `price4_name`='Szakmai 1 ár -7%', `price4_currency`='HUF', `price4_value`='4258' WHERE id=4658

[2020-03-23 12:32:56] UPDATE webshop_products SET `price5_name`='Szakmai 2 ár -14%', `price5_currency`='HUF', `price5_value`='3937' WHERE id=4658

[2020-03-23 12:32:56] UPDATE webshop_products SET `price6_name`='Vásárló', `price6_currency`='HUF', `price6_value`='4578' WHERE id=4658

[2020-03-23 12:32:56] UPDATE webshop_products SET `price7_name`='W Lista ár', `price7_currency`='HUF', `price7_value`='4578' WHERE id=4658

[2020-03-23 12:32:56] UPDATE webshop_products SET `price`='4578', `reduced_price`=0 WHERE id=4658

[2020-03-23 12:32:56] UPDATE webshop_products SET `price1_name`='Beszerzési ár', `price1_currency`='HUF', `price1_value`='1513' WHERE id=2404

[2020-03-23 12:32:56] UPDATE webshop_products SET `price2_name`='Kereskedő -27,6%', `price2_currency`='HUF', `price2_value`='2497' WHERE id=2404

[2020-03-23 12:32:56] UPDATE webshop_products SET `price3_name`='Kereskedő -33,6%', `price3_currency`='HUF', `price3_value`='2290' WHERE id=2404

[2020-03-23 12:32:56] UPDATE webshop_products SET `price4_name`='Szakmai 1 ár -7%', `price4_currency`='HUF', `price4_value`='3207' WHERE id=2404

[2020-03-23 12:32:56] UPDATE webshop_products SET `price5_name`='Szakmai 2 ár -14%', `price5_currency`='HUF', `price5_value`='2965' WHERE id=2404

[2020-03-23 12:32:56] UPDATE webshop_products SET `price6_name`='Vásárló', `price6_currency`='HUF', `price6_value`='3448' WHERE id=2404

[2020-03-23 12:32:56] UPDATE webshop_products SET `price7_name`='W Lista ár', `price7_currency`='HUF', `price7_value`='3448' WHERE id=2404

[2020-03-23 12:32:56] UPDATE webshop_products SET `price`='3448', `reduced_price`=0 WHERE id=2404

[2020-03-23 12:32:56] UPDATE webshop_products SET `price1_name`='Beszerzési ár', `price1_currency`='HUF', `price1_value`='1148' WHERE id=3084

[2020-03-23 12:32:56] UPDATE webshop_products SET `price2_name`='Kereskedő -27,6%', `price2_currency`='HUF', `price2_value`='1896' WHERE id=3084

[2020-03-23 12:32:56] UPDATE webshop_products SET `price3_name`='Kereskedő -33,6%', `price3_currency`='HUF', `price3_value`='1739' WHERE id=3084

[2020-03-23 12:32:56] UPDATE webshop_products SET `price4_name`='Szakmai 1 ár -7%', `price4_currency`='HUF', `price4_value`='2435' WHERE id=3084

[2020-03-23 12:32:56] UPDATE webshop_products SET `price5_name`='Szakmai 2 ár -14%', `price5_currency`='HUF', `price5_value`='2252' WHERE id=3084

[2020-03-23 12:32:56] UPDATE webshop_products SET `price6_name`='Vásárló', `price6_currency`='HUF', `price6_value`='2618' WHERE id=3084

[2020-03-23 12:32:56] UPDATE webshop_products SET `price7_name`='W Lista ár', `price7_currency`='HUF', `price7_value`='2618' WHERE id=3084

[2020-03-23 12:32:56] UPDATE webshop_products SET `price`='2618', `reduced_price`=0 WHERE id=3084

[2020-03-23 12:32:56] UPDATE webshop_products SET `price1_name`='Beszerzési ár', `price1_currency`='HUF', `price1_value`='1148' WHERE id=3085

[2020-03-23 12:32:56] UPDATE webshop_products SET `price2_name`='Kereskedő -27,6%', `price2_currency`='HUF', `price2_value`='1896' WHERE id=3085

[2020-03-23 12:32:56] UPDATE webshop_products SET `price3_name`='Kereskedő -33,6%', `price3_currency`='HUF', `price3_value`='1739' WHERE id=3085

[2020-03-23 12:32:56] UPDATE webshop_products SET `price4_name`='Szakmai 1 ár -7%', `price4_currency`='HUF', `price4_value`='2435' WHERE id=3085

[2020-03-23 12:32:56] UPDATE webshop_products SET `price5_name`='Szakmai 2 ár -14%', `price5_currency`='HUF', `price5_value`='2252' WHERE id=3085

[2020-03-23 12:32:56] UPDATE webshop_products SET `price6_name`='Vásárló', `price6_currency`='HUF', `price6_value`='2618' WHERE id=3085

[2020-03-23 12:32:56] UPDATE webshop_products SET `price7_name`='W Lista ár', `price7_currency`='HUF', `price7_value`='2618' WHERE id=3085

[2020-03-23 12:32:56] UPDATE webshop_products SET `price`='2618', `reduced_price`=0 WHERE id=3085

[2020-03-23 12:33:15] UPDATE users SET lastlogin = NOW() WHERE id = '11'

[2020-03-23 12:33:16] UPDATE users SET lastlogin = NOW() WHERE id = '11'

[2020-03-23 12:33:18] DELETE FROM webshop_gallery WHERE id=13114

[2020-03-23 12:33:30] INSERT INTO webshop_gallery (`id`, `product_id`, `original_name`, `new_name`, `date`) VALUES (13117, 4658, 'Gumikesztyű latex 100db M-es', '13117.jpg', 1584963210)

[2020-03-23 12:33:32] UPDATE users SET lastlogin = NOW() WHERE id = '11'

[2020-03-23 12:33:38] DELETE FROM webshop_gallery WHERE id=13117

[2020-03-23 12:33:46] INSERT INTO webshop_gallery (`id`, `product_id`, `original_name`, `new_name`, `date`) VALUES (13117, 4657, 'Gumikesztyű latex 100db S-es', '13117.jpg', 1584963226)

[2020-03-23 12:35:23] UPDATE users SET lastlogin = NOW() WHERE id = '11'

