[2021-01-25 19:06:40] UPDATE users SET lastlogin = NOW() WHERE id = '11'

[2021-01-25 19:06:43] UPDATE users SET lastlogin = NOW() WHERE id = '11'

[2021-01-25 19:06:46] UPDATE users SET lastlogin = NOW() WHERE id = '11'

[2021-01-25 19:06:46] UPDATE webshop_gallery SET original_name='Hajkisimító és szuper hajbontó kefe Tanglim Exclusive econ-flower', date=1611598006 WHERE id=5007

[2021-01-25 19:06:46] UPDATE webshop_special_fields SET `value`='LIM HAIR hajformázók' WHERE `key`='manufacturer' AND `product_id`=3880

[2021-01-25 19:06:46] UPDATE webshop_special_fields SET `value`='db' WHERE `key`='quantityunit' AND `product_id`=3880

[2021-01-25 19:06:46] UPDATE webshop_special_fields SET `value`='1' WHERE `key`='kiszereles' AND `product_id`=3880

[2021-01-25 19:06:46] UPDATE webshop_products SET `name_hun`='Hajkisimító és szuper hajbontó kefe Tanglim Exclusive econ-flower',`content_short`='Hajkefe, hajkisimító és szuper hajbontó,&nbsp;csepp alakú&nbsp;econ, Exclusive hajkefe. A hajkefék színei és...',`content`='<P style=\"TEXT-ALIGN: justify\">Hajkefe, hajkisimító és szuper hajbontó,&nbsp;csepp alakú&nbsp;econ, Exclusive hajkefe. A hajkefék színei és elnevezése a képen láthatók. &nbsp;Minden hajkefének, Tangle Teezer kidolgozású, fehér színű tüskéje van. --</P>
<P style=\"MARGIN: 0cm 0cm 10pt\"><FONT face=Calibri>Egyedi megjelenésű, Luxus kidolgozású és minőségű hajkefék, hajkímélő erős és&nbsp;strapabíró fésülő, bontó tüskékkel.</FONT></P>
<P style=\"TEXT-ALIGN: justify\">-- Rugalmas felépítésű, Luxus kivitelezésű, csepp alakú, szuper hajkibontó kefe. A LIM - HAIR TANGLIM, a Tangle Teezer hajkefék luxus kidolgozású változata, ergonómikus nyeles, és tenyérbe fogható csepp alakú változatban készülnek. A fésülő rész, 3 különböző magasságú rugalmas hajkefe tüske sorok többszörös ismétlődésével készül, hogy használata a lehető legkíméletesebb hajbontást tegye lehetővé.</P>
<P style=\"MARGIN: 0cm 0cm 10pt\">- Forradalmian új sörtéinek köszönhetően, fájdalom nélkül kibontja a csomókat. Nem roncsolja a hajvégeket.</P>
<P style=\"MARGIN: 0cm 0cm 10pt\">- Még a vizes hajat is kíméletesen és gyorsan kifésüli.</P>
<P style=\"MARGIN: 0cm 0cm 10pt\">- Megvédi a hajat a mechanikai sérülésektől, csökkenti a töredezettséget</P>
<P style=\"MARGIN: 0cm 0cm 10pt\">- Bármilyen hajtípushoz használható. (egyenes, göndör, száraz, vizes)</P>
<P style=\"MARGIN: 0cm 0cm 10pt\">- Speciálisan ívelt elrendezésének köszönhetően a hajtövektől a végekig egyenletesen hat.</P>
<P style=\"MARGIN: 0cm 0cm 10pt\">- Formatervezett külső, jól illeszkedik a tenyérbe, kényelmes használat.</P>
<P style=\"MARGIN: 0cm 0cm 10pt\">- Ilyen gyors még sosem volt a fésülködés</P>
<P style=\"TEXT-ALIGN: justify\">LIM - HAIR TANGLIM és Tangle Teezer hajkefe ideális minden típusú haj kibontására, egyenesre fésülésére. Úgy tervezték, hogy az egész hajkefe ( a hajkefe nyél és test, a tüskék) rugalmas legyen, és a 3 különböző ........................teljes leírás a pink hajkefénél!</P>', `item_id`='2827-lim-tanglim-econ-st-flower', `default_pic`='5007', `active`='1', `category_id`='104', `root_category_id`='0', `seo_name`='hajkisimito-es-szuper-hajbonto-kefe-tanglim-exclusive-econ-flower', `fullurl`='fodraszkellek/hajkisimito-es-szuper-hajbonto-kefe-tanglim-exclusive-econ-flower', `other_categories`='104,115,117,120' WHERE id=3880

[2021-01-25 19:06:46] UPDATE webshop_gallery SET original_name='Maxima hajfesték', date=1611598006 WHERE id=1658

[2021-01-25 19:06:46] UPDATE webshop_special_fields SET `value`='Vitalfarco Maxima-NHP-Vitael' WHERE `key`='manufacturer' AND `product_id`=3250

[2021-01-25 19:06:46] UPDATE webshop_special_fields SET `value`='ml' WHERE `key`='quantityunit' AND `product_id`=3250

[2021-01-25 19:06:46] UPDATE webshop_special_fields SET `value`='100' WHERE `key`='kiszereles' AND `product_id`=3250

[2021-01-25 19:06:46] UPDATE webshop_products SET `name_hun`='Maxima hajfesték',`content_short`='Keratinos hajfesték selyem proteinnel, hajszín védő Ceramidokkal, kellemes gyümölcs illattal. A Maxima...',`content`='<P style=\"TEXT-ALIGN: justify; MARGIN: 0cm 0cm 10pt; LINE-HEIGHT: normal\"><FONT face=Calibri>Keratinos hajfesték selyem proteinnel, hajszín védő Ceramidokkal, kellemes gyümölcs illattal. A Maxima professzionális hajfestékek gyártója az &nbsp;Olaszországi, Milánoi Vitalfarco hajkozmetikai cég, 1963-ban alapították. Hajfestékeit &nbsp;azóta használják a fodrászok a világ sok országában, fodrászataiban. A hajápoló anyagok széles skáláját tartalmazó hajfesték jellemzői: ragyogó hajszínek, tökéletes 100%-os ősz hajtakarás, kellemes gyümölcs illat.&nbsp;</FONT></P>
<P style=\"TEXT-ALIGN: justify; MARGIN: 0cm 0cm 10pt; LINE-HEIGHT: normal\"><FONT face=Calibri>100ml - A Maxima hajfesték színskála a jól nagyítható hajfesték színekkel, a hajszínek Magyar elnevezése itt a - Termékleírás - melletti,&nbsp; - Hajfesték színek - vagy&nbsp; - Hajszínskála - fülnél található!</FONT></P>
<P style=\"TEXT-ALIGN: justify; MARGIN: 0cm 0cm 0pt; LINE-HEIGHT: normal\"><FONT face=Calibri>&nbsp;15db Vitalfarco Maxima hajfesték vásárlása esetén tincses hajszínskálát kérhet ajándékba, vagy vásárolja meg kezdő csomagunkat, amely tartalmazza. Hívja ügyfélszolgálatunkat, vagy kérje a - Kosár &nbsp;&ndash; Megrendelés &ndash; Megjegyzés - ablakba beírva!</FONT></P>
<P style=\"TEXT-ALIGN: justify; MARGIN: 0cm 0cm 0pt; LINE-HEIGHT: normal\">&nbsp;</P>
<P style=\"TEXT-ALIGN: justify; MARGIN: 0cm 0cm 0pt; LINE-HEIGHT: normal\"><STRONG>Maxima Plex hajfestékek.</STRONG>&nbsp;A plex egy új innovatív technológia, amely<STRONG> </STRONG>hármas fronton véd hajkárosodás ellen. A hajfestés közben egy lépésben, megvédi a hajszerkezetben található mikro kötéseket a károsodástól ezzel erősíti, valamint hidratálja, és ápolja a hajat, segít megőrizni annak egészségét.</P>
<P style=\"TEXT-ALIGN: justify; MARGIN: 0cm 0cm 0pt; LINE-HEIGHT: normal\"><FONT face=Calibri>&nbsp;</FONT></P>
<P style=\"TEXT-ALIGN: justify; MARGIN: 0cm 0cm 0pt; LINE-HEIGHT: normal\"><FONT face=Calibri><STRONG>&nbsp;<U>A Maxima hajfestékek &nbsp;megrendelése.</U></STRONG></FONT></P>
<P style=\"TEXT-ALIGN: justify; MARGIN: 0cm 0cm 0pt; LINE-HEIGHT: normal\"><FONT face=Calibri>&nbsp;</FONT></P>
<P style=\"TEXT-ALIGN: justify; MARGIN: 0cm 0cm 0pt; LINE-HEIGHT: normal\"><FONT face=Calibri>A jól nagyítható hajszínskála nagyban segíti a megfelelő hajszín kiválasztását, írja fel, jegyezze meg a kiválasztott hajszín számát! Válassza ki a hajszínt a legördülő hajszínválasztóból, írja be a kívánt darabszámot, majd tegye a kosárba! Ha több hajszínt vásárol, innen menjen vissza a&nbsp; &ndash; Vásárlás folytatása - gombbal a hajfestékhez, és ezt hajszínenként ismételje meg!</FONT></P>
<P style=\"TEXT-ALIGN: justify; MARGIN: 0cm 0cm 0pt; LINE-HEIGHT: normal\"><FONT face=Calibri>Ha nehézséget okoz a megrendelés, diktálja be telefonon ingyenesen is hívható ügyfélszolgálatunknak!</FONT></P>
<P style=\"TEXT-ALIGN: justify; MARGIN: 0cm 0cm 0pt; LINE-HEIGHT: normal\"><FONT face=Calibri>&nbsp;</FONT></P>
<P style=\"TEXT-ALIGN: justify; MARGIN: 0cm 0cm 0pt; LINE-HEIGHT: normal\"><FONT face=Calibri><U><STRONG>A Vitalfarco Maxima hajfestékhez való oxidálószer kiválasztása.</STRONG></U></FONT></P>
<P style=\"TEXT-ALIGN: justify; MARGIN: 0cm 0cm 0pt; LINE-HEIGHT: normal\"><FONT face=Calibri>&nbsp;</FONT></P>
<P style=\"TEXT-ALIGN: justify; MARGIN: 0cm 0cm 0pt; LINE-HEIGHT: normal\"><FONT face=Calibri>A Maxima hajfestékhez szükséges oxidáló megrendeléséhez több lehetőséget is találhat! Ha a hajfestéknél nem ajánlja fel a program az oxidáló kiválasztását, menjen a &ndash; Hajfestés - vagy Hajfestékek -&nbsp; Oxigenta, Oxidálók &hellip; menüponthoz és a&nbsp; válassza ki a szükséges erősségű&nbsp; Maxima termékekhez készült, oxidálót.</FONT></P>
<P style=\"TEXT-ALIGN: justify; MARGIN: 0cm 0cm 0pt; LINE-HEIGHT: normal\"><FONT face=Calibri>&nbsp;</FONT></P>
<P style=\"MARGIN: 0cm 0cm 10pt; LINE-HEIGHT: normal; mso-margin-top-alt: auto; mso-margin-bottom-alt: auto\"><FONT face=Calibri><U><STRONG>Vitalfarco Maxima Hajfestékek használata.</STRONG></U></FONT></P>
<P style=\"TEXT-ALIGN: justify; MARGIN: 0cm 0cm 10pt; LINE-HEIGHT: normal\"><FONT face=Calibri>Ha szükséges, a hajfestéssel kapcsolatosan részletes szakmai tudnivalókat és tanácsokat talál a következő menüpontnál!&nbsp; &nbsp;- Információ - Hajfestékek használata, hajfestési tanácsok</FONT></P>
<P style=\"MARGIN: 0cm 0cm 10pt; LINE-HEIGHT: normal; mso-margin-top-alt: auto; mso-margin-bottom-alt: auto\"><FONT face=Calibri>A normál hajfestékek keverési aránya 1+1,5 -&nbsp; Hatóidő 30 perc / &nbsp; Az ultravilágosító hajfestékek keverési aránya&nbsp; 1+2&nbsp; 40vol-12% oxidálóval,&nbsp; Hatóidő 30-45 perc</FONT></P>
<P style=\"MARGIN: 0cm 0cm 10pt; LINE-HEIGHT: normal\"><FONT face=Calibri>Tegyünk egy műanyag tálba 1 adag hajfestéket, és keverjünk hozzá 1,5 adag oxidálószert ( pl.: 50ml festék&nbsp; + 75ml oxidálószer).</FONT></P>
<P style=\"TEXT-ALIGN: justify; MARGIN: 0cm 0cm 10pt; LINE-HEIGHT: normal\"><FONT face=Calibri><U><STRONG>Maxima Metallic - Pasztell Metál hajfestékek használata.</STRONG></U></FONT></P>
<P style=\"TEXT-ALIGN: justify; MARGIN: 0cm 0cm 10pt; LINE-HEIGHT: normal\"><FONT face=Calibri>Világosító hatásuk csekély, 30 -vol oxidálóval keverve 1 - 1,5 árnyalat. A színek 8 - 9&nbsp;színmélységtől használva, sötétebben, de már látszódnak. A színskálán látható legszebb intenzív hajszínek csak a legvilágosabb alapon érhetők el! A legvilágosabb és szőkített hajon csak 20 vol, színezésnél 10 vol erősségű oxidálóval keverjük.</FONT></P>
<P style=\"MARGIN: 0cm 0cm 10pt; LINE-HEIGHT: normal; mso-margin-top-alt: auto; mso-margin-bottom-alt: auto\"><FONT face=Calibri>keverési aránya:</FONT></P>
<UL style=\"MARGIN-TOP: 0cm\" type=disc>
<LI style=\"MARGIN: 0cm 0cm 10pt; LINE-HEIGHT: normal; mso-list: l0 level1 lfo1; tab-stops: list 36.0pt\"><FONT face=Calibri>hajfestéshez&nbsp; 1+1,5 hatóidő 30perc,&nbsp;&nbsp;&nbsp;&nbsp;&nbsp;&nbsp;&nbsp;&nbsp;&nbsp;&nbsp;&nbsp;&nbsp; 20-30vol erősségű oxidálóval</FONT> 
<LI style=\"MARGIN: 0cm 0cm 10pt; LINE-HEIGHT: normal; mso-list: l0 level1 lfo1; tab-stops: list 36.0pt\"><FONT face=Calibri>hajszínezéshez 1+1,5 hatóidő 20-30perc&nbsp;&nbsp;&nbsp;&nbsp; 10-20vol erősségű oxidálóval</FONT></LI></UL>
<P style=\"MARGIN: 0cm 0cm 12pt; LINE-HEIGHT: normal\"><FONT face=Calibri>A színskálán 9* -al jelölt hajszínek, a 8 hajszínárnyalatok és az&nbsp; N Neutral ( fehér mixton) 3+1 arányú keverésével, és&nbsp;csak a legvilágosabb alapon készíthetők el.</FONT></P>
<P style=\"MARGIN: 0cm 0cm 10pt; LINE-HEIGHT: normal; mso-margin-top-alt: auto; mso-margin-bottom-alt: auto\"><FONT face=Calibri><U><STRONG>Maxima - Oxidálószer kiválasztása:</STRONG></U>&nbsp;&nbsp;keverési arány&nbsp;&nbsp;&nbsp;&nbsp;&nbsp;&nbsp;&nbsp;&nbsp;&nbsp;&nbsp;&nbsp;&nbsp;&nbsp;&nbsp;&nbsp;&nbsp;&nbsp;&nbsp;&nbsp;&nbsp;&nbsp;&nbsp;&nbsp;&nbsp;&nbsp;&nbsp;&nbsp;&nbsp;&nbsp;&nbsp;&nbsp;&nbsp;&nbsp;&nbsp;&nbsp;&nbsp;&nbsp;&nbsp;&nbsp;&nbsp;&nbsp;&nbsp;&nbsp;&nbsp;&nbsp;&nbsp;&nbsp;&nbsp;&nbsp;&nbsp; &nbsp;&nbsp;hatóidő:perc&nbsp;&nbsp;&nbsp;</FONT></P>
<P style=\"MARGIN: 0cm 0cm 10pt; LINE-HEIGHT: normal; mso-margin-top-alt: auto; mso-margin-bottom-alt: auto\"><FONT face=Calibri>10 vol ( 3% ) hajszínezés&nbsp;&nbsp;&nbsp;&nbsp;&nbsp;&nbsp;&nbsp;&nbsp;&nbsp;&nbsp;&nbsp;&nbsp;&nbsp;&nbsp;&nbsp;&nbsp;&nbsp;&nbsp;&nbsp;&nbsp;&nbsp; 1+2&nbsp;&nbsp; 40ml hajfesték 80ml oxi.&nbsp;&nbsp;&nbsp;&nbsp;&nbsp;&nbsp;&nbsp;&nbsp;&nbsp;&nbsp;&nbsp;&nbsp;&nbsp;&nbsp;&nbsp;&nbsp;&nbsp;&nbsp;&nbsp;&nbsp;&nbsp;&nbsp;&nbsp;&nbsp;&nbsp;&nbsp;&nbsp;&nbsp;&nbsp;&nbsp;&nbsp;&nbsp;&nbsp;&nbsp;&nbsp;&nbsp;&nbsp;&nbsp; &nbsp;&nbsp;&nbsp;&nbsp;20-30<BR>20 vol ( 6% ) Festés, ősz haj takarása&nbsp;1+1,5 50ml hajfesték 75ml oxi&nbsp;&nbsp;&nbsp; 1 árnyalat világosítása&nbsp;&nbsp;&nbsp;&nbsp; 20-30<BR>30 vol ( 9% ) Világosítás&nbsp;&nbsp;&nbsp;&nbsp;&nbsp;&nbsp;&nbsp;&nbsp;&nbsp;&nbsp;&nbsp;&nbsp;&nbsp;&nbsp;&nbsp;&nbsp;&nbsp;&nbsp;&nbsp;&nbsp;&nbsp; 1+1,5 50ml hajfesték 75ml oxi&nbsp; 2-3 árnyalat világosítása&nbsp;&nbsp;&nbsp;&nbsp;30<BR>40 vol (12%) Világosítás&nbsp;&nbsp;&nbsp;&nbsp;&nbsp;&nbsp;&nbsp;&nbsp;&nbsp;&nbsp;&nbsp;&nbsp;&nbsp;&nbsp;&nbsp;&nbsp;&nbsp;&nbsp;&nbsp;&nbsp;&nbsp; 1+1,5 50ml hajfesték 75ml oxi&nbsp; 3-4 árnyalat világosítása&nbsp;&nbsp;&nbsp; 30-45<BR>40 vol (12%) Ultravilágosítás&nbsp;&nbsp;&nbsp;&nbsp;&nbsp;&nbsp;&nbsp;&nbsp;&nbsp;&nbsp;&nbsp;&nbsp;&nbsp;&nbsp; 1+2&nbsp;&nbsp;&nbsp; 40ml hajfesték 80ml oxi&nbsp; 5-6 árnyalat világosítása&nbsp;&nbsp;&nbsp; 30-45</FONT></P>
<P style=\"MARGIN: 0cm 0cm 10pt; LINE-HEIGHT: normal; mso-margin-top-alt: auto; mso-margin-bottom-alt: auto\"><FONT face=Calibri>Ősz haj fedéséhez a natúr és a divat színek keverési aránya:</FONT><BR><FONT face=Calibri>10 - 30% ősz haj esetén&nbsp;&nbsp; 15 ml-természetes 0, vagy 00 szín + 35 ml divatszín<BR>30 - 60% ősz haj esetén&nbsp;&nbsp; 25 ml-természetes 0, vagy 00 szín + 25 ml divatszín<BR>60%&nbsp; ősz haj felett&nbsp;&nbsp;&nbsp;&nbsp;&nbsp;&nbsp;&nbsp;&nbsp;&nbsp;&nbsp; 30 ml-természetes 0, vagy 00 szín + 20 ml divatszín<BR>Erős ősz haj&nbsp; fedéséhez mindig a 00 sorozatú natúr festékeket használja 30 vol(9%)-os oxidálóval.</FONT></P>
<P style=\"MARGIN: 0cm 0cm 10pt; LINE-HEIGHT: normal\"><FONT face=Calibri>Sárgulásra,&nbsp;pirosodásra&nbsp;hajlamos természetes natúr, és ősz hajak festéséhez használja a&nbsp; 4.01, 5.01, 6.01, 7.01, 8.01 sorozatot, melyek&nbsp;sárgulás és pirososodás&nbsp;elleni pigmenteket is tartalmaznak.</FONT></P><FONT face=Calibri>
<P style=\"TEXT-ALIGN: justify; MARGIN: 0cm 0cm 10pt\"><STRONG><U>Ultravilágosító hajfesték színek:</U></STRONG>&nbsp; 1+2 keverési aránnyal használjuk, 12% oxidálóval.&nbsp; 4-5 színmélységet világosít. Az 1000 Ultravilágosító fehérítő, pigment mentes hajfesték, szőkítő krém, arányos keverésével az ultravilágos színeket világosíthatjuk, pasztell hajszíneket hozhatunk létre, de szőkítő krémként is használható, 4-5 színárnyalat világosításához.</P>
<P style=\"MARGIN: 0cm 0cm 10pt\"><STRONG>Szőkítő krém:</STRONG> Az 1000 Ultravilágosító fehérítő, pigment mentes hajfestéket önállóan is használhatjuk szőkítésre, 4-5 színárnyalat világosításához.</P>
<P style=\"MARGIN: 0cm 0cm 10pt\"></FONT><FONT face=Calibri><U>Pigment hiányos, erősen üveges ősz haj festése:</U></FONT></P>
<P style=\"TEXT-ALIGN: justify; MARGIN: 0cm 0cm 10pt; LINE-HEIGHT: normal; mso-margin-top-alt: auto; mso-margin-bottom-alt: auto\"><FONT face=Calibri>75 - 100% között üveges ősz hajnálj szükséges lehet a tökéletes natúr árnyalat eléréséhez, minden típusú hajfestéknél, a 7-9 árnyalatoknál az arany pigmentek pótlása! Pl. 2/3 7 natúr szín + 1/3 ugyanolyan arany árnyalat, pl. - 7.3 , 8,3 arany szín.</FONT></P>
<P style=\"MARGIN: 0cm 0cm 10pt; LINE-HEIGHT: normal; mso-margin-top-alt: auto; mso-margin-bottom-alt: auto\"><FONT face=Calibri>Mixton hajfesték ( korrektor hajfesték ) használata.</FONT></P>
<UL type=disc>
<LI style=\"TEXT-ALIGN: justify; MARGIN: 0cm 0cm 10pt; LINE-HEIGHT: normal; mso-margin-top-alt: auto; mso-margin-bottom-alt: auto; mso-list: l1 level1 lfo2; tab-stops: list 36.0pt\"><FONT face=Calibri>A korrektorok, mixtonok a nem kívánt hajszínárnyalatok ellensúlyozására, vagy a kívánt hajszínek megerősítésére, lágyítására, pasztell árnyalatok készítésére szolgálnak. A mixton színek használat nagyon fontos, a tökéletes kívánt színárnyalat eléréséhez.</FONT> 
<LI style=\"TEXT-ALIGN: justify; MARGIN: 0cm 0cm 10pt; LINE-HEIGHT: normal; mso-margin-top-alt: auto; mso-margin-bottom-alt: auto; mso-list: l1 level1 lfo2; tab-stops: list 36.0pt\"><FONT face=Calibri>Korrektorok, mixtonok használata: A szükséges mennyiség széles határok között mozoghat a kívánt hatástól függően! Átlagos használat nem kívánt színárnyalat ellensúlyozására:&nbsp; 60gr hajfestékhez&nbsp; 5 - 10 gr, ( kb.5-10cm festékcsík) mixton színt keverjünk, 12.1 hamvas árnyalathoz 10-20gr. Egy hajszín megerősítéséhez, pl. nagyon piros árnyalathoz akár 40gr mixtont is keverhetünk. A mixtonok tökéletes használata a hajszínskálán található színkör táblázattal, és&nbsp; gyakorlással könnyen elsajátítható.</FONT></LI></UL>', `item_id`='1401-vhcm-100ml-alap', `default_pic`='1658', `active`='1', `category_id`='22', `root_category_id`='0', `seo_name`='maxima-hajfestek', `fullurl`='hajfestek/maxima-hajfestek', `other_categories`='22,24,84,222' WHERE id=3250

[2021-01-25 19:06:46] UPDATE webshop_gallery SET original_name='Hajvasaló Exclusive hővédő táskával LIM-HAIR-pc8.0 Luxus Nano Silber Titanium', date=1611598006 WHERE id=733

[2021-01-25 19:06:46] UPDATE webshop_special_fields SET `value`='LIM HAIR hajformázók' WHERE `key`='manufacturer' AND `product_id`=2729

[2021-01-25 19:06:46] UPDATE webshop_special_fields SET `value`='db' WHERE `key`='quantityunit' AND `product_id`=2729

[2021-01-25 19:06:46] UPDATE webshop_special_fields SET `value`='1' WHERE `key`='kiszereles' AND `product_id`=2729

[2021-01-25 19:06:46] UPDATE webshop_products SET `name_hun`='Hajvasaló Exclusive hővédő táskával LIM-HAIR-pc8.0 Luxus Nano Silber Titanium',`content_short`='
Hajvasaló fekete színben, Exclusive kidolgozású, fekete hő védő utazó táskával, 120mm hosszú hajvasaló...',`content`='<FONT face=Calibri>
<P style=\"TEXT-ALIGN: justify; MARGIN: 0cm 0cm 10pt; LINE-HEIGHT: normal; mso-margin-top-alt: auto; mso-margin-bottom-alt: auto\">Hajvasaló fekete színben, Exclusive kidolgozású, fekete hő védő utazó táskával, 120mm hosszú hajvasaló lapokkal. &nbsp;A különleges, extrém kidolgozású, és megjelenésű professzionális hajvasalót a LIM HAIR professzionális hajformázó gép márkák gyártója készíti. A szetthez egy hő védelemmel ellátott hajvasaló tartó táska is tartozik, amelybe akár forrón is beletehetjük a hajvasalót.</P>
<P style=\"TEXT-ALIGN: justify; MARGIN: 0cm 0cm 10pt; LINE-HEIGHT: normal; mso-margin-top-alt: auto; mso-margin-bottom-alt: auto\">A LIM-HAIR-pc8.0 egy Professzionális, fodrászoknak készült hajvasaló. A <STRONG>Nano Silber Titanium</STRONG> kerámia lapon nagyon könnyen, siklik a haj! A Nano Silber Titanium technikának köszönhetően,&nbsp; a hajvasaló fertőtlenítő hatású kerámia bevonattal rendelkezik.&nbsp; A Nano - Ezüst technológia célirányosan viszi fel az ezüstrészecskéket a kerámialapra, ez lehetővé teszi, hogy az első kontaktustól a haj antibakteriális, és mélyrehatóan tiszta legyen. A finom ezüst csökkenti súrlódást és garantálja a tökéletes hajformázást.</P>
<P style=\"TEXT-ALIGN: justify; MARGIN: 0cm 0cm 10pt; LINE-HEIGHT: normal; mso-margin-top-alt: auto; mso-margin-bottom-alt: auto\">80°C-tól 230°C ig, állítható hőfokú, így a nagyon erős hajak hajvasalásához is alkalmas!</P>
<P style=\"TEXT-ALIGN: justify; MARGIN: 0cm 0cm 10pt; LINE-HEIGHT: normal; mso-margin-top-alt: auto; mso-margin-bottom-alt: auto\">A hajvasalóval, hajsimítóval a teljes hajegyenesítésig, az extra síkos hajvasaló felület kialakítása miatt, 1-2 alkalommal kell végig simítani a hajat, a tökéletesen egyenes haj eléréséhez, ezért a hajat kevés igénybevétel éri, nem károsodik, és gyorsan végzünk a hajegyenesítéssel. </P>
<P style=\"TEXT-ALIGN: justify; MARGIN: 0cm 0cm 10pt; LINE-HEIGHT: normal; mso-margin-top-alt: auto; mso-margin-bottom-alt: auto\">Ionos ápolás az egészséges és fényes hajért: A hajvasaló lapok bevonatán keletkező negatív ionok,&nbsp; semlegesítik a haj pozitív feltöltődését, és lehetővé teszik, hogy a haj nedvességének egy részét a haj belsejébe juttassuk. A haj hidratált, fényes, egészséges marad a hajszárítás után!</P>
<P style=\"TEXT-ALIGN: justify; MARGIN: 0cm 0cm 10pt; LINE-HEIGHT: normal; mso-margin-top-alt: auto; mso-margin-bottom-alt: auto\">Hajvasalásnál, hajgöndörítésnél, mindig használjunk hő védő folyadékot, krémet! </P>
<P style=\"TEXT-ALIGN: justify; MARGIN: 0cm 0cm 10pt; LINE-HEIGHT: normal; mso-margin-top-alt: auto; mso-margin-bottom-alt: auto\"><U>pink - Hajvasaló LIM-HAIR-8.0 -- tartozékok, műszaki adatok,</U></P>
<P style=\"TEXT-ALIGN: justify; MARGIN: 0cm 0cm 10pt; LINE-HEIGHT: normal; mso-margin-top-alt: auto; mso-margin-bottom-alt: auto\">A pink szetthez egy hő védelemmel ellátott, pink&nbsp;hajvasaló tartó táska is tartozik, amelybe akár forrón is beletehetjük a hajvasalót.</P>
<UL type=disc>
<LI style=\"TEXT-ALIGN: justify; MARGIN: 0cm 0cm 10pt; LINE-HEIGHT: normal; mso-margin-top-alt: auto; mso-margin-bottom-alt: auto; mso-list: l0 level1 lfo1; tab-stops: list 36.0pt\">A hajvasalás rendkívüli használati gyorsasága a hajvasaló lapoknak köszönhető, melyek antibakteriális fertőtlenítő hatása hajvasaláskor elpusztítja a baktériumokat is. 
<LI style=\"TEXT-ALIGN: justify; MARGIN: 0cm 0cm 10pt; LINE-HEIGHT: normal; mso-margin-top-alt: auto; mso-margin-bottom-alt: auto; mso-list: l0 level1 lfo1; tab-stops: list 36.0pt\">A LIM hajvasaló rugalmasan összezáró hajsimító lapokkal készül, amelyek fixen is összezárhatók, ez a fixálható hajvasaló lap zár. 
<LI style=\"TEXT-ALIGN: justify; MARGIN: 0cm 0cm 10pt; LINE-HEIGHT: normal; mso-margin-top-alt: auto; mso-margin-bottom-alt: auto; mso-list: l0 level1 lfo1; tab-stops: list 36.0pt\">Hajvasaláskor a pehelykönnyű és ergonomikus géptest kialakítás nem veszi igénybe a kéz izmait. 
<LI style=\"TEXT-ALIGN: justify; MARGIN: 0cm 0cm 10pt; LINE-HEIGHT: normal; mso-margin-top-alt: auto; mso-margin-bottom-alt: auto; mso-list: l0 level1 lfo1; tab-stops: list 36.0pt\">A fűtőlap extra gyors felmelegedési idővel rendelkezik,&nbsp; és felel a tökéletes hő elosztásért . A hajvasaló lap szélessége kb. 22mm, hosszúsága kb. 120mm, a hajvasaló gép teljes hossza kb. 300mm. 
<LI style=\"TEXT-ALIGN: justify; MARGIN: 0cm 0cm 10pt; LINE-HEIGHT: normal; mso-margin-top-alt: auto; mso-margin-bottom-alt: auto; mso-list: l0 level1 lfo1; tab-stops: list 36.0pt\">További paraméterek,&nbsp; -- potméteres hőfok szabályozás, hőfok kijelzése leddel, intelligens digitális hőmérsékletszabályzás a jobb formázási eredményért , hajvasalás hőfoka: 80°C-tól 230°C ig, állítható hőfokú, &nbsp;3 m-es, forgó kuplungos kábellel rendelkezik, a hajvasaló teljesítmény felvétele 220-240V&nbsp; 50/60Hz&nbsp;&nbsp; 40Watt, automatikus kikapcsolás 40 perc után. 
<LI style=\"TEXT-ALIGN: justify; MARGIN: 0cm 0cm 10pt; LINE-HEIGHT: normal; mso-margin-top-alt: auto; mso-margin-bottom-alt: auto; mso-list: l0 level1 lfo1; tab-stops: list 36.0pt\">A hajvasalóval elérhető az ion-effekt hatás, mely simább hajstruktúrát, egészséges fényt és jobb formázhatóságot kölcsönöz a hajnak. </LI></UL></FONT>', `item_id`='2830-lim-pc8.0-szett', `default_pic`='733', `active`='1', `category_id`='99', `root_category_id`='92', `seo_name`='hajvasalo-exclusive-hovedo-taskaval-lim-hair-pc80-luxus-nano-silber-titanium', `fullurl`='hajformazo-gepek/hajvasalo/hajvasalo-exclusive-hovedo-taskaval-lim-hair-pc80-luxus-nano-silber-titanium', `other_categories`='99,222' WHERE id=2729

[2021-01-25 19:06:47] UPDATE webshop_gallery SET original_name='Hajkisimító és szuper hajbontó kefe TANGLIM-viola', date=1611598007 WHERE id=735

[2021-01-25 19:06:47] UPDATE webshop_special_fields SET `value`='LIM HAIR hajformázók' WHERE `key`='manufacturer' AND `product_id`=2731

[2021-01-25 19:06:47] UPDATE webshop_special_fields SET `value`='db' WHERE `key`='quantityunit' AND `product_id`=2731

[2021-01-25 19:06:47] UPDATE webshop_special_fields SET `value`='1' WHERE `key`='kiszereles' AND `product_id`=2731

[2021-01-25 19:06:47] UPDATE webshop_products SET `name_hun`='Hajkisimító és szuper hajbontó kefe TANGLIM-viola',`content_short`='Tangle Teezer hajkefe fekete kefeszőr, viola színű&nbsp;hátlappal - Rugalmas felépítésű, Luxus kivitelezésű,...',`content`='<P style=\"TEXT-ALIGN: justify\">Tangle Teezer hajkefe fekete kefeszőr, viola színű&nbsp;hátlappal - Rugalmas felépítésű, Luxus kivitelezésű, szuper hajkibontó kefe. A LIM - HAIR TANGLIM, a Tangle Teezer hajkefék luxus kidolgozású változata, ergonómikus nyeles, és tenyérbe fogható csepp alakú változatban készülnek. A fésülő rész, 3 különböző magasságú rugalmas hajkefe tüske sorok többszörös ismétlődésével készül, hogy használata a lehető legkíméletesebb hajbontást tegye lehetővé.</P>
<P style=\"MARGIN: 0cm 0cm 10pt\"><FONT face=Calibri>Egyedi megjelenésű, Luxus kidolgozású és minőségű hajkefék, hajkímélő erős és&nbsp;strapabíró fésülő, bontó tüskékkel.</FONT></P>
<P style=\"MARGIN: 0cm 0cm 10pt\"><FONT face=Calibri></FONT>&nbsp;</P>
<P style=\"MARGIN: 0cm 0cm 10pt\"><FONT face=Calibri>- Forradalmian új sörtéinek köszönhetően, fájdalom nélkül kibontja a csomókat. Nem roncsolja a hajvégeket.</FONT></P>
<P style=\"MARGIN: 0cm 0cm 10pt\"><FONT face=Calibri>- Még a vizes hajat is kíméletesen és gyorsan kifésüli.</FONT></P>
<P style=\"MARGIN: 0cm 0cm 10pt\"><FONT face=Calibri>- Megvédi a hajat a mechanikai sérülésektől, csökkenti a töredezettséget</FONT></P>
<P style=\"MARGIN: 0cm 0cm 10pt\"><FONT face=Calibri>- Bármilyen hajtípushoz használható. (egyenes, göndör, száraz, vizes)</FONT></P>
<P style=\"MARGIN: 0cm 0cm 10pt\"><FONT face=Calibri>- Speciálisan ívelt elrendezésének köszönhetően a hajtövektől a végekig egyenletesen hat.</FONT></P>
<P style=\"MARGIN: 0cm 0cm 10pt\"><FONT face=Calibri>- Formatervezett külső, jól illeszkedik a tenyérbe, kényelmes használat.</FONT></P>
<P style=\"MARGIN: 0cm 0cm 10pt\"><FONT face=Calibri>- Ilyen gyors még sosem volt a fésülködés</FONT></P>
<P style=\"TEXT-ALIGN: justify\">
<P style=\"TEXT-ALIGN: justify\">LIM - HAIR TANGLIM és Tangle Teezer hajkefe ideális minden típusú haj kibontására, egyenesre fésülésére. Úgy tervezték, hogy az egész hajkefe ( a hajkefe nyél és test, a tüskék) rugalmas legyen, és a 3 különböző magasságú, rugalmas hajkefe tüske sorokból álló kefe rész alkalmazkodjon minden hajhoz. Ezek a hajkefe tüskék finoman, tépés nélkül bontanak ki, minden típusú haj csomót, legyen az bármilyen kesze - kusza is, és varázsolják egyenesre a hajtincseket. A hajkefe test rugalmas hajlásával a nyomás először csökken a hajra, majd kiegyenlítődik, így megakadályozza a haj rángatását, a haj megtörését, a haj kitépését, de ugyanabban az időben rendkívül hatékonyan kibont, és kiegyenesít mindenféle hajcsomót.</P>
<P style=\"TEXT-ALIGN: justify\" data-mce-style=\"text-align: justify;\">Rugalmas felépítésű, Luxus kivitelezésű hajkefe. A LIM - HAIR TANGLIM&nbsp; a Tangle Teezer hajkefék változata, ergonómikus nyeles, és tenyérbe fogható változatban készülnek. A fésülő rész, 3 különböző magasságú rugalmas hajkefe tüske sorok többszörös ismétlődésével készül, hogy használata a lehető legkíméletesebb hajbontást tegye lehetővé.</P>
<P style=\"TEXT-ALIGN: justify\" data-mce-style=\"text-align: justify;\">LIM - HAIR TANGLIM&nbsp;és Tangle Teezer hajkefe ideális minden típusú haj kibontására, egyenesre fésülésére. Úgy tervezték hogy az egész hajkefe ( a hajkefe nyél és&nbsp;test, a&nbsp;tüskék) &nbsp;rugalmas legyen, és a 3 különböző magasságú, rugalmas hajkefe tüske sorokból álló kefe rész alkalmazkodjon minden hajhoz. Ezek a hajkefe tüskék finoman, tépés nélkül bontanak ki, minden típusú haj csomót, legyen az bármilyen kesze - kusza is, és varázsolják egyenesre a hajtincseket. A hajkefe test rugalmas hajlásával a nyomás először csökken a hajra, majd kiegyenlítődik,&nbsp;így megakadályozza a haj rángatását, a haj megtörését, a haj kitépését, de ugyanabban az időben rendkívül hatékonyan kibont, és kiegyenesít mindenféle hajcsomót.</P>
<P style=\"TEXT-ALIGN: justify\" data-mce-style=\"text-align: justify;\">A TANGLIM hajkefével egy nagyon sima, feltöltődés mentes hajat készíthetünk, mivel Antisztatikus. A hajkefék&nbsp;&nbsp;sokoldalúsága ideálissá teszi használatukat a vékony, közepes és durva, &nbsp;a göndör vagy egyenes, a rövid vagy közepes, a hosszú, és nagyon dús hajak ápolásához.</P>
<P style=\"TEXT-ALIGN: justify\" data-mce-style=\"text-align: justify;\">A TANGLIM hajkefét még a zuhany alatt is használhatjuk, pl. a keratinos hajápolási termékek felvitelére, a hajba fésülésére.</P>
<P style=\"TEXT-ALIGN: justify\" data-mce-style=\"text-align: justify; line-height: normal;\"><B><U>A TANGLIM&nbsp; hajkefe adatai, használata:</U></B></P>
<P style=\"TEXT-ALIGN: justify\" data-mce-style=\"text-align: justify; line-height: normal;\">A LIM - HAIR TANGLIM Tangle Teezer Econ hajkefe hossza: kb. 180mm</P>
<P style=\"TEXT-ALIGN: justify\" data-mce-style=\"text-align: justify; line-height: normal;\">A LIM - HAIR TANGLIM&nbsp;Tangle Teezer hajkefe fejszélessége változó: kb. 30-80mm</P>
<P style=\"TEXT-ALIGN: justify\" data-mce-style=\"text-align: justify; line-height: normal;\">A Hajkefe szőr anyaga: rugalmas antisztatikus műanyag bontó tüske</P>
<P style=\"TEXT-ALIGN: justify\" data-mce-style=\"text-align: justify; line-height: normal;\"><BR>A hajkefét a hajszárító csőrénél kiáramló nagyon magas hőtől óvni kell! 25cm-nél közelebb ne közelítse a hajkeféhez a hajszárítót!</P>
<P style=\"TEXT-ALIGN: justify\" data-mce-style=\"text-align: justify; line-height: normal;\">Hajkefe márka: HAIR &ndash;LIM TANGLIM</P>
<P style=\"TEXT-ALIGN: justify\">Hajkefe származási helye: Spanyolország</P>
<P></P>', `item_id`='2827-lim-tanglim-dt-viola-hátlappal', `default_pic`='735', `active`='1', `category_id`='104', `root_category_id`='0', `seo_name`='hajkisimito-es-szuper-hajbonto-kefe-tanglim-viola', `fullurl`='fodraszkellek/hajkisimito-es-szuper-hajbonto-kefe-tanglim-viola', `other_categories`='104,117,120,222' WHERE id=2731

[2021-01-25 19:06:47] UPDATE webshop_gallery SET original_name='Hajkisimító és szuper hajbontó kefe Tanglim Exclusive Free-világos türkiz', date=1611598007 WHERE id=8019

[2021-01-25 19:06:47] UPDATE webshop_special_fields SET `value`='LIM HAIR hajformázók' WHERE `key`='manufacturer' AND `product_id`=4360

[2021-01-25 19:06:47] UPDATE webshop_special_fields SET `value`='db' WHERE `key`='quantityunit' AND `product_id`=4360

[2021-01-25 19:06:47] UPDATE webshop_special_fields SET `value`='1' WHERE `key`='kiszereles' AND `product_id`=4360

[2021-01-25 19:06:47] UPDATE webshop_products SET `name_hun`='Hajkisimító és szuper hajbontó kefe Tanglim Exclusive Free-világos türkiz',`content_short`='Hajkisimító és szuper hajbontó Exclusive hajkefe, a lehető legjobb minőségben és kivitelben. A LIM Tangle...',`content`='<P style=\"TEXT-ALIGN: justify\">Hajkisimító és szuper hajbontó Exclusive hajkefe, a lehető legjobb minőségben és kivitelben. A LIM Tangle Teezer hajkefék, a lehető leg hajkímélőbb fésüléshez, hajápoláshoz készültek.&nbsp;- Rugalmas felépítésűek, erős és rendkívül strapabíró, hajbarát anyagból készülnek, amelyek nem sértik a haj felületét. A LIM - HAIR TANGLIM, &nbsp;Tangle Teezer hajkefék luxus kidolgozásúak, ergonomikus nyeles, és tenyérbe fogható csepp alakú változatban is készülnek. A fésülő rész, 3 különböző magasságú rugalmas hajkefe tüske sorok többszörös ismétlődésével készül, hogy használata a lehető legkíméletesebb hajbontást tegye lehetővé.</P>
<P style=\"TEXT-ALIGN: justify\">A LIM TANGLIM hajkefék legújabb tagja a FREE sorozat. Művészi megjelenésű, tovább fejlesztett tüske rendszerének köszönhetően felül múl minden eddigi minőséget.</P>
<P style=\"TEXT-ALIGN: justify; MARGIN: 0cm 0cm 10pt\">Az egyedi megjelenésű, Luxus kidolgozású és minőségű hajkefék, hajkímélő erős és&nbsp;strapabíró fésülő, speciális bontó tüskéi a lehető legkíméletesebben, de gyorsan és határozottan szedik szét és rendezik sorba az összegubancolódott hajszálakat. </P>
<P style=\"TEXT-ALIGN: justify; MARGIN: 0cm 0cm 10pt\">- Forradalmian új sörtéinek köszönhetően, fájdalom nélkül kibontja a hajcsomókat, nem roncsolja a hajvégeket sem.</P>
<P style=\"TEXT-ALIGN: justify; MARGIN: 0cm 0cm 10pt\">- Még a vizes hajat is kíméletesen és gyorsan kifésüli.</P>
<P style=\"TEXT-ALIGN: justify\">
<P style=\"MARGIN: 0cm 0cm 10pt\">- Megvédi a hajat a mechanikai sérülésektől, csökkenti a töredezettséget</P>
<P style=\"MARGIN: 0cm 0cm 10pt\">- Bármilyen hajtípushoz használható. (egyenes, göndör, száraz, vizes)</P>
<P style=\"MARGIN: 0cm 0cm 10pt\">- Speciálisan ívelt elrendezésének köszönhetően a hajtövektől a végekig egyenletesen hat.</P>
<P style=\"MARGIN: 0cm 0cm 10pt\">- Formatervezett külső, jól illeszkedik a tenyérbe, kényelmes használat.</P>
<P style=\"MARGIN: 0cm 0cm 10pt\">- Ilyen gyors még sosem volt a fésülködés</P>
<P style=\"TEXT-ALIGN: justify\">LIM - HAIR TANGLIM és Tangle Teezer hajkefe ideális minden típusú haj kibontására, egyenesre fésülésére. Úgy tervezték, hogy az egész hajkefe ( a hajkefe nyél és test, a tüskék) rugalmas legyen, és a 3 különböző magasságú, rugalmas hajkefe tüske sorokból álló kefe rész alkalmazkodjon minden hajhoz. Ezek a hajkefe tüskék finoman, tépés nélkül bontanak ki, minden típusú haj csomót, legyen az bármilyen kesze - kusza is, és varázsolják egyenesre a hajtincseket. A hajkefe test rugalmas hajlásával a nyomás először csökken a hajra, majd kiegyenlítődik, így megakadályozza a haj rángatását, a haj megtörését, a haj kitépését, de ugyanabban az időben rendkívül hatékonyan kibont, és kiegyenesít mindenféle hajcsomót.</P>
<P style=\"TEXT-ALIGN: justify\" data-mce-style=\"text-align: justify;\">Rugalmas felépítésű, Luxus kivitelezésű hajkefe. A LIM - HAIR TANGLIM&nbsp; a Tangle Teezer hajkefék változata, ergonómikus nyeles, és tenyérbe fogható változatban készülnek. A fésülő rész, 3 különböző magasságú rugalmas hajkefe tüske sorok többszörös ismétlődésével készül, hogy használata a lehető legkíméletesebb hajbontást tegye lehetővé.</P>
<P style=\"TEXT-ALIGN: justify\" data-mce-style=\"text-align: justify;\">LIM - HAIR TANGLIM&nbsp;és Tangle Teezer hajkefe ideális minden típusú haj kibontására, egyenesre fésülésére. Úgy tervezték hogy az egész hajkefe ( a hajkefe nyél és&nbsp;test, a&nbsp;tüskék) &nbsp;rugalmas legyen, és a 3 különböző magasságú, rugalmas hajkefe tüske sorokból álló kefe rész alkalmazkodjon minden hajhoz. Ezek a hajkefe tüskék finoman, tépés nélkül bontanak ki, minden típusú haj csomót, legyen az bármilyen kesze - kusza is, és varázsolják egyenesre a hajtincseket. A hajkefe test rugalmas hajlásával a nyomás először csökken a hajra, majd kiegyenlítődik,&nbsp;így megakadályozza a haj rángatását, a haj megtörését, a haj kitépését, de ugyanabban az időben rendkívül hatékonyan kibont, és kiegyenesít mindenféle hajcsomót.</P>
<P style=\"TEXT-ALIGN: justify\" data-mce-style=\"text-align: justify;\">A TANGLIM hajkefével egy nagyon sima, feltöltődés mentes hajat készíthetünk, mivel Antisztatikus. A hajkefék&nbsp;&nbsp;sokoldalúsága ideálissá teszi használatukat a vékony, közepes és durva, &nbsp;a göndör vagy egyenes, a rövid vagy közepes, a hosszú, és nagyon dús hajak ápolásához.</P>
<P style=\"TEXT-ALIGN: justify\" data-mce-style=\"text-align: justify;\">A TANGLIM hajkefét még a zuhany alatt is használhatjuk, pl. a keratinos hajápolási termékek felvitelére, a hajba fésülésére.</P>
<P style=\"TEXT-ALIGN: justify\" data-mce-style=\"text-align: justify; line-height: normal;\"><B><U>A TANGLIM&nbsp; hajkefe adatai, használata:</U></B></P>
<P style=\"TEXT-ALIGN: justify\" data-mce-style=\"text-align: justify; line-height: normal;\">A LIM - HAIR TANGLIM Tangle Teezer hajkefe hossza: kb. 220mm</P>
<P style=\"TEXT-ALIGN: justify\" data-mce-style=\"text-align: justify; line-height: normal;\">A LIM - HAIR TANGLIM&nbsp;Tangle Teezer hajkefe fejszélessége: kb. 75mm</P>
<P style=\"TEXT-ALIGN: justify\" data-mce-style=\"text-align: justify; line-height: normal;\">A Hajkefe szőr anyaga: rugalmas antisztatikus műanyag bontó tüske</P>
<P style=\"TEXT-ALIGN: justify\" data-mce-style=\"text-align: justify; line-height: normal;\"><BR>A hajkefét a hajszárító csőrénél kiáramló nagyon magas hőtől óvni kell! 25cm-nél közelebb ne közelítse a hajkeféhez a hajszárítót!</P>
<P style=\"TEXT-ALIGN: justify\" data-mce-style=\"text-align: justify; line-height: normal;\">Hajkefe márka: HAIR &ndash;LIM TANGLIM</P>
<P style=\"TEXT-ALIGN: justify\">Hajkefe származási helye: Spanyolország</P></P>', `item_id`='2827-lim-tanglim-free-st-világostürkiz', `default_pic`='8019', `active`='1', `category_id`='104', `root_category_id`='0', `seo_name`='hajkisimito-es-szuper-hajbonto-kefe-tanglim-exclusive-free-vilagos-turkiz', `fullurl`='fodraszkellek/hajkisimito-es-szuper-hajbonto-kefe-tanglim-exclusive-free-vilagos-turkiz', `other_categories`='104,115,117,120' WHERE id=4360

[2021-01-25 19:06:47] UPDATE webshop_gallery SET original_name='Hajkisimító és szuper hajbontó kefe Tanglim econ-lila', date=1611598007 WHERE id=769

[2021-01-25 19:06:47] UPDATE webshop_special_fields SET `value`='LIM HAIR hajformázók' WHERE `key`='manufacturer' AND `product_id`=2765

[2021-01-25 19:06:47] UPDATE webshop_special_fields SET `value`='db' WHERE `key`='quantityunit' AND `product_id`=2765

[2021-01-25 19:06:47] UPDATE webshop_special_fields SET `value`='1' WHERE `key`='kiszereles' AND `product_id`=2765

[2021-01-25 19:06:47] UPDATE webshop_products SET `name_hun`='Hajkisimító és szuper hajbontó kefe Tanglim econ-lila',`content_short`='Tangle Teezer hajkefe, lila.&nbsp;-- Rugalmas felépítésű, Luxus kivitelezésű, csepp alakú, szuper hajkibontó...',`content`='<P style=\"TEXT-ALIGN: justify\">Tangle Teezer hajkefe, lila.&nbsp;-- Rugalmas felépítésű, Luxus kivitelezésű, csepp alakú, szuper hajkibontó kefe. A LIM - HAIR TANGLIM, a <STRONG>Tangle Teezer</STRONG> hajkefék luxus kidolgozású változata, ergonómikus nyeles, és tenyérbe fogható csepp alakú változatban készülnek. A fésülő rész, 3 különböző magasságú rugalmas hajkefe tüske sorok többszörös ismétlődésével készül, hogy használata a lehető legkíméletesebb hajbontást tegye lehetővé.</P>
<P style=\"MARGIN: 0cm 0cm 10pt\"><FONT face=Calibri>Egyedi megjelenésű, Luxus kidolgozású és minőségű hajkefék, hajkímélő erős és&nbsp;strapabíró fésülő, bontó tüskékkel.</FONT></P>
<P style=\"MARGIN: 0cm 0cm 10pt\"><FONT face=Calibri></FONT>&nbsp;</P>
<P style=\"MARGIN: 0cm 0cm 10pt\"><FONT face=Calibri>- Forradalmian új sörtéinek köszönhetően, fájdalom nélkül kibontja a csomókat. Nem roncsolja a hajvégeket.</FONT></P>
<P style=\"MARGIN: 0cm 0cm 10pt\"><FONT face=Calibri>- Még a vizes hajat is kíméletesen és gyorsan kifésüli.</FONT></P>
<P style=\"MARGIN: 0cm 0cm 10pt\"><FONT face=Calibri>- Megvédi a hajat a mechanikai sérülésektől, csökkenti a töredezettséget</FONT></P>
<P style=\"MARGIN: 0cm 0cm 10pt\"><FONT face=Calibri>- Bármilyen hajtípushoz használható. (egyenes, göndör, száraz, vizes)</FONT></P>
<P style=\"MARGIN: 0cm 0cm 10pt\"><FONT face=Calibri>- Speciálisan ívelt elrendezésének köszönhetően a hajtövektől a végekig egyenletesen hat.</FONT></P>
<P style=\"MARGIN: 0cm 0cm 10pt\"><FONT face=Calibri>- Formatervezett külső, jól illeszkedik a tenyérbe, kényelmes használat.</FONT></P>
<P style=\"MARGIN: 0cm 0cm 10pt\"><FONT face=Calibri>- Ilyen gyors még sosem volt a fésülködés</FONT></P>
<P style=\"TEXT-ALIGN: justify\">
<P style=\"TEXT-ALIGN: justify\">LIM - HAIR TANGLIM és Tangle Teezer hajkefe ideális minden típusú haj kibontására, egyenesre fésülésére. Úgy tervezték, hogy az egész hajkefe ( a hajkefe nyél és test, a tüskék) rugalmas legyen, és a 3 különböző magasságú, rugalmas hajkefe tüske sorokból álló kefe rész alkalmazkodjon minden hajhoz. Ezek a hajkefe tüskék finoman, tépés nélkül bontanak ki, minden típusú haj csomót, legyen az bármilyen kesze - kusza is, és varázsolják egyenesre a hajtincseket. A hajkefe test rugalmas hajlásával a nyomás először csökken a hajra, majd kiegyenlítődik, így megakadályozza a haj rángatását, a haj megtörését, a haj kitépését, de ugyanabban az időben rendkívül hatékonyan kibont, és kiegyenesít mindenféle hajcsomót.</P>
<P style=\"TEXT-ALIGN: justify\" data-mce-style=\"text-align: justify;\">Rugalmas felépítésű, Luxus kivitelezésű hajkefe. A LIM - HAIR TANGLIM&nbsp; a Tangle Teezer hajkefék változata, ergonómikus nyeles, és tenyérbe fogható változatban készülnek. A fésülő rész, 3 különböző magasságú rugalmas hajkefe tüske sorok többszörös ismétlődésével készül, hogy használata a lehető legkíméletesebb hajbontást tegye lehetővé.</P>
<P style=\"TEXT-ALIGN: justify\" data-mce-style=\"text-align: justify;\">LIM - HAIR TANGLIM&nbsp;és Tangle Teezer hajkefe ideális minden típusú haj kibontására, egyenesre fésülésére. Úgy tervezték hogy az egész hajkefe ( a hajkefe nyél és&nbsp;test, a&nbsp;tüskék) &nbsp;rugalmas legyen, és a 3 különböző magasságú, rugalmas hajkefe tüske sorokból álló kefe rész alkalmazkodjon minden hajhoz. Ezek a hajkefe tüskék finoman, tépés nélkül bontanak ki, minden típusú haj csomót, legyen az bármilyen kesze - kusza is, és varázsolják egyenesre a hajtincseket. A hajkefe test rugalmas hajlásával a nyomás először csökken a hajra, majd kiegyenlítődik,&nbsp;így megakadályozza a haj rángatását, a haj megtörését, a haj kitépését, de ugyanabban az időben rendkívül hatékonyan kibont, és kiegyenesít mindenféle hajcsomót.</P>
<P style=\"TEXT-ALIGN: justify\" data-mce-style=\"text-align: justify;\">A TANGLIM hajkefével egy nagyon sima, feltöltődés mentes hajat készíthetünk, mivel Antisztatikus. A hajkefék&nbsp;&nbsp;sokoldalúsága ideálissá teszi használatukat a vékony, közepes és durva, &nbsp;a göndör vagy egyenes, a rövid vagy közepes, a hosszú, és nagyon dús hajak ápolásához.</P>
<P style=\"TEXT-ALIGN: justify\" data-mce-style=\"text-align: justify;\">A TANGLIM hajkefét még a zuhany alatt is használhatjuk, pl. a keratinos hajápolási termékek felvitelére, a hajba fésülésére.</P>
<P style=\"TEXT-ALIGN: justify\" data-mce-style=\"text-align: justify; line-height: normal;\"><B><U>A TANGLIM&nbsp; hajkefe adatai, használata:</U></B></P>
<P style=\"TEXT-ALIGN: justify\" data-mce-style=\"text-align: justify; line-height: normal;\">A LIM - HAIR TANGLIM Tangle Teezer Econ hajkefe hossza: kb. 180mm</P>
<P style=\"TEXT-ALIGN: justify\" data-mce-style=\"text-align: justify; line-height: normal;\">A LIM - HAIR TANGLIM&nbsp;Tangle Teezer hajkefe fejszélessége változó: kb. 30-80mm</P>
<P style=\"TEXT-ALIGN: justify\" data-mce-style=\"text-align: justify; line-height: normal;\">A Hajkefe szőr anyaga: rugalmas antisztatikus műanyag bontó tüske</P>
<P style=\"TEXT-ALIGN: justify\" data-mce-style=\"text-align: justify; line-height: normal;\"><BR>A hajkefét a hajszárító csőrénél kiáramló nagyon magas hőtől óvni kell! 25cm-nél közelebb ne közelítse a hajkeféhez a hajszárítót!</P>
<P style=\"TEXT-ALIGN: justify\" data-mce-style=\"text-align: justify; line-height: normal;\">Hajkefe márka: HAIR &ndash;LIM TANGLIM</P>
<P style=\"TEXT-ALIGN: justify\">Hajkefe származási helye: Spanyolország</P>
<P></P>', `item_id`='2827-lim-tanglim-econ-lila', `default_pic`='769', `active`='1', `category_id`='104', `root_category_id`='0', `seo_name`='hajkisimito-es-szuper-hajbonto-kefe-tanglim-econ-lila', `fullurl`='fodraszkellek/hajkisimito-es-szuper-hajbonto-kefe-tanglim-econ-lila', `other_categories`='104,117,120,222' WHERE id=2765

[2021-01-25 19:06:47] UPDATE webshop_gallery SET original_name='Hajvasaló hővédő tasakkal LIM-HAIR-pc4.0 Tiatanium fekete', date=1611598007 WHERE id=161

[2021-01-25 19:06:47] UPDATE webshop_special_fields SET `value`='LIM HAIR hajformázók' WHERE `key`='manufacturer' AND `product_id`=2156

[2021-01-25 19:06:48] UPDATE webshop_special_fields SET `value`='db' WHERE `key`='quantityunit' AND `product_id`=2156

[2021-01-25 19:06:48] UPDATE webshop_special_fields SET `value`='1' WHERE `key`='kiszereles' AND `product_id`=2156

[2021-01-25 19:06:48] UPDATE webshop_products SET `name_hun`='Hajvasaló hővédő tasakkal LIM-HAIR-pc4.0 Tiatanium fekete',`content_short`='
Hajvasaló szett, hő védő utazó tasakkal. A szetthez egy hővédelemmel ellátott hajvasalót tartó tásak is...',`content`='<FONT face=Calibri>
<P style=\"TEXT-ALIGN: justify; MARGIN: 0cm 0cm 10pt; LINE-HEIGHT: normal; mso-margin-top-alt: auto; mso-margin-bottom-alt: auto\">Hajvasaló szett, hő védő utazó tasakkal. A szetthez egy hővédelemmel ellátott hajvasalót tartó tásak is tartozik, amelybe akár forrón is beletehetjük a hajvasalót.</P>
<P style=\"TEXT-ALIGN: justify; MARGIN: 0cm 0cm 10pt; LINE-HEIGHT: normal; mso-margin-top-alt: auto; mso-margin-bottom-alt: auto\">Professzionális, fodrászoknak készült hajvasaló. A Titanium kerámia lapon nagyon könnyen, siklik a haj! 130°C-tól 230°C ig, 5 fokozatban állítható hőfokú, így a nagyon erős hajak hajvasalásához is alkalmas!</P>
<P style=\"TEXT-ALIGN: justify; MARGIN: 0cm 0cm 10pt; LINE-HEIGHT: normal; mso-margin-top-alt: auto; mso-margin-bottom-alt: auto\">A hajvasalóval, hajsimítóval a teljes hajegyenesítésig, az extra síkos hajvasaló felület kialakítása miatt, 1-2 alkalommal kell végig simítani a hajat, a tökéletesen egyenes haj eléréséhez, ezért a hajat kevés igénybevétel éri, nem károsodik, és gyorsan végzünk a hajegyenesítéssel. </P>
<P style=\"TEXT-ALIGN: justify; MARGIN: 0cm 0cm 10pt; LINE-HEIGHT: normal; mso-margin-top-alt: auto; mso-margin-bottom-alt: auto\">Ionos ápolás az egészséges és fényes hajért: A hajvasaló lapok bevonatán keletkező negatív ionok,&nbsp; semlegesítik a haj pozitív feltöltődését, és lehetővé teszik, hogy a haj nedvességének egy részét a haj belsejébe juttassuk. A haj hidratált, fényes, egészséges marad a hajszárítás után!</P>
<P style=\"TEXT-ALIGN: justify; MARGIN: 0cm 0cm 10pt; LINE-HEIGHT: normal; mso-margin-top-alt: auto; mso-margin-bottom-alt: auto\">Hajvasalásnál, hajgöndörítésnél, mindig használjunk hő védő folyadékot, krémet! </P>
<P style=\"TEXT-ALIGN: justify; MARGIN: 0cm 0cm 10pt; LINE-HEIGHT: normal; mso-margin-top-alt: auto; mso-margin-bottom-alt: auto\"><U>Hajvasaló tartozékok, műszaki adatok,</U></P>
<UL type=disc>
<LI style=\"TEXT-ALIGN: justify; MARGIN: 0cm 0cm 10pt; LINE-HEIGHT: normal; mso-margin-top-alt: auto; mso-margin-bottom-alt: auto; mso-list: l0 level1 lfo1; tab-stops: list 36.0pt\">A hajvasalás rendkívüli használati gyorsasága a hajvasaló lapoknak köszönhető, melyek antibakteriális fertőtlenítő hatása hajvasaláskor elpusztítja a baktériumokat is. 
<LI style=\"TEXT-ALIGN: justify; MARGIN: 0cm 0cm 10pt; LINE-HEIGHT: normal; mso-margin-top-alt: auto; mso-margin-bottom-alt: auto; mso-list: l0 level1 lfo1; tab-stops: list 36.0pt\">A LIM hajvasaló rugalmasan összezáró hajsimító lapokkal készül, amelyek fixen is összezárhatók, ez a fixálható hajvasaló lap zár. 
<LI style=\"TEXT-ALIGN: justify; MARGIN: 0cm 0cm 10pt; LINE-HEIGHT: normal; mso-margin-top-alt: auto; mso-margin-bottom-alt: auto; mso-list: l0 level1 lfo1; tab-stops: list 36.0pt\">Hajvasaláskor a pehelykönnyű és ergonomikus géptest kialakítás nem veszi igénybe a kéz izmait. 
<LI style=\"TEXT-ALIGN: justify; MARGIN: 0cm 0cm 10pt; LINE-HEIGHT: normal; mso-margin-top-alt: auto; mso-margin-bottom-alt: auto; mso-list: l0 level1 lfo1; tab-stops: list 36.0pt\">A fűtőlap extra gyors felmelegedési idővel rendelkezik,&nbsp; és felel a tökéletes hő elosztásért . A hajvasaló lap szélessége kb. 22mm, hosszúsága kb. 90mm, a hajvasaló gép teljes hossza kb. 300mm. 
<LI style=\"TEXT-ALIGN: justify; MARGIN: 0cm 0cm 10pt; LINE-HEIGHT: normal; mso-margin-top-alt: auto; mso-margin-bottom-alt: auto; mso-list: l0 level1 lfo1; tab-stops: list 36.0pt\">További paraméterek,&nbsp; -- potméteres hőfok vezérlés, hőfok kijelzése leddel, intelligens digitális hőmérsékletszabályzás a jobb formázási eredményért , hajvasalás hőfoka: 130°C-tól 230°C ig, állítható hőfokú, &nbsp;3 m-es, forgó kuplungos kábellel rendelkezik, a hajvasaló teljesítmény felvétele 220-240V&nbsp; 50/60Hz&nbsp;&nbsp; 40Watt, automatikus kikapcsolás 40 perc után. 
<LI style=\"TEXT-ALIGN: justify; MARGIN: 0cm 0cm 10pt; LINE-HEIGHT: normal; mso-margin-top-alt: auto; mso-margin-bottom-alt: auto; mso-list: l0 level1 lfo1; tab-stops: list 36.0pt\">A hajvasalóval elérhető az ion-effekt hatás, mely simább hajstruktúrát, egészséges fényt és jobb formázhatóságot kölcsönöz a hajnak. </LI></UL></FONT>', `item_id`='2830-lim-pc4.0-titanium-NEIDE', `default_pic`='161', `active`='1', `category_id`='99', `root_category_id`='92', `seo_name`='hajvasalo-hovedo-tasakkal-lim-hair-pc40-tiatanium-fekete', `fullurl`='hajformazo-gepek/hajvasalo/hajvasalo-hovedo-tasakkal-lim-hair-pc40-tiatanium-fekete', `other_categories`='99,222' WHERE id=2156

[2021-01-25 19:06:48] UPDATE webshop_gallery SET original_name='Hajvasaló LIM-HAIR-pc28-purple Nano Silver Titanium', date=1611598008 WHERE id=162

[2021-01-25 19:06:48] UPDATE webshop_special_fields SET `value`='LIM HAIR hajformázók' WHERE `key`='manufacturer' AND `product_id`=2157

[2021-01-25 19:06:48] UPDATE webshop_special_fields SET `value`='db' WHERE `key`='quantityunit' AND `product_id`=2157

[2021-01-25 19:06:48] UPDATE webshop_special_fields SET `value`='1' WHERE `key`='kiszereles' AND `product_id`=2157

[2021-01-25 19:06:48] UPDATE webshop_products SET `name_hun`='megszünt 210125 - Hajvasaló LIM-HAIR-pc28-purple Nano Silver Titanium',`content_short`='
Hajvasaló szett, hő védő utazó táskával.&nbsp;A különleges, extrém kidolgozású, és megjelenésű...',`content`='<FONT face=Calibri>
<P style=\"TEXT-ALIGN: justify; MARGIN: 0cm 0cm 10pt; LINE-HEIGHT: normal; mso-margin-top-alt: auto; mso-margin-bottom-alt: auto\">Hajvasaló szett, hő védő utazó táskával.&nbsp;A különleges, extrém kidolgozású, és megjelenésű professzionális hajvasalót a LIM HAIR professzionális hajformázó gép márkák gyártója készíti. A szetthez egy hő védelemmel ellátott hajvasaló tartó táska is tartozik, amelybe akár forrón is beletehetjük a hajvasalót.</P>
<P style=\"TEXT-ALIGN: justify; MARGIN: 0cm 0cm 10pt; LINE-HEIGHT: normal; mso-margin-top-alt: auto; mso-margin-bottom-alt: auto\">A LIM-HAIR-pc28-b egy Professzionális, fodrászoknak készült hajvasaló. A Nano Silber Titanium kerámia lapon nagyon könnyen, siklik a haj! A Nano Silber Titanium technikának köszönhetően,&nbsp; a hajvasaló fertőtlenítő hatású kerámia bevonattal rendelkezik.&nbsp; A Nano - Ezüst technológia célirányosan viszi fel az ezüstrészecskéket a kerámialapra, ez lehetővé teszi, hogy az első kontaktustól a haj antibakteriális, és mélyrehatóan tiszta legyen. A finom ezüst csökkenti súrlódást és garantálja a tökéletes hajformázást.</P>
<P style=\"TEXT-ALIGN: justify; MARGIN: 0cm 0cm 10pt; LINE-HEIGHT: normal; mso-margin-top-alt: auto; mso-margin-bottom-alt: auto\">80°C-tól 230°C ig, állítható hőfokú, így a nagyon erős hajak hajvasalásához is alkalmas!</P>
<P style=\"TEXT-ALIGN: justify; MARGIN: 0cm 0cm 10pt; LINE-HEIGHT: normal; mso-margin-top-alt: auto; mso-margin-bottom-alt: auto\">A hajvasalóval, hajsimítóval a teljes hajegyenesítésig, az extra síkos hajvasaló felület kialakítása miatt, 1-2 alkalommal kell végig simítani a hajat, a tökéletesen egyenes haj eléréséhez, ezért a hajat kevés igénybevétel éri, nem károsodik, és gyorsan végzünk a hajegyenesítéssel. </P>
<P style=\"TEXT-ALIGN: justify; MARGIN: 0cm 0cm 10pt; LINE-HEIGHT: normal; mso-margin-top-alt: auto; mso-margin-bottom-alt: auto\">Ionos ápolás az egészséges és fényes hajért: A hajvasaló lapok bevonatán keletkező negatív ionok,&nbsp; semlegesítik a haj pozitív feltöltődését, és lehetővé teszik, hogy a haj nedvességének egy részét a haj belsejébe juttassuk. A haj hidratált, fényes, egészséges marad a hajszárítás után!</P>
<P style=\"TEXT-ALIGN: justify; MARGIN: 0cm 0cm 10pt; LINE-HEIGHT: normal; mso-margin-top-alt: auto; mso-margin-bottom-alt: auto\">Hajvasalásnál, hajgöndörítésnél, mindig használjunk hő védő folyadékot, krémet! </P>
<P style=\"TEXT-ALIGN: justify; MARGIN: 0cm 0cm 10pt; LINE-HEIGHT: normal; mso-margin-top-alt: auto; mso-margin-bottom-alt: auto\"><U>Hajvasaló LIM-HAIR-pc28-b -- tartozékok, műszaki adatok,</U></P>
<UL type=disc>
<LI style=\"TEXT-ALIGN: justify; MARGIN: 0cm 0cm 10pt; LINE-HEIGHT: normal; mso-margin-top-alt: auto; mso-margin-bottom-alt: auto; mso-list: l0 level1 lfo1; tab-stops: list 36.0pt\">A hajvasalás rendkívüli használati gyorsasága a hajvasaló lapoknak köszönhető, melyek antibakteriális fertőtlenítő hatása hajvasaláskor elpusztítja a baktériumokat is. 
<LI style=\"TEXT-ALIGN: justify; MARGIN: 0cm 0cm 10pt; LINE-HEIGHT: normal; mso-margin-top-alt: auto; mso-margin-bottom-alt: auto; mso-list: l0 level1 lfo1; tab-stops: list 36.0pt\">A LIM hajvasaló rugalmasan összezáró hajsimító lapokkal készül, amelyek fixen is összezárhatók, ez a fixálható hajvasaló lap zár. 
<LI style=\"TEXT-ALIGN: justify; MARGIN: 0cm 0cm 10pt; LINE-HEIGHT: normal; mso-margin-top-alt: auto; mso-margin-bottom-alt: auto; mso-list: l0 level1 lfo1; tab-stops: list 36.0pt\">Hajvasaláskor a pehelykönnyű és ergonomikus géptest kialakítás nem veszi igénybe a kéz izmait. 
<LI style=\"TEXT-ALIGN: justify; MARGIN: 0cm 0cm 10pt; LINE-HEIGHT: normal; mso-margin-top-alt: auto; mso-margin-bottom-alt: auto; mso-list: l0 level1 lfo1; tab-stops: list 36.0pt\">A fűtőlap extra gyors felmelegedési idővel rendelkezik,&nbsp; és felel a tökéletes hő elosztásért . A hajvasaló lap szélessége kb. 22mm, hosszúsága kb. 90mm, a hajvasaló gép teljes hossza kb. 300mm. 
<LI style=\"TEXT-ALIGN: justify; MARGIN: 0cm 0cm 10pt; LINE-HEIGHT: normal; mso-margin-top-alt: auto; mso-margin-bottom-alt: auto; mso-list: l0 level1 lfo1; tab-stops: list 36.0pt\">További paraméterek,&nbsp; -- potméteres hőfok szabályozás, hőfok kijelzése leddel, intelligens digitális hőmérsékletszabályzás a jobb formázási eredményért , hajvasalás hőfoka: 80°C-tól 230°C ig, állítható hőfokú, &nbsp;3 m-es, forgó kuplungos kábellel rendelkezik, a hajvasaló teljesítmény felvétele 220-240V&nbsp; 50/60Hz&nbsp;&nbsp; 40Watt, automatikus kikapcsolás 40 perc után. 
<LI style=\"TEXT-ALIGN: justify; MARGIN: 0cm 0cm 10pt; LINE-HEIGHT: normal; mso-margin-top-alt: auto; mso-margin-bottom-alt: auto; mso-list: l0 level1 lfo1; tab-stops: list 36.0pt\">A hajvasalóval elérhető az ion-effekt hatás, mely simább hajstruktúrát, egészséges fényt és jobb formázhatóságot kölcsönöz a hajnak. </LI></UL></FONT>', `item_id`='2830-lim-pc28-lila', `default_pic`='162', `active`='1', `category_id`='99', `root_category_id`='92', `seo_name`='megszunt-210125-hajvasalo-lim-hair-pc28-purple-nano-silver-titanium', `fullurl`='hajformazo-gepek/hajvasalo/megszunt-210125-hajvasalo-lim-hair-pc28-purple-nano-silver-titanium', `other_categories`='99,222' WHERE id=2157

[2021-01-25 19:06:48] UPDATE webshop_gallery SET original_name='Hajkisimító és szuper hajbontó kefe TANGLIM-fekete', date=1611598008 WHERE id=168

[2021-01-25 19:06:48] UPDATE webshop_special_fields SET `value`='LIM HAIR hajformázók' WHERE `key`='manufacturer' AND `product_id`=2163

[2021-01-25 19:06:48] UPDATE webshop_special_fields SET `value`='db' WHERE `key`='quantityunit' AND `product_id`=2163

[2021-01-25 19:06:48] UPDATE webshop_special_fields SET `value`='1' WHERE `key`='kiszereles' AND `product_id`=2163

[2021-01-25 19:06:48] UPDATE webshop_products SET `name_hun`='Hajkisimító és szuper hajbontó kefe TANGLIM-fekete',`content_short`='hajkefe. Tangle Teezer&nbsp;&nbsp;hajkefe fekete színben. -&nbsp;&nbsp;Rugalmas felépítésű, Luxus kivitelezésű,...',`content`='<P style=\"TEXT-ALIGN: justify\">hajkefe. Tangle Teezer&nbsp;&nbsp;hajkefe fekete színben. -&nbsp;&nbsp;Rugalmas felépítésű, Luxus kivitelezésű, szuper hajkibontó kefe. A LIM - HAIR TANGLIM, a Tangle Teezer hajkefék luxus kidolgozású változata, ergonómikus nyeles, és tenyérbe fogható csepp alakú változatban készülnek. A fésülő rész, 3 különböző magasságú rugalmas hajkefe tüske sorok többszörös ismétlődésével készül, hogy használata a lehető legkíméletesebb hajbontást tegye lehetővé.</P>
<P style=\"MARGIN: 0cm 0cm 10pt\"><FONT face=Calibri>Egyedi megjelenésű, Luxus kidolgozású és minőségű hajkefék, hajkímélő erős és&nbsp;strapabíró fésülő, bontó tüskékkel.</FONT></P>
<P style=\"MARGIN: 0cm 0cm 10pt\"><FONT face=Calibri>- Forradalmian új sörtéinek köszönhetően, fájdalom nélkül kibontja a csomókat. Nem roncsolja a hajvégeket.</FONT></P>
<P style=\"MARGIN: 0cm 0cm 10pt\"><FONT face=Calibri>- Még a vizes hajat is kíméletesen és gyorsan kifésüli.</FONT></P>
<P style=\"MARGIN: 0cm 0cm 10pt\"><FONT face=Calibri>- Megvédi a hajat a mechanikai sérülésektől, csökkenti a töredezettséget</FONT></P>
<P style=\"MARGIN: 0cm 0cm 10pt\"><FONT face=Calibri>- Bármilyen hajtípushoz használható. (egyenes, göndör, száraz, vizes)</FONT></P>
<P style=\"MARGIN: 0cm 0cm 10pt\"><FONT face=Calibri>- Speciálisan ívelt elrendezésének köszönhetően a hajtövektől a végekig egyenletesen hat.</FONT></P>
<P style=\"MARGIN: 0cm 0cm 10pt\"><FONT face=Calibri>- Formatervezett külső, jól illeszkedik a tenyérbe, kényelmes használat.</FONT></P>
<P style=\"MARGIN: 0cm 0cm 10pt\"><FONT face=Calibri>- Ilyen gyors még sosem volt a fésülködés</FONT></P>
<P style=\"TEXT-ALIGN: justify\">
<P style=\"TEXT-ALIGN: justify\">LIM - HAIR TANGLIM és Tangle Teezer hajkefe ideális minden típusú haj kibontására, egyenesre fésülésére. Úgy tervezték, hogy az egész hajkefe ( a hajkefe nyél és test, a tüskék) rugalmas legyen, és a 3 különböző magasságú, rugalmas hajkefe tüske sorokból álló kefe rész alkalmazkodjon minden hajhoz. Ezek a hajkefe tüskék finoman, tépés nélkül bontanak ki, minden típusú haj csomót, legyen az bármilyen kesze - kusza is, és varázsolják egyenesre a hajtincseket. A hajkefe test rugalmas hajlásával a nyomás először csökken a hajra, majd kiegyenlítődik, így megakadályozza a haj rángatását, a haj megtörését, a haj kitépését, de ugyanabban az időben rendkívül hatékonyan kibont, és kiegyenesít mindenféle hajcsomót.</P>
<P style=\"TEXT-ALIGN: justify\" data-mce-style=\"text-align: justify;\">Rugalmas felépítésű, Luxus kivitelezésű hajkefe. A LIM - HAIR TANGLIM&nbsp; a Tangle Teezer hajkefék változata, ergonómikus nyeles, és tenyérbe fogható változatban készülnek. A fésülő rész, 3 különböző magasságú rugalmas hajkefe tüske sorok többszörös ismétlődésével készül, hogy használata a lehető legkíméletesebb hajbontást tegye lehetővé.</P>
<P style=\"TEXT-ALIGN: justify\" data-mce-style=\"text-align: justify;\">LIM - HAIR TANGLIM&nbsp;és Tangle Teezer hajkefe ideális minden típusú haj kibontására, egyenesre fésülésére. Úgy tervezték hogy az egész hajkefe ( a hajkefe nyél és&nbsp;test, a&nbsp;tüskék) &nbsp;rugalmas legyen, és a 3 különböző magasságú, rugalmas hajkefe tüske sorokból álló kefe rész alkalmazkodjon minden hajhoz. Ezek a hajkefe tüskék finoman, tépés nélkül bontanak ki, minden típusú haj csomót, legyen az bármilyen kesze - kusza is, és varázsolják egyenesre a hajtincseket. A hajkefe test rugalmas hajlásával a nyomás először csökken a hajra, majd kiegyenlítődik,&nbsp;így megakadályozza a haj rángatását, a haj megtörését, a haj kitépését, de ugyanabban az időben rendkívül hatékonyan kibont, és kiegyenesít mindenféle hajcsomót.</P>
<P style=\"TEXT-ALIGN: justify\" data-mce-style=\"text-align: justify;\">A TANGLIM hajkefével egy nagyon sima, feltöltődés mentes hajat készíthetünk, mivel Antisztatikus. A hajkefék&nbsp;&nbsp;sokoldalúsága ideálissá teszi használatukat a vékony, közepes és durva, &nbsp;a göndör vagy egyenes, a rövid vagy közepes, a hosszú, és nagyon dús hajak ápolásához.</P>
<P style=\"TEXT-ALIGN: justify\" data-mce-style=\"text-align: justify;\">A TANGLIM hajkefét még a zuhany alatt is használhatjuk, pl. a keratinos hajápolási termékek felvitelére, a hajba fésülésére.</P>
<P style=\"TEXT-ALIGN: justify\" data-mce-style=\"text-align: justify; line-height: normal;\"><U>A TANGLIM&nbsp; hajkefe adatai, használata:</U></P>
<P style=\"TEXT-ALIGN: justify\" data-mce-style=\"text-align: justify; line-height: normal;\">A LIM - HAIR TANGLIM Tangle Teezer Econ hajkefe hossza: kb. 180mm</P>
<P style=\"TEXT-ALIGN: justify\" data-mce-style=\"text-align: justify; line-height: normal;\">A LIM - HAIR TANGLIM&nbsp;Tangle Teezer hajkefe fejszélessége változó: kb. 30-80mm</P>
<P style=\"TEXT-ALIGN: justify\" data-mce-style=\"text-align: justify; line-height: normal;\">A Hajkefe szőr anyaga: rugalmas antisztatikus műanyag bontó tüske</P>
<P style=\"TEXT-ALIGN: justify\" data-mce-style=\"text-align: justify; line-height: normal;\"><BR>A hajkefét a hajszárító csőrénél kiáramló nagyon magas hőtől óvni kell! 25cm-nél közelebb ne közelítse a hajkeféhez a hajszárítót!</P>
<P style=\"TEXT-ALIGN: justify\" data-mce-style=\"text-align: justify; line-height: normal;\">Hajkefe márka: HAIR &ndash;LIM TANGLIM</P>
<P style=\"TEXT-ALIGN: justify\">Hajkefe származási helye: Spanyolország</P>
<P></P>', `item_id`='2827-lim-tanglim-dt-fekete-hátlap', `default_pic`='168', `active`='1', `category_id`='104', `root_category_id`='0', `seo_name`='hajkisimito-es-szuper-hajbonto-kefe-tanglim-fekete', `fullurl`='fodraszkellek/hajkisimito-es-szuper-hajbonto-kefe-tanglim-fekete', `other_categories`='104,117,120,222' WHERE id=2163

[2021-01-25 19:06:49] UPDATE webshop_gallery SET original_name='Bristles gyors hajcsipesz 5-10 hajtincs rögzítésére 1db', date=1611598009 WHERE id=1011

[2021-01-25 19:06:49] UPDATE webshop_special_fields SET `value`='LIM HAIR hajformázók' WHERE `key`='manufacturer' AND `product_id`=3007

[2021-01-25 19:06:49] UPDATE webshop_special_fields SET `value`='db' WHERE `key`='quantityunit' AND `product_id`=3007

[2021-01-25 19:06:49] UPDATE webshop_special_fields SET `value`='1' WHERE `key`='kiszereles' AND `product_id`=3007

[2021-01-25 19:06:49] UPDATE webshop_products SET `name_hun`='Bristles gyors hajcsipesz 5-10 hajtincs rögzítésére 1db',`content_short`='
Gyors hajcsipesz, amellyel egyszerre akár 5-10 hajtincset is rögzíthetünk. A haj egy mozdulattal rögzíthető,...',`content`='<FONT face=Calibri>
<P style=\"TEXT-ALIGN: justify; MARGIN: 0cm 0cm 10pt\">Gyors hajcsipesz, amellyel egyszerre akár 5-10 hajtincset is rögzíthetünk. A haj egy mozdulattal rögzíthető, anélkül hogy elengednénk a kezünkben levő eszközt. Felgyorsítja, egyszerűsíti a gyors passzék, tincsek leválasztását, a precíz frizurakészítést, főleg a hajvasalással készített frizuráknál.</P>
<P style=\"TEXT-ALIGN: justify; MARGIN: 0cm 0cm 10pt\">A bristless clip egy erős kivitelű, fésűs hajcsat, hajrögzítéshez.&nbsp;A rugós hajcsat, amely egy 5 soros fésűvel van egybe építve, stabilan helyezhető el a hajban bárhol.&nbsp;A hajcsaton levő&nbsp;fésű fogak rögzítik&nbsp;a kiválasztott hajtincseket. &nbsp;A hajcsat fésű fogaiba, a méreténél fogva egyszerre több hajtincset is rögzíthetünk, használata lehetővé teszi több hajtincs előkészítését különféle hajápolási, fodrászati műveletekhez, hajvasaláshoz.</P>
<P style=\"TEXT-ALIGN: justify; MARGIN: 0cm 0cm 10pt\">A rugós fésűs hajcsipesz, hajcsat adatai.</P>
<P style=\"TEXT-ALIGN: justify; MARGIN: 0cm 0cm 10pt\">Hajcsat hossza:145mm</P>
<P style=\"TEXT-ALIGN: justify; MARGIN: 0cm 0cm 10pt\">Hajcsat szélessége:15mm</P>
<P style=\"TEXT-ALIGN: justify; MARGIN: 0cm 0cm 10pt\">Hajcsat származási helye: Barcelona</P>
<P style=\"TEXT-ALIGN: justify; MARGIN: 0cm 0cm 10pt\"></FONT>&nbsp;</P>', `item_id`='2833-lim-bristless clip-1db-fekete', `default_pic`='1011', `active`='1', `category_id`='114', `root_category_id`='104', `seo_name`='bristles-gyors-hajcsipesz-5-10-hajtincs-rogzitesere-1db', `fullurl`='fodraszkellek/hajcsat-hajcsipesz-hajtu/bristles-gyors-hajcsipesz-5-10-hajtincs-rogzitesere-1db', `other_categories`='114,222' WHERE id=3007

[2021-01-25 19:06:49] UPDATE webshop_products SET sort=1 WHERE id=3326

[2021-01-25 19:06:50] UPDATE users SET lastlogin = NOW() WHERE id = '11'

[2021-01-25 19:06:51] INSERT INTO webshop_gallery (`id`, `product_id`, `original_name`, `new_name`, `date`) VALUES (15542, 5141, 'Legjobb hajvasaló hőfokú LIM-HAIR-pc4.0 Tiatanium fekete', '15542.jpg', 1611598011)

[2021-01-25 19:06:51] INSERT INTO webshop_products (`id`, `name_hun`, `name_eng`, `item_id`, `price`, `reduced_price`, `status`, `currency`, `content_short`, `content`, `details`, `date`, `default_pic`, `active`, `main`, `sort`, `category_id`, `root_category_id`, `seo_name`, `fullurl`, `websyx_id`, `quantity`, `other_categories`) VALUES ('5141', 'Legjobb hajvasaló hőfokú LIM-HAIR-pc4.0 Tiatanium fekete', 'Legjobb hajvasaló hőfokú LIM-HAIR-pc4.0 Tiatanium fekete', '2830-lim-pc4.0-titanium-NEIDE2', 0, 0, 1, 'Ft', '
Hajvasaló szett, hő védő utazó tasakkal. A szetthez egy hővédelemmel ellátott hajvasalót tartó tásak is...', '<FONT face=Calibri>
<P style=\"TEXT-ALIGN: justify; MARGIN: 0cm 0cm 10pt; LINE-HEIGHT: normal; mso-margin-top-alt: auto; mso-margin-bottom-alt: auto\">Hajvasaló szett, hő védő utazó tasakkal. A szetthez egy hővédelemmel ellátott hajvasalót tartó tásak is tartozik, amelybe akár forrón is beletehetjük a hajvasalót.</P>
<P style=\"TEXT-ALIGN: justify; MARGIN: 0cm 0cm 10pt; LINE-HEIGHT: normal; mso-margin-top-alt: auto; mso-margin-bottom-alt: auto\">Professzionális, fodrászoknak készült hajvasaló. A Titanium kerámia lapon nagyon könnyen, siklik a haj! 130°C-tól 230°C ig, 5 fokozatban állítható hőfokú, így a nagyon erős hajak hajvasalásához is alkalmas!</P>
<P style=\"TEXT-ALIGN: justify; MARGIN: 0cm 0cm 10pt; LINE-HEIGHT: normal; mso-margin-top-alt: auto; mso-margin-bottom-alt: auto\">A hajvasalóval, hajsimítóval a teljes hajegyenesítésig, az extra síkos hajvasaló felület kialakítása miatt, 1-2 alkalommal kell végig simítani a hajat, a tökéletesen egyenes haj eléréséhez, ezért a hajat kevés igénybevétel éri, nem károsodik, és gyorsan végzünk a hajegyenesítéssel. </P>
<P style=\"TEXT-ALIGN: justify; MARGIN: 0cm 0cm 10pt; LINE-HEIGHT: normal; mso-margin-top-alt: auto; mso-margin-bottom-alt: auto\">Ionos ápolás az egészséges és fényes hajért: A hajvasaló lapok bevonatán keletkező negatív ionok,&nbsp; semlegesítik a haj pozitív feltöltődését, és lehetővé teszik, hogy a haj nedvességének egy részét a haj belsejébe juttassuk. A haj hidratált, fényes, egészséges marad a hajszárítás után!</P>
<P style=\"TEXT-ALIGN: justify; MARGIN: 0cm 0cm 10pt; LINE-HEIGHT: normal; mso-margin-top-alt: auto; mso-margin-bottom-alt: auto\">Hajvasalásnál, hajgöndörítésnél, mindig használjunk hő védő folyadékot, krémet! </P>
<P style=\"TEXT-ALIGN: justify; MARGIN: 0cm 0cm 10pt; LINE-HEIGHT: normal; mso-margin-top-alt: auto; mso-margin-bottom-alt: auto\"><U>Hajvasaló tartozékok, műszaki adatok,</U></P>
<UL type=disc>
<LI style=\"TEXT-ALIGN: justify; MARGIN: 0cm 0cm 10pt; LINE-HEIGHT: normal; mso-margin-top-alt: auto; mso-margin-bottom-alt: auto; mso-list: l0 level1 lfo1; tab-stops: list 36.0pt\">A hajvasalás rendkívüli használati gyorsasága a hajvasaló lapoknak köszönhető, melyek antibakteriális fertőtlenítő hatása hajvasaláskor elpusztítja a baktériumokat is. 
<LI style=\"TEXT-ALIGN: justify; MARGIN: 0cm 0cm 10pt; LINE-HEIGHT: normal; mso-margin-top-alt: auto; mso-margin-bottom-alt: auto; mso-list: l0 level1 lfo1; tab-stops: list 36.0pt\">A LIM hajvasaló rugalmasan összezáró hajsimító lapokkal készül, amelyek fixen is összezárhatók, ez a fixálható hajvasaló lap zár. 
<LI style=\"TEXT-ALIGN: justify; MARGIN: 0cm 0cm 10pt; LINE-HEIGHT: normal; mso-margin-top-alt: auto; mso-margin-bottom-alt: auto; mso-list: l0 level1 lfo1; tab-stops: list 36.0pt\">Hajvasaláskor a pehelykönnyű és ergonomikus géptest kialakítás nem veszi igénybe a kéz izmait. 
<LI style=\"TEXT-ALIGN: justify; MARGIN: 0cm 0cm 10pt; LINE-HEIGHT: normal; mso-margin-top-alt: auto; mso-margin-bottom-alt: auto; mso-list: l0 level1 lfo1; tab-stops: list 36.0pt\">A fűtőlap extra gyors felmelegedési idővel rendelkezik,&nbsp; és felel a tökéletes hő elosztásért . A hajvasaló lap szélessége kb. 22mm, hosszúsága kb. 90mm, a hajvasaló gép teljes hossza kb. 300mm. 
<LI style=\"TEXT-ALIGN: justify; MARGIN: 0cm 0cm 10pt; LINE-HEIGHT: normal; mso-margin-top-alt: auto; mso-margin-bottom-alt: auto; mso-list: l0 level1 lfo1; tab-stops: list 36.0pt\">További paraméterek,&nbsp; -- potméteres hőfok vezérlés, hőfok kijelzése leddel, intelligens digitális hőmérsékletszabályzás a jobb formázási eredményért , hajvasalás hőfoka: 130°C-tól 230°C ig, állítható hőfokú, &nbsp;3 m-es, forgó kuplungos kábellel rendelkezik, a hajvasaló teljesítmény felvétele 220-240V&nbsp; 50/60Hz&nbsp;&nbsp; 40Watt, automatikus kikapcsolás 40 perc után. 
<LI style=\"TEXT-ALIGN: justify; MARGIN: 0cm 0cm 10pt; LINE-HEIGHT: normal; mso-margin-top-alt: auto; mso-margin-bottom-alt: auto; mso-list: l0 level1 lfo1; tab-stops: list 36.0pt\">A hajvasalóval elérhető az ion-effekt hatás, mely simább hajstruktúrát, egészséges fényt és jobb formázhatóságot kölcsönöz a hajnak. </LI></UL></FONT>', '', 1611598011, '15542', '1', 0, 1, 222, '56', 'legjobb-hajvasalo-hofoku-lim-hair-pc40-tiatanium-fekete', 'dauer/szepsegbolt/legjobb-hajvasalo-hofoku-lim-hair-pc40-tiatanium-fekete', '3159', 1, '222')

[2021-01-25 19:06:51] INSERT INTO webshop_special_fields (`key`, `value`, `product_id`) VALUES ('manufacturer', 'LIM HAIR hajformázók', 5141)

[2021-01-25 19:06:51] INSERT INTO webshop_special_fields (`key`, `value`, `product_id`) VALUES ('quantityunit', 'db', 5141)

[2021-01-25 19:06:51] INSERT INTO webshop_special_fields (`key`, `value`, `product_id`) VALUES ('kiszereles', '1', 5141)

[2021-01-25 19:06:51] INSERT INTO webshop_gallery (`id`, `product_id`, `original_name`, `new_name`, `date`) VALUES (15543, 5142, 'Legjobb hajvasaló hőfokú digitális gyémántporos LIM-HAIR-pc5.0', '15543.jpg', 1611598011)

[2021-01-25 19:06:51] INSERT INTO webshop_products (`id`, `name_hun`, `name_eng`, `item_id`, `price`, `reduced_price`, `status`, `currency`, `content_short`, `content`, `details`, `date`, `default_pic`, `active`, `main`, `sort`, `category_id`, `root_category_id`, `seo_name`, `fullurl`, `websyx_id`, `quantity`, `other_categories`) VALUES ('5142', 'Legjobb hajvasaló hőfokú digitális gyémántporos LIM-HAIR-pc5.0', 'Legjobb hajvasaló hőfokú digitális gyémántporos LIM-HAIR-pc5.0', '2830-lim-pc50-diamond-fekete-NEIDE', 0, 0, 1, 'Ft', '
Hajvasaló ultrasíkos gyémántporos kerámia simító felülettel, digitális kijelzővel, + hővédő utazó...', '<FONT face=Calibri>
<P style=\"TEXT-ALIGN: justify; MARGIN: 0cm 0cm 10pt; LINE-HEIGHT: normal; mso-margin-top-alt: auto; mso-margin-bottom-alt: auto\">Hajvasaló ultrasíkos gyémántporos kerámia simító felülettel, digitális kijelzővel, + hővédő utazó táskával!&nbsp;&nbsp;- A LIM-HAIR gyémántporos hajsimító lapok síkosabbak, mint valaha. A hajvasalás után a látványosan magas végeredmény, ezekben a gyémántporos hajvasaló lapokban rejlik. A LIM-HAIR technológiának köszönhetően ezek rendkívül síkosak, hajvasaláskor könnyedén siklik a haj, ennek köszönhetően a haj fényes és egészséges marad. Fénylik mint a gyémánt!</P>
<P style=\"TEXT-ALIGN: justify; MARGIN: 0cm 0cm 10pt; LINE-HEIGHT: normal; mso-margin-top-alt: auto; mso-margin-bottom-alt: auto\">Ingyenes házhoz szállítással, + hővédő utazó táskával! </P>
<P style=\"TEXT-ALIGN: justify; MARGIN: 0cm 0cm 10pt; LINE-HEIGHT: normal; mso-margin-top-alt: auto; mso-margin-bottom-alt: auto\">Ultragyors felmelegedési idejű, és intelligens digitális hőmérsékletszabályzású, és kijelzésű,&nbsp;a tökéletes formázási eredményért. A hajvasalás hőfoka: 130°C-tól 230°C ig, 5 fix (130-160-180-200-230°C) hőmérsékletre állítható.&nbsp;&nbsp;A diamond extrém kidolgozású és&nbsp;megjelenésű professzionális hajvasaló a LIM HAIR professzionális hajformázó gépek Magyarországi kizárólagos forgalmazójától! </P>
<P style=\"TEXT-ALIGN: justify; MARGIN: 0cm 0cm 10pt; LINE-HEIGHT: normal; mso-margin-top-alt: auto; mso-margin-bottom-alt: auto\">A&nbsp;hajvasaló lap fertőtlenítő hatású, ez lehetővé teszi, hogy az első kontaktustól a haj antibakteriális, és mélyrehatóan tiszta legyen. </P>
<P style=\"TEXT-ALIGN: justify; MARGIN: 0cm 0cm 10pt; LINE-HEIGHT: normal; mso-margin-top-alt: auto; mso-margin-bottom-alt: auto\">A hajvasalóval, hajsimítóval a teljes hajegyenesítésig, az extra síkos hajvasaló felület kialakítása miatt, 1-2 alkalommal kell végig simítani a hajat, a tökéletesen egyenes haj eléréséhez, ezért a hajat kevés igénybevétel éri, nem károsodik, és gyorsan végzünk a hajegyenesítéssel. </P>
<P style=\"TEXT-ALIGN: justify; MARGIN: 0cm 0cm 10pt; LINE-HEIGHT: normal; mso-margin-top-alt: auto; mso-margin-bottom-alt: auto\">Ionos ápolás az egészséges és fényes hajért.&nbsp; A hajvasaló lapok bevonatán keletkező negatív ionok,&nbsp; semlegesítik a haj pozitív feltöltődését, és lehetővé teszik, hogy a haj nedvességének egy részét a haj belsejébe juttassuk. A haj hidratált, fényes, egészséges marad a hajszárítás után!</P>
<P style=\"TEXT-ALIGN: justify; MARGIN: 0cm 0cm 10pt; LINE-HEIGHT: normal; mso-margin-top-alt: auto; mso-margin-bottom-alt: auto\">diamond&nbsp; -- <U>Hajvasaló tartozékok, műszaki adatok, és leírás.</U></P>
<UL type=disc>
<LI style=\"TEXT-ALIGN: justify; MARGIN: 0cm 0cm 10pt; LINE-HEIGHT: normal; mso-margin-top-alt: auto; mso-margin-bottom-alt: auto; mso-list: l0 level1 lfo1; tab-stops: list 36.0pt\">&nbsp;A hajvasalás rendkívüli használati gyorsasága a gyémántporos hajvasaló lapoknak köszönhető, melyek antibakteriális fertőtlenítő hatása hajvasaláskor elpusztítja a baktériumokat is. 
<LI style=\"TEXT-ALIGN: justify; MARGIN: 0cm 0cm 10pt; LINE-HEIGHT: normal; mso-margin-top-alt: auto; mso-margin-bottom-alt: auto; mso-list: l0 level1 lfo1; tab-stops: list 36.0pt\">A LIM hajvasaló rugalmasan összezáró hajsimító, oszcilláló&nbsp;vasaló lapokkal készül.. 
<LI style=\"TEXT-ALIGN: justify; MARGIN: 0cm 0cm 10pt; LINE-HEIGHT: normal; mso-margin-top-alt: auto; mso-margin-bottom-alt: auto; mso-list: l0 level1 lfo1; tab-stops: list 36.0pt\">Hajvasaláskor a pehelykönnyű és ergonomikus géptest kialakítás nem veszi igénybe a kéz izmait. 
<LI style=\"TEXT-ALIGN: justify; MARGIN: 0cm 0cm 10pt; LINE-HEIGHT: normal; mso-margin-top-alt: auto; mso-margin-bottom-alt: auto; mso-list: l0 level1 lfo1; tab-stops: list 36.0pt\">A fűtőlap extra gyors felmelegedési idővel rendelkezik,&nbsp; és felel a tökéletes hő elosztásért . A hajvasaló lap szélessége kb. 22mm, hosszúsága kb. 90mm, a hajvasaló gép teljes hossza kb. 270mm. 
<LI style=\"TEXT-ALIGN: justify; MARGIN: 0cm 0cm 10pt; LINE-HEIGHT: normal; mso-margin-top-alt: auto; mso-margin-bottom-alt: auto; mso-list: l0 level1 lfo1; tab-stops: list 36.0pt\">További paraméterek,&nbsp; -- digitális &nbsp;hőfok vezérlés, hőfok kijelzése, intelligens digitális hajvasalólap hőmérsékletszabályzás a jobb formázási eredményért , hajvasalás hőfoka: 130°C-tól 230°C ig, állítható hőfokú, &nbsp;3 m-es, forgó kuplungos kábellel rendelkezik, a hajvasaló teljesítmény felvétele 220-240V&nbsp; 50/60Hz&nbsp;&nbsp; 45Watt, automatikus kikapcsolás 40 perc után. 
<LI style=\"TEXT-ALIGN: justify; MARGIN: 0cm 0cm 10pt; LINE-HEIGHT: normal; mso-margin-top-alt: auto; mso-margin-bottom-alt: auto; mso-list: l0 level1 lfo1; tab-stops: list 36.0pt\">A hajvasalóval elérhető az ion-effekt hatás, mely simább hajstruktúrát, egészséges fényt és jobb formázhatóságot kölcsönöz a hajnak. </LI></UL></FONT>', '', 1611598011, '15543', '1', 0, 1, 222, '56', 'legjobb-hajvasalo-hofoku-digitalis-gyemantporos-lim-hair-pc50', 'dauer/szepsegbolt/legjobb-hajvasalo-hofoku-digitalis-gyemantporos-lim-hair-pc50', '3160', 1, '222')

[2021-01-25 19:06:51] INSERT INTO webshop_special_fields (`key`, `value`, `product_id`) VALUES ('manufacturer', 'LIM HAIR hajformázók', 5142)

[2021-01-25 19:06:51] INSERT INTO webshop_special_fields (`key`, `value`, `product_id`) VALUES ('quantityunit', 'db', 5142)

[2021-01-25 19:06:51] INSERT INTO webshop_special_fields (`key`, `value`, `product_id`) VALUES ('kiszereles', '1', 5142)

[2021-01-25 19:06:51] INSERT INTO webshop_gallery (`id`, `product_id`, `original_name`, `new_name`, `date`) VALUES (15544, 5143, 'Gyémántporos digitális hajvasaló LIM-HAIR-pc5.0 Flamingo Tropical', '15544.jpg', 1611598011)

[2021-01-25 19:06:51] INSERT INTO webshop_products (`id`, `name_hun`, `name_eng`, `item_id`, `price`, `reduced_price`, `status`, `currency`, `content_short`, `content`, `details`, `date`, `default_pic`, `active`, `main`, `sort`, `category_id`, `root_category_id`, `seo_name`, `fullurl`, `websyx_id`, `quantity`, `other_categories`) VALUES ('5143', 'Gyémántporos digitális hajvasaló LIM-HAIR-pc5.0 Flamingo Tropical', 'Gyémántporos digitális hajvasaló LIM-HAIR-pc5.0 Flamingo Tropical', '2830-lim-pc50-diamond-tropical', 0, 0, 1, 'Ft', '
Hajvasaló ultrasíkos gyémántporos kerámia simító felülettel, digitális kijelzővel, + hővédő utazó...', '<FONT face=Calibri>
<P style=\"TEXT-ALIGN: justify; MARGIN: 0cm 0cm 10pt; LINE-HEIGHT: normal; mso-margin-top-alt: auto; mso-margin-bottom-alt: auto\">Hajvasaló ultrasíkos gyémántporos kerámia simító felülettel, digitális kijelzővel, + hővédő utazó táskával!&nbsp;&nbsp;- A LIM-HAIR gyémántporos hajsimító lapok síkosabbak, mint valaha. A hajvasalás után a látványosan magas végeredmény, ezekben a gyémántporos hajvasaló lapokban rejlik. A LIM-HAIR technológiának köszönhetően ezek rendkívül síkosak, hajvasaláskor könnyedén siklik a haj, ennek köszönhetően a haj fényes és egészséges marad. Fénylik mint a gyémánt!</P>
<P style=\"TEXT-ALIGN: justify; MARGIN: 0cm 0cm 10pt; LINE-HEIGHT: normal; mso-margin-top-alt: auto; mso-margin-bottom-alt: auto\">Ingyenes házhoz szállítással, + hővédő utazó táskával! </P>
<P style=\"TEXT-ALIGN: justify; MARGIN: 0cm 0cm 10pt; LINE-HEIGHT: normal; mso-margin-top-alt: auto; mso-margin-bottom-alt: auto\">Ultragyors felmelegedési idejű, és intelligens digitális hőmérsékletszabályzású, és kijelzésű,&nbsp;a tökéletes formázási eredményért. A hajvasalás hőfoka: 130°C-tól 230°C ig, 5 fix (130-160-180-200-230°C) hőmérsékletre állítható.&nbsp;&nbsp;A diamond extrém kidolgozású és&nbsp;megjelenésű professzionális hajvasaló a LIM HAIR professzionális hajformázó gépek Magyarországi kizárólagos forgalmazójától! </P>
<P style=\"TEXT-ALIGN: justify; MARGIN: 0cm 0cm 10pt; LINE-HEIGHT: normal; mso-margin-top-alt: auto; mso-margin-bottom-alt: auto\">A&nbsp;hajvasaló lap fertőtlenítő hatású, ez lehetővé teszi, hogy az első kontaktustól a haj antibakteriális, és mélyrehatóan tiszta legyen. </P>
<P style=\"TEXT-ALIGN: justify; MARGIN: 0cm 0cm 10pt; LINE-HEIGHT: normal; mso-margin-top-alt: auto; mso-margin-bottom-alt: auto\">A hajvasalóval, hajsimítóval a teljes hajegyenesítésig, az extra síkos hajvasaló felület kialakítása miatt, 1-2 alkalommal kell végig simítani a hajat, a tökéletesen egyenes haj eléréséhez, ezért a hajat kevés igénybevétel éri, nem károsodik, és gyorsan végzünk a hajegyenesítéssel. </P>
<P style=\"TEXT-ALIGN: justify; MARGIN: 0cm 0cm 10pt; LINE-HEIGHT: normal; mso-margin-top-alt: auto; mso-margin-bottom-alt: auto\">Ionos ápolás az egészséges és fényes hajért.&nbsp; A hajvasaló lapok bevonatán keletkező negatív ionok,&nbsp; semlegesítik a haj pozitív feltöltődését, és lehetővé teszik, hogy a haj nedvességének egy részét a haj belsejébe juttassuk. A haj hidratált, fényes, egészséges marad a hajszárítás után!</P>
<P style=\"TEXT-ALIGN: justify; MARGIN: 0cm 0cm 10pt; LINE-HEIGHT: normal; mso-margin-top-alt: auto; mso-margin-bottom-alt: auto\">diamond&nbsp; -- <U>Hajvasaló tartozékok, műszaki adatok, és leírás.</U></P>
<UL type=disc>
<LI style=\"TEXT-ALIGN: justify; MARGIN: 0cm 0cm 10pt; LINE-HEIGHT: normal; mso-margin-top-alt: auto; mso-margin-bottom-alt: auto; mso-list: l0 level1 lfo1; tab-stops: list 36.0pt\">&nbsp;A hajvasalás rendkívüli használati gyorsasága a gyémántporos hajvasaló lapoknak köszönhető, melyek antibakteriális fertőtlenítő hatása hajvasaláskor elpusztítja a baktériumokat is. 
<LI style=\"TEXT-ALIGN: justify; MARGIN: 0cm 0cm 10pt; LINE-HEIGHT: normal; mso-margin-top-alt: auto; mso-margin-bottom-alt: auto; mso-list: l0 level1 lfo1; tab-stops: list 36.0pt\">A LIM hajvasaló rugalmasan összezáró hajsimító, oszcilláló&nbsp;vasaló lapokkal készül.. 
<LI style=\"TEXT-ALIGN: justify; MARGIN: 0cm 0cm 10pt; LINE-HEIGHT: normal; mso-margin-top-alt: auto; mso-margin-bottom-alt: auto; mso-list: l0 level1 lfo1; tab-stops: list 36.0pt\">Hajvasaláskor a pehelykönnyű és ergonomikus géptest kialakítás nem veszi igénybe a kéz izmait. 
<LI style=\"TEXT-ALIGN: justify; MARGIN: 0cm 0cm 10pt; LINE-HEIGHT: normal; mso-margin-top-alt: auto; mso-margin-bottom-alt: auto; mso-list: l0 level1 lfo1; tab-stops: list 36.0pt\">A fűtőlap extra gyors felmelegedési idővel rendelkezik,&nbsp; és felel a tökéletes hő elosztásért . A hajvasaló lap szélessége kb. 22mm, hosszúsága kb. 90mm, a hajvasaló gép teljes hossza kb. 270mm. 
<LI style=\"TEXT-ALIGN: justify; MARGIN: 0cm 0cm 10pt; LINE-HEIGHT: normal; mso-margin-top-alt: auto; mso-margin-bottom-alt: auto; mso-list: l0 level1 lfo1; tab-stops: list 36.0pt\">További paraméterek,&nbsp; -- digitális &nbsp;hőfok vezérlés, hőfok kijelzése, intelligens digitális hajvasalólap hőmérsékletszabályzás a jobb formázási eredményért , hajvasalás hőfoka: 130°C-tól 230°C ig, állítható hőfokú, &nbsp;3 m-es, forgó kuplungos kábellel rendelkezik, a hajvasaló teljesítmény felvétele 220-240V&nbsp; 50/60Hz&nbsp;&nbsp; 45Watt, automatikus kikapcsolás 40 perc után. 
<LI style=\"TEXT-ALIGN: justify; MARGIN: 0cm 0cm 10pt; LINE-HEIGHT: normal; mso-margin-top-alt: auto; mso-margin-bottom-alt: auto; mso-list: l0 level1 lfo1; tab-stops: list 36.0pt\">A hajvasalóval elérhető az ion-effekt hatás, mely simább hajstruktúrát, egészséges fényt és jobb formázhatóságot kölcsönöz a hajnak. </LI></UL></FONT>', '', 1611598011, '15544', '1', 0, 1, 99, '92', 'gyemantporos-digitalis-hajvasalo-lim-hair-pc50-flamingo-tropical', 'hajformazo-gepek/hajvasalo/gyemantporos-digitalis-hajvasalo-lim-hair-pc50-flamingo-tropical', '3161', 1, '99,222')

[2021-01-25 19:06:51] INSERT INTO webshop_special_fields (`key`, `value`, `product_id`) VALUES ('manufacturer', 'LIM HAIR hajformázók', 5143)

[2021-01-25 19:06:51] INSERT INTO webshop_special_fields (`key`, `value`, `product_id`) VALUES ('quantityunit', 'db', 5143)

[2021-01-25 19:06:51] INSERT INTO webshop_special_fields (`key`, `value`, `product_id`) VALUES ('kiszereles', '1', 5143)

[2021-01-25 19:06:51] INSERT INTO webshop_gallery (`id`, `product_id`, `original_name`, `new_name`, `date`) VALUES (15545, 5144, 'Profi hajnyíró LIM-HAIR Cutlim 5.0', '15545.jpg', 1611598011)

[2021-01-25 19:06:51] INSERT INTO webshop_products (`id`, `name_hun`, `name_eng`, `item_id`, `price`, `reduced_price`, `status`, `currency`, `content_short`, `content`, `details`, `date`, `default_pic`, `active`, `main`, `sort`, `category_id`, `root_category_id`, `seo_name`, `fullurl`, `websyx_id`, `quantity`, `other_categories`) VALUES ('5144', 'Profi hajnyíró LIM-HAIR Cutlim 5.0', 'Profi hajnyíró LIM-HAIR Cutlim 5.0', '2831-lim-cutlim5.0', 0, 0, 1, 'Ft', 'Hajvágógép&nbsp;nagyon erős motorral, LCD digitális kijelzővel, turbó sebességfokozattal,&nbsp;kerámia...', '<P style=\"TEXT-ALIGN: justify\">Hajvágógép&nbsp;nagyon erős motorral, LCD digitális kijelzővel, turbó sebességfokozattal,&nbsp;kerámia vágófejjel.&nbsp;A legjobb eredmény érdekében a Professzionális motoros hajnyíró, 120 perc akkumulátor üzem idővel rendelkezik! Az új típusú akkumulátornak köszönhetően megnőtt a gép egy töltéssel elérhető üzem ideje, amely az LCD kijelzőn, jól követhető. Alkalmas nagyon erős dús haj, szőr, és az otthoni kisállat szőrének nyírására is.</P>
<P style=\"TEXT-ALIGN: justify\">A hajnyíró vágókések hosszabb&nbsp;ideig tartó, vagy egymás utáni több&nbsp;hajvágás ideje alatt sem forrósodnak fel, hőmérsékletük nem égeti a bőrt!&nbsp;</P>
<P style=\"TEXT-ALIGN: justify\">A&nbsp;hajvágógép használata a legmagasabb professzionális igényekhez készült, ára tartalmazza a házhozszállítást is.</P>
<P style=\"TEXT-ALIGN: justify\">A Hairway hajvágó, kopás álló japán acél késsel van szerelve. A hajvágógépekhez tartozó olaj, vagy műszer olaj rendszeres használata jelentős teljesítménynövekedést, és élettartam hosszabbodást is eredményez. Minden használat előtt 1 csepp olaj felvitele szükséges a hajvágó késre! A hajvágó, hajnyíró gép ára, a szállítási költséget is tartalmazza!</P>
<P style=\"TEXT-ALIGN: justify\">Üzembiztonság: A hajvágó gép vezetékről és akkumulátorról is működtethető. Ha az akkumulátor lemerült, vagy tönkre ment, a hajnyírót tovább használhatja a hálózati vezeték csatlakoztatásával.</P>
<P style=\"MARGIN: 0cm 0cm 10pt\"><U><FONT face=Calibri>Hajvágó, hajnyíró gép professzionális használata fodrász számára:</FONT></U></P>
<P style=\"TEXT-ALIGN: justify\">A hajvágó gép, hajnyíró, fodrász célú felhasználásra készült. Motoros hajvágó rendszerrel működik. Az akkumulátoros hajvágó, hajnyíró gép egy töltéssel 120perc üzem időt, képes működni, 8 óra készenléti időn belül. Könnyen elhelyezhető, és kezelhető töltő állomással rendelkezik. A hajvágó gépet teljesítménye alkalmassá teszi a mindennapi férfifodrász, női fodrász munkákra, és a nagyon erős hajak vágására.</P>
<P style=\"MARGIN: 0cm 0cm 10pt\"><U><FONT face=Calibri>Hajnyírógép otthoni használata:</FONT></U></P>
<P style=\"TEXT-ALIGN: justify\">Alkalmas erős, dús férfi haj vagy szakáll, szőr, kis állat szőr levágására, precíz kivitelezést igénylő hajvágó munkákra. Minden használat előtt 1 csepp olaj felvitele szükséges a hajvágó késre! A professzionális hajvágó gép, hajnyíró élet tartama otthoni használatban közismert, de a haj sajátosságai miatt, nagyban függ a rendszeres tisztítástól, az olajozástól. Az akkumulátor élet tartama nagyban függ a megfelelő töltéstől. Soha ne hagyja teljesen lemerülni az akkumulátort!</P>
<P style=\"TEXT-ALIGN: justify\"><B><U>Hajvágó, hajnyíró gép műszaki adatok, és tartozékok:</U></B></P>
<P style=\"TEXT-ALIGN: justify; MARGIN-LEFT: 40.5pt; TEXT-INDENT: -22.5pt; mso-list: l0 level1 lfo1\">·&nbsp;&nbsp;&nbsp;&nbsp;&nbsp;&nbsp;&nbsp;&nbsp;&nbsp;&nbsp;&nbsp;&nbsp; 45 mm széles japán acél hajvágó késsel rendelkezik</P>
<P style=\"TEXT-ALIGN: justify; MARGIN-LEFT: 40.5pt; TEXT-INDENT: -22.5pt; mso-list: l0 level1 lfo1\">·&nbsp;&nbsp;&nbsp;&nbsp;&nbsp;&nbsp;&nbsp;&nbsp;&nbsp;&nbsp;&nbsp;&nbsp; 220 -240V ~50Hz os hálózatról és akkumulátorról is üzemel</P>
<P style=\"MARGIN-LEFT: 40.5pt; TEXT-INDENT: -22.5pt; mso-list: l0 level1 lfo1\">·&nbsp;&nbsp;&nbsp;&nbsp;&nbsp;&nbsp;&nbsp;&nbsp;&nbsp;&nbsp;&nbsp;&nbsp; vezetékes hálózati töltővel, és asztali töltővel is rendelkezik, amely 220-240V ~50Hz hálózatról üzemel</P>
<P style=\"TEXT-ALIGN: justify; MARGIN-LEFT: 40.5pt; TEXT-INDENT: -22.5pt; mso-list: l0 level1 lfo1\">·&nbsp;&nbsp;&nbsp;&nbsp;&nbsp;&nbsp;&nbsp;&nbsp;&nbsp;&nbsp;&nbsp;&nbsp; motoros meghajtású hajvágó rendszerrel rendelkezik</P>
<P style=\"TEXT-ALIGN: justify; MARGIN-LEFT: 40.5pt; TEXT-INDENT: -22.5pt; mso-list: l0 level1 lfo1\">·&nbsp;&nbsp;&nbsp;&nbsp;&nbsp;&nbsp;&nbsp;&nbsp;&nbsp;&nbsp;&nbsp;&nbsp; akkumulátorról 1 töltéssel 120 perc üzemidő érhető el, töltés idő kb. 120 perc</P>
<P style=\"TEXT-ALIGN: justify; MARGIN-LEFT: 40.5pt; TEXT-INDENT: -22.5pt; mso-list: l0 level1 lfo1\">·&nbsp;&nbsp;&nbsp;&nbsp;&nbsp;&nbsp;&nbsp;&nbsp;&nbsp;&nbsp;&nbsp;&nbsp; színes LCD -s akkumulátor töltöttség jelzője van</P>
<P style=\"TEXT-ALIGN: justify; MARGIN-LEFT: 40.5pt; TEXT-INDENT: -22.5pt; mso-list: l0 level1 lfo1\">·&nbsp;&nbsp;&nbsp;&nbsp;&nbsp;&nbsp;&nbsp;&nbsp;&nbsp;&nbsp;&nbsp;&nbsp; a hajvágó penge vágó mélysége állítható, 4 fixálható fokozatban:&nbsp;0,8 / 1,2 / 1,6 / 2mm</P>
<P style=\"TEXT-ALIGN: justify; MARGIN-LEFT: 40.5pt; TEXT-INDENT: -22.5pt; mso-list: l0 level1 lfo1\">·&nbsp;&nbsp;&nbsp;&nbsp;&nbsp;&nbsp;&nbsp;&nbsp;&nbsp;&nbsp;&nbsp;&nbsp; 4 db műanyag toldó fésű, (vezetőfésű, vágópapucs) a hajvágó mélység növeléséhez (3/6/9/12mm)</P>
<P style=\"TEXT-ALIGN: justify; MARGIN-LEFT: 40.5pt; TEXT-INDENT: -22.5pt; mso-list: l0 level1 lfo1\">·&nbsp;&nbsp;&nbsp;&nbsp;&nbsp;&nbsp;&nbsp;&nbsp;&nbsp;&nbsp;&nbsp;&nbsp; olajozó flakon tartozék</P>
<P style=\"TEXT-ALIGN: justify; MARGIN-LEFT: 40.5pt; TEXT-INDENT: -22.5pt; mso-list: l0 level1 lfo1\">·&nbsp;&nbsp;&nbsp;&nbsp;&nbsp;&nbsp;&nbsp;&nbsp;&nbsp;&nbsp;&nbsp;&nbsp; tisztító kefe tartozék</P>
<P style=\"TEXT-ALIGN: justify; MARGIN-LEFT: 40.5pt; TEXT-INDENT: -22.5pt; mso-list: l0 level1 lfo1\">·&nbsp;&nbsp;&nbsp;&nbsp;&nbsp;&nbsp;&nbsp;&nbsp;&nbsp;&nbsp;&nbsp;&nbsp; hajvágó gép súlya: 200gr</P>
<P style=\"TEXT-ALIGN: justify; MARGIN: 0cm 0cm 10pt 40.5pt; LINE-HEIGHT: normal; TEXT-INDENT: -22.5pt; mso-list: l0 level1 lfo1; mso-margin-top-alt: auto; mso-margin-bottom-alt: auto\"><FONT face=Calibri>·</FONT>&nbsp;&nbsp;&nbsp;&nbsp;&nbsp;&nbsp;&nbsp;&nbsp;&nbsp;&nbsp;&nbsp;&nbsp; <FONT face=Calibri>hajvágó gép márkák: LIM-HAIR Cutlim 5.0</FONT></P>
<P style=\"TEXT-ALIGN: justify; MARGIN: 0cm 0cm 10pt 40.5pt; LINE-HEIGHT: normal; TEXT-INDENT: -22.5pt; mso-list: l0 level1 lfo1; mso-margin-top-alt: auto; mso-margin-bottom-alt: auto\"><FONT face=Calibri>·</FONT>&nbsp;&nbsp;&nbsp;&nbsp;&nbsp;&nbsp;&nbsp;&nbsp;&nbsp;&nbsp;&nbsp;&nbsp; <FONT face=Calibri>hajvágó gép származási hely: Spanyolország</FONT></P>
<P style=\"TEXT-ALIGN: justify\"><B><U>A hajvágó, hajnyíró gép használata:</U></B></P>
<P style=\"TEXT-ALIGN: justify\">Minden használat előtt 1 csepp olajat tegyen a késre, ezzel jelentősen meghosszabbítja a kés élettartamát, és jelentősen megnöveli a hajnyírógép teljesítményét is! A kés pengéje és a fej alá egy bizonyos idő után haj kerülhet! Ezt időszakosan távolítsa el!</P>', '', 1611598011, '15545', '1', 0, 1, 98, '92', 'profi-hajnyiro-lim-hair-cutlim-50', 'hajformazo-gepek/hajvagogep/profi-hajnyiro-lim-hair-cutlim-50', '3162', 1, '98,415')

[2021-01-25 19:06:51] INSERT INTO webshop_special_fields (`key`, `value`, `product_id`) VALUES ('manufacturer', 'LIM HAIR hajformázók', 5144)

[2021-01-25 19:06:51] INSERT INTO webshop_special_fields (`key`, `value`, `product_id`) VALUES ('quantityunit', 'db', 5144)

[2021-01-25 19:06:51] INSERT INTO webshop_special_fields (`key`, `value`, `product_id`) VALUES ('kiszereles', '1', 5144)

[2021-01-25 19:06:51] INSERT INTO webshop_gallery (`id`, `product_id`, `original_name`, `new_name`, `date`) VALUES (15546, 5145, 'Barber professzionális szakállvágó és trimmelő LIM-HAIR Trimlim5.0 - 0,0mm', '15546.jpg', 1611598011)

[2021-01-25 19:06:51] INSERT INTO webshop_products (`id`, `name_hun`, `name_eng`, `item_id`, `price`, `reduced_price`, `status`, `currency`, `content_short`, `content`, `details`, `date`, `default_pic`, `active`, `main`, `sort`, `category_id`, `root_category_id`, `seo_name`, `fullurl`, `websyx_id`, `quantity`, `other_categories`) VALUES ('5145', 'Barber professzionális szakállvágó és trimmelő LIM-HAIR Trimlim5.0 - 0,0mm', 'Barber professzionális szakállvágó és trimmelő LIM-HAIR Trimlim5.0 - 0,0mm', '2831-lim-trimlim5.0', 0, 0, 1, 'Ft', 'Trimmelő, Szakállvágó és hajvágógép, zéró &nbsp;0,0mm&nbsp;vágási mélységgel,...', '<P style=\"TEXT-ALIGN: justify; MARGIN: 0cm 0cm 10pt; LINE-HEIGHT: normal\"><FONT face=Calibri>Trimmelő, Szakállvágó és hajvágógép, zéró &nbsp;0,0mm&nbsp;vágási mélységgel, &nbsp;Akkumulátorral,&nbsp; 220V csatlakozóval.&nbsp;Erős,&nbsp;Professzionális,&nbsp; trimmer, haj, és szakállvágó gép. A hajnyíró&nbsp;38 mm széles acél hajvágó feje alkalmas normál hajvágáshoz, és a kreatív haj és frizura&nbsp; formák kialakításához is. A vágófej kialakítása alkalmassá teszi minden típusú&nbsp; szakáll vágásához is.</FONT></P>
<P style=\"TEXT-ALIGN: justify; MARGIN: 0cm 0cm 10pt; LINE-HEIGHT: normal\"><FONT face=Calibri>Ezek a trimmelők &nbsp;különleges haj és szakáll vágógépek azok számára, akik szuper rövid vágási hosszt szeretnének elérni, mert a vágási magassága 0,0 mm.</FONT></P>
<P style=\"TEXT-ALIGN: justify; MARGIN: 0cm 0cm 10pt; LINE-HEIGHT: normal\"><FONT face=Calibri>Ideális eszköz a haj és a szakállbeállítás elvégzéséhez. Erős egyenáramú motorral van felszerelve, amely jelentősen növeli a vágási teljesítményt. Professzionális pengék kiváló minőségű acélból, bőrvédő funkcióval vannak ellátva. Praktikus és modern design.</FONT></P>
<P style=\"TEXT-ALIGN: justify; MARGIN: 0cm 0cm 10pt; LINE-HEIGHT: normal\"><FONT face=Calibri>A hajvágógépekhez tartozó olaj, vagy műszer olaj rendszeres használata jelentős teljesítménynövekedést, és élettartam hosszabbodást is eredményez. Minden használat előtt 1 csepp olaj felvitele szükséges a hajvágó késre!</FONT></P>
<P style=\"MARGIN: 0cm 0cm 10pt; LINE-HEIGHT: normal\"><B style=\"mso-bidi-font-weight: normal\"><U><FONT face=Calibri>Trimmelő, Szakállvágó és Hajvágógép műszaki adatok, és tartozékok:</FONT></U></B></P>
<P style=\"MARGIN: 0cm 0cm 10pt; LINE-HEIGHT: normal\"><FONT face=Calibri>- Akkumulátor töltő 110-240V ~50Hz-es hálózatról üzemel. </FONT></P>
<P style=\"MARGIN: 0cm 0cm 10pt; LINE-HEIGHT: normal\"><FONT face=Calibri>- Többfunkciós LCD kijelző</FONT></P>
<P style=\"MARGIN: 0cm 0cm 10pt; LINE-HEIGHT: normal\"><FONT face=Calibri>- 38 mm széles acél hajvágó fejjel rendelkezik</FONT></P>
<P style=\"MARGIN: 0cm 0cm 10pt; LINE-HEIGHT: normal\"><FONT face=Calibri>-&nbsp; 3db toldó fésű különböző vágási hosszra (2 - 3 - 4 mm )</FONT></P>
<P style=\"MARGIN: 0cm 0cm 10pt; LINE-HEIGHT: normal\"><FONT face=Calibri>- Olajozó flakon tartozékkal rendelkezik</FONT></P>
<P style=\"MARGIN: 0cm 0cm 10pt; LINE-HEIGHT: normal\"><FONT face=Calibri>- Tisztító kefe tartozékkal rendelkezik</FONT></P>
<P style=\"MARGIN: 0cm 0cm 10pt; LINE-HEIGHT: normal\"><FONT face=Calibri>- Származási hely: EU</FONT></P>
<P style=\"MARGIN: 0cm 0cm 10pt; LINE-HEIGHT: normal\"><FONT face=Calibri>- alap vágási magasság: 0,0 mm, fordulatszám 5500 ford/perc +/- 100</FONT></P>
<P style=\"MARGIN: 0cm 0cm 10pt; LINE-HEIGHT: normal\"><FONT face=Calibri>- teljesítmény 5 W</FONT></P>
<P style=\"MARGIN: 0cm 0cm 10pt; LINE-HEIGHT: normal\"><FONT face=Calibri>- súly kb. 144 g</FONT></P>A trimmer, kopás álló acél késsel van szerelve.', '', 1611598011, '15546', '1', 0, 1, 93, '92', 'barber-professzionalis-szakallvago-es-trimmelo-lim-hair-trimlim50-0-0mm', 'hajformazo-gepek/szakallvago/barber-professzionalis-szakallvago-es-trimmelo-lim-hair-trimlim50-0-0mm', '3163', 1, '93,254')

[2021-01-25 19:06:51] INSERT INTO webshop_special_fields (`key`, `value`, `product_id`) VALUES ('manufacturer', 'Egyéb fodrászkellék', 5145)

[2021-01-25 19:06:51] INSERT INTO webshop_special_fields (`key`, `value`, `product_id`) VALUES ('quantityunit', 'db', 5145)

[2021-01-25 19:06:51] INSERT INTO webshop_special_fields (`key`, `value`, `product_id`) VALUES ('kiszereles', '1', 5145)

[2021-01-25 19:06:51] INSERT INTO webshop_gallery (`id`, `product_id`, `original_name`, `new_name`, `date`) VALUES (15547, 5146, 'Hajkisimító és szuper hajbontó kefe Tanglim Exclusive Free Fluor', '15547.jpg', 1611598011)

[2021-01-25 19:06:51] INSERT INTO webshop_products (`id`, `name_hun`, `name_eng`, `item_id`, `price`, `reduced_price`, `status`, `currency`, `content_short`, `content`, `details`, `date`, `default_pic`, `active`, `main`, `sort`, `category_id`, `root_category_id`, `seo_name`, `fullurl`, `websyx_id`, `quantity`, `other_categories`) VALUES ('5146', 'Hajkisimító és szuper hajbontó kefe Tanglim Exclusive Free Fluor', 'Hajkisimító és szuper hajbontó kefe Tanglim Exclusive Free Fluor', '2827-lim-tanglim-free-st-fluor', 0, 0, 1, 'Ft', 'Hajkisimító és szuper hajbontó Exclusive hajkefe, a lehető legjobb minőségben és kivitelben. A LIM Tangle...', '<P style=\"TEXT-ALIGN: justify\">Hajkisimító és szuper hajbontó Exclusive hajkefe, a lehető legjobb minőségben és kivitelben. A LIM Tangle Teezer hajkefék, a lehető leg hajkímélőbb fésüléshez, hajápoláshoz készültek.&nbsp;- Rugalmas felépítésűek, erős és rendkívül strapabíró, hajbarát anyagból készülnek, amelyek nem sértik a haj felületét. A LIM - HAIR TANGLIM, &nbsp;Tangle Teezer hajkefék luxus kidolgozásúak, ergonomikus nyeles, és tenyérbe fogható csepp alakú változatban is készülnek. A fésülő rész, 3 különböző magasságú rugalmas hajkefe tüske sorok többszörös ismétlődésével készül, hogy használata a lehető legkíméletesebb hajbontást tegye lehetővé.</P>
<P style=\"TEXT-ALIGN: justify\">A LIM TANGLIM hajkefék legújabb tagja a FREE sorozat. Művészi megjelenésű, tovább fejlesztett tüske rendszerének köszönhetően felül múl minden eddigi minőséget.</P>
<P style=\"TEXT-ALIGN: justify; MARGIN: 0cm 0cm 10pt\">Az egyedi megjelenésű, Luxus kidolgozású és minőségű hajkefék, hajkímélő erős és&nbsp;strapabíró fésülő, speciális bontó tüskéi a lehető legkíméletesebben, de gyorsan és határozottan szedik szét és rendezik sorba az összegubancolódott hajszálakat. </P>
<P style=\"TEXT-ALIGN: justify; MARGIN: 0cm 0cm 10pt\">- Forradalmian új sörtéinek köszönhetően, fájdalom nélkül kibontja a hajcsomókat, nem roncsolja a hajvégeket sem.</P>
<P style=\"TEXT-ALIGN: justify; MARGIN: 0cm 0cm 10pt\">- Még a vizes hajat is kíméletesen és gyorsan kifésüli.</P>
<P style=\"TEXT-ALIGN: justify\">
<P style=\"MARGIN: 0cm 0cm 10pt\">- Megvédi a hajat a mechanikai sérülésektől, csökkenti a töredezettséget</P>
<P style=\"MARGIN: 0cm 0cm 10pt\">- Bármilyen hajtípushoz használható. (egyenes, göndör, száraz, vizes)</P>
<P style=\"MARGIN: 0cm 0cm 10pt\">- Speciálisan ívelt elrendezésének köszönhetően a hajtövektől a végekig egyenletesen hat.</P>
<P style=\"MARGIN: 0cm 0cm 10pt\">- Formatervezett külső, jól illeszkedik a tenyérbe, kényelmes használat.</P>
<P style=\"MARGIN: 0cm 0cm 10pt\">- Ilyen gyors még sosem volt a fésülködés</P>
<P style=\"TEXT-ALIGN: justify\">LIM - HAIR TANGLIM és Tangle Teezer hajkefe ideális minden típusú haj kibontására, egyenesre fésülésére. Úgy tervezték, hogy az egész hajkefe ( a hajkefe nyél és test, a tüskék) rugalmas legyen, és a 3 különböző magasságú, rugalmas hajkefe tüske sorokból álló kefe rész alkalmazkodjon minden hajhoz. Ezek a hajkefe tüskék finoman, tépés nélkül bontanak ki, minden típusú haj csomót, legyen az bármilyen kesze - kusza is, és varázsolják egyenesre a hajtincseket. A hajkefe test rugalmas hajlásával a nyomás először csökken a hajra, majd kiegyenlítődik, így megakadályozza a haj rángatását, a haj megtörését, a haj kitépését, de ugyanabban az időben rendkívül hatékonyan kibont, és kiegyenesít mindenféle hajcsomót.</P>
<P style=\"TEXT-ALIGN: justify\" data-mce-style=\"text-align: justify;\">Rugalmas felépítésű, Luxus kivitelezésű hajkefe. A LIM - HAIR TANGLIM&nbsp; a Tangle Teezer hajkefék változata, ergonómikus nyeles, és tenyérbe fogható változatban készülnek. A fésülő rész, 3 különböző magasságú rugalmas hajkefe tüske sorok többszörös ismétlődésével készül, hogy használata a lehető legkíméletesebb hajbontást tegye lehetővé.</P>
<P style=\"TEXT-ALIGN: justify\" data-mce-style=\"text-align: justify;\">LIM - HAIR TANGLIM&nbsp;és Tangle Teezer hajkefe ideális minden típusú haj kibontására, egyenesre fésülésére. Úgy tervezték hogy az egész hajkefe ( a hajkefe nyél és&nbsp;test, a&nbsp;tüskék) &nbsp;rugalmas legyen, és a 3 különböző magasságú, rugalmas hajkefe tüske sorokból álló kefe rész alkalmazkodjon minden hajhoz. Ezek a hajkefe tüskék finoman, tépés nélkül bontanak ki, minden típusú haj csomót, legyen az bármilyen kesze - kusza is, és varázsolják egyenesre a hajtincseket. A hajkefe test rugalmas hajlásával a nyomás először csökken a hajra, majd kiegyenlítődik,&nbsp;így megakadályozza a haj rángatását, a haj megtörését, a haj kitépését, de ugyanabban az időben rendkívül hatékonyan kibont, és kiegyenesít mindenféle hajcsomót.</P>
<P style=\"TEXT-ALIGN: justify\" data-mce-style=\"text-align: justify;\">A TANGLIM hajkefével egy nagyon sima, feltöltődés mentes hajat készíthetünk, mivel Antisztatikus. A hajkefék&nbsp;&nbsp;sokoldalúsága ideálissá teszi használatukat a vékony, közepes és durva, &nbsp;a göndör vagy egyenes, a rövid vagy közepes, a hosszú, és nagyon dús hajak ápolásához.</P>
<P style=\"TEXT-ALIGN: justify\" data-mce-style=\"text-align: justify;\">A TANGLIM hajkefét még a zuhany alatt is használhatjuk, pl. a keratinos hajápolási termékek felvitelére, a hajba fésülésére.</P>
<P style=\"TEXT-ALIGN: justify\" data-mce-style=\"text-align: justify; line-height: normal;\"><B><U>A TANGLIM&nbsp; hajkefe adatai, használata:</U></B></P>
<P style=\"TEXT-ALIGN: justify\" data-mce-style=\"text-align: justify; line-height: normal;\">A LIM - HAIR TANGLIM Tangle Teezer hajkefe hossza: kb. 220mm</P>
<P style=\"TEXT-ALIGN: justify\" data-mce-style=\"text-align: justify; line-height: normal;\">A LIM - HAIR TANGLIM&nbsp;Tangle Teezer hajkefe fejszélessége: kb. 75mm</P>
<P style=\"TEXT-ALIGN: justify\" data-mce-style=\"text-align: justify; line-height: normal;\">A Hajkefe szőr anyaga: rugalmas antisztatikus műanyag bontó tüske</P>
<P style=\"TEXT-ALIGN: justify\" data-mce-style=\"text-align: justify; line-height: normal;\"><BR>A hajkefét a hajszárító csőrénél kiáramló nagyon magas hőtől óvni kell! 25cm-nél közelebb ne közelítse a hajkeféhez a hajszárítót!</P>
<P style=\"TEXT-ALIGN: justify\" data-mce-style=\"text-align: justify; line-height: normal;\">Hajkefe márka: HAIR &ndash;LIM TANGLIM</P>
<P style=\"TEXT-ALIGN: justify\">Hajkefe származási helye: Spanyolország</P>
<P></P>', '', 1611598011, '15547', '1', 0, 1, 104, '0', 'hajkisimito-es-szuper-hajbonto-kefe-tanglim-exclusive-free-fluor', 'fodraszkellek/hajkisimito-es-szuper-hajbonto-kefe-tanglim-exclusive-free-fluor', '3164', 1, '104,115,117,120')

[2021-01-25 19:06:52] INSERT INTO webshop_special_fields (`key`, `value`, `product_id`) VALUES ('manufacturer', 'LIM HAIR hajformázók', 5146)

[2021-01-25 19:06:52] INSERT INTO webshop_special_fields (`key`, `value`, `product_id`) VALUES ('quantityunit', 'db', 5146)

[2021-01-25 19:06:52] INSERT INTO webshop_special_fields (`key`, `value`, `product_id`) VALUES ('kiszereles', '1', 5146)

[2021-01-25 19:06:52] INSERT INTO webshop_gallery (`id`, `product_id`, `original_name`, `new_name`, `date`) VALUES (15548, 5147, 'Design hajszárító LIM-HAIR Professzionális Carbon Ionic Tourmaline 2000W', '15548.jpg', 1611598012)

[2021-01-25 19:06:52] INSERT INTO webshop_products (`id`, `name_hun`, `name_eng`, `item_id`, `price`, `reduced_price`, `status`, `currency`, `content_short`, `content`, `details`, `date`, `default_pic`, `active`, `main`, `sort`, `category_id`, `root_category_id`, `seo_name`, `fullurl`, `websyx_id`, `quantity`, `other_categories`) VALUES ('5147', 'Design hajszárító LIM-HAIR Professzionális Carbon Ionic Tourmaline 2000W', 'Design hajszárító LIM-HAIR Professzionális Carbon Ionic Tourmaline 2000W', '2829-lim-wr4.0-fluor', 0, 0, 1, 'Ft', '
Hajszárító, egyedi design-al. A Luxus megjelenésű, és művészi kivitelezésű, Professzionális...', '<FONT face=Calibri><FONT face=Calibri>
<P style=\"TEXT-ALIGN: justify; MARGIN: 0cm 0cm 10pt\"><FONT face=Calibri>Hajszárító, egyedi design-al. A Luxus megjelenésű, és művészi kivitelezésű, Professzionális nagyteljesítményű Ionos hajszárító gép.</FONT></P>
<P style=\"TEXT-ALIGN: justify; MARGIN: 0cm 0cm 10pt\"><FONT face=Calibri><U><STRONG>Hajszárítók&nbsp;jellemzői.</STRONG></U></FONT></P>
<P style=\"TEXT-ALIGN: justify; MARGIN: 0cm 0cm 10pt\"><FONT face=Calibri>Tourmaline &ndash; Ionic , hajszárító technikával megvalósuló ionos hajápolás</FONT></P>
<P style=\"TEXT-ALIGN: justify; MARGIN: 0cm 0cm 10pt\"><FONT face=Calibri>Ultra gyors hajszárítás a haj maximális védelme mellett, a 2000W teljesítménnyel.</FONT></P>
<P style=\"TEXT-ALIGN: justify; MARGIN: 0cm 0cm 0pt; LINE-HEIGHT: normal\">A hajszárítás 2 sebesség fokozattal,&nbsp;és 4 hő fokozattal végezhető.</P>
<P style=\"TEXT-ALIGN: justify; MARGIN: 0cm 0cm 0pt; LINE-HEIGHT: normal\">&nbsp;</P>
<P style=\"TEXT-ALIGN: justify; MARGIN: 0cm 0cm 0pt; LINE-HEIGHT: normal\">különálló hűtőgomb is rendelkezésre áll</P>
<P style=\"TEXT-ALIGN: justify; MARGIN: 0cm 0cm 0pt; LINE-HEIGHT: normal\">&nbsp;</P>
<P style=\"TEXT-ALIGN: justify; MARGIN: 0cm 0cm 0pt; LINE-HEIGHT: normal\">A hosszú élettartamú long life AC szárító motort /1500 üzemóra karbantartott élettartamra tervezték. ( ez otthoni használatban 10-15 év )</P>
<P style=\"TEXT-ALIGN: justify; MARGIN: 0cm 0cm 0pt 2.25pt; LINE-HEIGHT: normal\">&nbsp;</P>
<P style=\"TEXT-ALIGN: justify; MARGIN: 0cm 0cm 0pt; LINE-HEIGHT: normal\">A hajszárítónak 220-240V&nbsp; 50/60Hz&nbsp;&nbsp;szükséges a&nbsp;2000Watt teljesítmény leadásához.</P>
<P style=\"TEXT-ALIGN: justify; MARGIN: 0cm 0cm 0pt 2.25pt; LINE-HEIGHT: normal\">&nbsp;</P>
<P style=\"TEXT-ALIGN: justify; MARGIN: 0cm 0cm 10pt\">A hajszárító súlya: kb. 556gr, 2db levehető szűkítővel, (a nyílás szélessége 4-5mm) levehető szűrővel,&nbsp;professzionális 3m hálózati kábel készül.</P></FONT></FONT>', '', 1611598012, '15548', '1', 0, 1, 96, '92', 'design-hajszarito-lim-hair-professzionalis-carbon-ionic-tourmaline-2000w', 'hajformazo-gepek/hajszarito/design-hajszarito-lim-hair-professzionalis-carbon-ionic-tourmaline-2000w', '3165', 1, '96')

[2021-01-25 19:06:52] INSERT INTO webshop_special_fields (`key`, `value`, `product_id`) VALUES ('manufacturer', 'LIM HAIR hajformázók', 5147)

[2021-01-25 19:06:52] INSERT INTO webshop_special_fields (`key`, `value`, `product_id`) VALUES ('quantityunit', 'db', 5147)

[2021-01-25 19:06:52] INSERT INTO webshop_special_fields (`key`, `value`, `product_id`) VALUES ('kiszereles', '1', 5147)

[2021-01-25 19:06:52] INSERT INTO webshop_gallery (`id`, `product_id`, `original_name`, `new_name`, `date`) VALUES (15549, 5148, 'Design hajszárító szett LIM-HAIR Profi Black Carbon Ionic Tourmaline 2000W', '15549.jpg', 1611598012)

[2021-01-25 19:06:52] INSERT INTO webshop_products (`id`, `name_hun`, `name_eng`, `item_id`, `price`, `reduced_price`, `status`, `currency`, `content_short`, `content`, `details`, `date`, `default_pic`, `active`, `main`, `sort`, `category_id`, `root_category_id`, `seo_name`, `fullurl`, `websyx_id`, `quantity`, `other_categories`) VALUES ('5148', 'Design hajszárító szett LIM-HAIR Profi Black Carbon Ionic Tourmaline 2000W', 'Design hajszárító szett LIM-HAIR Profi Black Carbon Ionic Tourmaline 2000W', '2829-lim-xrpackw19-fluor', 0, 0, 1, 'Ft', '
Hajszárító szett egyedi Desig-nal. Luxus megjelenésű, művészi kivitelezésű, Professzionális...', '<FONT face=Calibri>
<P style=\"TEXT-ALIGN: justify; MARGIN: 0cm 0cm 10pt\">Hajszárító szett egyedi Desig-nal. Luxus megjelenésű, művészi kivitelezésű, Professzionális nagyteljesítményű Ionos hajszárító géppel, szuper hajkibontó Detangler hajkefével, és táskával.</P>
<P style=\"TEXT-ALIGN: justify; MARGIN: 0cm 0cm 10pt\">A páratlan látványt nyújtó hajápolási eszközökhöz rendkívüli minőség is párosul.</P></FONT>
<P style=\"TEXT-ALIGN: justify; MARGIN: 0cm 0cm 10pt\"><FONT face=Calibri>A prémium minőségű, Exclusive egyedi&nbsp;kidolgozású hajszárításhoz készült LIM termékekből összeállított csomag, a következő 3 terméket tartalmazza.</FONT></P>
<P style=\"TEXT-ALIGN: justify; MARGIN: 0cm 0cm 10pt\"><U>1db LIM Design borítású Professzionális nagyteljesítményű Ionos hajszárító gép. - jellemzői</U></P>
<P style=\"TEXT-ALIGN: justify; MARGIN: 0cm 0cm 10pt\">Tourmaline &ndash; Ionic , hajszárító technikával megvalósuló ionos hajápolás</P>
<P style=\"TEXT-ALIGN: justify; MARGIN: 0cm 0cm 10pt\">Ultra gyors hajszárítás a haj maximális védelme mellett, a 2000W teljesítménnyel.</P>
<P style=\"TEXT-ALIGN: justify; MARGIN: 0cm 0cm 0pt\">A hajszárítás 2 sebesség fokozattal,&nbsp;és 4 hő fokozattal végezhető.</P>
<P style=\"TEXT-ALIGN: justify; MARGIN: 0cm 0cm 0pt\">&nbsp;</P>
<P style=\"TEXT-ALIGN: justify; MARGIN: 0cm 0cm 0pt; LINE-HEIGHT: normal\"><FONT face=Calibri>Különálló hűtőgomb is rendelkezésre áll.</FONT></P>
<P style=\"TEXT-ALIGN: justify; MARGIN: 0cm 0cm 0pt; LINE-HEIGHT: normal\"><FONT face=Calibri>&nbsp;</FONT></P>
<P style=\"TEXT-ALIGN: justify; MARGIN: 0cm 0cm 0pt; LINE-HEIGHT: normal\"><FONT face=Calibri>A hosszú élettartamú long life AC szárító motort /1500 üzemóra karbantartott élettartamra tervezték.</FONT></P>
<P style=\"TEXT-ALIGN: justify; MARGIN: 0cm 0cm 0pt 2.25pt; LINE-HEIGHT: normal\"><FONT face=Calibri>&nbsp;</FONT></P>
<P style=\"TEXT-ALIGN: justify; MARGIN: 0cm 0cm 0pt; LINE-HEIGHT: normal\"><FONT face=Calibri>A hajszárítónak 220-240V&nbsp; 50/60Hz&nbsp;&nbsp;szükséges a&nbsp;2000Watt teljesítmény leadásához.</FONT></P>
<P style=\"TEXT-ALIGN: justify; MARGIN: 0cm 0cm 0pt 2.25pt; LINE-HEIGHT: normal\"><FONT face=Calibri>&nbsp;</FONT></P>
<P style=\"TEXT-ALIGN: justify; MARGIN: 0cm 0cm 10pt\"><FONT face=Calibri>A hajszárító súlya: kb. 556gr, 2db levehető szűkítővel, (a nyílás szélessége 4-5mm) levehető szűrővel,&nbsp;professzionális 3m hálózati kábel készül.</FONT></P>
<P style=\"TEXT-ALIGN: justify; MARGIN: 0cm 0cm 10pt 36pt\"><FONT face=Calibri>&nbsp;</FONT></P>
<P style=\"TEXT-ALIGN: justify; MARGIN: 0cm 0cm 10pt\"><FONT face=Calibri><U>1db &nbsp;&nbsp;LIM Hajkisimító és szuper hajbontó kefe.</U> &nbsp;A Prémium minőségű, Exclusive megjelenésű és kidolgozású TANGLIM hajkefe a LIM legújabb fejlesztése, a lehető legjobb és legkíméletesebb hajápoláshoz készült.</FONT></P>
<P style=\"TEXT-ALIGN: justify; MARGIN: 0cm 0cm 10pt\">- Forradalmian új sörtéinek köszönhetően, fájdalom nélkül kibontja a csomókat. Nem roncsolja a hajvégeket.</P>
<P style=\"TEXT-ALIGN: justify; MARGIN: 0cm 0cm 10pt\">- Még a vizes hajat is kíméletesen és gyorsan kifésüli.</P>
<P style=\"TEXT-ALIGN: justify; MARGIN: 0cm 0cm 10pt\">- Megvédi a hajat a mechanikai sérülésektől, csökkenti a töredezettséget</P>
<P style=\"TEXT-ALIGN: justify; MARGIN: 0cm 0cm 10pt\">- Bármilyen hajtípushoz használható. (egyenes, göndör, száraz, vizes)</P>
<P style=\"TEXT-ALIGN: justify; MARGIN: 0cm 0cm 10pt\">- Speciálisan ívelt elrendezésének köszönhetően a hajtövektől a végekig egyenletesen hat.</P>
<P style=\"TEXT-ALIGN: justify; MARGIN: 0cm 0cm 10pt\">- Formatervezett külső, jól illeszkedik a tenyérbe, kényelmes használat.</P>
<P style=\"TEXT-ALIGN: justify; MARGIN: 0cm 0cm 10pt\">- Ilyen gyors még sosem volt a fésülködés</P>
<P style=\"TEXT-ALIGN: justify; MARGIN: 0cm 0cm 10pt\">&nbsp;</P>
<P style=\"TEXT-ALIGN: justify; MARGIN: 0cm 0cm 10pt\"><U>1db LIM Design cipzáras hordozó táska </U></P>', '', 1611598012, '15549', '1', 0, 1, 96, '92', 'design-hajszarito-szett-lim-hair-profi-black-carbon-ionic-tourmaline-2000w', 'hajformazo-gepek/hajszarito/design-hajszarito-szett-lim-hair-profi-black-carbon-ionic-tourmaline-2000w', '3166', 1, '96,377,415')

[2021-01-25 19:06:52] INSERT INTO webshop_special_fields (`key`, `value`, `product_id`) VALUES ('manufacturer', 'LIM HAIR hajformázók', 5148)

[2021-01-25 19:06:52] INSERT INTO webshop_special_fields (`key`, `value`, `product_id`) VALUES ('quantityunit', 'db', 5148)

[2021-01-25 19:06:52] INSERT INTO webshop_special_fields (`key`, `value`, `product_id`) VALUES ('kiszereles', '1', 5148)

[2021-01-25 19:06:52] INSERT INTO webshop_gallery (`id`, `product_id`, `original_name`, `new_name`, `date`) VALUES (15550, 5149, 'Mini utazó hajvasaló LIM-HAIR NanoPC2.0 Ionic Titanium Flamingo Tropical', '15550.jpg', 1611598012)

[2021-01-25 19:06:52] INSERT INTO webshop_products (`id`, `name_hun`, `name_eng`, `item_id`, `price`, `reduced_price`, `status`, `currency`, `content_short`, `content`, `details`, `date`, `default_pic`, `active`, `main`, `sort`, `category_id`, `root_category_id`, `seo_name`, `fullurl`, `websyx_id`, `quantity`, `other_categories`) VALUES ('5149', 'Mini utazó hajvasaló LIM-HAIR NanoPC2.0 Ionic Titanium Flamingo Tropical', 'Mini utazó hajvasaló LIM-HAIR NanoPC2.0 Ionic Titanium Flamingo Tropical', '2830-lim-pc2.0-tropical', 0, 0, 1, 'Ft', '
Mini hajvasaló, hő védő tokkal a szállításhoz, és professzionális tulajdonságokkal a hajvasaláshoz. A...', '<FONT face=Calibri>
<P style=\"TEXT-ALIGN: justify; MARGIN: 0cm 0cm 10pt; LINE-HEIGHT: normal; mso-margin-top-alt: auto; mso-margin-bottom-alt: auto\"><B>Mini hajvasaló, hő védő tokkal a szállításhoz, és professzionális tulajdonságokkal a hajvasaláshoz. A </B>LIM-HAIR-Nano kis helyen elfér, 17cm hosszú. A hajvasalásért felelős&nbsp;<B>Ionic&nbsp;Titanium</B>&nbsp;hajsimító lapok bevonata &nbsp;megegyezik a nagy, professzionális hajvasalókéval. </P>
<P style=\"TEXT-ALIGN: justify; MARGIN: 0cm 0cm 10pt; LINE-HEIGHT: normal; mso-margin-top-alt: auto; mso-margin-bottom-alt: auto\">Az <STRONG>Ionic&nbsp;Titanium</STRONG>&nbsp;bevonatú lapon nagyon könnyen, siklik a haj! Ionos ápolás az <B>egészséges és fényes hajért</B>: A hajvasaló lapok bevonatán keletkező negatív ionok,&nbsp; semlegesítik a haj pozitív feltöltődését, és lehetővé teszik, hogy a haj nedvességének egy részét a haj belsejébe juttassuk. A haj hidratált, fényes, egészséges marad a hajszárítás után!</P>
<P style=\"TEXT-ALIGN: justify; MARGIN: 0cm 0cm 10pt; LINE-HEIGHT: normal; mso-margin-top-alt: auto; mso-margin-bottom-alt: auto\"><U>LIM-HAIR-nano -- hajvasaló tartozékok, műszaki adatok és leírás.</U></P>
<UL type=disc>
<LI style=\"TEXT-ALIGN: justify; MARGIN: 0cm 0cm 10pt; LINE-HEIGHT: normal; mso-margin-top-alt: auto; mso-margin-bottom-alt: auto; mso-list: l0 level1 lfo1; tab-stops: list 36.0pt\">&nbsp;A hajvasalás rendkívüli használati gyorsasága a síkos hajvasaló lapoknak köszönhető. 
<LI style=\"TEXT-ALIGN: justify; MARGIN: 0cm 0cm 10pt; LINE-HEIGHT: normal; mso-margin-top-alt: auto; mso-margin-bottom-alt: auto; mso-list: l0 level1 lfo1; tab-stops: list 36.0pt\">A LIM hajvasaló rugalmasan összezáró hajsimító lapokkal készül. 
<LI style=\"TEXT-ALIGN: justify; MARGIN: 0cm 0cm 10pt; LINE-HEIGHT: normal; mso-margin-top-alt: auto; mso-margin-bottom-alt: auto; mso-list: l0 level1 lfo1; tab-stops: list 36.0pt\">Hajvasaláskor a pehelykönnyű és ergonomikus géptest kialakítás nem veszi igénybe a kéz izmait. 
<LI style=\"TEXT-ALIGN: justify; MARGIN: 0cm 0cm 10pt; LINE-HEIGHT: normal; mso-margin-top-alt: auto; mso-margin-bottom-alt: auto; mso-list: l0 level1 lfo1; tab-stops: list 36.0pt\">A szupersíkos tömör&nbsp;Ion Titanium kerámia fűtőlap extra gyors felmelegedési idővel rendelkezik, &nbsp;és felel a tökéletes hő elosztásért . A hajvasaló lap szélessége kb. 18mm, hosszúsága kb. 70mm, a hajvasaló gép teljes hossza kb. 175mm. 
<LI style=\"TEXT-ALIGN: justify; MARGIN: 0cm 0cm 10pt; LINE-HEIGHT: normal; mso-margin-top-alt: auto; mso-margin-bottom-alt: auto; mso-list: l0 level1 lfo1; tab-stops: list 36.0pt\">digitális automatikus hőmérsékletszabályzás a jobb formázási eredményért, a hajvasalás hőfoka: 220°C 
<LI style=\"TEXT-ALIGN: justify; MARGIN: 0cm 0cm 10pt; LINE-HEIGHT: normal; mso-margin-top-alt: auto; mso-margin-bottom-alt: auto; mso-list: l0 level1 lfo1; tab-stops: list 36.0pt\">&nbsp;teljesítmény felvétele 220-240V&nbsp; 50/60Hz&nbsp;&nbsp; 18Watt, automatikus kikapcsolás 40 perc után. 
<LI style=\"TEXT-ALIGN: justify; MARGIN: 0cm 0cm 10pt; LINE-HEIGHT: normal; mso-margin-top-alt: auto; mso-margin-bottom-alt: auto; mso-list: l0 level1 lfo1; tab-stops: list 36.0pt\">A hajvasalóval elérhető az ion-effekt hatás, mely simább hajstruktúrát, egészséges fényt és jobb formázhatóságot kölcsönöz a hajnak.</LI></UL></FONT>', '', 1611598012, '15550', '1', 0, 1, 99, '92', 'mini-utazo-hajvasalo-lim-hair-nanopc20-ionic-titanium-flamingo-tropical', 'hajformazo-gepek/hajvasalo/mini-utazo-hajvasalo-lim-hair-nanopc20-ionic-titanium-flamingo-tropical', '3167', 1, '99,222')

[2021-01-25 19:06:52] INSERT INTO webshop_special_fields (`key`, `value`, `product_id`) VALUES ('manufacturer', 'LIM HAIR hajformázók', 5149)

[2021-01-25 19:06:52] INSERT INTO webshop_special_fields (`key`, `value`, `product_id`) VALUES ('quantityunit', 'db', 5149)

[2021-01-25 19:06:52] INSERT INTO webshop_special_fields (`key`, `value`, `product_id`) VALUES ('kiszereles', '1', 5149)

[2021-01-25 19:06:52] INSERT INTO webshop_gallery (`id`, `product_id`, `original_name`, `new_name`, `date`) VALUES (15551, 5150, 'Mini utazó hajvasaló LIM-HAIR NanoPC2.0 Ionic Titanium Fluor', '15551.jpg', 1611598012)

[2021-01-25 19:06:52] INSERT INTO webshop_products (`id`, `name_hun`, `name_eng`, `item_id`, `price`, `reduced_price`, `status`, `currency`, `content_short`, `content`, `details`, `date`, `default_pic`, `active`, `main`, `sort`, `category_id`, `root_category_id`, `seo_name`, `fullurl`, `websyx_id`, `quantity`, `other_categories`) VALUES ('5150', 'Mini utazó hajvasaló LIM-HAIR NanoPC2.0 Ionic Titanium Fluor', 'Mini utazó hajvasaló LIM-HAIR NanoPC2.0 Ionic Titanium Fluor', '2830-lim-pc2.0-fluor', 0, 0, 1, 'Ft', '
Mini hajvasaló, hő védő tokkal a szállításhoz, és professzionális tulajdonságokkal a hajvasaláshoz. A...', '<FONT face=Calibri>
<P style=\"TEXT-ALIGN: justify; MARGIN: 0cm 0cm 10pt; LINE-HEIGHT: normal; mso-margin-top-alt: auto; mso-margin-bottom-alt: auto\"><B>Mini hajvasaló, hő védő tokkal a szállításhoz, és professzionális tulajdonságokkal a hajvasaláshoz. A </B>LIM-HAIR-Nano kis helyen elfér, 17cm hosszú. A hajvasalásért felelős&nbsp;<B>Ionic&nbsp;Titanium</B>&nbsp;hajsimító lapok bevonata &nbsp;megegyezik a nagy, professzionális hajvasalókéval. </P>
<P style=\"TEXT-ALIGN: justify; MARGIN: 0cm 0cm 10pt; LINE-HEIGHT: normal; mso-margin-top-alt: auto; mso-margin-bottom-alt: auto\">Az <STRONG>Ionic&nbsp;Titanium</STRONG>&nbsp;bevonatú lapon nagyon könnyen, siklik a haj! Ionos ápolás az <B>egészséges és fényes hajért</B>: A hajvasaló lapok bevonatán keletkező negatív ionok,&nbsp; semlegesítik a haj pozitív feltöltődését, és lehetővé teszik, hogy a haj nedvességének egy részét a haj belsejébe juttassuk. A haj hidratált, fényes, egészséges marad a hajszárítás után!</P>
<P style=\"TEXT-ALIGN: justify; MARGIN: 0cm 0cm 10pt; LINE-HEIGHT: normal; mso-margin-top-alt: auto; mso-margin-bottom-alt: auto\"><U>LIM-HAIR-nano -- hajvasaló tartozékok, műszaki adatok és leírás.</U></P>
<UL type=disc>
<LI style=\"TEXT-ALIGN: justify; MARGIN: 0cm 0cm 10pt; LINE-HEIGHT: normal; mso-margin-top-alt: auto; mso-margin-bottom-alt: auto; mso-list: l0 level1 lfo1; tab-stops: list 36.0pt\">&nbsp;A hajvasalás rendkívüli használati gyorsasága a síkos hajvasaló lapoknak köszönhető. 
<LI style=\"TEXT-ALIGN: justify; MARGIN: 0cm 0cm 10pt; LINE-HEIGHT: normal; mso-margin-top-alt: auto; mso-margin-bottom-alt: auto; mso-list: l0 level1 lfo1; tab-stops: list 36.0pt\">A LIM hajvasaló rugalmasan összezáró hajsimító lapokkal készül. 
<LI style=\"TEXT-ALIGN: justify; MARGIN: 0cm 0cm 10pt; LINE-HEIGHT: normal; mso-margin-top-alt: auto; mso-margin-bottom-alt: auto; mso-list: l0 level1 lfo1; tab-stops: list 36.0pt\">Hajvasaláskor a pehelykönnyű és ergonomikus géptest kialakítás nem veszi igénybe a kéz izmait. 
<LI style=\"TEXT-ALIGN: justify; MARGIN: 0cm 0cm 10pt; LINE-HEIGHT: normal; mso-margin-top-alt: auto; mso-margin-bottom-alt: auto; mso-list: l0 level1 lfo1; tab-stops: list 36.0pt\">A szupersíkos tömör&nbsp;Ion Titanium kerámia fűtőlap extra gyors felmelegedési idővel rendelkezik, &nbsp;és felel a tökéletes hő elosztásért . A hajvasaló lap szélessége kb. 18mm, hosszúsága kb. 70mm, a hajvasaló gép teljes hossza kb. 175mm. 
<LI style=\"TEXT-ALIGN: justify; MARGIN: 0cm 0cm 10pt; LINE-HEIGHT: normal; mso-margin-top-alt: auto; mso-margin-bottom-alt: auto; mso-list: l0 level1 lfo1; tab-stops: list 36.0pt\">digitális automatikus hőmérsékletszabályzás a jobb formázási eredményért, a hajvasalás hőfoka: 220°C 
<LI style=\"TEXT-ALIGN: justify; MARGIN: 0cm 0cm 10pt; LINE-HEIGHT: normal; mso-margin-top-alt: auto; mso-margin-bottom-alt: auto; mso-list: l0 level1 lfo1; tab-stops: list 36.0pt\">&nbsp;teljesítmény felvétele 220-240V&nbsp; 50/60Hz&nbsp;&nbsp; 18Watt, automatikus kikapcsolás 40 perc után. 
<LI style=\"TEXT-ALIGN: justify; MARGIN: 0cm 0cm 10pt; LINE-HEIGHT: normal; mso-margin-top-alt: auto; mso-margin-bottom-alt: auto; mso-list: l0 level1 lfo1; tab-stops: list 36.0pt\">A hajvasalóval elérhető az ion-effekt hatás, mely simább hajstruktúrát, egészséges fényt és jobb formázhatóságot kölcsönöz a hajnak.</LI></UL></FONT>', '', 1611598012, '15551', '1', 0, 1, 99, '92', 'mini-utazo-hajvasalo-lim-hair-nanopc20-ionic-titanium-fluor', 'hajformazo-gepek/hajvasalo/mini-utazo-hajvasalo-lim-hair-nanopc20-ionic-titanium-fluor', '3168', 1, '99,222')

[2021-01-25 19:06:52] INSERT INTO webshop_special_fields (`key`, `value`, `product_id`) VALUES ('manufacturer', 'LIM HAIR hajformázók', 5150)

[2021-01-25 19:06:52] INSERT INTO webshop_special_fields (`key`, `value`, `product_id`) VALUES ('quantityunit', 'db', 5150)

[2021-01-25 19:06:52] INSERT INTO webshop_special_fields (`key`, `value`, `product_id`) VALUES ('kiszereles', '1', 5150)

[2021-01-25 19:06:52] UPDATE webshop_products SET sort=1 WHERE id=3326

[2021-01-25 19:06:52] UPDATE webshop_products SET sort=2 WHERE id=5142

[2021-01-25 19:06:52] UPDATE webshop_products SET sort=3 WHERE id=5143

[2021-01-25 19:06:52] UPDATE webshop_products SET sort=4 WHERE id=5144

[2021-01-25 19:06:52] UPDATE webshop_products SET sort=5 WHERE id=5145

[2021-01-25 19:06:52] UPDATE webshop_products SET sort=6 WHERE id=5141

[2021-01-25 19:06:52] UPDATE webshop_products SET sort=7 WHERE id=5146

[2021-01-25 19:06:52] UPDATE webshop_products SET sort=8 WHERE id=5147

[2021-01-25 19:06:52] UPDATE webshop_products SET sort=9 WHERE id=5148

[2021-01-25 19:06:52] UPDATE webshop_products SET sort=10 WHERE id=5149

[2021-01-25 19:06:52] UPDATE webshop_products SET sort=11 WHERE id=5150

[2021-01-25 19:06:53] UPDATE users SET lastlogin = NOW() WHERE id = '11'

[2021-01-25 19:06:54] UPDATE webshop_gallery SET original_name='Hajkisimító és szuper hajbontó kefe Tanglim Exclusive econ-cuore', date=1611598014 WHERE id=7928

[2021-01-25 19:06:54] UPDATE webshop_special_fields SET `value`='LIM HAIR hajformázók' WHERE `key`='manufacturer' AND `product_id`=4334

[2021-01-25 19:06:54] UPDATE webshop_special_fields SET `value`='db' WHERE `key`='quantityunit' AND `product_id`=4334

[2021-01-25 19:06:54] UPDATE webshop_special_fields SET `value`='1' WHERE `key`='kiszereles' AND `product_id`=4334

[2021-01-25 19:06:54] UPDATE webshop_products SET `name_hun`='Hajkisimító és szuper hajbontó kefe Tanglim Exclusive econ-cuore',`content_short`='Hajkefe, hajkisimító és szuper hajbontó,&nbsp;exclusive megjelenésű csepp alakú&nbsp;econ kefe. A hajkefék...',`content`='<P style=\"TEXT-ALIGN: justify\">Hajkefe, hajkisimító és szuper hajbontó,&nbsp;exclusive megjelenésű csepp alakú&nbsp;econ kefe. A hajkefék színei és elnevezése a képen láthatók. &nbsp;Minden hajkefének, Tangle Teezer kidolgozású, fehér színű tüskéje van. --</P>
<P style=\"TEXT-ALIGN: justify\">Egyedi megjelenésű, Luxus kidolgozású és minőségű hajkefék, hajkímélő erős és&nbsp;strapabíró fésülő, bontó tüskékkel.</P>
<P style=\"TEXT-ALIGN: justify\">-- Rugalmas felépítésű, Luxus kivitelezésű, csepp alakú, szuper hajkibontó kefe. A LIM - HAIR TANGLIM, a Tangle Teezer hajkefék luxus kidolgozású változata, ergonómikus nyeles, és tenyérbe fogható csepp alakú változatban készülnek. A fésülő rész, 3 különböző magasságú rugalmas hajkefe tüske sorok többszörös ismétlődésével készül, hogy használata a lehető legkíméletesebb hajbontást tegye lehetővé.</P>
<P style=\"MARGIN: 0cm 0cm 10pt\">- Forradalmian új sörtéinek köszönhetően, fájdalom nélkül kibontja a csomókat. Nem roncsolja a hajvégeket.</P>
<P style=\"MARGIN: 0cm 0cm 10pt\">- Még a vizes hajat is kíméletesen és gyorsan kifésüli.</P>
<P style=\"MARGIN: 0cm 0cm 10pt\">- Megvédi a hajat a mechanikai sérülésektől, csökkenti a töredezettséget</P>
<P style=\"MARGIN: 0cm 0cm 10pt\">- Bármilyen hajtípushoz használható. (egyenes, göndör, száraz, vizes)</P>
<P style=\"MARGIN: 0cm 0cm 10pt\">- Speciálisan ívelt elrendezésének köszönhetően a hajtövektől a végekig egyenletesen hat.</P>
<P style=\"MARGIN: 0cm 0cm 10pt\">- Formatervezett külső, jól illeszkedik a tenyérbe, kényelmes használat.</P>
<P style=\"MARGIN: 0cm 0cm 10pt\">- Ilyen gyors még sosem volt a fésülködés</P>
<P style=\"TEXT-ALIGN: justify\">LIM - HAIR TANGLIM és Tangle Teezer hajkefe ideális minden típusú haj kibontására, egyenesre fésülésére. Úgy tervezték, hogy az egész hajkefe ( a hajkefe nyél és test, a tüskék) rugalmas legyen, és a 3 különböző ........................teljes leírás a pink hajkefénél!</P>', `item_id`='2827-lim-tanglim-econ-st-cuore', `default_pic`='7928', `active`='1', `category_id`='104', `root_category_id`='0', `seo_name`='hajkisimito-es-szuper-hajbonto-kefe-tanglim-exclusive-econ-cuore', `fullurl`='fodraszkellek/hajkisimito-es-szuper-hajbonto-kefe-tanglim-exclusive-econ-cuore', `other_categories`='104,115,117,120' WHERE id=4334

[2021-01-25 19:06:54] UPDATE webshop_gallery SET original_name='Hajkisimító és szuper hajbontó kefe Tanglim Exclusive Free-Tizas', date=1611598014 WHERE id=7931

[2021-01-25 19:06:54] UPDATE webshop_special_fields SET `value`='LIM HAIR hajformázók' WHERE `key`='manufacturer' AND `product_id`=4337

[2021-01-25 19:06:54] UPDATE webshop_special_fields SET `value`='db' WHERE `key`='quantityunit' AND `product_id`=4337

[2021-01-25 19:06:54] UPDATE webshop_special_fields SET `value`='1' WHERE `key`='kiszereles' AND `product_id`=4337

[2021-01-25 19:06:54] UPDATE webshop_products SET `name_hun`='Hajkisimító és szuper hajbontó kefe Tanglim Exclusive Free-Tizas',`content_short`='Hajkisimító és szuper hajbontó Exclusive hajkefe, a lehető legjobb minőségben és kivitelben. A LIM Tangle...',`content`='<P style=\"TEXT-ALIGN: justify\">Hajkisimító és szuper hajbontó Exclusive hajkefe, a lehető legjobb minőségben és kivitelben. A LIM Tangle Teezer hajkefék, a lehető leg hajkímélőbb fésüléshez, hajápoláshoz készültek.&nbsp;- Rugalmas felépítésűek, erős és rendkívül strapabíró, hajbarát anyagból készülnek, amelyek nem sértik a haj felületét. A LIM - HAIR TANGLIM, &nbsp;Tangle Teezer hajkefék luxus kidolgozásúak, ergonomikus nyeles, és tenyérbe fogható csepp alakú változatban is készülnek. A fésülő rész, 3 különböző magasságú rugalmas hajkefe tüske sorok többszörös ismétlődésével készül, hogy használata a lehető legkíméletesebb hajbontást tegye lehetővé.</P>
<P style=\"TEXT-ALIGN: justify\">A LIM TANGLIM hajkefék legújabb tagja a FREE sorozat. Művészi megjelenésű, tovább fejlesztett tüske rendszerének köszönhetően felül múl minden eddigi minőséget.</P>
<P style=\"TEXT-ALIGN: justify; MARGIN: 0cm 0cm 10pt\">Az egyedi megjelenésű, Luxus kidolgozású és minőségű hajkefék, hajkímélő erős és&nbsp;strapabíró fésülő, speciális bontó tüskéi a lehető legkíméletesebben, de gyorsan és határozottan szedik szét és rendezik sorba az összegubancolódott hajszálakat. </P>
<P style=\"TEXT-ALIGN: justify; MARGIN: 0cm 0cm 10pt\">- Forradalmian új sörtéinek köszönhetően, fájdalom nélkül kibontja a hajcsomókat, nem roncsolja a hajvégeket sem.</P>
<P style=\"TEXT-ALIGN: justify; MARGIN: 0cm 0cm 10pt\">- Még a vizes hajat is kíméletesen és gyorsan kifésüli.</P>
<P style=\"TEXT-ALIGN: justify\">
<P style=\"MARGIN: 0cm 0cm 10pt\">- Megvédi a hajat a mechanikai sérülésektől, csökkenti a töredezettséget</P>
<P style=\"MARGIN: 0cm 0cm 10pt\">- Bármilyen hajtípushoz használható. (egyenes, göndör, száraz, vizes)</P>
<P style=\"MARGIN: 0cm 0cm 10pt\">- Speciálisan ívelt elrendezésének köszönhetően a hajtövektől a végekig egyenletesen hat.</P>
<P style=\"MARGIN: 0cm 0cm 10pt\">- Formatervezett külső, jól illeszkedik a tenyérbe, kényelmes használat.</P>
<P style=\"MARGIN: 0cm 0cm 10pt\">- Ilyen gyors még sosem volt a fésülködés</P>
<P style=\"TEXT-ALIGN: justify\">LIM - HAIR TANGLIM és Tangle Teezer hajkefe ideális minden típusú haj kibontására, egyenesre fésülésére. Úgy tervezték, hogy az egész hajkefe ( a hajkefe nyél és test, a tüskék) rugalmas legyen, és a 3 különböző magasságú, rugalmas hajkefe tüske sorokból álló kefe rész alkalmazkodjon minden hajhoz. Ezek a hajkefe tüskék finoman, tépés nélkül bontanak ki, minden típusú haj csomót, legyen az bármilyen kesze - kusza is, és varázsolják egyenesre a hajtincseket. A hajkefe test rugalmas hajlásával a nyomás először csökken a hajra, majd kiegyenlítődik, így megakadályozza a haj rángatását, a haj megtörését, a haj kitépését, de ugyanabban az időben rendkívül hatékonyan kibont, és kiegyenesít mindenféle hajcsomót.</P>
<P style=\"TEXT-ALIGN: justify\" data-mce-style=\"text-align: justify;\">Rugalmas felépítésű, Luxus kivitelezésű hajkefe. A LIM - HAIR TANGLIM&nbsp; a Tangle Teezer hajkefék változata, ergonómikus nyeles, és tenyérbe fogható változatban készülnek. A fésülő rész, 3 különböző magasságú rugalmas hajkefe tüske sorok többszörös ismétlődésével készül, hogy használata a lehető legkíméletesebb hajbontást tegye lehetővé.</P>
<P style=\"TEXT-ALIGN: justify\" data-mce-style=\"text-align: justify;\">LIM - HAIR TANGLIM&nbsp;és Tangle Teezer hajkefe ideális minden típusú haj kibontására, egyenesre fésülésére. Úgy tervezték hogy az egész hajkefe ( a hajkefe nyél és&nbsp;test, a&nbsp;tüskék) &nbsp;rugalmas legyen, és a 3 különböző magasságú, rugalmas hajkefe tüske sorokból álló kefe rész alkalmazkodjon minden hajhoz. Ezek a hajkefe tüskék finoman, tépés nélkül bontanak ki, minden típusú haj csomót, legyen az bármilyen kesze - kusza is, és varázsolják egyenesre a hajtincseket. A hajkefe test rugalmas hajlásával a nyomás először csökken a hajra, majd kiegyenlítődik,&nbsp;így megakadályozza a haj rángatását, a haj megtörését, a haj kitépését, de ugyanabban az időben rendkívül hatékonyan kibont, és kiegyenesít mindenféle hajcsomót.</P>
<P style=\"TEXT-ALIGN: justify\" data-mce-style=\"text-align: justify;\">A TANGLIM hajkefével egy nagyon sima, feltöltődés mentes hajat készíthetünk, mivel Antisztatikus. A hajkefék&nbsp;&nbsp;sokoldalúsága ideálissá teszi használatukat a vékony, közepes és durva, &nbsp;a göndör vagy egyenes, a rövid vagy közepes, a hosszú, és nagyon dús hajak ápolásához.</P>
<P style=\"TEXT-ALIGN: justify\" data-mce-style=\"text-align: justify;\">A TANGLIM hajkefét még a zuhany alatt is használhatjuk, pl. a keratinos hajápolási termékek felvitelére, a hajba fésülésére.</P>
<P style=\"TEXT-ALIGN: justify\" data-mce-style=\"text-align: justify; line-height: normal;\"><B><U>A TANGLIM&nbsp; hajkefe adatai, használata:</U></B></P>
<P style=\"TEXT-ALIGN: justify\" data-mce-style=\"text-align: justify; line-height: normal;\">A LIM - HAIR TANGLIM Tangle Teezer hajkefe hossza: kb. 220mm</P>
<P style=\"TEXT-ALIGN: justify\" data-mce-style=\"text-align: justify; line-height: normal;\">A LIM - HAIR TANGLIM&nbsp;Tangle Teezer hajkefe fejszélessége: kb. 75mm</P>
<P style=\"TEXT-ALIGN: justify\" data-mce-style=\"text-align: justify; line-height: normal;\">A Hajkefe szőr anyaga: rugalmas antisztatikus műanyag bontó tüske</P>
<P style=\"TEXT-ALIGN: justify\" data-mce-style=\"text-align: justify; line-height: normal;\"><BR>A hajkefét a hajszárító csőrénél kiáramló nagyon magas hőtől óvni kell! 25cm-nél közelebb ne közelítse a hajkeféhez a hajszárítót!</P>
<P style=\"TEXT-ALIGN: justify\" data-mce-style=\"text-align: justify; line-height: normal;\">Hajkefe márka: HAIR &ndash;LIM TANGLIM</P>
<P style=\"TEXT-ALIGN: justify\">Hajkefe származási helye: Spanyolország</P></P>', `item_id`='2827-lim-tanglim-free-st-tizas', `default_pic`='7931', `active`='1', `category_id`='104', `root_category_id`='0', `seo_name`='hajkisimito-es-szuper-hajbonto-kefe-tanglim-exclusive-free-tizas', `fullurl`='fodraszkellek/hajkisimito-es-szuper-hajbonto-kefe-tanglim-exclusive-free-tizas', `other_categories`='104,115,117,120,415' WHERE id=4337

[2021-01-25 19:06:54] UPDATE webshop_gallery SET original_name='Hajkisimító és szuper hajbontó kefe Tanglim Exclusive Free-Carbon', date=1611598014 WHERE id=7991

[2021-01-25 19:06:54] UPDATE webshop_special_fields SET `value`='LIM HAIR hajformázók' WHERE `key`='manufacturer' AND `product_id`=4353

[2021-01-25 19:06:54] UPDATE webshop_special_fields SET `value`='db' WHERE `key`='quantityunit' AND `product_id`=4353

[2021-01-25 19:06:54] UPDATE webshop_special_fields SET `value`='1' WHERE `key`='kiszereles' AND `product_id`=4353

[2021-01-25 19:06:54] UPDATE webshop_products SET `name_hun`='Hajkisimító és szuper hajbontó kefe Tanglim Exclusive Free-Carbon',`content_short`='Hajkisimító és szuper hajbontó Exclusive hajkefe, a lehető legjobb minőségben és kivitelben. A LIM Tangle...',`content`='<P style=\"TEXT-ALIGN: justify\">Hajkisimító és szuper hajbontó Exclusive hajkefe, a lehető legjobb minőségben és kivitelben. A LIM Tangle Teezer hajkefék, a lehető leg hajkímélőbb fésüléshez, hajápoláshoz készültek.&nbsp;- Rugalmas felépítésűek, erős és rendkívül strapabíró, hajbarát anyagból készülnek, amelyek nem sértik a haj felületét. A LIM - HAIR TANGLIM, &nbsp;Tangle Teezer hajkefék luxus kidolgozásúak, ergonomikus nyeles, és tenyérbe fogható csepp alakú változatban is készülnek. A fésülő rész, 3 különböző magasságú rugalmas hajkefe tüske sorok többszörös ismétlődésével készül, hogy használata a lehető legkíméletesebb hajbontást tegye lehetővé.</P>
<P style=\"TEXT-ALIGN: justify\">A LIM TANGLIM hajkefék legújabb tagja a FREE sorozat. Művészi megjelenésű, tovább fejlesztett tüske rendszerének köszönhetően felül múl minden eddigi minőséget.</P>
<P style=\"TEXT-ALIGN: justify; MARGIN: 0cm 0cm 10pt\">Az egyedi megjelenésű, Luxus kidolgozású és minőségű hajkefék, hajkímélő erős és&nbsp;strapabíró fésülő, speciális bontó tüskéi a lehető legkíméletesebben, de gyorsan és határozottan szedik szét és rendezik sorba az összegubancolódott hajszálakat. </P>
<P style=\"TEXT-ALIGN: justify; MARGIN: 0cm 0cm 10pt\">- Forradalmian új sörtéinek köszönhetően, fájdalom nélkül kibontja a hajcsomókat, nem roncsolja a hajvégeket sem.</P>
<P style=\"TEXT-ALIGN: justify; MARGIN: 0cm 0cm 10pt\">- Még a vizes hajat is kíméletesen és gyorsan kifésüli.</P>
<P style=\"TEXT-ALIGN: justify\">
<P style=\"MARGIN: 0cm 0cm 10pt\">- Megvédi a hajat a mechanikai sérülésektől, csökkenti a töredezettséget</P>
<P style=\"MARGIN: 0cm 0cm 10pt\">- Bármilyen hajtípushoz használható. (egyenes, göndör, száraz, vizes)</P>
<P style=\"MARGIN: 0cm 0cm 10pt\">- Speciálisan ívelt elrendezésének köszönhetően a hajtövektől a végekig egyenletesen hat.</P>
<P style=\"MARGIN: 0cm 0cm 10pt\">- Formatervezett külső, jól illeszkedik a tenyérbe, kényelmes használat.</P>
<P style=\"MARGIN: 0cm 0cm 10pt\">- Ilyen gyors még sosem volt a fésülködés</P>
<P style=\"TEXT-ALIGN: justify\">LIM - HAIR TANGLIM és Tangle Teezer hajkefe ideális minden típusú haj kibontására, egyenesre fésülésére. Úgy tervezték, hogy az egész hajkefe ( a hajkefe nyél és test, a tüskék) rugalmas legyen, és a 3 különböző magasságú, rugalmas hajkefe tüske sorokból álló kefe rész alkalmazkodjon minden hajhoz. Ezek a hajkefe tüskék finoman, tépés nélkül bontanak ki, minden típusú haj csomót, legyen az bármilyen kesze - kusza is, és varázsolják egyenesre a hajtincseket. A hajkefe test rugalmas hajlásával a nyomás először csökken a hajra, majd kiegyenlítődik, így megakadályozza a haj rángatását, a haj megtörését, a haj kitépését, de ugyanabban az időben rendkívül hatékonyan kibont, és kiegyenesít mindenféle hajcsomót.</P>
<P style=\"TEXT-ALIGN: justify\" data-mce-style=\"text-align: justify;\">Rugalmas felépítésű, Luxus kivitelezésű hajkefe. A LIM - HAIR TANGLIM&nbsp; a Tangle Teezer hajkefék változata, ergonómikus nyeles, és tenyérbe fogható változatban készülnek. A fésülő rész, 3 különböző magasságú rugalmas hajkefe tüske sorok többszörös ismétlődésével készül, hogy használata a lehető legkíméletesebb hajbontást tegye lehetővé.</P>
<P style=\"TEXT-ALIGN: justify\" data-mce-style=\"text-align: justify;\">LIM - HAIR TANGLIM&nbsp;és Tangle Teezer hajkefe ideális minden típusú haj kibontására, egyenesre fésülésére. Úgy tervezték hogy az egész hajkefe ( a hajkefe nyél és&nbsp;test, a&nbsp;tüskék) &nbsp;rugalmas legyen, és a 3 különböző magasságú, rugalmas hajkefe tüske sorokból álló kefe rész alkalmazkodjon minden hajhoz. Ezek a hajkefe tüskék finoman, tépés nélkül bontanak ki, minden típusú haj csomót, legyen az bármilyen kesze - kusza is, és varázsolják egyenesre a hajtincseket. A hajkefe test rugalmas hajlásával a nyomás először csökken a hajra, majd kiegyenlítődik,&nbsp;így megakadályozza a haj rángatását, a haj megtörését, a haj kitépését, de ugyanabban az időben rendkívül hatékonyan kibont, és kiegyenesít mindenféle hajcsomót.</P>
<P style=\"TEXT-ALIGN: justify\" data-mce-style=\"text-align: justify;\">A TANGLIM hajkefével egy nagyon sima, feltöltődés mentes hajat készíthetünk, mivel Antisztatikus. A hajkefék&nbsp;&nbsp;sokoldalúsága ideálissá teszi használatukat a vékony, közepes és durva, &nbsp;a göndör vagy egyenes, a rövid vagy közepes, a hosszú, és nagyon dús hajak ápolásához.</P>
<P style=\"TEXT-ALIGN: justify\" data-mce-style=\"text-align: justify;\">A TANGLIM hajkefét még a zuhany alatt is használhatjuk, pl. a keratinos hajápolási termékek felvitelére, a hajba fésülésére.</P>
<P style=\"TEXT-ALIGN: justify\" data-mce-style=\"text-align: justify; line-height: normal;\"><B><U>A TANGLIM&nbsp; hajkefe adatai, használata:</U></B></P>
<P style=\"TEXT-ALIGN: justify\" data-mce-style=\"text-align: justify; line-height: normal;\">A LIM - HAIR TANGLIM Tangle Teezer hajkefe hossza: kb. 220mm</P>
<P style=\"TEXT-ALIGN: justify\" data-mce-style=\"text-align: justify; line-height: normal;\">A LIM - HAIR TANGLIM&nbsp;Tangle Teezer hajkefe fejszélessége: kb. 75mm</P>
<P style=\"TEXT-ALIGN: justify\" data-mce-style=\"text-align: justify; line-height: normal;\">A Hajkefe szőr anyaga: rugalmas antisztatikus műanyag bontó tüske</P>
<P style=\"TEXT-ALIGN: justify\" data-mce-style=\"text-align: justify; line-height: normal;\"><BR>A hajkefét a hajszárító csőrénél kiáramló nagyon magas hőtől óvni kell! 25cm-nél közelebb ne közelítse a hajkeféhez a hajszárítót!</P>
<P style=\"TEXT-ALIGN: justify\" data-mce-style=\"text-align: justify; line-height: normal;\">Hajkefe márka: HAIR &ndash;LIM TANGLIM</P>
<P style=\"TEXT-ALIGN: justify\">Hajkefe származási helye: Spanyolország</P></P>', `item_id`='2827-lim-tanglim-free-st-carbon', `default_pic`='7991', `active`='1', `category_id`='104', `root_category_id`='0', `seo_name`='hajkisimito-es-szuper-hajbonto-kefe-tanglim-exclusive-free-carbon', `fullurl`='fodraszkellek/hajkisimito-es-szuper-hajbonto-kefe-tanglim-exclusive-free-carbon', `other_categories`='104,115,117,120' WHERE id=4353

[2021-01-25 19:06:54] UPDATE webshop_gallery SET original_name='Hajkisimító és szuper hajbontó kefe Tanglim Free-világospink', date=1611598014 WHERE id=5000

[2021-01-25 19:06:54] UPDATE webshop_special_fields SET `value`='LIM HAIR hajformázók' WHERE `key`='manufacturer' AND `product_id`=3873

[2021-01-25 19:06:54] UPDATE webshop_special_fields SET `value`='db' WHERE `key`='quantityunit' AND `product_id`=3873

[2021-01-25 19:06:54] UPDATE webshop_special_fields SET `value`='1' WHERE `key`='kiszereles' AND `product_id`=3873

[2021-01-25 19:06:54] UPDATE webshop_products SET `name_hun`='Hajkisimító és szuper hajbontó kefe Tanglim Free-világospink',`content_short`='Hajkisimító és szuper hajbontó Exclusive hajkefe, a lehető legjobb minőségben és kivitelben. A LIM Tangle...',`content`='<P style=\"TEXT-ALIGN: justify\">Hajkisimító és szuper hajbontó Exclusive hajkefe, a lehető legjobb minőségben és kivitelben. A LIM Tangle Teezer hajkefék, a lehető leg hajkímélőbb fésüléshez, hajápoláshoz készültek.&nbsp;- Rugalmas felépítésűek, erős és rendkívül strapabíró, hajbarát anyagból készülnek, amelyek nem sértik a haj felületét. A LIM - HAIR TANGLIM, &nbsp;Tangle Teezer hajkefék luxus kidolgozásúak, ergonomikus nyeles, és tenyérbe fogható csepp alakú változatban is készülnek. A fésülő rész, 3 különböző magasságú rugalmas hajkefe tüske sorok többszörös ismétlődésével készül, hogy használata a lehető legkíméletesebb hajbontást tegye lehetővé.</P>
<P style=\"TEXT-ALIGN: justify\">A LIM TANGLIM hajkefék legújabb tagja a FREE sorozat. Művészi megjelenésű, tovább fejlesztett tüske rendszerének köszönhetően felül múl minden eddigi minőséget.</P>
<P style=\"TEXT-ALIGN: justify; MARGIN: 0cm 0cm 10pt\">Az egyedi megjelenésű, Luxus kidolgozású és minőségű hajkefék, hajkímélő erős és&nbsp;strapabíró fésülő, speciális bontó tüskéi a lehető legkíméletesebben, de gyorsan és határozottan szedik szét és rendezik sorba az összegubancolódott hajszálakat. </P>
<P style=\"TEXT-ALIGN: justify; MARGIN: 0cm 0cm 10pt\">- Forradalmian új sörtéinek köszönhetően, fájdalom nélkül kibontja a hajcsomókat, nem roncsolja a hajvégeket sem.</P>
<P style=\"TEXT-ALIGN: justify; MARGIN: 0cm 0cm 10pt\">- Még a vizes hajat is kíméletesen és gyorsan kifésüli.</P>
<P style=\"TEXT-ALIGN: justify\">
<P style=\"MARGIN: 0cm 0cm 10pt\">- Megvédi a hajat a mechanikai sérülésektől, csökkenti a töredezettséget</P>
<P style=\"MARGIN: 0cm 0cm 10pt\">- Bármilyen hajtípushoz használható. (egyenes, göndör, száraz, vizes)</P>
<P style=\"MARGIN: 0cm 0cm 10pt\">- Speciálisan ívelt elrendezésének köszönhetően a hajtövektől a végekig egyenletesen hat.</P>
<P style=\"MARGIN: 0cm 0cm 10pt\">- Formatervezett külső, jól illeszkedik a tenyérbe, kényelmes használat.</P>
<P style=\"MARGIN: 0cm 0cm 10pt\">- Ilyen gyors még sosem volt a fésülködés</P>
<P style=\"TEXT-ALIGN: justify\">LIM - HAIR TANGLIM és Tangle Teezer hajkefe ideális minden típusú haj kibontására, egyenesre fésülésére. Úgy tervezték, hogy az egész hajkefe ( a hajkefe nyél és test, a tüskék) rugalmas legyen, és a 3 különböző magasságú, rugalmas hajkefe tüske sorokból álló kefe rész alkalmazkodjon minden hajhoz. Ezek a hajkefe tüskék finoman, tépés nélkül bontanak ki, minden típusú haj csomót, legyen az bármilyen kesze - kusza is, és varázsolják egyenesre a hajtincseket. A hajkefe test rugalmas hajlásával a nyomás először csökken a hajra, majd kiegyenlítődik, így megakadályozza a haj rángatását, a haj megtörését, a haj kitépését, de ugyanabban az időben rendkívül hatékonyan kibont, és kiegyenesít mindenféle hajcsomót.</P>
<P style=\"TEXT-ALIGN: justify\" data-mce-style=\"text-align: justify;\">Rugalmas felépítésű, Luxus kivitelezésű hajkefe. A LIM - HAIR TANGLIM&nbsp; a Tangle Teezer hajkefék változata, ergonómikus nyeles, és tenyérbe fogható változatban készülnek. A fésülő rész, 3 különböző magasságú rugalmas hajkefe tüske sorok többszörös ismétlődésével készül, hogy használata a lehető legkíméletesebb hajbontást tegye lehetővé.</P>
<P style=\"TEXT-ALIGN: justify\" data-mce-style=\"text-align: justify;\">LIM - HAIR TANGLIM&nbsp;és Tangle Teezer hajkefe ideális minden típusú haj kibontására, egyenesre fésülésére. Úgy tervezték hogy az egész hajkefe ( a hajkefe nyél és&nbsp;test, a&nbsp;tüskék) &nbsp;rugalmas legyen, és a 3 különböző magasságú, rugalmas hajkefe tüske sorokból álló kefe rész alkalmazkodjon minden hajhoz. Ezek a hajkefe tüskék finoman, tépés nélkül bontanak ki, minden típusú haj csomót, legyen az bármilyen kesze - kusza is, és varázsolják egyenesre a hajtincseket. A hajkefe test rugalmas hajlásával a nyomás először csökken a hajra, majd kiegyenlítődik,&nbsp;így megakadályozza a haj rángatását, a haj megtörését, a haj kitépését, de ugyanabban az időben rendkívül hatékonyan kibont, és kiegyenesít mindenféle hajcsomót.</P>
<P style=\"TEXT-ALIGN: justify\" data-mce-style=\"text-align: justify;\">A TANGLIM hajkefével egy nagyon sima, feltöltődés mentes hajat készíthetünk, mivel Antisztatikus. A hajkefék&nbsp;&nbsp;sokoldalúsága ideálissá teszi használatukat a vékony, közepes és durva, &nbsp;a göndör vagy egyenes, a rövid vagy közepes, a hosszú, és nagyon dús hajak ápolásához.</P>
<P style=\"TEXT-ALIGN: justify\" data-mce-style=\"text-align: justify;\">A TANGLIM hajkefét még a zuhany alatt is használhatjuk, pl. a keratinos hajápolási termékek felvitelére, a hajba fésülésére.</P>
<P style=\"TEXT-ALIGN: justify\" data-mce-style=\"text-align: justify; line-height: normal;\"><B><U>A TANGLIM&nbsp; hajkefe adatai, használata:</U></B></P>
<P style=\"TEXT-ALIGN: justify\" data-mce-style=\"text-align: justify; line-height: normal;\">A LIM - HAIR TANGLIM Tangle Teezer hajkefe hossza: kb. 220mm</P>
<P style=\"TEXT-ALIGN: justify\" data-mce-style=\"text-align: justify; line-height: normal;\">A LIM - HAIR TANGLIM&nbsp;Tangle Teezer hajkefe fejszélessége: kb. 75mm</P>
<P style=\"TEXT-ALIGN: justify\" data-mce-style=\"text-align: justify; line-height: normal;\">A Hajkefe szőr anyaga: rugalmas antisztatikus műanyag bontó tüske</P>
<P style=\"TEXT-ALIGN: justify\" data-mce-style=\"text-align: justify; line-height: normal;\"><BR>A hajkefét a hajszárító csőrénél kiáramló nagyon magas hőtől óvni kell! 25cm-nél közelebb ne közelítse a hajkeféhez a hajszárítót!</P>
<P style=\"TEXT-ALIGN: justify\" data-mce-style=\"text-align: justify; line-height: normal;\">Hajkefe márka: HAIR &ndash;LIM TANGLIM</P>
<P style=\"TEXT-ALIGN: justify\">Hajkefe származási helye: Spanyolország</P></P>', `item_id`='2827-lim-tanglim-free-rosalightpink', `default_pic`='5000', `active`='1', `category_id`='104', `root_category_id`='0', `seo_name`='hajkisimito-es-szuper-hajbonto-kefe-tanglim-free-vilagospink', `fullurl`='fodraszkellek/hajkisimito-es-szuper-hajbonto-kefe-tanglim-free-vilagospink', `other_categories`='104,115,117,120' WHERE id=3873

[2021-01-25 19:06:54] UPDATE webshop_gallery SET original_name='Hajkisimító és szuper hajbontó kefe Tanglim Free-világoslila', date=1611598014 WHERE id=5002

[2021-01-25 19:06:54] UPDATE webshop_special_fields SET `value`='LIM HAIR hajformázók' WHERE `key`='manufacturer' AND `product_id`=3875

[2021-01-25 19:06:54] UPDATE webshop_special_fields SET `value`='db' WHERE `key`='quantityunit' AND `product_id`=3875

[2021-01-25 19:06:54] UPDATE webshop_special_fields SET `value`='1' WHERE `key`='kiszereles' AND `product_id`=3875

[2021-01-25 19:06:55] UPDATE webshop_products SET `name_hun`='Hajkisimító és szuper hajbontó kefe Tanglim Free Exclusive-világoslila',`content_short`='Hajkisimító és szuper hajbontó Exclusive hajkefe, a lehető legjobb minőségben és kivitelben. A LIM Tangle...',`content`='<P style=\"TEXT-ALIGN: justify\">Hajkisimító és szuper hajbontó Exclusive hajkefe, a lehető legjobb minőségben és kivitelben. A LIM Tangle Teezer hajkefék, a lehető leg hajkímélőbb fésüléshez, hajápoláshoz készültek.&nbsp;- Rugalmas felépítésűek, erős és rendkívül strapabíró, hajbarát anyagból készülnek, amelyek nem sértik a haj felületét. A LIM - HAIR TANGLIM, &nbsp;Tangle Teezer hajkefék luxus kidolgozásúak, ergonomikus nyeles, és tenyérbe fogható csepp alakú változatban is készülnek. A fésülő rész, 3 különböző magasságú rugalmas hajkefe tüske sorok többszörös ismétlődésével készül, hogy használata a lehető legkíméletesebb hajbontást tegye lehetővé.</P>
<P style=\"TEXT-ALIGN: justify\">A LIM TANGLIM hajkefék legújabb tagja a FREE sorozat. Művészi megjelenésű, tovább fejlesztett tüske rendszerének köszönhetően felül múl minden eddigi minőséget.</P>
<P style=\"TEXT-ALIGN: justify; MARGIN: 0cm 0cm 10pt\">Az egyedi megjelenésű, Luxus kidolgozású és minőségű hajkefék, hajkímélő erős és&nbsp;strapabíró fésülő, speciális bontó tüskéi a lehető legkíméletesebben, de gyorsan és határozottan szedik szét és rendezik sorba az összegubancolódott hajszálakat. </P>
<P style=\"TEXT-ALIGN: justify; MARGIN: 0cm 0cm 10pt\">- Forradalmian új sörtéinek köszönhetően, fájdalom nélkül kibontja a hajcsomókat, nem roncsolja a hajvégeket sem.</P>
<P style=\"TEXT-ALIGN: justify; MARGIN: 0cm 0cm 10pt\">- Még a vizes hajat is kíméletesen és gyorsan kifésüli.</P>
<P style=\"TEXT-ALIGN: justify\">
<P style=\"MARGIN: 0cm 0cm 10pt\">- Megvédi a hajat a mechanikai sérülésektől, csökkenti a töredezettséget</P>
<P style=\"MARGIN: 0cm 0cm 10pt\">- Bármilyen hajtípushoz használható. (egyenes, göndör, száraz, vizes)</P>
<P style=\"MARGIN: 0cm 0cm 10pt\">- Speciálisan ívelt elrendezésének köszönhetően a hajtövektől a végekig egyenletesen hat.</P>
<P style=\"MARGIN: 0cm 0cm 10pt\">- Formatervezett külső, jól illeszkedik a tenyérbe, kényelmes használat.</P>
<P style=\"MARGIN: 0cm 0cm 10pt\">- Ilyen gyors még sosem volt a fésülködés</P>
<P style=\"TEXT-ALIGN: justify\">LIM - HAIR TANGLIM és Tangle Teezer hajkefe ideális minden típusú haj kibontására, egyenesre fésülésére. Úgy tervezték, hogy az egész hajkefe ( a hajkefe nyél és test, a tüskék) rugalmas legyen, és a 3 különböző magasságú, rugalmas hajkefe tüske sorokból álló kefe rész alkalmazkodjon minden hajhoz. Ezek a hajkefe tüskék finoman, tépés nélkül bontanak ki, minden típusú haj csomót, legyen az bármilyen kesze - kusza is, és varázsolják egyenesre a hajtincseket. A hajkefe test rugalmas hajlásával a nyomás először csökken a hajra, majd kiegyenlítődik, így megakadályozza a haj rángatását, a haj megtörését, a haj kitépését, de ugyanabban az időben rendkívül hatékonyan kibont, és kiegyenesít mindenféle hajcsomót.</P>
<P style=\"TEXT-ALIGN: justify\" data-mce-style=\"text-align: justify;\">Rugalmas felépítésű, Luxus kivitelezésű hajkefe. A LIM - HAIR TANGLIM&nbsp; a Tangle Teezer hajkefék változata, ergonómikus nyeles, és tenyérbe fogható változatban készülnek. A fésülő rész, 3 különböző magasságú rugalmas hajkefe tüske sorok többszörös ismétlődésével készül, hogy használata a lehető legkíméletesebb hajbontást tegye lehetővé.</P>
<P style=\"TEXT-ALIGN: justify\" data-mce-style=\"text-align: justify;\">LIM - HAIR TANGLIM&nbsp;és Tangle Teezer hajkefe ideális minden típusú haj kibontására, egyenesre fésülésére. Úgy tervezték hogy az egész hajkefe ( a hajkefe nyél és&nbsp;test, a&nbsp;tüskék) &nbsp;rugalmas legyen, és a 3 különböző magasságú, rugalmas hajkefe tüske sorokból álló kefe rész alkalmazkodjon minden hajhoz. Ezek a hajkefe tüskék finoman, tépés nélkül bontanak ki, minden típusú haj csomót, legyen az bármilyen kesze - kusza is, és varázsolják egyenesre a hajtincseket. A hajkefe test rugalmas hajlásával a nyomás először csökken a hajra, majd kiegyenlítődik,&nbsp;így megakadályozza a haj rángatását, a haj megtörését, a haj kitépését, de ugyanabban az időben rendkívül hatékonyan kibont, és kiegyenesít mindenféle hajcsomót.</P>
<P style=\"TEXT-ALIGN: justify\" data-mce-style=\"text-align: justify;\">A TANGLIM hajkefével egy nagyon sima, feltöltődés mentes hajat készíthetünk, mivel Antisztatikus. A hajkefék&nbsp;&nbsp;sokoldalúsága ideálissá teszi használatukat a vékony, közepes és durva, &nbsp;a göndör vagy egyenes, a rövid vagy közepes, a hosszú, és nagyon dús hajak ápolásához.</P>
<P style=\"TEXT-ALIGN: justify\" data-mce-style=\"text-align: justify;\">A TANGLIM hajkefét még a zuhany alatt is használhatjuk, pl. a keratinos hajápolási termékek felvitelére, a hajba fésülésére.</P>
<P style=\"TEXT-ALIGN: justify\" data-mce-style=\"text-align: justify; line-height: normal;\"><B><U>A TANGLIM&nbsp; hajkefe adatai, használata:</U></B></P>
<P style=\"TEXT-ALIGN: justify\" data-mce-style=\"text-align: justify; line-height: normal;\">A LIM - HAIR TANGLIM Tangle Teezer hajkefe hossza: kb. 220mm</P>
<P style=\"TEXT-ALIGN: justify\" data-mce-style=\"text-align: justify; line-height: normal;\">A LIM - HAIR TANGLIM&nbsp;Tangle Teezer hajkefe fejszélessége: kb. 75mm</P>
<P style=\"TEXT-ALIGN: justify\" data-mce-style=\"text-align: justify; line-height: normal;\">A Hajkefe szőr anyaga: rugalmas antisztatikus műanyag bontó tüske</P>
<P style=\"TEXT-ALIGN: justify\" data-mce-style=\"text-align: justify; line-height: normal;\"><BR>A hajkefét a hajszárító csőrénél kiáramló nagyon magas hőtől óvni kell! 25cm-nél közelebb ne közelítse a hajkeféhez a hajszárítót!</P>
<P style=\"TEXT-ALIGN: justify\" data-mce-style=\"text-align: justify; line-height: normal;\">Hajkefe márka: HAIR &ndash;LIM TANGLIM</P>
<P style=\"TEXT-ALIGN: justify\">Hajkefe származási helye: Spanyolország</P>
<P></P>', `item_id`='2827-lim-tanglim-free-világoslila', `default_pic`='5002', `active`='1', `category_id`='104', `root_category_id`='0', `seo_name`='hajkisimito-es-szuper-hajbonto-kefe-tanglim-free-exclusive-vilagoslila', `fullurl`='fodraszkellek/hajkisimito-es-szuper-hajbonto-kefe-tanglim-free-exclusive-vilagoslila', `other_categories`='104,115,117,120' WHERE id=3875

[2021-01-25 19:06:55] UPDATE webshop_gallery SET original_name='Flamingo-Tropical Design Detangler szuper hajbontó kefe Tanglim Exclusive', date=1611598015 WHERE id=12939

[2021-01-25 19:06:55] UPDATE webshop_special_fields SET `value`='LIM HAIR hajformázók' WHERE `key`='manufacturer' AND `product_id`=4593

[2021-01-25 19:06:55] UPDATE webshop_special_fields SET `value`='db' WHERE `key`='quantityunit' AND `product_id`=4593

[2021-01-25 19:06:55] UPDATE webshop_special_fields SET `value`='1' WHERE `key`='kiszereles' AND `product_id`=4593

[2021-01-25 19:06:55] UPDATE webshop_products SET `name_hun`='Flamingo-Tropical Design Detangler szuper hajbontó kefe Tanglim Exclusive Free',`content_short`='Detangler szuper hajbontó kefe, Exclusive, és a lehető legjobb minőségben és kivitelben. A LIM Tangle Teezer...',`content`='<P style=\"TEXT-ALIGN: justify\">Detangler szuper hajbontó kefe, Exclusive, és a lehető legjobb minőségben és kivitelben. A LIM Tangle Teezer hajkefék, a lehető leg hajkímélőbb fésüléshez, hajápoláshoz készültek.&nbsp;- Rugalmas felépítésűek, erős és rendkívül strapabíró, hajbarát anyagból készülnek, amelyek nem sértik a haj felületét. A LIM - HAIR TANGLIM, &nbsp;Tangle Teezer hajkefék luxus kidolgozásúak, ergonomikus nyeles, és tenyérbe fogható csepp alakú változatban is készülnek. A fésülő rész, 3 különböző magasságú rugalmas hajkefe tüske sorok többszörös ismétlődésével készül, hogy használata a lehető legkíméletesebb hajbontást tegye lehetővé.</P>
<P style=\"TEXT-ALIGN: justify\">A LIM TANGLIM hajkefék legújabb tagja a FREE sorozat. Művészi megjelenésű, tovább fejlesztett tüske rendszerének köszönhetően felül múl minden eddigi minőséget.</P>
<P style=\"TEXT-ALIGN: justify; MARGIN: 0cm 0cm 10pt\">Az egyedi megjelenésű, Luxus kidolgozású és minőségű hajkefék, hajkímélő erős és&nbsp;strapabíró fésülő, speciális bontó tüskéi a lehető legkíméletesebben, de gyorsan és határozottan szedik szét és rendezik sorba az összegubancolódott hajszálakat. </P>
<P style=\"TEXT-ALIGN: justify; MARGIN: 0cm 0cm 10pt\">- Forradalmian új sörtéinek köszönhetően, fájdalom nélkül kibontja a hajcsomókat, nem roncsolja a hajvégeket sem.</P>
<P style=\"TEXT-ALIGN: justify; MARGIN: 0cm 0cm 10pt\">- Még a vizes hajat is kíméletesen és gyorsan kifésüli.</P>
<P style=\"TEXT-ALIGN: justify\">
<P style=\"MARGIN: 0cm 0cm 10pt\">- Megvédi a hajat a mechanikai sérülésektől, csökkenti a töredezettséget</P>
<P style=\"MARGIN: 0cm 0cm 10pt\">- Bármilyen hajtípushoz használható. (egyenes, göndör, száraz, vizes)</P>
<P style=\"MARGIN: 0cm 0cm 10pt\">- Speciálisan ívelt elrendezésének köszönhetően a hajtövektől a végekig egyenletesen hat.</P>
<P style=\"MARGIN: 0cm 0cm 10pt\">- Formatervezett külső, jól illeszkedik a tenyérbe, kényelmes használat.</P>
<P style=\"MARGIN: 0cm 0cm 10pt\">- Ilyen gyors még sosem volt a fésülködés</P>', `item_id`='2827-lim-tanglim-free-st-tropical', `default_pic`='12939', `active`='1', `category_id`='104', `root_category_id`='0', `seo_name`='flamingo-tropical-design-detangler-szuper-hajbonto-kefe-tanglim-exclusive-free', `fullurl`='fodraszkellek/flamingo-tropical-design-detangler-szuper-hajbonto-kefe-tanglim-exclusive-free', `other_categories`='104,115,120' WHERE id=4593

[2021-01-25 19:06:55] UPDATE webshop_gallery SET original_name='Könnyű mini hajszárító LIM-HAIR nano2900st', date=1611598015 WHERE id=923

[2021-01-25 19:06:55] UPDATE webshop_special_fields SET `value`='LIM HAIR hajformázók' WHERE `key`='manufacturer' AND `product_id`=2919

[2021-01-25 19:06:55] UPDATE webshop_special_fields SET `value`='db' WHERE `key`='quantityunit' AND `product_id`=2919

[2021-01-25 19:06:55] UPDATE webshop_special_fields SET `value`='1' WHERE `key`='kiszereles' AND `product_id`=2919

[2021-01-25 19:06:55] UPDATE webshop_products SET `name_hun`='Könnyű mini hajszárító LIM-HAIR nano2900st',`content_short`='diffúzoros mini hajszárító, lila színben, toldó légfúvó csővel, csúszás mentes borítással. A&nbsp;15cm...',`content`='<P style=\"TEXT-ALIGN: justify; MARGIN: 0cm 0cm 10pt; LINE-HEIGHT: normal\"><FONT face=Calibri>diffúzoros mini hajszárító, lila színben, toldó légfúvó csővel, csúszás mentes borítással. A&nbsp;15cm hosszú,&nbsp;tökéletesen kiegyensúlyozott tartású hajszárítóval otthon és utazás, nyaralás alkalmával is nagyon gyors hajszárítást végezhet a legdúsabb frizurán is. A 80mm hosszú légfúvó csőhosszabbító toldóval&nbsp;egy pillanat alatt hagyományos hajszárítóvá alakítható.</FONT></P>
<P style=\"TEXT-ALIGN: justify; MARGIN: 0cm 0cm 10pt; LINE-HEIGHT: normal; mso-margin-top-alt: auto; mso-margin-bottom-alt: auto\">A hajszárító élettartama otthoni használatban 10-15 év&nbsp;között várható, ha minden nap használják, egy dús női frizura megszárítására.</P>
<P style=\"TEXT-ALIGN: justify; MARGIN: 0cm 0cm 10pt; LINE-HEIGHT: normal\">&nbsp;<FONT face=Calibri>&nbsp;&nbsp;- Ingyenes házhoz szállítás! Már Magyarországon is megvásárolható a LIMHAIR hajszárító márka! &nbsp;Ismerje meg, próbálja ki, a LIM hajszárítókat és hajvasaló gépeket! </FONT></P>
<P style=\"TEXT-ALIGN: justify; MARGIN: 0cm 0cm 10pt; LINE-HEIGHT: normal\">&nbsp;<FONT face=Calibri><B><U>LIMHAIR Nano2900 - Hajszárító gép műszaki adatok, tartozékok:</U></B></FONT></P>
<P style=\"TEXT-ALIGN: justify; MARGIN: 0cm 0cm 10pt; LINE-HEIGHT: normal; mso-margin-top-alt: auto; mso-margin-bottom-alt: auto; tab-stops: list 36.0pt\"><FONT face=Calibri>LIMHAIR Nano2900 hajszárító &nbsp;csúszásmentes színes borítással, rövid kiképzésű formával, ( a hossza kb.180mm ), tökéletes kiegyensúlyozással&nbsp;( a könnyű tartás érdekében ) rendelkezik.</FONT></P>
<UL type=disc>
<LI style=\"TEXT-ALIGN: justify; MARGIN: 0cm 0cm 10pt; LINE-HEIGHT: normal; mso-margin-top-alt: auto; mso-margin-bottom-alt: auto; tab-stops: list 36.0pt; mso-list: l0 level1 lfo1\"><FONT face=Calibri>15 cm hosszú</FONT> 
<LI style=\"TEXT-ALIGN: justify; MARGIN: 0cm 0cm 10pt; LINE-HEIGHT: normal; mso-margin-top-alt: auto; mso-margin-bottom-alt: auto; tab-stops: list 36.0pt; mso-list: l0 level1 lfo1\"><FONT face=Calibri>légfúvó cső toldó, hosszabbító 80mm </FONT>
<LI style=\"TEXT-ALIGN: justify; MARGIN: 0cm 0cm 10pt; LINE-HEIGHT: normal; mso-margin-top-alt: auto; mso-margin-bottom-alt: auto; tab-stops: list 36.0pt; mso-list: l0 level1 lfo1\"><FONT face=Calibri>hajszárító diffúzor: tartozék </FONT>
<LI style=\"TEXT-ALIGN: justify; MARGIN: 0cm 0cm 10pt; LINE-HEIGHT: normal; mso-margin-top-alt: auto; mso-margin-bottom-alt: auto; tab-stops: list 36.0pt; mso-list: l0 level1 lfo1\"><FONT face=Calibri>2 sebesség fokozat,&nbsp;4 hő fokozat </FONT>
<LI style=\"TEXT-ALIGN: justify; MARGIN: 0cm 0cm 10pt; LINE-HEIGHT: normal; mso-margin-top-alt: auto; mso-margin-bottom-alt: auto; tab-stops: list 36.0pt; mso-list: l0 level1 lfo1\"><FONT face=Calibri>hosszú élettartamú long life motor </FONT>
<LI style=\"TEXT-ALIGN: justify; MARGIN: 0cm 0cm 10pt; LINE-HEIGHT: normal; mso-margin-top-alt: auto; mso-margin-bottom-alt: auto; tab-stops: list 36.0pt; mso-list: l0 level1 lfo1\"><FONT face=Calibri>2db levehető szűkítő, a nyílás szélessége 4-5mm </FONT>
<LI style=\"TEXT-ALIGN: justify; MARGIN: 0cm 0cm 10pt; LINE-HEIGHT: normal; mso-margin-top-alt: auto; mso-margin-bottom-alt: auto; tab-stops: list 36.0pt; mso-list: l0 level1 lfo1\"><FONT face=Calibri>levehető szűrő </FONT>
<LI style=\"TEXT-ALIGN: justify; MARGIN: 0cm 0cm 10pt; LINE-HEIGHT: normal; mso-margin-top-alt: auto; mso-margin-bottom-alt: auto; tab-stops: list 36.0pt; mso-list: l0 level1 lfo1\"><FONT face=Calibri>hajszárító teljesítménye 220-240V&nbsp; 50/60Hz&nbsp;&nbsp; 1900Watt </FONT>
<LI style=\"TEXT-ALIGN: justify; MARGIN: 0cm 0cm 10pt; LINE-HEIGHT: normal; mso-margin-top-alt: auto; mso-margin-bottom-alt: auto; tab-stops: list 36.0pt; mso-list: l0 level1 lfo1\"><FONT face=Calibri>professzionális hálózati kábel: 3 m </FONT>
<LI style=\"TEXT-ALIGN: justify; MARGIN: 0cm 0cm 10pt; LINE-HEIGHT: normal; mso-margin-top-alt: auto; mso-margin-bottom-alt: auto; tab-stops: list 36.0pt; mso-list: l0 level1 lfo1\"><FONT face=Calibri>hajszárító súlya: kb. 400gr kábel nélkül </FONT>
<LI style=\"TEXT-ALIGN: justify; MARGIN: 0cm 0cm 10pt; LINE-HEIGHT: normal; mso-margin-top-alt: auto; mso-margin-bottom-alt: auto; tab-stops: list 36.0pt; mso-list: l0 level1 lfo1\"><FONT face=Calibri>a hajszárító származási helye: Spanyolország </FONT>
<LI style=\"TEXT-ALIGN: justify; MARGIN: 0cm 0cm 10pt; LINE-HEIGHT: normal; mso-margin-top-alt: auto; mso-margin-bottom-alt: auto; tab-stops: list 36.0pt; mso-list: l0 level1 lfo1\"><FONT face=Calibri>hajszárító márkák: LIMHAIR</FONT></LI></UL>', `item_id`='2829-lim-nano2900-stamping-lila-NEIDE', `default_pic`='923', `active`='1', `category_id`='96', `root_category_id`='92', `seo_name`='konnyu-mini-hajszarito-lim-hair-nano2900st', `fullurl`='hajformazo-gepek/hajszarito/konnyu-mini-hajszarito-lim-hair-nano2900st', `other_categories`='96,378' WHERE id=2919

[2021-01-25 19:06:55] UPDATE webshop_gallery SET original_name='Hajszárító gép mini LIM-HAIR Nano2900', date=1611598015 WHERE id=924

[2021-01-25 19:06:55] UPDATE webshop_special_fields SET `value`='LIM HAIR hajformázók' WHERE `key`='manufacturer' AND `product_id`=2920

[2021-01-25 19:06:55] UPDATE webshop_special_fields SET `value`='db' WHERE `key`='quantityunit' AND `product_id`=2920

[2021-01-25 19:06:55] UPDATE webshop_special_fields SET `value`='1' WHERE `key`='kiszereles' AND `product_id`=2920

[2021-01-25 19:06:55] UPDATE webshop_products SET `name_hun`='megszünt 210125 - Hajszárító gép mini LIM-HAIR Nano2900',`content_short`='diffúzoros mini hajszárító, Pink színben, hosszabbító toldó légfúvó csővel. A&nbsp;15cm...',`content`='<P style=\"TEXT-ALIGN: justify; MARGIN: 0cm 0cm 10pt; LINE-HEIGHT: normal\"><FONT face=Calibri>diffúzoros mini hajszárító, Pink színben, hosszabbító toldó légfúvó csővel. A&nbsp;15cm hosszú,&nbsp;tökéletesen kiegyensúlyozott tartású hajszárítóval otthon és utazás, nyaralás alkalmával is nagyon gyors hajszárítást végezhet a legdúsabb frizurán is. A 80mm hosszú <FONT face=Calibri>légfúvó cső hosszabbító toldóval&nbsp;egy pillanat alatt hagyományos hajszárítóvá alakítható.</FONT></FONT></P>
<P style=\"TEXT-ALIGN: justify; MARGIN: 0cm 0cm 10pt; LINE-HEIGHT: normal; mso-margin-top-alt: auto; mso-margin-bottom-alt: auto\">A hajszárító élettartama otthoni használatban 10-12 év&nbsp;között várható, ha minden nap használják, egy dús női frizura megszárítására.</P>
<P style=\"TEXT-ALIGN: justify; MARGIN: 0cm 0cm 10pt; LINE-HEIGHT: normal\"><FONT face=Calibri>&nbsp;&nbsp;- Ingyenes házhoz szállítás! Már Magyarországon is megvásárolható a LIMHAIR hajszárító márka! &nbsp;Ismerje meg, próbálja ki, a LIM hajszárítókat és hajvasaló gépeket! </FONT></P>
<P style=\"TEXT-ALIGN: justify; MARGIN: 0cm 0cm 10pt; LINE-HEIGHT: normal\"><FONT face=Calibri></FONT>&nbsp;<FONT face=Calibri><B><U>LIMHAIR Nano2900 - Hajszárító gép műszaki adatok, tartozékok.</U></B></FONT></P>
<P style=\"TEXT-ALIGN: justify; MARGIN: 0cm 0cm 10pt; LINE-HEIGHT: normal; mso-margin-top-alt: auto; mso-margin-bottom-alt: auto; mso-list: l0 level1 lfo1; tab-stops: list 36.0pt\"><FONT face=Calibri>LIMHAIR Nano2900 hajszárító &nbsp;csúszásmentes színes borítással, </FONT><FONT face=Calibri>rövid kiképzésű formával, ( a hossza kb.180mm ), </FONT><FONT face=Calibri>tökéletes kiegyensúlyozással&nbsp;( a könnyű tartás érdekében ) rendelkezik.</FONT></P>
<UL type=disc>
<LI style=\"TEXT-ALIGN: justify; MARGIN: 0cm 0cm 10pt; LINE-HEIGHT: normal; mso-margin-top-alt: auto; mso-margin-bottom-alt: auto; mso-list: l0 level1 lfo1; tab-stops: list 36.0pt\"><FONT face=Calibri>15 cm hosszú</FONT> 
<LI style=\"TEXT-ALIGN: justify; MARGIN: 0cm 0cm 10pt; LINE-HEIGHT: normal; mso-margin-top-alt: auto; mso-margin-bottom-alt: auto; mso-list: l0 level1 lfo1; tab-stops: list 36.0pt\"><FONT face=Calibri>légfúvó cső toldó, hosszabbító 80mm </FONT>
<LI style=\"TEXT-ALIGN: justify; MARGIN: 0cm 0cm 10pt; LINE-HEIGHT: normal; mso-margin-top-alt: auto; mso-margin-bottom-alt: auto; mso-list: l0 level1 lfo1; tab-stops: list 36.0pt\"><FONT face=Calibri>hajszárító diffúzor: tartozék </FONT>
<LI style=\"TEXT-ALIGN: justify; MARGIN: 0cm 0cm 10pt; LINE-HEIGHT: normal; mso-margin-top-alt: auto; mso-margin-bottom-alt: auto; mso-list: l0 level1 lfo1; tab-stops: list 36.0pt\"><FONT face=Calibri>2 sebesség fokozat,&nbsp;4 hő fokozat </FONT>
<LI style=\"TEXT-ALIGN: justify; MARGIN: 0cm 0cm 10pt; LINE-HEIGHT: normal; mso-margin-top-alt: auto; mso-margin-bottom-alt: auto; mso-list: l0 level1 lfo1; tab-stops: list 36.0pt\"><FONT face=Calibri>hosszú élettartamú long life motor </FONT>
<LI style=\"TEXT-ALIGN: justify; MARGIN: 0cm 0cm 10pt; LINE-HEIGHT: normal; mso-margin-top-alt: auto; mso-margin-bottom-alt: auto; mso-list: l0 level1 lfo1; tab-stops: list 36.0pt\"><FONT face=Calibri>2db levehető szűkítő, a nyílás szélessége 4-5mm </FONT>
<LI style=\"TEXT-ALIGN: justify; MARGIN: 0cm 0cm 10pt; LINE-HEIGHT: normal; mso-margin-top-alt: auto; mso-margin-bottom-alt: auto; mso-list: l0 level1 lfo1; tab-stops: list 36.0pt\"><FONT face=Calibri>levehető szűrő </FONT>
<LI style=\"TEXT-ALIGN: justify; MARGIN: 0cm 0cm 10pt; LINE-HEIGHT: normal; mso-margin-top-alt: auto; mso-margin-bottom-alt: auto; mso-list: l0 level1 lfo1; tab-stops: list 36.0pt\"><FONT face=Calibri>hajszárító teljesítménye 220-240V&nbsp; 50/60Hz&nbsp;&nbsp; 1900Watt </FONT>
<LI style=\"TEXT-ALIGN: justify; MARGIN: 0cm 0cm 10pt; LINE-HEIGHT: normal; mso-margin-top-alt: auto; mso-margin-bottom-alt: auto; mso-list: l0 level1 lfo1; tab-stops: list 36.0pt\"><FONT face=Calibri>professzionális hálózati kábel: 3 m </FONT>
<LI style=\"TEXT-ALIGN: justify; MARGIN: 0cm 0cm 10pt; LINE-HEIGHT: normal; mso-margin-top-alt: auto; mso-margin-bottom-alt: auto; mso-list: l0 level1 lfo1; tab-stops: list 36.0pt\"><FONT face=Calibri>hajszárító súlya: kb. 400gr kábel nélkül </FONT>
<LI style=\"TEXT-ALIGN: justify; MARGIN: 0cm 0cm 10pt; LINE-HEIGHT: normal; mso-margin-top-alt: auto; mso-margin-bottom-alt: auto; mso-list: l0 level1 lfo1; tab-stops: list 36.0pt\"><FONT face=Calibri>a hajszárító származási helye: Spanyolország </FONT>
<LI style=\"TEXT-ALIGN: justify; MARGIN: 0cm 0cm 10pt; LINE-HEIGHT: normal; mso-margin-top-alt: auto; mso-margin-bottom-alt: auto; mso-list: l0 level1 lfo1; tab-stops: list 36.0pt\"><FONT face=Calibri>hajszárító márkák: LIMHAIR</FONT></LI></UL>', `item_id`='2829-lim-nano2900-pink', `default_pic`='924', `active`='1', `category_id`='96', `root_category_id`='92', `seo_name`='megszunt-210125-hajszarito-gep-mini-lim-hair-nano2900', `fullurl`='hajformazo-gepek/hajszarito/megszunt-210125-hajszarito-gep-mini-lim-hair-nano2900', `other_categories`='96,222,378' WHERE id=2920

[2021-01-25 19:06:55] UPDATE webshop_gallery SET original_name='Hajszárító gép mini LIM-HAIR Nano2900st', date=1611598015 WHERE id=925

[2021-01-25 19:06:55] UPDATE webshop_special_fields SET `value`='LIM HAIR hajformázók' WHERE `key`='manufacturer' AND `product_id`=2921

[2021-01-25 19:06:55] UPDATE webshop_special_fields SET `value`='db' WHERE `key`='quantityunit' AND `product_id`=2921

[2021-01-25 19:06:55] UPDATE webshop_special_fields SET `value`='1' WHERE `key`='kiszereles' AND `product_id`=2921

[2021-01-25 19:06:55] UPDATE webshop_products SET `name_hun`='Hajszárító gép mini LIM-HAIR Nano2900st',`content_short`='
diffúzoros mini hajszárító,&nbsp;lila, dekormintás&nbsp;&nbsp;csúszásmentes burkolattal, &nbsp;hosszabbító...',`content`='<FONT face=Calibri>
<P style=\"TEXT-ALIGN: justify; MARGIN: 0cm 0cm 10pt; LINE-HEIGHT: normal\">diffúzoros mini hajszárító,&nbsp;lila, dekormintás&nbsp;&nbsp;csúszásmentes burkolattal, &nbsp;hosszabbító toldó légfúvó csővel. A&nbsp;15cm hosszú,&nbsp;tökéletesen kiegyensúlyozott tartású hajszárítóval otthon és utazás, nyaralás alkalmával is nagyon gyors hajszárítást végezhet a legdúsabb frizurán is. A 80mm hosszú légfúvó csőhosszabbító toldóval&nbsp;egy pillanat alatt hagyományos hajszárítóvá alakítható.</P>
<P style=\"TEXT-ALIGN: justify; MARGIN: 0cm 0cm 10pt; LINE-HEIGHT: normal; mso-margin-top-alt: auto; mso-margin-bottom-alt: auto\">&nbsp;- A hajszárító élettartama otthoni használatban 10-15 év&nbsp;között várható, ha minden nap használják, egy dús női frizura megszárítására.</P>
<P style=\"TEXT-ALIGN: justify; MARGIN: 0cm 0cm 10pt; LINE-HEIGHT: normal\">&nbsp;&nbsp;&nbsp;- Ingyenes házhoz szállítás! Már Magyarországon is megvásárolható a LIMHAIR hajszárító márka! &nbsp;Ismerje meg, próbálja ki, a LIM hajszárítókat és hajvasaló gépeket! </P>
<P style=\"TEXT-ALIGN: justify; MARGIN: 0cm 0cm 10pt; LINE-HEIGHT: normal\">&nbsp;<B><U>LIMHAIR Nano2900 - Hajszárító gép műszaki adatok, tartozékok:</U></B></P>
<P style=\"TEXT-ALIGN: justify; MARGIN: 0cm 0cm 10pt; LINE-HEIGHT: normal; mso-margin-top-alt: auto; mso-margin-bottom-alt: auto; tab-stops: list 36.0pt\">LIMHAIR Nano2900 hajszárító &nbsp;csúszásmentes színes borítással, rövid kiképzésű formával, ( a hossza kb.180mm ), tökéletes kiegyensúlyozással&nbsp;( a könnyű tartás érdekében ) rendelkezik.</P>
<UL type=disc>
<LI style=\"TEXT-ALIGN: justify; MARGIN: 0cm 0cm 10pt; LINE-HEIGHT: normal; mso-margin-top-alt: auto; mso-margin-bottom-alt: auto; tab-stops: list 36.0pt; mso-list: l0 level1 lfo1\">15 cm hosszú 
<LI style=\"TEXT-ALIGN: justify; MARGIN: 0cm 0cm 10pt; LINE-HEIGHT: normal; mso-margin-top-alt: auto; mso-margin-bottom-alt: auto; tab-stops: list 36.0pt; mso-list: l0 level1 lfo1\">légfúvó cső toldó, hosszabbító 80mm 
<LI style=\"TEXT-ALIGN: justify; MARGIN: 0cm 0cm 10pt; LINE-HEIGHT: normal; mso-margin-top-alt: auto; mso-margin-bottom-alt: auto; tab-stops: list 36.0pt; mso-list: l0 level1 lfo1\">hajszárító diffúzor: tartozék 
<LI style=\"TEXT-ALIGN: justify; MARGIN: 0cm 0cm 10pt; LINE-HEIGHT: normal; mso-margin-top-alt: auto; mso-margin-bottom-alt: auto; tab-stops: list 36.0pt; mso-list: l0 level1 lfo1\">2 sebesség fokozat,&nbsp;4 hő fokozat 
<LI style=\"TEXT-ALIGN: justify; MARGIN: 0cm 0cm 10pt; LINE-HEIGHT: normal; mso-margin-top-alt: auto; mso-margin-bottom-alt: auto; tab-stops: list 36.0pt; mso-list: l0 level1 lfo1\">hosszú élettartamú long life motor 
<LI style=\"TEXT-ALIGN: justify; MARGIN: 0cm 0cm 10pt; LINE-HEIGHT: normal; mso-margin-top-alt: auto; mso-margin-bottom-alt: auto; tab-stops: list 36.0pt; mso-list: l0 level1 lfo1\">2db levehető szűkítő, a nyílás szélessége 4-5mm 
<LI style=\"TEXT-ALIGN: justify; MARGIN: 0cm 0cm 10pt; LINE-HEIGHT: normal; mso-margin-top-alt: auto; mso-margin-bottom-alt: auto; tab-stops: list 36.0pt; mso-list: l0 level1 lfo1\">levehető szűrő 
<LI style=\"TEXT-ALIGN: justify; MARGIN: 0cm 0cm 10pt; LINE-HEIGHT: normal; mso-margin-top-alt: auto; mso-margin-bottom-alt: auto; tab-stops: list 36.0pt; mso-list: l0 level1 lfo1\">hajszárító teljesítménye 220-240V&nbsp; 50/60Hz&nbsp;&nbsp; 1900Watt 
<LI style=\"TEXT-ALIGN: justify; MARGIN: 0cm 0cm 10pt; LINE-HEIGHT: normal; mso-margin-top-alt: auto; mso-margin-bottom-alt: auto; tab-stops: list 36.0pt; mso-list: l0 level1 lfo1\">professzionális hálózati kábel: 3 m 
<LI style=\"TEXT-ALIGN: justify; MARGIN: 0cm 0cm 10pt; LINE-HEIGHT: normal; mso-margin-top-alt: auto; mso-margin-bottom-alt: auto; tab-stops: list 36.0pt; mso-list: l0 level1 lfo1\">hajszárító súlya: kb. 400gr kábel nélkül 
<LI style=\"TEXT-ALIGN: justify; MARGIN: 0cm 0cm 10pt; LINE-HEIGHT: normal; mso-margin-top-alt: auto; mso-margin-bottom-alt: auto; tab-stops: list 36.0pt; mso-list: l0 level1 lfo1\">a hajszárító származási helye: Spanyolország 
<LI style=\"TEXT-ALIGN: justify; MARGIN: 0cm 0cm 10pt; LINE-HEIGHT: normal; mso-margin-top-alt: auto; mso-margin-bottom-alt: auto; tab-stops: list 36.0pt; mso-list: l0 level1 lfo1\">hajszárító márkák: LIMHAIR</LI></UL></FONT>', `item_id`='2829-lim-nano2900-stamping-lila', `default_pic`='925', `active`='1', `category_id`='96', `root_category_id`='92', `seo_name`='hajszarito-gep-mini-lim-hair-nano2900st', `fullurl`='hajformazo-gepek/hajszarito/hajszarito-gep-mini-lim-hair-nano2900st', `other_categories`='96,222,378' WHERE id=2921

[2021-01-25 19:06:55] UPDATE webshop_gallery SET original_name='Hajvasaló és hajgöndörítő Luxus kivitelben LIM-HAIR pc6.2 Mirror Titanium', date=1611598015 WHERE id=4995

[2021-01-25 19:06:55] UPDATE webshop_special_fields SET `value`='LIM HAIR hajformázók' WHERE `key`='manufacturer' AND `product_id`=3868

[2021-01-25 19:06:55] UPDATE webshop_special_fields SET `value`='db' WHERE `key`='quantityunit' AND `product_id`=3868

[2021-01-25 19:06:55] UPDATE webshop_special_fields SET `value`='1' WHERE `key`='kiszereles' AND `product_id`=3868

[2021-01-25 19:06:56] UPDATE webshop_products SET `name_hun`='Hajvasaló és hajgöndörítő Luxus kivitelben LIM-HAIR pc6.2 Mirror Titanium',`content_short`='
Luxus minőségű és kivitelezésű hajvasaló, hő védő utazó táskával, mágneses záródású...',`content`='<FONT face=Calibri>
<P style=\"TEXT-ALIGN: justify; MARGIN: 0cm 0cm 10pt; LINE-HEIGHT: normal; mso-margin-top-alt: auto; mso-margin-bottom-alt: auto\">Luxus minőségű és kivitelezésű hajvasaló, hő védő utazó táskával, mágneses záródású díszdobozban.&nbsp;A rendkívül elegáns&nbsp; megjelenésű professzionális hajvasalót a LIM HAIR professzionális hajformázó gép márkák gyártója készíti. A szetthez egy hő védelemmel ellátott, extrém kidolgozású&nbsp;hajvasaló tartó táska, és díszes tároló doboz&nbsp;is tartozik, amelybe még melegen is beletehetjük a hajvasalót.</P>
<P style=\"TEXT-ALIGN: justify; MARGIN: 0cm 0cm 10pt; LINE-HEIGHT: normal; mso-margin-top-alt: auto; mso-margin-bottom-alt: auto\">A LIM-HAIR-pc29 silk&nbsp;egy Professzionális, fodrászoknak készült hajvasaló. A&nbsp;Mirror Titanium kerámia lapon nagyon könnyen, siklik a haj! A Titaniumos technikának köszönhetően,&nbsp; a hajvasaló fertőtlenítő hatású kerámia bevonattal rendelkezik.&nbsp; Digitális vezérlésű, 6 fokozatban, 100°C-tól 230°C ig, állítható hőfokú, így a nagyon erős hajak hajvasalásához is alkalmas!</P>
<P style=\"TEXT-ALIGN: justify; MARGIN: 0cm 0cm 10pt; LINE-HEIGHT: normal; mso-margin-top-alt: auto; mso-margin-bottom-alt: auto\">A hajvasalóval, hajsimítóval a teljes hajegyenesítésig, az extra síkos hajvasaló felület kialakítása miatt, 1-2 alkalommal kell végig simítani a hajat, a tökéletesen egyenes haj eléréséhez, ezért a hajat kevés igénybevétel éri, nem károsodik, és gyorsan végzünk a hajegyenesítéssel. </P>
<P style=\"TEXT-ALIGN: justify; MARGIN: 0cm 0cm 10pt; LINE-HEIGHT: normal; mso-margin-top-alt: auto; mso-margin-bottom-alt: auto\">Ionos ápolás az egészséges és fényes hajért: A hajvasaló lapok bevonatán keletkező negatív ionok,&nbsp; semlegesítik a haj pozitív feltöltődését, és lehetővé teszik, hogy a haj nedvességének egy részét a haj belsejébe juttassuk. A haj hidratált, fényes, egészséges marad a hajszárítás után!</P>
<P style=\"TEXT-ALIGN: justify; MARGIN: 0cm 0cm 10pt; LINE-HEIGHT: normal; mso-margin-top-alt: auto; mso-margin-bottom-alt: auto\">Hajvasalásnál, hajgöndörítésnél, mindig használjunk hő védő folyadékot, krémet! </P>
<P style=\"TEXT-ALIGN: justify; MARGIN: 0cm 0cm 10pt; LINE-HEIGHT: normal; mso-margin-top-alt: auto; mso-margin-bottom-alt: auto\"><U>Hajvasaló LIM-HAIR-pc29 silk -- tartozékok, műszaki adatok,</U></P>
<UL type=disc>
<LI style=\"TEXT-ALIGN: justify; MARGIN: 0cm 0cm 10pt; LINE-HEIGHT: normal; mso-margin-top-alt: auto; mso-margin-bottom-alt: auto; mso-list: l0 level1 lfo1; tab-stops: list 36.0pt\">A hajvasalás rendkívüli használati gyorsasága a hajvasaló lapoknak köszönhető, melyek antibakteriális fertőtlenítő hatása hajvasaláskor elpusztítja a baktériumokat is. 
<LI style=\"TEXT-ALIGN: justify; MARGIN: 0cm 0cm 10pt; LINE-HEIGHT: normal; mso-margin-top-alt: auto; mso-margin-bottom-alt: auto; mso-list: l0 level1 lfo1; tab-stops: list 36.0pt\">A LIM hajvasaló rugalmasan összezáró hajsimító lapokkal készül, amelyek fixen is összezárhatók, ez a fixálható hajvasaló lap zár. 
<LI style=\"TEXT-ALIGN: justify; MARGIN: 0cm 0cm 10pt; LINE-HEIGHT: normal; mso-margin-top-alt: auto; mso-margin-bottom-alt: auto; mso-list: l0 level1 lfo1; tab-stops: list 36.0pt\">Hajvasaláskor a pehelykönnyű és ergonomikus géptest kialakítás nem veszi igénybe a kéz izmait. 
<LI style=\"TEXT-ALIGN: justify; MARGIN: 0cm 0cm 10pt; LINE-HEIGHT: normal; mso-margin-top-alt: auto; mso-margin-bottom-alt: auto; mso-list: l0 level1 lfo1; tab-stops: list 36.0pt\">A fűtőlap extra gyors felmelegedési idővel rendelkezik,&nbsp; és felel a tökéletes hő elosztásért . A hajvasaló lap szélessége kb. 22mm, hosszúsága kb. 90mm, a hajvasaló gép teljes hossza kb. 300mm. 
<LI style=\"TEXT-ALIGN: justify; MARGIN: 0cm 0cm 10pt; LINE-HEIGHT: normal; mso-margin-top-alt: auto; mso-margin-bottom-alt: auto; mso-list: l0 level1 lfo1; tab-stops: list 36.0pt\">További paraméterek,&nbsp; -- potméteres hőfok szabályozás, hőfok kijelzése leddel, intelligens digitális hőmérsékletszabályzás a jobb formázási eredményért , hajvasalás hőfoka: 100°C-tól 230°C ig, állítható hőfokú, &nbsp;3 m-es, forgó kuplungos kábellel rendelkezik, a hajvasaló teljesítmény felvétele 220-240V&nbsp; 50/60Hz&nbsp;&nbsp; 40Watt, automatikus kikapcsolás 40 perc után. 
<LI style=\"TEXT-ALIGN: justify; MARGIN: 0cm 0cm 10pt; LINE-HEIGHT: normal; mso-margin-top-alt: auto; mso-margin-bottom-alt: auto; mso-list: l0 level1 lfo1; tab-stops: list 36.0pt\">A hajvasalóval elérhető az ion-effekt hatás, mely simább hajstruktúrát, egészséges fényt és jobb formázhatóságot kölcsönöz a hajnak. </LI></UL></FONT>', `item_id`='2830-lim-pc62-silk', `default_pic`='4995', `active`='1', `category_id`='99', `root_category_id`='92', `seo_name`='hajvasalo-es-hajgondorito-luxus-kivitelben-lim-hair-pc62-mirror-titanium', `fullurl`='hajformazo-gepek/hajvasalo/hajvasalo-es-hajgondorito-luxus-kivitelben-lim-hair-pc62-mirror-titanium', `other_categories`='99' WHERE id=3868

[2021-01-25 19:06:56] UPDATE webshop_products SET sort=1 WHERE id=3326

[2021-01-25 19:06:57] UPDATE users SET lastlogin = NOW() WHERE id = '11'

[2021-01-25 19:06:57] UPDATE webshop_gallery SET original_name='Hajcsipesz rugós áttéttel LIM-HAIR-4db-fekete fodrászkellék', date=1611598017 WHERE id=1012

[2021-01-25 19:06:57] UPDATE webshop_special_fields SET `value`='LIM HAIR hajformázók' WHERE `key`='manufacturer' AND `product_id`=3008

[2021-01-25 19:06:57] UPDATE webshop_special_fields SET `value`='db' WHERE `key`='quantityunit' AND `product_id`=3008

[2021-01-25 19:06:57] UPDATE webshop_special_fields SET `value`='1' WHERE `key`='kiszereles' AND `product_id`=3008

[2021-01-25 19:06:57] UPDATE webshop_products SET `name_hun`='Hajcsipesz rugós áttéttel LIM-HAIR-4db-fekete fodrászkellék',`content_short`='Hajcsipesz, fekete&nbsp;színben. - 4db/csomagban LIM-HAIR prémium hajcsatok.&nbsp;Rugós, áttétes...',`content`='<P style=\"TEXT-ALIGN: justify; MARGIN: 0cm 0cm 10pt\"><FONT face=Calibri>Hajcsipesz, fekete&nbsp;színben. - 4db/csomagban LIM-HAIR prémium hajcsatok.&nbsp;Rugós, áttétes karral&nbsp;rendelkező erős&nbsp;műanyag hajcsat. A hajcsat a csuklós száraival nagyra nyílik, &nbsp;így nagy tömegű, vastag hajt is képes rögzíteni. </FONT></P>
<P style=\"TEXT-ALIGN: justify; MARGIN: 0cm 0cm 10pt\"><FONT face=Calibri><U><STRONG>A rugós hajcsipesz, hajcsat adatai.</STRONG></U></FONT></P>
<P style=\"TEXT-ALIGN: justify; MARGIN: 0cm 0cm 10pt\"><FONT face=Calibri>Hajcsipesz, Hajcsat hossza:115mm</FONT></P>
<P style=\"TEXT-ALIGN: justify; MARGIN: 0cm 0cm 10pt\"><FONT face=Calibri>Hajcsipesz, Hajcsat márka: LIM-HAIR Clip</FONT></P>
<P style=\"TEXT-ALIGN: justify; MARGIN: 0cm 0cm 10pt\"><FONT face=Calibri>Hajcsipesz, Hajcsat származási helye: Barcelona</FONT></P>
<P style=\"TEXT-ALIGN: justify; MARGIN: 0cm 0cm 10pt\"><FONT face=Calibri>A LIM-HAR professzionális fodrászkellékek, fodrászcikkek&nbsp;a fodrászatokban felmerült igények alapján készülnek.</FONT></P>', `item_id`='2833-lim-hairclip-4db-fekete', `default_pic`='1012', `active`='1', `category_id`='114', `root_category_id`='104', `seo_name`='hajcsipesz-rugos-attettel-lim-hair-4db-fekete-fodraszkellek', `fullurl`='fodraszkellek/hajcsat-hajcsipesz-hajtu/hajcsipesz-rugos-attettel-lim-hair-4db-fekete-fodraszkellek', `other_categories`='114,222' WHERE id=3008

[2021-01-25 19:06:57] UPDATE webshop_gallery SET original_name='Hajkisimító és szuper hajbontó kefe Tanglim Exclusive Free-Curacao', date=1611598017 WHERE id=1341

[2021-01-25 19:06:57] UPDATE webshop_special_fields SET `value`='LIM HAIR hajformázók' WHERE `key`='manufacturer' AND `product_id`=3061

[2021-01-25 19:06:57] UPDATE webshop_special_fields SET `value`='db' WHERE `key`='quantityunit' AND `product_id`=3061

[2021-01-25 19:06:58] UPDATE webshop_special_fields SET `value`='1' WHERE `key`='kiszereles' AND `product_id`=3061

[2021-01-25 19:06:58] UPDATE webshop_products SET `name_hun`='Hajkisimító és szuper hajbontó kefe Tanglim Exclusive Free-Curacao',`content_short`='Hajkisimító és szuper hajbontó Exclusive hajkefe, a lehető legjobb minőségben és kivitelben. A LIM Tangle...',`content`='<P style=\"TEXT-ALIGN: justify\">Hajkisimító és szuper hajbontó Exclusive hajkefe, a lehető legjobb minőségben és kivitelben. A LIM Tangle Teezer hajkefék, a lehető leg hajkímélőbb fésüléshez, hajápoláshoz készültek.&nbsp;- Rugalmas felépítésűek, erős és rendkívül strapabíró, hajbarát anyagból készülnek, amelyek nem sértik a haj felületét. A LIM - HAIR TANGLIM, &nbsp;Tangle Teezer hajkefék luxus kidolgozásúak, ergonomikus nyeles, és tenyérbe fogható csepp alakú változatban is készülnek. A fésülő rész, 3 különböző magasságú rugalmas hajkefe tüske sorok többszörös ismétlődésével készül, hogy használata a lehető legkíméletesebb hajbontást tegye lehetővé.</P>
<P style=\"TEXT-ALIGN: justify\">A LIM TANGLIM hajkefék legújabb tagja a FREE sorozat. Művészi megjelenésű, tovább fejlesztett tüske rendszerének köszönhetően felül múl minden eddigi minőséget.</P>
<P style=\"TEXT-ALIGN: justify; MARGIN: 0cm 0cm 10pt\">Az egyedi megjelenésű, Luxus kidolgozású és minőségű hajkefék, hajkímélő erős és&nbsp;strapabíró fésülő, speciális bontó tüskéi a lehető legkíméletesebben, de gyorsan és határozottan szedik szét és rendezik sorba az összegubancolódott hajszálakat. </P>
<P style=\"TEXT-ALIGN: justify; MARGIN: 0cm 0cm 10pt\">- Forradalmian új sörtéinek köszönhetően, fájdalom nélkül kibontja a hajcsomókat, nem roncsolja a hajvégeket sem.</P>
<P style=\"TEXT-ALIGN: justify; MARGIN: 0cm 0cm 10pt\">- Még a vizes hajat is kíméletesen és gyorsan kifésüli.</P>
<P style=\"TEXT-ALIGN: justify\">
<P style=\"MARGIN: 0cm 0cm 10pt\"><FONT face=Calibri>- Megvédi a hajat a mechanikai sérülésektől, csökkenti a töredezettséget</FONT></P>
<P style=\"MARGIN: 0cm 0cm 10pt\"><FONT face=Calibri>- Bármilyen hajtípushoz használható. (egyenes, göndör, száraz, vizes)</FONT></P>
<P style=\"MARGIN: 0cm 0cm 10pt\"><FONT face=Calibri>- Speciálisan ívelt elrendezésének köszönhetően a hajtövektől a végekig egyenletesen hat.</FONT></P>
<P style=\"MARGIN: 0cm 0cm 10pt\"><FONT face=Calibri>- Formatervezett külső, jól illeszkedik a tenyérbe, kényelmes használat.</FONT></P>
<P style=\"MARGIN: 0cm 0cm 10pt\"><FONT face=Calibri>- Ilyen gyors még sosem volt a fésülködés</FONT></P>
<P style=\"TEXT-ALIGN: justify\">
<P style=\"TEXT-ALIGN: justify\">LIM - HAIR TANGLIM és Tangle Teezer hajkefe ideális minden típusú haj kibontására, egyenesre fésülésére. Úgy tervezték, hogy az egész hajkefe ( a hajkefe nyél és test, a tüskék) rugalmas legyen, és a 3 különböző magasságú, rugalmas hajkefe tüske sorokból álló kefe rész alkalmazkodjon minden hajhoz. Ezek a hajkefe tüskék finoman, tépés nélkül bontanak ki, minden típusú haj csomót, legyen az bármilyen kesze - kusza is, és varázsolják egyenesre a hajtincseket. A hajkefe test rugalmas hajlásával a nyomás először csökken a hajra, majd kiegyenlítődik, így megakadályozza a haj rángatását, a haj megtörését, a haj kitépését, de ugyanabban az időben rendkívül hatékonyan kibont, és kiegyenesít mindenféle hajcsomót.</P>
<P style=\"TEXT-ALIGN: justify\" data-mce-style=\"text-align: justify;\">Rugalmas felépítésű, Luxus kivitelezésű hajkefe. A LIM - HAIR TANGLIM&nbsp; a Tangle Teezer hajkefék változata, ergonómikus nyeles, és tenyérbe fogható változatban készülnek. A fésülő rész, 3 különböző magasságú rugalmas hajkefe tüske sorok többszörös ismétlődésével készül, hogy használata a lehető legkíméletesebb hajbontást tegye lehetővé.</P>
<P style=\"TEXT-ALIGN: justify\" data-mce-style=\"text-align: justify;\">LIM - HAIR TANGLIM&nbsp;és Tangle Teezer hajkefe ideális minden típusú haj kibontására, egyenesre fésülésére. Úgy tervezték hogy az egész hajkefe ( a hajkefe nyél és&nbsp;test, a&nbsp;tüskék) &nbsp;rugalmas legyen, és a 3 különböző magasságú, rugalmas hajkefe tüske sorokból álló kefe rész alkalmazkodjon minden hajhoz. Ezek a hajkefe tüskék finoman, tépés nélkül bontanak ki, minden típusú haj csomót, legyen az bármilyen kesze - kusza is, és varázsolják egyenesre a hajtincseket. A hajkefe test rugalmas hajlásával a nyomás először csökken a hajra, majd kiegyenlítődik,&nbsp;így megakadályozza a haj rángatását, a haj megtörését, a haj kitépését, de ugyanabban az időben rendkívül hatékonyan kibont, és kiegyenesít mindenféle hajcsomót.</P>
<P style=\"TEXT-ALIGN: justify\" data-mce-style=\"text-align: justify;\">A TANGLIM hajkefével egy nagyon sima, feltöltődés mentes hajat készíthetünk, mivel Antisztatikus. A hajkefék&nbsp;&nbsp;sokoldalúsága ideálissá teszi használatukat a vékony, közepes és durva, &nbsp;a göndör vagy egyenes, a rövid vagy közepes, a hosszú, és nagyon dús hajak ápolásához.</P>
<P style=\"TEXT-ALIGN: justify\" data-mce-style=\"text-align: justify;\">A TANGLIM hajkefét még a zuhany alatt is használhatjuk, pl. a keratinos hajápolási termékek felvitelére, a hajba fésülésére.</P>
<P style=\"TEXT-ALIGN: justify\" data-mce-style=\"text-align: justify; line-height: normal;\"><B><U>A TANGLIM&nbsp; hajkefe adatai, használata:</U></B></P>
<P style=\"TEXT-ALIGN: justify\" data-mce-style=\"text-align: justify; line-height: normal;\">A LIM - HAIR TANGLIM Tangle Teezer hajkefe hossza: kb. 220mm</P>
<P style=\"TEXT-ALIGN: justify\" data-mce-style=\"text-align: justify; line-height: normal;\">A LIM - HAIR TANGLIM&nbsp;Tangle Teezer hajkefe fejszélessége kb. 75mm</P>
<P style=\"TEXT-ALIGN: justify\" data-mce-style=\"text-align: justify; line-height: normal;\">A Hajkefe szőr anyaga: rugalmas antisztatikus műanyag bontó tüske</P>
<P style=\"TEXT-ALIGN: justify\" data-mce-style=\"text-align: justify; line-height: normal;\"><BR>A hajkefét a hajszárító csőrénél kiáramló nagyon magas hőtől óvni kell! 25cm-nél közelebb ne közelítse a hajkeféhez a hajszárítót!</P>
<P style=\"TEXT-ALIGN: justify\" data-mce-style=\"text-align: justify; line-height: normal;\">Hajkefe márka: HAIR &ndash;LIM TANGLIM</P>
<P style=\"TEXT-ALIGN: justify\">Hajkefe származási helye: Spanyolország</P></P>', `item_id`='2827-lim-tanglim-free-st-coracao', `default_pic`='1341', `active`='1', `category_id`='104', `root_category_id`='0', `seo_name`='hajkisimito-es-szuper-hajbonto-kefe-tanglim-exclusive-free-curacao', `fullurl`='fodraszkellek/hajkisimito-es-szuper-hajbonto-kefe-tanglim-exclusive-free-curacao', `other_categories`='104,115,117,120' WHERE id=3061

[2021-01-25 19:06:58] UPDATE webshop_gallery SET original_name='Design hajszárító LIM-HAIR Professzionális Carbon Ionic Tourmaline 2000W', date=1611598018 WHERE id=1379

[2021-01-25 19:06:58] UPDATE webshop_special_fields SET `value`='LIM HAIR hajformázók' WHERE `key`='manufacturer' AND `product_id`=3099

[2021-01-25 19:06:58] UPDATE webshop_special_fields SET `value`='db' WHERE `key`='quantityunit' AND `product_id`=3099

[2021-01-25 19:06:58] UPDATE webshop_special_fields SET `value`='1' WHERE `key`='kiszereles' AND `product_id`=3099

[2021-01-25 19:06:58] UPDATE webshop_products SET `name_hun`='Design hajszárító LIM-HAIR Professzionális Carbon Ionic Tourmaline 2000W',`content_short`='
Hajszárító, egyedi design-al. A Luxus megjelenésű, és művészi kivitelezésű, Professzionális...',`content`='<FONT face=Calibri><FONT face=Calibri>
<P style=\"TEXT-ALIGN: justify; MARGIN: 0cm 0cm 10pt\"><FONT face=Calibri>Hajszárító, egyedi design-al. A Luxus megjelenésű, és művészi kivitelezésű, Professzionális nagyteljesítményű Ionos hajszárító gép.</FONT></P>
<P style=\"TEXT-ALIGN: justify; MARGIN: 0cm 0cm 10pt\"><FONT face=Calibri><U><STRONG>Hajszárítók&nbsp;jellemzői.</STRONG></U></FONT></P>
<P style=\"TEXT-ALIGN: justify; MARGIN: 0cm 0cm 10pt\"><FONT face=Calibri>Tourmaline &ndash; Ionic , hajszárító technikával megvalósuló ionos hajápolás</FONT></P>
<P style=\"TEXT-ALIGN: justify; MARGIN: 0cm 0cm 10pt\"><FONT face=Calibri>Ultra gyors hajszárítás a haj maximális védelme mellett, a 2000W teljesítménnyel.</FONT></P>
<P style=\"TEXT-ALIGN: justify; MARGIN: 0cm 0cm 0pt; LINE-HEIGHT: normal\">A hajszárítás 2 sebesség fokozattal,&nbsp;és 4 hő fokozattal végezhető.</P>
<P style=\"TEXT-ALIGN: justify; MARGIN: 0cm 0cm 0pt; LINE-HEIGHT: normal\">&nbsp;</P>
<P style=\"TEXT-ALIGN: justify; MARGIN: 0cm 0cm 0pt; LINE-HEIGHT: normal\">különálló hűtőgomb is rendelkezésre áll</P>
<P style=\"TEXT-ALIGN: justify; MARGIN: 0cm 0cm 0pt; LINE-HEIGHT: normal\">&nbsp;</P>
<P style=\"TEXT-ALIGN: justify; MARGIN: 0cm 0cm 0pt; LINE-HEIGHT: normal\">A hosszú élettartamú long life AC szárító motort /1500 üzemóra karbantartott élettartamra tervezték. ( ez otthoni használatban 10-15 év )</P>
<P style=\"TEXT-ALIGN: justify; MARGIN: 0cm 0cm 0pt 2.25pt; LINE-HEIGHT: normal\">&nbsp;</P>
<P style=\"TEXT-ALIGN: justify; MARGIN: 0cm 0cm 0pt; LINE-HEIGHT: normal\">A hajszárítónak 220-240V&nbsp; 50/60Hz&nbsp;&nbsp;szükséges a&nbsp;2000Watt teljesítmény leadásához.</P>
<P style=\"TEXT-ALIGN: justify; MARGIN: 0cm 0cm 0pt 2.25pt; LINE-HEIGHT: normal\">&nbsp;</P>
<P style=\"TEXT-ALIGN: justify; MARGIN: 0cm 0cm 10pt\">A hajszárító súlya: kb. 556gr, 2db levehető szűkítővel, (a nyílás szélessége 4-5mm) levehető szűrővel,&nbsp;professzionális 3m hálózati kábel készül.</P></FONT></FONT>', `item_id`='2829-lim-wr4.0-carbon', `default_pic`='1379', `active`='1', `category_id`='96', `root_category_id`='92', `seo_name`='design-hajszarito-lim-hair-professzionalis-carbon-ionic-tourmaline-2000w', `fullurl`='hajformazo-gepek/hajszarito/design-hajszarito-lim-hair-professzionalis-carbon-ionic-tourmaline-2000w', `other_categories`='96' WHERE id=3099

[2021-01-25 19:06:58] UPDATE webshop_gallery SET original_name='Hajkisimító és szuper hajbontó kefe Tanglim econ-pink', date=1611598018 WHERE id=1459

[2021-01-25 19:06:58] UPDATE webshop_special_fields SET `value`='LIM HAIR hajformázók' WHERE `key`='manufacturer' AND `product_id`=3175

[2021-01-25 19:06:58] UPDATE webshop_special_fields SET `value`='db' WHERE `key`='quantityunit' AND `product_id`=3175

[2021-01-25 19:06:58] UPDATE webshop_special_fields SET `value`='1' WHERE `key`='kiszereles' AND `product_id`=3175

[2021-01-25 19:06:58] UPDATE webshop_products SET `name_hun`='Hajkisimító és szuper hajbontó kefe Tanglim econ-pink',`content_short`='Tangle Teezer hajkefe,&nbsp;pink. - Rugalmas felépítésű, Luxus kivitelezésű, csepp alakú, szuper hajkibontó...',`content`='<P style=\"TEXT-ALIGN: justify\">Tangle Teezer hajkefe,&nbsp;pink. - Rugalmas felépítésű, Luxus kivitelezésű, csepp alakú, szuper hajkibontó kefe. A LIM - HAIR TANGLIM, a Tangle Teezer hajkefék luxus kidolgozású változata, ergonómikus nyeles, és tenyérbe fogható csepp alakú változatban készülnek. A fésülő rész, 3 különböző magasságú rugalmas hajkefe tüske sorok többszörös ismétlődésével készül, hogy használata a lehető legkíméletesebb hajbontást tegye lehetővé.</P>
<P style=\"MARGIN: 0cm 0cm 10pt\"><FONT face=Calibri>Egyedi megjelenésű, Luxus kidolgozású és minőségű hajkefék, hajkímélő erős és&nbsp;strapabíró fésülő, bontó tüskékkel.</FONT></P>
<P style=\"MARGIN: 0cm 0cm 10pt\"><FONT size=3 face=Calibri></FONT>&nbsp;</P>
<P style=\"MARGIN: 0cm 0cm 10pt\"><FONT size=3 face=Calibri>- Forradalmian új sörtéinek köszönhetően, fájdalom nélkül kibontja a csomókat. Nem roncsolja a hajvégeket.</FONT></P>
<P style=\"MARGIN: 0cm 0cm 10pt\"><FONT size=3 face=Calibri>- Még a vizes hajat is kíméletesen és gyorsan kifésüli.</FONT></P>
<P style=\"MARGIN: 0cm 0cm 10pt\"><FONT size=3 face=Calibri>- Megvédi a hajat a mechanikai sérülésektől, csökkenti a töredezettséget</FONT></P>
<P style=\"MARGIN: 0cm 0cm 10pt\"><FONT size=3 face=Calibri>- Bármilyen hajtípushoz használható. (egyenes, göndör, száraz, vizes)</FONT></P>
<P style=\"MARGIN: 0cm 0cm 10pt\"><FONT size=3 face=Calibri>- Speciálisan ívelt elrendezésének köszönhetően a hajtövektől a végekig egyenletesen hat.</FONT></P>
<P style=\"MARGIN: 0cm 0cm 10pt\"><FONT size=3 face=Calibri>- Formatervezett külső, jól illeszkedik a tenyérbe, kényelmes használat.</FONT></P>
<P style=\"MARGIN: 0cm 0cm 10pt\"><FONT size=3 face=Calibri>- Ilyen gyors még sosem volt a fésülködés</FONT></P>
<P style=\"TEXT-ALIGN: justify\">
<P style=\"TEXT-ALIGN: justify\">LIM - HAIR TANGLIM és Tangle Teezer hajkefe ideális minden típusú haj kibontására, egyenesre fésülésére. Úgy tervezték, hogy az egész hajkefe ( a hajkefe nyél és test, a tüskék) rugalmas legyen, és a 3 különböző magasságú, rugalmas hajkefe tüske sorokból álló kefe rész alkalmazkodjon minden hajhoz. Ezek a hajkefe tüskék finoman, tépés nélkül bontanak ki, minden típusú haj csomót, legyen az bármilyen kesze - kusza is, és varázsolják egyenesre a hajtincseket. A hajkefe test rugalmas hajlásával a nyomás először csökken a hajra, majd kiegyenlítődik, így megakadályozza a haj rángatását, a haj megtörését, a haj kitépését, de ugyanabban az időben rendkívül hatékonyan kibont, és kiegyenesít mindenféle hajcsomót.</P>
<P style=\"TEXT-ALIGN: justify\" data-mce-style=\"text-align: justify;\">Rugalmas felépítésű, Luxus kivitelezésű hajkefe. A LIM - HAIR TANGLIM&nbsp; a Tangle Teezer hajkefék változata, ergonómikus nyeles, és tenyérbe fogható változatban készülnek. A fésülő rész, 3 különböző magasságú rugalmas hajkefe tüske sorok többszörös ismétlődésével készül, hogy használata a lehető legkíméletesebb hajbontást tegye lehetővé.</P>
<P style=\"TEXT-ALIGN: justify\" data-mce-style=\"text-align: justify;\">LIM - HAIR TANGLIM&nbsp;és Tangle Teezer hajkefe ideális minden típusú haj kibontására, egyenesre fésülésére. Úgy tervezték hogy az egész hajkefe ( a hajkefe nyél és&nbsp;test, a&nbsp;tüskék) &nbsp;rugalmas legyen, és a 3 különböző magasságú, rugalmas hajkefe tüske sorokból álló kefe rész alkalmazkodjon minden hajhoz. Ezek a hajkefe tüskék finoman, tépés nélkül bontanak ki, minden típusú haj csomót, legyen az bármilyen kesze - kusza is, és varázsolják egyenesre a hajtincseket. A hajkefe test rugalmas hajlásával a nyomás először csökken a hajra, majd kiegyenlítődik,&nbsp;így megakadályozza a haj rángatását, a haj megtörését, a haj kitépését, de ugyanabban az időben rendkívül hatékonyan kibont, és kiegyenesít mindenféle hajcsomót.</P>
<P style=\"TEXT-ALIGN: justify\" data-mce-style=\"text-align: justify;\">A TANGLIM hajkefével egy nagyon sima, feltöltődés mentes hajat készíthetünk, mivel Antisztatikus. A hajkefék&nbsp;&nbsp;sokoldalúsága ideálissá teszi használatukat a vékony, közepes és durva, &nbsp;a göndör vagy egyenes, a rövid vagy közepes, a hosszú, és nagyon dús hajak ápolásához.</P>
<P style=\"TEXT-ALIGN: justify\" data-mce-style=\"text-align: justify;\">A TANGLIM hajkefét még a zuhany alatt is használhatjuk, pl. a keratinos hajápolási termékek felvitelére, a hajba fésülésére.</P>
<P style=\"TEXT-ALIGN: justify\" data-mce-style=\"text-align: justify; line-height: normal;\"><U>A TANGLIM&nbsp; hajkefe adatai, használata:</U></P>
<P style=\"TEXT-ALIGN: justify\" data-mce-style=\"text-align: justify; line-height: normal;\">A LIM - HAIR TANGLIM Tangle Teezer Econ hajkefe hossza: kb. 180mm</P>
<P style=\"TEXT-ALIGN: justify\" data-mce-style=\"text-align: justify; line-height: normal;\">A LIM - HAIR TANGLIM&nbsp;Tangle Teezer hajkefe fejszélessége változó: kb. 30-80mm</P>
<P style=\"TEXT-ALIGN: justify\" data-mce-style=\"text-align: justify; line-height: normal;\">A Hajkefe szőr anyaga: rugalmas antisztatikus műanyag bontó tüske</P>
<P style=\"TEXT-ALIGN: justify\" data-mce-style=\"text-align: justify; line-height: normal;\"><BR>A hajkefét a hajszárító csőrénél kiáramló nagyon magas hőtől óvni kell! 25cm-nél közelebb ne közelítse a hajkeféhez a hajszárítót!</P>
<P style=\"TEXT-ALIGN: justify\" data-mce-style=\"text-align: justify; line-height: normal;\">Hajkefe márka: HAIR &ndash;LIM TANGLIM</P>
<P style=\"TEXT-ALIGN: justify\">Hajkefe származási helye: Spanyolország</P>
<P></P>', `item_id`='2827-lim-tanglim-econ-pink', `default_pic`='1459', `active`='1', `category_id`='104', `root_category_id`='0', `seo_name`='hajkisimito-es-szuper-hajbonto-kefe-tanglim-econ-pink', `fullurl`='fodraszkellek/hajkisimito-es-szuper-hajbonto-kefe-tanglim-econ-pink', `other_categories`='104,117,120,222' WHERE id=3175

[2021-01-25 19:06:58] UPDATE webshop_gallery SET original_name='Gyémántporos hajvasaló LIM-HAIR-pc5.0 Digitális Diamond black', date=1611598018 WHERE id=1504

[2021-01-25 19:06:58] UPDATE webshop_special_fields SET `value`='LIM HAIR hajformázók' WHERE `key`='manufacturer' AND `product_id`=3220

[2021-01-25 19:06:58] UPDATE webshop_special_fields SET `value`='db' WHERE `key`='quantityunit' AND `product_id`=3220

[2021-01-25 19:06:58] UPDATE webshop_special_fields SET `value`='1' WHERE `key`='kiszereles' AND `product_id`=3220

[2021-01-25 19:06:58] UPDATE webshop_products SET `name_hun`='Gyémántporos hajvasaló LIM-HAIR-pc5.0 Digitális Diamond Black',`content_short`='
Hajvasaló ultrasíkos gyémántporos kerámia simító felülettel, digitális kijelzővel, + hővédő utazó...',`content`='<FONT face=Calibri>
<P style=\"TEXT-ALIGN: justify; MARGIN: 0cm 0cm 10pt; LINE-HEIGHT: normal; mso-margin-top-alt: auto; mso-margin-bottom-alt: auto\">Hajvasaló ultrasíkos gyémántporos kerámia simító felülettel, digitális kijelzővel, + hővédő utazó táskával!&nbsp;&nbsp;- A LIM-HAIR gyémántporos hajsimító lapok síkosabbak, mint valaha. A hajvasalás után a látványosan magas végeredmény, ezekben a gyémántporos hajvasaló lapokban rejlik. A LIM-HAIR technológiának köszönhetően ezek rendkívül síkosak, hajvasaláskor könnyedén siklik a haj, ennek köszönhetően a haj fényes és egészséges marad. Fénylik mint a gyémánt!</P>
<P style=\"TEXT-ALIGN: justify; MARGIN: 0cm 0cm 10pt; LINE-HEIGHT: normal; mso-margin-top-alt: auto; mso-margin-bottom-alt: auto\">Ingyenes házhoz szállítással, + hővédő utazó táskával! </P>
<P style=\"TEXT-ALIGN: justify; MARGIN: 0cm 0cm 10pt; LINE-HEIGHT: normal; mso-margin-top-alt: auto; mso-margin-bottom-alt: auto\">Ultragyors felmelegedési idejű, és intelligens digitális hőmérsékletszabályzású, és kijelzésű,&nbsp;a tökéletes formázási eredményért. A hajvasalás hőfoka: 130°C-tól 230°C ig, 5 fix (130-160-180-200-230°C) hőmérsékletre állítható.&nbsp;&nbsp;A diamond extrém kidolgozású és&nbsp;megjelenésű professzionális hajvasaló a LIM HAIR professzionális hajformázó gépek Magyarországi kizárólagos forgalmazójától! </P>
<P style=\"TEXT-ALIGN: justify; MARGIN: 0cm 0cm 10pt; LINE-HEIGHT: normal; mso-margin-top-alt: auto; mso-margin-bottom-alt: auto\">A&nbsp;hajvasaló lap fertőtlenítő hatású, ez lehetővé teszi, hogy az első kontaktustól a haj antibakteriális, és mélyrehatóan tiszta legyen. </P>
<P style=\"TEXT-ALIGN: justify; MARGIN: 0cm 0cm 10pt; LINE-HEIGHT: normal; mso-margin-top-alt: auto; mso-margin-bottom-alt: auto\">A hajvasalóval, hajsimítóval a teljes hajegyenesítésig, az extra síkos hajvasaló felület kialakítása miatt, 1-2 alkalommal kell végig simítani a hajat, a tökéletesen egyenes haj eléréséhez, ezért a hajat kevés igénybevétel éri, nem károsodik, és gyorsan végzünk a hajegyenesítéssel. </P>
<P style=\"TEXT-ALIGN: justify; MARGIN: 0cm 0cm 10pt; LINE-HEIGHT: normal; mso-margin-top-alt: auto; mso-margin-bottom-alt: auto\">Ionos ápolás az egészséges és fényes hajért.&nbsp; A hajvasaló lapok bevonatán keletkező negatív ionok,&nbsp; semlegesítik a haj pozitív feltöltődését, és lehetővé teszik, hogy a haj nedvességének egy részét a haj belsejébe juttassuk. A haj hidratált, fényes, egészséges marad a hajszárítás után!</P>
<P style=\"TEXT-ALIGN: justify; MARGIN: 0cm 0cm 10pt; LINE-HEIGHT: normal; mso-margin-top-alt: auto; mso-margin-bottom-alt: auto\">diamond&nbsp; -- <U>Hajvasaló tartozékok, műszaki adatok, és leírás.</U></P>
<UL type=disc>
<LI style=\"TEXT-ALIGN: justify; MARGIN: 0cm 0cm 10pt; LINE-HEIGHT: normal; mso-margin-top-alt: auto; mso-margin-bottom-alt: auto; mso-list: l0 level1 lfo1; tab-stops: list 36.0pt\">&nbsp;A hajvasalás rendkívüli használati gyorsasága a gyémántporos hajvasaló lapoknak köszönhető, melyek antibakteriális fertőtlenítő hatása hajvasaláskor elpusztítja a baktériumokat is. 
<LI style=\"TEXT-ALIGN: justify; MARGIN: 0cm 0cm 10pt; LINE-HEIGHT: normal; mso-margin-top-alt: auto; mso-margin-bottom-alt: auto; mso-list: l0 level1 lfo1; tab-stops: list 36.0pt\">A LIM hajvasaló rugalmasan összezáró hajsimító, oszcilláló&nbsp;vasaló lapokkal készül.. 
<LI style=\"TEXT-ALIGN: justify; MARGIN: 0cm 0cm 10pt; LINE-HEIGHT: normal; mso-margin-top-alt: auto; mso-margin-bottom-alt: auto; mso-list: l0 level1 lfo1; tab-stops: list 36.0pt\">Hajvasaláskor a pehelykönnyű és ergonomikus géptest kialakítás nem veszi igénybe a kéz izmait. 
<LI style=\"TEXT-ALIGN: justify; MARGIN: 0cm 0cm 10pt; LINE-HEIGHT: normal; mso-margin-top-alt: auto; mso-margin-bottom-alt: auto; mso-list: l0 level1 lfo1; tab-stops: list 36.0pt\">A fűtőlap extra gyors felmelegedési idővel rendelkezik,&nbsp; és felel a tökéletes hő elosztásért . A hajvasaló lap szélessége kb. 22mm, hosszúsága kb. 90mm, a hajvasaló gép teljes hossza kb. 270mm. 
<LI style=\"TEXT-ALIGN: justify; MARGIN: 0cm 0cm 10pt; LINE-HEIGHT: normal; mso-margin-top-alt: auto; mso-margin-bottom-alt: auto; mso-list: l0 level1 lfo1; tab-stops: list 36.0pt\">További paraméterek,&nbsp; -- digitális &nbsp;hőfok vezérlés, hőfok kijelzése, intelligens digitális hajvasalólap hőmérsékletszabályzás a jobb formázási eredményért , hajvasalás hőfoka: 130°C-tól 230°C ig, állítható hőfokú, &nbsp;3 m-es, forgó kuplungos kábellel rendelkezik, a hajvasaló teljesítmény felvétele 220-240V&nbsp; 50/60Hz&nbsp;&nbsp; 45Watt, automatikus kikapcsolás 40 perc után. 
<LI style=\"TEXT-ALIGN: justify; MARGIN: 0cm 0cm 10pt; LINE-HEIGHT: normal; mso-margin-top-alt: auto; mso-margin-bottom-alt: auto; mso-list: l0 level1 lfo1; tab-stops: list 36.0pt\">A hajvasalóval elérhető az ion-effekt hatás, mely simább hajstruktúrát, egészséges fényt és jobb formázhatóságot kölcsönöz a hajnak. </LI></UL></FONT>', `item_id`='2830-lim-pc50-diamond-fekete', `default_pic`='1504', `active`='1', `category_id`='92', `root_category_id`='0', `seo_name`='gyemantporos-hajvasalo-lim-hair-pc50-digitalis-diamond-black', `fullurl`='hajformazo-gepek/gyemantporos-hajvasalo-lim-hair-pc50-digitalis-diamond-black', `other_categories`='92,99,104,222' WHERE id=3220

[2021-01-25 19:06:58] UPDATE webshop_gallery SET original_name='Fodrász hajvasaló szett LIM-PC4.0 Titanium', date=1611598018 WHERE id=1505

[2021-01-25 19:06:58] UPDATE webshop_special_fields SET `value`='LIM HAIR hajformázók' WHERE `key`='manufacturer' AND `product_id`=3221

[2021-01-25 19:06:58] UPDATE webshop_special_fields SET `value`='db' WHERE `key`='quantityunit' AND `product_id`=3221

[2021-01-25 19:06:58] UPDATE webshop_special_fields SET `value`='1' WHERE `key`='kiszereles' AND `product_id`=3221

[2021-01-25 19:06:58] UPDATE webshop_products SET `name_hun`='Fodrász hajvasaló szett LIM-PC4.0 Titanium',`content_short`='Hajvasaló szett, hő védő utazó táskával.&nbsp;A különleges, extrém kidolgozású, és megjelenésű...',`content`='<P style=\"TEXT-ALIGN: justify; MARGIN: 0cm 0cm 10pt; LINE-HEIGHT: normal; mso-margin-top-alt: auto; mso-margin-bottom-alt: auto\"><FONT face=Calibri>Hajvasaló szett, hő védő utazó táskával.&nbsp;A különleges, extrém kidolgozású, és megjelenésű professzionális hajvasalót a LIM HAIR professzionális hajformázó gép márkák gyártója készíti. A szetthez egy hő védelemmel ellátott hajvasaló tartó táska is tartozik, amelybe akár forrón is beletehetjük a hajvasalót.</FONT></P>
<P style=\"TEXT-ALIGN: justify; MARGIN: 0cm 0cm 10pt; LINE-HEIGHT: normal; mso-margin-top-alt: auto; mso-margin-bottom-alt: auto\"><FONT face=Calibri>Professzionális, fodrászoknak készült hajvasaló ára tartalmazza a hővédő táskát és a szállítási költséget is.</FONT></P>
<P style=\"TEXT-ALIGN: justify; MARGIN: 0cm 0cm 10pt; LINE-HEIGHT: normal; mso-margin-top-alt: auto; mso-margin-bottom-alt: auto\"><FONT face=Calibri>A Titanium kerámia lapon nagyon könnyen, siklik a haj!&nbsp; </FONT><FONT face=Calibri>80°C-tól 230°C ig, állítható hőfokú, így minden típusú, még a nagyon erős hajak hajvasalásához is a legjobb hajvasaló hőmérsékletet biztosítja!</FONT></P>
<P style=\"TEXT-ALIGN: justify; MARGIN: 0cm 0cm 10pt; LINE-HEIGHT: normal; mso-margin-top-alt: auto; mso-margin-bottom-alt: auto\"><FONT face=Calibri>A professzionális hajvasalóval, hajsimítóval a teljes hajegyenesítésig, az extra síkos hajvasaló felület kialakítása miatt, 1-2 alkalommal kell végig simítani a hajat, a tökéletesen egyenes haj eléréséhez, ezért a hajat kevés igénybevétel éri, nem károsodik, és gyorsan végzünk a hajegyenesítéssel. </FONT></P>
<P style=\"TEXT-ALIGN: justify; MARGIN: 0cm 0cm 10pt; LINE-HEIGHT: normal; mso-margin-top-alt: auto; mso-margin-bottom-alt: auto\"><FONT face=Calibri>Ionos ápolás az egészséges és fényes hajért: A hajvasaló lapok bevonatán keletkező negatív ionok,&nbsp; semlegesítik a haj pozitív feltöltődését, és lehetővé teszik, hogy a haj nedvességének egy részét a haj belsejébe juttassuk. A haj hidratált, fényes, egészséges marad a hajszárítás után!</FONT></P>
<P style=\"TEXT-ALIGN: justify; MARGIN: 0cm 0cm 10pt; LINE-HEIGHT: normal; mso-margin-top-alt: auto; mso-margin-bottom-alt: auto\"><FONT face=Calibri>Hajvasalásnál, hajgöndörítésnél, mindig használjunk hő védő folyadékot, krémet! </FONT></P>
<P style=\"TEXT-ALIGN: justify; MARGIN: 0cm 0cm 10pt; LINE-HEIGHT: normal; mso-margin-top-alt: auto; mso-margin-bottom-alt: auto\"><FONT face=Calibri><U>Hajvasaló LIM-HAIR-pc28-b -- tartozékok, műszaki adatok,</U></FONT></P>
<UL type=disc>
<LI style=\"TEXT-ALIGN: justify; MARGIN: 0cm 0cm 10pt; LINE-HEIGHT: normal; mso-margin-top-alt: auto; mso-margin-bottom-alt: auto; mso-list: l0 level1 lfo1; tab-stops: list 36.0pt\"><FONT face=Calibri>A hajvasalás rendkívüli használati gyorsasága a hajvasaló lapoknak köszönhető, melyek antibakteriális fertőtlenítő hatása hajvasaláskor elpusztítja a baktériumokat is. </FONT>
<LI style=\"TEXT-ALIGN: justify; MARGIN: 0cm 0cm 10pt; LINE-HEIGHT: normal; mso-margin-top-alt: auto; mso-margin-bottom-alt: auto; mso-list: l0 level1 lfo1; tab-stops: list 36.0pt\"><FONT face=Calibri>A LIM hajvasaló rugalmasan összezáró hajsimító lapokkal készül, amelyek fixen is összezárhatók, ez a fixálható hajvasaló lap zár. </FONT>
<LI style=\"TEXT-ALIGN: justify; MARGIN: 0cm 0cm 10pt; LINE-HEIGHT: normal; mso-margin-top-alt: auto; mso-margin-bottom-alt: auto; mso-list: l0 level1 lfo1; tab-stops: list 36.0pt\"><FONT face=Calibri>Hajvasaláskor a pehelykönnyű és ergonomikus géptest kialakítás nem veszi igénybe a kéz izmait. </FONT>
<LI style=\"TEXT-ALIGN: justify; MARGIN: 0cm 0cm 10pt; LINE-HEIGHT: normal; mso-margin-top-alt: auto; mso-margin-bottom-alt: auto; mso-list: l0 level1 lfo1; tab-stops: list 36.0pt\"><FONT face=Calibri>A fűtőlap extra gyors felmelegedési idővel rendelkezik,&nbsp; és felel a tökéletes hő elosztásért . A hajvasaló lap szélessége kb. 22mm, hosszúsága kb. 90mm, a hajvasaló gép teljes hossza kb. 300mm. </FONT>
<LI style=\"TEXT-ALIGN: justify; MARGIN: 0cm 0cm 10pt; LINE-HEIGHT: normal; mso-margin-top-alt: auto; mso-margin-bottom-alt: auto; mso-list: l0 level1 lfo1; tab-stops: list 36.0pt\"><FONT face=Calibri>További paraméterek,&nbsp; -- potméteres hőfok szabályozás, hőfok kijelzése leddel, intelligens digitális fűtőlap hőmérsékletszabályzás a jobb formázási eredményért , hajvasalás hőfoka: 80°C-tól 230°C ig, állítható hőfokú, &nbsp;3 m-es, forgó kuplungos kábellel rendelkezik, a hajvasaló teljesítmény felvétele 220-240V&nbsp; 50/60Hz&nbsp;&nbsp; 40Watt, automatikus kikapcsolás 40 perc után. </FONT>
<LI style=\"TEXT-ALIGN: justify; MARGIN: 0cm 0cm 10pt; LINE-HEIGHT: normal; mso-margin-top-alt: auto; mso-margin-bottom-alt: auto; mso-list: l0 level1 lfo1; tab-stops: list 36.0pt\"><FONT face=Calibri>A hajvasalóval elérhető az ion-effekt hatás, mely simább hajstruktúrát, egészséges fényt és jobb formázhatóságot kölcsönöz a hajnak.</FONT> </LI></UL>', `item_id`='2830-lim-pc4.0-titanium', `default_pic`='1505', `active`='1', `category_id`='94', `root_category_id`='92', `seo_name`='fodrasz-hajvasalo-szett-lim-pc40-titanium', `fullurl`='hajformazo-gepek/hajsutovas/fodrasz-hajvasalo-szett-lim-pc40-titanium', `other_categories`='94,222' WHERE id=3221

[2021-01-25 19:06:59] UPDATE webshop_gallery SET original_name='Hajkisimító és szuper hajbontó kefe Tanglim Exclusive Free-Cactus', date=1611598019 WHERE id=2912

[2021-01-25 19:06:59] UPDATE webshop_special_fields SET `value`='LIM HAIR hajformázók' WHERE `key`='manufacturer' AND `product_id`=3241

[2021-01-25 19:06:59] UPDATE webshop_special_fields SET `value`='db' WHERE `key`='quantityunit' AND `product_id`=3241

[2021-01-25 19:06:59] UPDATE webshop_special_fields SET `value`='1' WHERE `key`='kiszereles' AND `product_id`=3241

[2021-01-25 19:06:59] UPDATE webshop_products SET `name_hun`='Hajkisimító és szuper hajbontó kefe Tanglim Exclusive Free-Cactus',`content_short`='Hajkisimító és szuper hajbontó Exclusive hajkefe, a lehető legjobb minőségben és kivitelben. A LIM Tangle...',`content`='<P style=\"TEXT-ALIGN: justify\">Hajkisimító és szuper hajbontó Exclusive hajkefe, a lehető legjobb minőségben és kivitelben. A LIM Tangle Teezer hajkefék, a lehető leg hajkímélőbb fésüléshez, hajápoláshoz készültek.&nbsp;- Rugalmas felépítésűek, erős és rendkívül strapabíró, hajbarát anyagból készülnek, amelyek nem sértik a haj felületét. A LIM - HAIR TANGLIM, &nbsp;Tangle Teezer hajkefék luxus kidolgozásúak, ergonomikus nyeles, és tenyérbe fogható csepp alakú változatban is készülnek. A fésülő rész, 3 különböző magasságú rugalmas hajkefe tüske sorok többszörös ismétlődésével készül, hogy használata a lehető legkíméletesebb hajbontást tegye lehetővé.</P>
<P style=\"TEXT-ALIGN: justify\">A LIM TANGLIM hajkefék legújabb tagja a FREE sorozat. Művészi megjelenésű, tovább fejlesztett tüske rendszerének köszönhetően felül múl minden eddigi minőséget.</P>
<P style=\"TEXT-ALIGN: justify; MARGIN: 0cm 0cm 10pt\">Az egyedi megjelenésű, Luxus kidolgozású és minőségű hajkefék, hajkímélő erős és&nbsp;strapabíró fésülő, speciális bontó tüskéi a lehető legkíméletesebben, de gyorsan és határozottan szedik szét és rendezik sorba az összegubancolódott hajszálakat. </P>
<P style=\"TEXT-ALIGN: justify; MARGIN: 0cm 0cm 10pt\">- Forradalmian új sörtéinek köszönhetően, fájdalom nélkül kibontja a hajcsomókat, nem roncsolja a hajvégeket sem.</P>
<P style=\"TEXT-ALIGN: justify; MARGIN: 0cm 0cm 10pt\">- Még a vizes hajat is kíméletesen és gyorsan kifésüli.</P>
<P style=\"TEXT-ALIGN: justify\">
<P style=\"MARGIN: 0cm 0cm 10pt\">- Megvédi a hajat a mechanikai sérülésektől, csökkenti a töredezettséget</P>
<P style=\"MARGIN: 0cm 0cm 10pt\">- Bármilyen hajtípushoz használható. (egyenes, göndör, száraz, vizes)</P>
<P style=\"MARGIN: 0cm 0cm 10pt\">- Speciálisan ívelt elrendezésének köszönhetően a hajtövektől a végekig egyenletesen hat.</P>
<P style=\"MARGIN: 0cm 0cm 10pt\">- Formatervezett külső, jól illeszkedik a tenyérbe, kényelmes használat.</P>
<P style=\"MARGIN: 0cm 0cm 10pt\">- Ilyen gyors még sosem volt a fésülködés</P>
<P style=\"TEXT-ALIGN: justify\">LIM - HAIR TANGLIM és Tangle Teezer hajkefe ideális minden típusú haj kibontására, egyenesre fésülésére. Úgy tervezték, hogy az egész hajkefe ( a hajkefe nyél és test, a tüskék) rugalmas legyen, és a 3 különböző magasságú, rugalmas hajkefe tüske sorokból álló kefe rész alkalmazkodjon minden hajhoz. Ezek a hajkefe tüskék finoman, tépés nélkül bontanak ki, minden típusú haj csomót, legyen az bármilyen kesze - kusza is, és varázsolják egyenesre a hajtincseket. A hajkefe test rugalmas hajlásával a nyomás először csökken a hajra, majd kiegyenlítődik, így megakadályozza a haj rángatását, a haj megtörését, a haj kitépését, de ugyanabban az időben rendkívül hatékonyan kibont, és kiegyenesít mindenféle hajcsomót.</P>
<P style=\"TEXT-ALIGN: justify\" data-mce-style=\"text-align: justify;\">Rugalmas felépítésű, Luxus kivitelezésű hajkefe. A LIM - HAIR TANGLIM&nbsp; a Tangle Teezer hajkefék változata, ergonómikus nyeles, és tenyérbe fogható változatban készülnek. A fésülő rész, 3 különböző magasságú rugalmas hajkefe tüske sorok többszörös ismétlődésével készül, hogy használata a lehető legkíméletesebb hajbontást tegye lehetővé.</P>
<P style=\"TEXT-ALIGN: justify\" data-mce-style=\"text-align: justify;\">LIM - HAIR TANGLIM&nbsp;és Tangle Teezer hajkefe ideális minden típusú haj kibontására, egyenesre fésülésére. Úgy tervezték hogy az egész hajkefe ( a hajkefe nyél és&nbsp;test, a&nbsp;tüskék) &nbsp;rugalmas legyen, és a 3 különböző magasságú, rugalmas hajkefe tüske sorokból álló kefe rész alkalmazkodjon minden hajhoz. Ezek a hajkefe tüskék finoman, tépés nélkül bontanak ki, minden típusú haj csomót, legyen az bármilyen kesze - kusza is, és varázsolják egyenesre a hajtincseket. A hajkefe test rugalmas hajlásával a nyomás először csökken a hajra, majd kiegyenlítődik,&nbsp;így megakadályozza a haj rángatását, a haj megtörését, a haj kitépését, de ugyanabban az időben rendkívül hatékonyan kibont, és kiegyenesít mindenféle hajcsomót.</P>
<P style=\"TEXT-ALIGN: justify\" data-mce-style=\"text-align: justify;\">A TANGLIM hajkefével egy nagyon sima, feltöltődés mentes hajat készíthetünk, mivel Antisztatikus. A hajkefék&nbsp;&nbsp;sokoldalúsága ideálissá teszi használatukat a vékony, közepes és durva, &nbsp;a göndör vagy egyenes, a rövid vagy közepes, a hosszú, és nagyon dús hajak ápolásához.</P>
<P style=\"TEXT-ALIGN: justify\" data-mce-style=\"text-align: justify;\">A TANGLIM hajkefét még a zuhany alatt is használhatjuk, pl. a keratinos hajápolási termékek felvitelére, a hajba fésülésére.</P>
<P style=\"TEXT-ALIGN: justify\" data-mce-style=\"text-align: justify; line-height: normal;\"><B><U>A TANGLIM&nbsp; hajkefe adatai, használata:</U></B></P>
<P style=\"TEXT-ALIGN: justify\" data-mce-style=\"text-align: justify; line-height: normal;\">A LIM - HAIR TANGLIM Tangle Teezer hajkefe hossza: kb. 220mm</P>
<P style=\"TEXT-ALIGN: justify\" data-mce-style=\"text-align: justify; line-height: normal;\">A LIM - HAIR TANGLIM&nbsp;Tangle Teezer hajkefe fejszélessége: kb. 75mm</P>
<P style=\"TEXT-ALIGN: justify\" data-mce-style=\"text-align: justify; line-height: normal;\">A Hajkefe szőr anyaga: rugalmas antisztatikus műanyag bontó tüske</P>
<P style=\"TEXT-ALIGN: justify\" data-mce-style=\"text-align: justify; line-height: normal;\"><BR>A hajkefét a hajszárító csőrénél kiáramló nagyon magas hőtől óvni kell! 25cm-nél közelebb ne közelítse a hajkeféhez a hajszárítót!</P>
<P style=\"TEXT-ALIGN: justify\" data-mce-style=\"text-align: justify; line-height: normal;\">Hajkefe márka: HAIR &ndash;LIM TANGLIM</P>
<P style=\"TEXT-ALIGN: justify\">Hajkefe származási helye: Spanyolország</P></P>', `item_id`='2827-lim-tanglim-free-st-cactus', `default_pic`='2912', `active`='1', `category_id`='104', `root_category_id`='0', `seo_name`='hajkisimito-es-szuper-hajbonto-kefe-tanglim-exclusive-free-cactus', `fullurl`='fodraszkellek/hajkisimito-es-szuper-hajbonto-kefe-tanglim-exclusive-free-cactus', `other_categories`='104,115,117,120' WHERE id=3241

[2021-01-25 19:06:59] UPDATE webshop_gallery SET original_name='Hajkisimító és szuper hajbontó kefe Tanglim econ 12db kiállító pultal', date=1611598019 WHERE id=3010

[2021-01-25 19:06:59] UPDATE webshop_special_fields SET `value`='LIM HAIR hajformázók' WHERE `key`='manufacturer' AND `product_id`=3440

[2021-01-25 19:06:59] UPDATE webshop_special_fields SET `value`='db' WHERE `key`='quantityunit' AND `product_id`=3440

[2021-01-25 19:06:59] UPDATE webshop_special_fields SET `value`='1' WHERE `key`='kiszereles' AND `product_id`=3440

[2021-01-25 19:06:59] UPDATE webshop_products SET `name_hun`='megszünt 210125 - Hajkisimító és szuper hajbontó kefe Tanglim econ 12db kiállító pultal',`content_short`='Hajkisimító és szuper hajbontó, Tangle Teezer hajkefék kiállító pultal. A 12db ból álló szett&nbsp;4×3...',`content`='<P style=\"TEXT-ALIGN: justify\">Hajkisimító és szuper hajbontó, Tangle Teezer hajkefék kiállító pultal. A 12db ból álló szett&nbsp;4×3 különféle, a képen látható színből tevődik össze. -- Rugalmas felépítésű, Luxus kivitelezésű, csepp alakú, szuper hajkibontó kefe. A LIM - HAIR TANGLIM, a Tangle Teezer hajkefék luxus kidolgozású változata, ergonómikus nyeles, és tenyérbe fogható csepp alakú változatban készülnek. A fésülő rész, 3 különböző magasságú rugalmas hajkefe tüske sorok többszörös ismétlődésével készül, hogy használata a lehető legkíméletesebb hajbontást tegye lehetővé.</P>
<P style=\"MARGIN: 0cm 0cm 10pt\"><FONT face=Calibri>Egyedi megjelenésű, Luxus kidolgozású és minőségű hajkefék, hajkímélő erős és&nbsp;strapabíró fésülő, bontó tüskékkel.</FONT></P>
<P style=\"MARGIN: 0cm 0cm 10pt\"><FONT face=Calibri></FONT>&nbsp;</P>
<P style=\"MARGIN: 0cm 0cm 10pt\"><FONT face=Calibri>- Forradalmian új sörtéinek köszönhetően, fájdalom nélkül kibontja a csomókat. Nem roncsolja a hajvégeket.</FONT></P>
<P style=\"MARGIN: 0cm 0cm 10pt\"><FONT face=Calibri>- Még a vizes hajat is kíméletesen és gyorsan kifésüli.</FONT></P>
<P style=\"MARGIN: 0cm 0cm 10pt\"><FONT face=Calibri>- Megvédi a hajat a mechanikai sérülésektől, csökkenti a töredezettséget</FONT></P>
<P style=\"MARGIN: 0cm 0cm 10pt\"><FONT face=Calibri>- Bármilyen hajtípushoz használható. (egyenes, göndör, száraz, vizes)</FONT></P>
<P style=\"MARGIN: 0cm 0cm 10pt\"><FONT face=Calibri>- Speciálisan ívelt elrendezésének köszönhetően a hajtövektől a végekig egyenletesen hat.</FONT></P>
<P style=\"MARGIN: 0cm 0cm 10pt\"><FONT face=Calibri>- Formatervezett külső, jól illeszkedik a tenyérbe, kényelmes használat.</FONT></P>
<P style=\"MARGIN: 0cm 0cm 10pt\"><FONT face=Calibri>- Ilyen gyors még sosem volt a fésülködés</FONT></P>
<P style=\"TEXT-ALIGN: justify\">
<P style=\"TEXT-ALIGN: justify\">LIM - HAIR TANGLIM és Tangle Teezer hajkefe ideális minden típusú haj kibontására, egyenesre fésülésére. Úgy tervezték, hogy az egész hajkefe ( a hajkefe nyél és test, a tüskék) rugalmas legyen, és a 3 különböző ........................teljes leírás a pink hajkefénél!</P>', `item_id`='2827-lim-tanglim-econ-dysplay+12dbkefe', `default_pic`='3010', `active`='1', `category_id`='104', `root_category_id`='0', `seo_name`='megszunt-210125-hajkisimito-es-szuper-hajbonto-kefe-tanglim-econ-12db-kiallito-pultal', `fullurl`='fodraszkellek/megszunt-210125-hajkisimito-es-szuper-hajbonto-kefe-tanglim-econ-12db-kiallito-pultal', `other_categories`='104,115,117,120,222' WHERE id=3440

[2021-01-25 19:06:59] UPDATE webshop_gallery SET original_name='Gyantázó gyantapatron melegítő gép Limwax Exclusive 50W', date=1611598019 WHERE id=7745

[2021-01-25 19:06:59] UPDATE webshop_special_fields SET `value`='LIM HAIR hajformázók' WHERE `key`='manufacturer' AND `product_id`=4244

[2021-01-25 19:06:59] UPDATE webshop_special_fields SET `value`='db' WHERE `key`='quantityunit' AND `product_id`=4244

[2021-01-25 19:06:59] UPDATE webshop_special_fields SET `value`='1' WHERE `key`='kiszereles' AND `product_id`=4244

[2021-01-25 19:06:59] UPDATE webshop_products SET `name_hun`='Gyantázó gyantapatron melegítő gép Limwax Exclusive 50W',`content_short`='Gyantázó gép 100ml térfogatú gyantapatronok melegítésére, és felvitelére. A&nbsp;mono gyantamelegítő és...',`content`='<P style=\"TEXT-ALIGN: justify; MARGIN: 0cm 0cm 10pt\"><FONT face=Calibri>Gyantázó gép 100ml térfogatú gyantapatronok melegítésére, és felvitelére. A&nbsp;mono gyantamelegítő és felvivő&nbsp;gép exclusive kivitelű,&nbsp; a nagy teljesítmény gyors melegítést tesz lehetővé.&nbsp;Automatikus hőfok stabilizálóval&nbsp;van ellátva, így a gyantázás teljes ideje alatt a szőrtelenítő gyanta&nbsp;hőmérséklete állandó. A kombinált gyantapatron tartó és&nbsp;gyantamelegítő gép könnyen tisztítható, a gyanta lemosó folyadékkal. A kombinált&nbsp;gyantázógép háza kényelmes fogású, és nem forrósodik át a gyantázás teljes időtartama alatt sem.</FONT></P>
<P style=\"TEXT-ALIGN: justify; MARGIN: 0cm 0cm 10pt\"><FONT face=Calibri>A szőrtelenítés kozmetika kellékei a kombinált gyantázók, 100ml&nbsp; gyantapatron melegítésére, és a felvitelére is alkalmasak, a már meleg gyantapatron kivétele nélkül. A gyanta tartó gép hőfokszabályozója mindig optimális hőfokon tartja a gyantapatronok hőmérsékletét.&nbsp; Egyben felvivő eszköz is, hiszen a gyantapatront, kivétel nélkül, a gyantázó gép hőszigetelt tokját fogva elvégezhetjük a gyanta felvitelét.</FONT></P>
<P style=\"TEXT-ALIGN: justify; MARGIN: 0cm 0cm 10pt\"><B style=\"mso-bidi-font-weight: normal\"><U><FONT face=Calibri>A gyantázó gép adtai és használata, tartozékai.</FONT></U></B></P>
<P style=\"TEXT-ALIGN: justify; MARGIN: 0cm 0cm 10pt\"><FONT face=Calibri>Beépített automata hőmérséklet stabilizállás.</FONT></P>
<P style=\"TEXT-ALIGN: justify; MARGIN: 0cm 0cm 10pt\"><FONT face=Calibri>Védőkupak</FONT></P>
<P style=\"TEXT-ALIGN: justify; MARGIN: 0cm 0cm 10pt\"><FONT face=Calibri>Hálózati zsinór</FONT></P>
<P style=\"TEXT-ALIGN: justify; MARGIN: 0cm 0cm 10pt\"><FONT face=Calibri>Professzionális szalon használatra alkalmas.</FONT></P>
<P style=\"TEXT-ALIGN: justify; MARGIN: 0cm 0cm 10pt\"><FONT face=Calibri>Gyantázó kivitel:&nbsp;&nbsp;&nbsp;&nbsp; mono, hordozható, több állásos modulhoz csatlakoztatható </FONT></P>
<P style=\"TEXT-ALIGN: justify; MARGIN: 0cm 0cm 10pt\"><FONT face=Calibri>teljesítmény:&nbsp;&nbsp;&nbsp;&nbsp;&nbsp;&nbsp; 100-220V&nbsp; 50W</FONT></P>
<P style=\"TEXT-ALIGN: justify; MARGIN: 0cm 0cm 10pt\"><FONT face=Calibri>melegítő kapacitása:1db 100ml gyantapatron</FONT></P>
<P style=\"TEXT-ALIGN: justify; MARGIN: 0cm 0cm 10pt\"><FONT face=Calibri>Gyantázó gép márka: LIM</FONT></P>
<P style=\"TEXT-ALIGN: justify; MARGIN: 0cm 0cm 10pt\"><FONT face=Calibri>származási hely:EU</FONT></P>', `item_id`='2842-limwax-mono', `default_pic`='7745', `active`='1', `category_id`='204', `root_category_id`='191', `seo_name`='gyantazo-gyantapatron-melegito-gep-limwax-exclusive-50w', `fullurl`='arcapolas-testapolas/kozmetika-pedikur-manikur-eszkozok/kozmetikai-pedikur-manikur-gepek/gyantazo-gyantapatron-melegito-gep-limwax-exclusive-50w', `other_categories`='204,222,238,242' WHERE id=4244

[2021-01-25 19:06:59] INSERT INTO webshop_gallery (`id`, `product_id`, `original_name`, `new_name`, `date`) VALUES (15552, 5151, 'Hajszárító gép LIM-HAIR-CH3.0 2000W', '15552.jpg', 1611598019)

[2021-01-25 19:06:59] INSERT INTO webshop_products (`id`, `name_hun`, `name_eng`, `item_id`, `price`, `reduced_price`, `status`, `currency`, `content_short`, `content`, `details`, `date`, `default_pic`, `active`, `main`, `sort`, `category_id`, `root_category_id`, `seo_name`, `fullurl`, `websyx_id`, `quantity`, `other_categories`) VALUES ('5151', 'Hajszárító gép LIM-HAIR-CH3.0 2000W', 'Hajszárító gép LIM-HAIR-CH3.0 2000W', '2829-lim-ch3.0-black', 0, 0, 1, 'Ft', '
Könnyű, de nagyteljesítményű hajszárító gép.&nbsp;Könnyű&nbsp;szerkezete kényelmes használatot, nagy...', '<FONT face=Calibri>
<P style=\"TEXT-ALIGN: justify; MARGIN: 0cm 0cm 10pt\">Könnyű, de nagyteljesítményű hajszárító gép.&nbsp;Könnyű&nbsp;szerkezete kényelmes használatot, nagy légteljesítménye gyors hajszárítást&nbsp;biztosít. A hajszárítókat a kiváló minőségű, egyedi termékek gyártására szakosodott LIM HAIR Spanyolország Barcelonai gyárában készítik. Otthoni, nagyon tartós&nbsp;használatra készült.</P>
<P style=\"TEXT-ALIGN: justify; MARGIN: 0cm 0cm 10pt\">A LIM Hajszárító gép, típusok, márkák otthoni használata: Ez a típusú hajszárító műszaki paraméterei alapján nem csak az otthoni rendkívül gyors és kíméletes&nbsp;hajszárításra alkalmas,&nbsp;de a kis állatok szőrének megszárítására is. Otthoni használatban 1000 üzemóra (10-15 év ) élettartammal számolhatunk.</P>
<P style=\"TEXT-ALIGN: justify; MARGIN: 0cm 0cm 10pt\">
<P style=\"MARGIN: 0cm 0cm 10pt; LINE-HEIGHT: normal; mso-margin-top-alt: auto; mso-margin-bottom-alt: auto\"><U>A LIM&nbsp;HAIR Hajszárító gép műszaki adatok, tartozékok.</U></P>
<P></P>
<UL type=disc>
<LI style=\"MARGIN: 0cm 0cm 10pt; LINE-HEIGHT: normal; mso-margin-top-alt: auto; mso-margin-bottom-alt: auto; mso-list: l0 level1 lfo1; tab-stops: list 36.0pt\">Normál kiképzésű hajszárító, otthoni használatra készült. 
<LI style=\"MARGIN: 0cm 0cm 10pt; LINE-HEIGHT: normal; mso-margin-top-alt: auto; mso-margin-bottom-alt: auto; mso-list: l0 level1 lfo1; tab-stops: list 36.0pt\">a hajszárító csőr vastagsága alkalmas univerzális diffúzorok használatára 
<LI style=\"MARGIN: 0cm 0cm 10pt; LINE-HEIGHT: normal; mso-margin-top-alt: auto; mso-margin-bottom-alt: auto; mso-list: l0 level1 lfo1; tab-stops: list 36.0pt\">hajszárító diffúzor nem tartozék, de rendelhető 
<LI style=\"MARGIN: 0cm 0cm 10pt; LINE-HEIGHT: normal; mso-margin-top-alt: auto; mso-margin-bottom-alt: auto; mso-list: l0 level1 lfo1; tab-stops: list 36.0pt\">&nbsp;2 sebesség fokozat,&nbsp;4 hő fokozat 
<LI style=\"MARGIN: 0cm 0cm 10pt; LINE-HEIGHT: normal; mso-margin-top-alt: auto; mso-margin-bottom-alt: auto; mso-list: l0 level1 lfo1; tab-stops: list 36.0pt\">hosszú élettartamú long life AC motor /1000 üzemóra 
<LI style=\"MARGIN: 0cm 0cm 10pt; LINE-HEIGHT: normal; mso-margin-top-alt: auto; mso-margin-bottom-alt: auto; mso-list: l0 level1 lfo1; tab-stops: list 36.0pt\">hajszárító teljesítmény&nbsp; 220-240V&nbsp; 50/60Hz&nbsp;&nbsp; 2000Watt 
<LI style=\"MARGIN: 0cm 0cm 10pt; LINE-HEIGHT: normal; mso-margin-top-alt: auto; mso-margin-bottom-alt: auto; mso-list: l0 level1 lfo1; tab-stops: list 36.0pt\">hajszárítógép test súlya: kb. 500gr 
<LI style=\"MARGIN: 0cm 0cm 10pt; LINE-HEIGHT: normal; mso-margin-top-alt: auto; mso-margin-bottom-alt: auto; mso-list: l0 level1 lfo1; tab-stops: list 36.0pt\">2db levehető szűkítő, a nyílás szélessége 4-5mm 
<LI style=\"MARGIN: 0cm 0cm 10pt; LINE-HEIGHT: normal; mso-margin-top-alt: auto; mso-margin-bottom-alt: auto; mso-list: l0 level1 lfo1; tab-stops: list 36.0pt\">levehető szűrő 
<LI style=\"MARGIN: 0cm 0cm 10pt; LINE-HEIGHT: normal; mso-margin-top-alt: auto; mso-margin-bottom-alt: auto; mso-list: l0 level1 lfo1; tab-stops: list 36.0pt\">professzionális hálózati kábel: 3 m 
<LI style=\"MARGIN: 0cm 0cm 10pt; LINE-HEIGHT: normal; mso-margin-top-alt: auto; mso-margin-bottom-alt: auto; mso-list: l0 level1 lfo1; tab-stops: list 36.0pt\">felakasztható 
<LI style=\"MARGIN: 0cm 0cm 10pt; LINE-HEIGHT: normal; mso-margin-top-alt: auto; mso-margin-bottom-alt: auto; mso-list: l0 level1 lfo1; tab-stops: list 36.0pt\">tökéletes kiegyensúlyozás, a könnyű tartás érdekében 
<LI style=\"MARGIN: 0cm 0cm 10pt; LINE-HEIGHT: normal; mso-margin-top-alt: auto; mso-margin-bottom-alt: auto; mso-list: l0 level1 lfo1; tab-stops: list 36.0pt\">hajszárító származási hely: Spanyolország 
<LI style=\"MARGIN: 0cm 0cm 10pt; LINE-HEIGHT: normal; mso-margin-top-alt: auto; mso-margin-bottom-alt: auto; mso-list: l0 level1 lfo1; tab-stops: list 36.0pt\">hajszárító márka: LIM HAIR</LI></UL></FONT>', '', 1611598019, '15552', '1', 0, 1, 96, '92', 'hajszarito-gep-lim-hair-ch30-2000w', 'hajformazo-gepek/hajszarito/hajszarito-gep-lim-hair-ch30-2000w', '3158', 1, '96,222')

[2021-01-25 19:06:59] INSERT INTO webshop_special_fields (`key`, `value`, `product_id`) VALUES ('manufacturer', 'LIM HAIR hajformázók', 5151)

[2021-01-25 19:06:59] INSERT INTO webshop_special_fields (`key`, `value`, `product_id`) VALUES ('quantityunit', 'db', 5151)

[2021-01-25 19:06:59] INSERT INTO webshop_special_fields (`key`, `value`, `product_id`) VALUES ('kiszereles', '1', 5151)

[2021-01-25 19:06:59] UPDATE webshop_products SET sort=1 WHERE id=3326

[2021-01-25 19:06:59] UPDATE webshop_products SET sort=2 WHERE id=5151

[2021-01-25 19:07:01] UPDATE users SET lastlogin = NOW() WHERE id = '11'

[2021-01-25 19:07:01] UPDATE webshop_gallery SET original_name='Mini hajvasaló LIM-nanoPC2.0 Nano Silver Titanium', date=1611598021 WHERE id=299

[2021-01-25 19:07:01] UPDATE webshop_special_fields SET `value`='LIM HAIR hajformázók' WHERE `key`='manufacturer' AND `product_id`=2295

[2021-01-25 19:07:01] UPDATE webshop_special_fields SET `value`='db' WHERE `key`='quantityunit' AND `product_id`=2295

[2021-01-25 19:07:01] UPDATE webshop_special_fields SET `value`='1' WHERE `key`='kiszereles' AND `product_id`=2295

[2021-01-25 19:07:01] UPDATE webshop_products SET `name_hun`='Mini utazó hajvasaló LIM-Hair NanoPC2.0 Nano Silver Titanium',`content_short`='
Mini hajvasaló, hő védő tokkal a szállításhoz, és professzionális tulajdonságokkal a hajvasaláshoz. A...',`content`='<FONT face=Calibri>
<P style=\"TEXT-ALIGN: justify; MARGIN: 0cm 0cm 10pt; LINE-HEIGHT: normal; mso-margin-top-alt: auto; mso-margin-bottom-alt: auto\"><B>Mini hajvasaló, hő védő tokkal a szállításhoz, és professzionális tulajdonságokkal a hajvasaláshoz. A </B>LIM-HAIR-Nano kis helyen elfér, 17cm hosszú. A hajvasalásért felelős <B>Nano Silber&nbsp;Titanium</B>&nbsp;hajsimító lapok bevonata &nbsp;megegyezik a nagy, professzionális hajvasalókéval. </P>
<P style=\"TEXT-ALIGN: justify; MARGIN: 0cm 0cm 10pt; LINE-HEIGHT: normal; mso-margin-top-alt: auto; mso-margin-bottom-alt: auto\">A <B>Nano Silver&nbsp;Titanium</B>&nbsp;bevonatú lapon nagyon könnyen, siklik a haj! Ionos ápolás az <B>egészséges és fényes hajért</B>: A hajvasaló lapok bevonatán keletkező negatív ionok,&nbsp; semlegesítik a haj pozitív feltöltődését, és lehetővé teszik, hogy a haj nedvességének egy részét a haj belsejébe juttassuk. A haj hidratált, fényes, egészséges marad a hajszárítás után!</P>
<P style=\"TEXT-ALIGN: justify; MARGIN: 0cm 0cm 10pt; LINE-HEIGHT: normal; mso-margin-top-alt: auto; mso-margin-bottom-alt: auto\"><U>LIM-HAIR-nano -- hajvasaló tartozékok, műszaki adatok és leírás.</U></P>
<UL type=disc>
<LI style=\"TEXT-ALIGN: justify; MARGIN: 0cm 0cm 10pt; LINE-HEIGHT: normal; mso-margin-top-alt: auto; mso-margin-bottom-alt: auto; mso-list: l0 level1 lfo1; tab-stops: list 36.0pt\">&nbsp;A hajvasalás rendkívüli használati gyorsasága a síkos nano ezüst hajvasaló lapoknak köszönhető. 
<LI style=\"TEXT-ALIGN: justify; MARGIN: 0cm 0cm 10pt; LINE-HEIGHT: normal; mso-margin-top-alt: auto; mso-margin-bottom-alt: auto; mso-list: l0 level1 lfo1; tab-stops: list 36.0pt\">A LIM hajvasaló rugalmasan összezáró hajsimító lapokkal készül. 
<LI style=\"TEXT-ALIGN: justify; MARGIN: 0cm 0cm 10pt; LINE-HEIGHT: normal; mso-margin-top-alt: auto; mso-margin-bottom-alt: auto; mso-list: l0 level1 lfo1; tab-stops: list 36.0pt\">Hajvasaláskor a pehelykönnyű és ergonomikus géptest kialakítás nem veszi igénybe a kéz izmait. 
<LI style=\"TEXT-ALIGN: justify; MARGIN: 0cm 0cm 10pt; LINE-HEIGHT: normal; mso-margin-top-alt: auto; mso-margin-bottom-alt: auto; mso-list: l0 level1 lfo1; tab-stops: list 36.0pt\">A szupersíkos tömör&nbsp;Titanium Nano Silber kerámia fűtőlap extra gyors felmelegedési idővel rendelkezik, &nbsp;és felel a tökéletes hő elosztásért . A hajvasaló lap szélessége kb. 18mm, hosszúsága kb. 70mm, a hajvasaló gép teljes hossza kb. 175mm. 
<LI style=\"TEXT-ALIGN: justify; MARGIN: 0cm 0cm 10pt; LINE-HEIGHT: normal; mso-margin-top-alt: auto; mso-margin-bottom-alt: auto; mso-list: l0 level1 lfo1; tab-stops: list 36.0pt\">digitális automatikus hőmérsékletszabályzás a jobb formázási eredményért, a hajvasalás hőfoka: 210°C 
<LI style=\"TEXT-ALIGN: justify; MARGIN: 0cm 0cm 10pt; LINE-HEIGHT: normal; mso-margin-top-alt: auto; mso-margin-bottom-alt: auto; mso-list: l0 level1 lfo1; tab-stops: list 36.0pt\">&nbsp;teljesítmény felvétele 220-240V&nbsp; 50/60Hz&nbsp;&nbsp; 18Watt, automatikus kikapcsolás 40 perc után. 
<LI style=\"TEXT-ALIGN: justify; MARGIN: 0cm 0cm 10pt; LINE-HEIGHT: normal; mso-margin-top-alt: auto; mso-margin-bottom-alt: auto; mso-list: l0 level1 lfo1; tab-stops: list 36.0pt\">A hajvasalóval elérhető az ion-effekt hatás, mely simább hajstruktúrát, egészséges fényt és jobb formázhatóságot kölcsönöz a hajnak.</LI></UL></FONT>', `item_id`='2830-lim-pc2.0-nano', `default_pic`='299', `active`='1', `category_id`='99', `root_category_id`='92', `seo_name`='mini-utazo-hajvasalo-lim-hair-nanopc20-nano-silver-titanium', `fullurl`='hajformazo-gepek/hajvasalo/mini-utazo-hajvasalo-lim-hair-nanopc20-nano-silver-titanium', `other_categories`='99,222,248' WHERE id=2295

[2021-01-25 19:07:01] UPDATE webshop_gallery SET original_name='Hajkisimító és szuper hajbontó kefe TANGLIM-QSP mintás', date=1611598021 WHERE id=4105

[2021-01-25 19:07:01] UPDATE webshop_special_fields SET `value`='LIM HAIR hajformázók' WHERE `key`='manufacturer' AND `product_id`=3751

[2021-01-25 19:07:01] UPDATE webshop_special_fields SET `value`='db' WHERE `key`='quantityunit' AND `product_id`=3751

[2021-01-25 19:07:01] UPDATE webshop_special_fields SET `value`='1' WHERE `key`='kiszereles' AND `product_id`=3751

[2021-01-25 19:07:01] UPDATE webshop_products SET `name_hun`='Hajkisimító és szuper hajbontó kefe TANGLIM Exclusive Free QSP mintás',`content_short`='Kócbontó hajkefe.&nbsp;-- Rugalmas felépítésű, Luxus kivitelezésű,&nbsp; szuper hajkibontó kefe.&nbsp; A LIM -...',`content`='<P style=\"TEXT-ALIGN: justify\">Kócbontó hajkefe.&nbsp;-- Rugalmas felépítésű, Luxus kivitelezésű,&nbsp; szuper hajkibontó kefe.&nbsp; A LIM - HAIR TANGLIM, a Tangle Teezer hajkefék luxus kidolgozású változata, ergonómikus nyeles, és tenyérbe fogható csepp alakú változatban készülnek. A fésülő rész, 3 különböző magasságú rugalmas hajkefe tüske sorok többszörös ismétlődésével készül, hogy használata a lehető legkíméletesebb hajbontást tegye lehetővé.</P>
<P style=\"MARGIN: 0cm 0cm 10pt\"><FONT face=Calibri>Egyedi megjelenésű, Luxus kidolgozású és minőségű hajkefék, hajkímélő erős és&nbsp;strapabíró fésülő, bontó tüskékkel.</FONT></P>
<P style=\"MARGIN: 0cm 0cm 10pt\"><FONT face=Calibri>- Forradalmian új sörtéinek köszönhetően, fájdalom nélkül kibontja a csomókat. Nem roncsolja a hajvégeket.</FONT></P>
<P style=\"MARGIN: 0cm 0cm 10pt\"><FONT face=Calibri>- Még a vizes hajat is kíméletesen és gyorsan kifésüli.</FONT></P>
<P style=\"MARGIN: 0cm 0cm 10pt\"><FONT face=Calibri>- Megvédi a hajat a mechanikai sérülésektől, csökkenti a töredezettséget</FONT></P>
<P style=\"MARGIN: 0cm 0cm 10pt\"><FONT face=Calibri>- Bármilyen hajtípushoz használható. (egyenes, göndör, száraz, vizes)</FONT></P>
<P style=\"MARGIN: 0cm 0cm 10pt\"><FONT face=Calibri>- Speciálisan ívelt elrendezésének köszönhetően a hajtövektől a végekig egyenletesen hat.</FONT></P>
<P style=\"MARGIN: 0cm 0cm 10pt\"><FONT face=Calibri>- Formatervezett külső, jól illeszkedik a tenyérbe, kényelmes használat.</FONT></P>
<P style=\"MARGIN: 0cm 0cm 10pt\"><FONT face=Calibri>- Ilyen gyors még sosem volt a fésülködés</FONT></P>
<P style=\"TEXT-ALIGN: justify\">
<P style=\"TEXT-ALIGN: justify\">LIM - HAIR TANGLIM és Tangle Teezer hajkefe ideális minden típusú haj kibontására, egyenesre fésülésére. Úgy tervezték, hogy az egész hajkefe ( a hajkefe nyél és test, a tüskék) rugalmas legyen, és a 3 különböző ........................teljes leírás a pink hajkefénél!</P>', `item_id`='2827-lim-tanglim-free-st-QSP-mintás', `default_pic`='4105', `active`='1', `category_id`='104', `root_category_id`='0', `seo_name`='hajkisimito-es-szuper-hajbonto-kefe-tanglim-exclusive-free-qsp-mintas', `fullurl`='fodraszkellek/hajkisimito-es-szuper-hajbonto-kefe-tanglim-exclusive-free-qsp-mintas', `other_categories`='104,115,117,120' WHERE id=3751

[2021-01-25 19:07:01] UPDATE webshop_gallery SET original_name='Barber professzionális szakállvágó és trimmelő 06667-0,0mm Wireless', date=1611598021 WHERE id=14138

[2021-01-25 19:07:01] UPDATE webshop_special_fields SET `value`='Euro fodrászkellék' WHERE `key`='manufacturer' AND `product_id`=4618

[2021-01-25 19:07:02] UPDATE webshop_special_fields SET `value`='db' WHERE `key`='quantityunit' AND `product_id`=4618

[2021-01-25 19:07:02] UPDATE webshop_special_fields SET `value`='1' WHERE `key`='kiszereles' AND `product_id`=4618

[2021-01-25 19:07:02] UPDATE webshop_products SET `name_hun`='Barber professzionális szakállvágó és trimmelő 06667-0,0mm Wireless',`content_short`='Trimmelő, Szakállvágó és hajvágógép, zéró &nbsp;0,0mm&nbsp;vágási mélységgel....',`content`='<P style=\"TEXT-ALIGN: justify; MARGIN: 0cm 0cm 10pt\"><FONT face=Calibri>Trimmelő, Szakállvágó és hajvágógép, zéró &nbsp;0,0mm&nbsp;vágási mélységgel. Akkumulátorral,&nbsp;wireless és 220V csatlakozóval.&nbsp;Nagyon erős,&nbsp;Professzionális,&nbsp; trimmer, haj, és szakállvágó gép. A hajnyíró&nbsp;38 mm széles acél hajvágó feje alkalmas normál hajvágáshoz, és a kreatív haj és frizura&nbsp; formák kialakításához is. A vágófej kialakítása alkalmassá teszi minden típusú&nbsp; szakáll vágásához is.</FONT></P>
<P style=\"TEXT-ALIGN: justify; MARGIN: 0cm 0cm 10pt\"><FONT face=Calibri>A trimmelő egy különleges haj és szakáll vágógép azok számára, akik szuper rövid vágási hosszt szeretnének elérni, mert a vágási magassága 0,0 mm.</FONT></P>
<P style=\"TEXT-ALIGN: justify; MARGIN: 0cm 0cm 10pt\"><FONT face=Calibri>Ideális eszköz a haj és a szakállbeállítás elvégzéséhez, még autóban, utazásnál is, mert wireless csatlakozóval is rendelkezik</FONT></P>
<P style=\"TEXT-ALIGN: justify; MARGIN: 0cm 0cm 10pt\"><FONT face=Calibri>Professzionális erős trimmelő, egyenáramú motorral van felszerelve, amely jelentősen növeli a vágási teljesítményt. Professzionális pengék kiváló minőségű acélból, bőrvédő funkcióval vannak ellátva. Praktikus és modern design.</FONT></P>
<P style=\"TEXT-ALIGN: justify; MARGIN: 0cm 0cm 10pt\"><FONT face=Calibri>A trimmer, kopás álló acél késsel van szerelve. A hajvágógépekhez tartozó olaj, vagy műszer olaj rendszeres használata jelentős teljesítménynövekedést, és élettartam hosszabbodást is eredményez. Minden használat előtt 1 csepp olaj felvitele szükséges a hajvágó késre!</FONT></P>
<P style=\"TEXT-ALIGN: justify\"></P>
<P style=\"MARGIN: 0cm 0cm 10pt\"><B style=\"mso-bidi-font-weight: normal\"><U><FONT face=Calibri>Trimmelő, Szakállvágó és Hajvágógép műszaki adatok, és tartozékok:</FONT></U></B></P>
<P style=\"MARGIN: 0cm 0cm 10pt\"><FONT face=Calibri>- Akkumulátor töltő 110-240V ~50Hz-es hálózatról üzemel.&nbsp; Asztali töltővel is rendelkezik!</FONT></P>
<P style=\"MARGIN: 0cm 0cm 10pt\"><FONT face=Calibri>- Wireless üzemeltetés, töltési lehetőség ( telefon töltőről)</FONT></P>
<P style=\"MARGIN: 0cm 0cm 10pt\"><FONT face=Calibri>- 38 mm széles acél hajvágó fejjel rendelkezik</FONT></P>
<P style=\"MARGIN: 0cm 0cm 10pt\"><FONT face=Calibri>-&nbsp; 3db toldófésű különböző vágási hosszra (1 -2 -3 mm )</FONT></P>
<P style=\"MARGIN: 0cm 0cm 10pt\"><FONT face=Calibri>- Olajozó flakon tartozékkal rendelkezik</FONT></P>
<P style=\"MARGIN: 0cm 0cm 10pt\"><FONT face=Calibri>- Tisztító kefe tartozékkal rendelkezik</FONT></P>
<P style=\"MARGIN: 0cm 0cm 10pt\"><FONT face=Calibri>- Származási hely: EU</FONT></P>
<P style=\"MARGIN: 0cm 0cm 10pt\"><FONT face=Calibri>- alap vágási magasság: 0,0 mm, fordulatszám 6500/perc +/800rpm</FONT></P>
<P style=\"MARGIN: 0cm 0cm 10pt\"><FONT face=Calibri>- teljesítmény 10 W</FONT></P>
<P style=\"MARGIN: 0cm 0cm 10pt\"><FONT face=Calibri>- súly kb. 144 g</FONT></P>', `item_id`='3131-esh-06667', `default_pic`='14138', `active`='1', `category_id`='92', `root_category_id`='0', `seo_name`='barber-professzionalis-szakallvago-es-trimmelo-06667-0-0mm-wireless', `fullurl`='hajformazo-gepek/barber-professzionalis-szakallvago-es-trimmelo-06667-0-0mm-wireless', `other_categories`='92,93,98,254,415' WHERE id=4618

[2021-01-25 19:07:02] UPDATE webshop_gallery SET original_name='Detangler szuper hajbontó kefe Tanglim Exclusive Free-Flowers', date=1611598022 WHERE id=6902

[2021-01-25 19:07:02] UPDATE webshop_special_fields SET `value`='LIM HAIR hajformázók' WHERE `key`='manufacturer' AND `product_id`=4080

[2021-01-25 19:07:02] UPDATE webshop_special_fields SET `value`='db' WHERE `key`='quantityunit' AND `product_id`=4080

[2021-01-25 19:07:02] UPDATE webshop_special_fields SET `value`='1' WHERE `key`='kiszereles' AND `product_id`=4080

[2021-01-25 19:07:02] UPDATE webshop_products SET `name_hun`='Detangler szuper hajbontó kefe Tanglim Exclusive Free-Flowers',`content_short`='Detangler szuper hajbontó kefe, Exclusive, és a lehető legjobb minőségben és kivitelben. A LIM Tangle Teezer...',`content`='<P style=\"TEXT-ALIGN: justify\">Detangler szuper hajbontó kefe, Exclusive, és a lehető legjobb minőségben és kivitelben. A LIM Tangle Teezer hajkefék, a lehető leg hajkímélőbb fésüléshez, hajápoláshoz készültek.&nbsp;- Rugalmas felépítésűek, erős és rendkívül strapabíró, hajbarát anyagból készülnek, amelyek nem sértik a haj felületét. A LIM - HAIR TANGLIM, &nbsp;Tangle Teezer hajkefék luxus kidolgozásúak, ergonomikus nyeles, és tenyérbe fogható csepp alakú változatban is készülnek. A fésülő rész, 3 különböző magasságú rugalmas hajkefe tüske sorok többszörös ismétlődésével készül, hogy használata a lehető legkíméletesebb hajbontást tegye lehetővé.</P>
<P style=\"TEXT-ALIGN: justify\">A LIM TANGLIM hajkefék legújabb tagja a FREE sorozat. Művészi megjelenésű, tovább fejlesztett tüske rendszerének köszönhetően felül múl minden eddigi minőséget.</P>
<P style=\"TEXT-ALIGN: justify; MARGIN: 0cm 0cm 10pt\">Az egyedi megjelenésű, Luxus kidolgozású és minőségű hajkefék, hajkímélő erős és&nbsp;strapabíró fésülő, speciális bontó tüskéi a lehető legkíméletesebben, de gyorsan és határozottan szedik szét és rendezik sorba az összegubancolódott hajszálakat. </P>
<P style=\"TEXT-ALIGN: justify; MARGIN: 0cm 0cm 10pt\">- Forradalmian új sörtéinek köszönhetően, fájdalom nélkül kibontja a hajcsomókat, nem roncsolja a hajvégeket sem.</P>
<P style=\"TEXT-ALIGN: justify; MARGIN: 0cm 0cm 10pt\">- Még a vizes hajat is kíméletesen és gyorsan kifésüli.</P>
<P style=\"TEXT-ALIGN: justify\">
<P style=\"MARGIN: 0cm 0cm 10pt\">- Megvédi a hajat a mechanikai sérülésektől, csökkenti a töredezettséget</P>
<P style=\"MARGIN: 0cm 0cm 10pt\">- Bármilyen hajtípushoz használható. (egyenes, göndör, száraz, vizes)</P>
<P style=\"MARGIN: 0cm 0cm 10pt\">- Speciálisan ívelt elrendezésének köszönhetően a hajtövektől a végekig egyenletesen hat.</P>
<P style=\"MARGIN: 0cm 0cm 10pt\">- Formatervezett külső, jól illeszkedik a tenyérbe, kényelmes használat.</P>
<P style=\"MARGIN: 0cm 0cm 10pt\">- Ilyen gyors még sosem volt a fésülködés</P>
<P style=\"TEXT-ALIGN: justify\">LIM - HAIR TANGLIM és Tangle Teezer hajkefe ideális minden típusú haj kibontására, egyenesre fésülésére. Úgy tervezték, hogy az egész hajkefe ( a hajkefe nyél és test, a tüskék) rugalmas legyen, és a 3 különböző magasságú, rugalmas hajkefe tüske sorokból álló kefe rész alkalmazkodjon minden hajhoz. Ezek a hajkefe tüskék finoman, tépés nélkül bontanak ki, minden típusú haj csomót, legyen az bármilyen kesze - kusza is, és varázsolják egyenesre a hajtincseket. A hajkefe test rugalmas hajlásával a nyomás először csökken a hajra, majd kiegyenlítődik, így megakadályozza a haj rángatását, a haj megtörését, a haj kitépését, de ugyanabban az időben rendkívül hatékonyan kibont, és kiegyenesít mindenféle hajcsomót.</P>
<P style=\"TEXT-ALIGN: justify\" data-mce-style=\"text-align: justify;\">Rugalmas felépítésű, Luxus kivitelezésű hajkefe. A LIM - HAIR TANGLIM&nbsp; a Tangle Teezer hajkefék változata, ergonómikus nyeles, és tenyérbe fogható változatban készülnek. A fésülő rész, 3 különböző magasságú rugalmas hajkefe tüske sorok többszörös ismétlődésével készül, hogy használata a lehető legkíméletesebb hajbontást tegye lehetővé.</P>
<P style=\"TEXT-ALIGN: justify\" data-mce-style=\"text-align: justify;\">LIM - HAIR TANGLIM&nbsp;és Tangle Teezer hajkefe ideális minden típusú haj kibontására, egyenesre fésülésére. Úgy tervezték hogy az egész hajkefe ( a hajkefe nyél és&nbsp;test, a&nbsp;tüskék) &nbsp;rugalmas legyen, és a 3 különböző magasságú, rugalmas hajkefe tüske sorokból álló kefe rész alkalmazkodjon minden hajhoz. Ezek a hajkefe tüskék finoman, tépés nélkül bontanak ki, minden típusú haj csomót, legyen az bármilyen kesze - kusza is, és varázsolják egyenesre a hajtincseket. A hajkefe test rugalmas hajlásával a nyomás először csökken a hajra, majd kiegyenlítődik,&nbsp;így megakadályozza a haj rángatását, a haj megtörését, a haj kitépését, de ugyanabban az időben rendkívül hatékonyan kibont, és kiegyenesít mindenféle hajcsomót.</P>
<P style=\"TEXT-ALIGN: justify\" data-mce-style=\"text-align: justify;\">A TANGLIM hajkefével egy nagyon sima, feltöltődés mentes hajat készíthetünk, mivel Antisztatikus. A hajkefék&nbsp;&nbsp;sokoldalúsága ideálissá teszi használatukat a vékony, közepes és durva, &nbsp;a göndör vagy egyenes, a rövid vagy közepes, a hosszú, és nagyon dús hajak ápolásához.</P>
<P style=\"TEXT-ALIGN: justify\" data-mce-style=\"text-align: justify;\">A TANGLIM hajkefét még a zuhany alatt is használhatjuk, pl. a keratinos hajápolási termékek felvitelére, a hajba fésülésére.</P>
<P style=\"TEXT-ALIGN: justify\" data-mce-style=\"text-align: justify; line-height: normal;\"><B><U>A TANGLIM&nbsp; hajkefe adatai, használata:</U></B></P>
<P style=\"TEXT-ALIGN: justify\" data-mce-style=\"text-align: justify; line-height: normal;\">A LIM - HAIR TANGLIM Tangle Teezer hajkefe hossza: kb. 220mm</P>
<P style=\"TEXT-ALIGN: justify\" data-mce-style=\"text-align: justify; line-height: normal;\">A LIM - HAIR TANGLIM&nbsp;Tangle Teezer hajkefe fejszélessége: kb. 75mm</P>
<P style=\"TEXT-ALIGN: justify\" data-mce-style=\"text-align: justify; line-height: normal;\">A Hajkefe szőr anyaga: rugalmas antisztatikus műanyag bontó tüske</P>
<P style=\"TEXT-ALIGN: justify\" data-mce-style=\"text-align: justify; line-height: normal;\"><BR>A hajkefét a hajszárító csőrénél kiáramló nagyon magas hőtől óvni kell! 25cm-nél közelebb ne közelítse a hajkeféhez a hajszárítót!</P>
<P style=\"TEXT-ALIGN: justify\" data-mce-style=\"text-align: justify; line-height: normal;\">Hajkefe márka: HAIR &ndash;LIM TANGLIM</P>
<P style=\"TEXT-ALIGN: justify\">Hajkefe származási helye: Spanyolország</P>
<P></P>', `item_id`='2827-lim-tanglim-free-st-flowers', `default_pic`='6902', `active`='1', `category_id`='104', `root_category_id`='0', `seo_name`='detangler-szuper-hajbonto-kefe-tanglim-exclusive-free-flowers', `fullurl`='fodraszkellek/detangler-szuper-hajbonto-kefe-tanglim-exclusive-free-flowers', `other_categories`='104,115,117,120' WHERE id=4080

[2021-01-25 19:07:02] UPDATE webshop_gallery SET original_name='Hajkisimító és szuper hajbontó kefe TANGLIM-Flowers', date=1611598022 WHERE id=12875

[2021-01-25 19:07:02] UPDATE webshop_special_fields SET `value`='LIM HAIR hajformázók' WHERE `key`='manufacturer' AND `product_id`=4510

[2021-01-25 19:07:02] UPDATE webshop_special_fields SET `value`='db' WHERE `key`='quantityunit' AND `product_id`=4510

[2021-01-25 19:07:02] UPDATE webshop_special_fields SET `value`='1' WHERE `key`='kiszereles' AND `product_id`=4510

[2021-01-25 19:07:02] UPDATE webshop_products SET `name_hun`='Hajkisimító és szuper hajbontó kefe TANGLIM-Flowers',`content_short`='Tangle Teezer hajkefe. - Rugalmas felépítésű, Luxus kivitelezésű, szuper hajkibontó kefe. A LIM - HAIR TANGLIM,...',`content`='<P style=\"TEXT-ALIGN: justify\">Tangle Teezer hajkefe. - Rugalmas felépítésű, Luxus kivitelezésű, szuper hajkibontó kefe. A LIM - HAIR TANGLIM, a Tangle Teezer hajkefék luxus kidolgozású változata, ergonómikus nyeles, és tenyérbe fogható csepp alakú változatban készülnek. A fésülő rész, 3 különböző magasságú rugalmas hajkefe tüske sorok többszörös ismétlődésével készül, hogy használata a lehető legkíméletesebb hajbontást tegye lehetővé.</P>
<P style=\"MARGIN: 0cm 0cm 10pt\"><FONT face=Calibri>Egyedi megjelenésű, Luxus kidolgozású és minőségű hajkefék, hajkímélő erős és&nbsp;strapabíró fésülő, bontó tüskékkel.</FONT></P>
<P style=\"MARGIN: 0cm 0cm 10pt\"><FONT face=Calibri>- Forradalmian új sörtéinek köszönhetően, fájdalom nélkül kibontja a csomókat. Nem roncsolja a hajvégeket.</FONT></P>
<P style=\"MARGIN: 0cm 0cm 10pt\"><FONT face=Calibri>- Még a vizes hajat is kíméletesen és gyorsan kifésüli.</FONT></P>
<P style=\"MARGIN: 0cm 0cm 10pt\"><FONT face=Calibri>- Megvédi a hajat a mechanikai sérülésektől, csökkenti a töredezettséget</FONT></P>
<P style=\"MARGIN: 0cm 0cm 10pt\"><FONT face=Calibri>- Bármilyen hajtípushoz használható. (egyenes, göndör, száraz, vizes)</FONT></P>
<P style=\"MARGIN: 0cm 0cm 10pt\"><FONT face=Calibri>- Speciálisan ívelt elrendezésének köszönhetően a hajtövektől a végekig egyenletesen hat.</FONT></P>
<P style=\"MARGIN: 0cm 0cm 10pt\"><FONT face=Calibri>- Formatervezett külső, jól illeszkedik a tenyérbe, kényelmes használat.</FONT></P>
<P style=\"MARGIN: 0cm 0cm 10pt\"><FONT face=Calibri>- Ilyen gyors még sosem volt a fésülködés</FONT></P>
<P style=\"TEXT-ALIGN: justify\">
<P style=\"TEXT-ALIGN: justify\">LIM - HAIR TANGLIM és Tangle Teezer hajkefe ideális minden típusú haj kibontására, egyenesre fésülésére. Úgy tervezték, hogy az egész hajkefe ( a hajkefe nyél és test, a tüskék) rugalmas legyen, és a 3 különböző magasságú, rugalmas hajkefe tüske sorokból álló kefe rész alkalmazkodjon minden hajhoz. Ezek a hajkefe tüskék finoman, tépés nélkül bontanak ki, minden típusú haj csomót, legyen az bármilyen kesze - kusza is, és varázsolják egyenesre a hajtincseket. A hajkefe test rugalmas hajlásával a nyomás először csökken a hajra, majd kiegyenlítődik, így megakadályozza a haj rángatását, a haj megtörését, a haj kitépését, de ugyanabban az időben rendkívül hatékonyan kibont, és kiegyenesít mindenféle hajcsomót.</P>
<P style=\"TEXT-ALIGN: justify\" data-mce-style=\"text-align: justify;\">Rugalmas felépítésű, Luxus kivitelezésű hajkefe. A LIM - HAIR TANGLIM&nbsp; a Tangle Teezer hajkefék változata, ergonómikus nyeles, és tenyérbe fogható változatban készülnek. A fésülő rész, 3 különböző magasságú rugalmas hajkefe tüske sorok többszörös ismétlődésével készül, hogy használata a lehető legkíméletesebb hajbontást tegye lehetővé.</P>
<P style=\"TEXT-ALIGN: justify\" data-mce-style=\"text-align: justify;\">LIM - HAIR TANGLIM&nbsp;és Tangle Teezer hajkefe ideális minden típusú haj kibontására, egyenesre fésülésére. Úgy tervezték hogy az egész hajkefe ( a hajkefe nyél és&nbsp;test, a&nbsp;tüskék) &nbsp;rugalmas legyen, és a 3 különböző magasságú, rugalmas hajkefe tüske sorokból álló kefe rész alkalmazkodjon minden hajhoz. Ezek a hajkefe tüskék finoman, tépés nélkül bontanak ki, minden típusú haj csomót, legyen az bármilyen kesze - kusza is, és varázsolják egyenesre a hajtincseket. A hajkefe test rugalmas hajlásával a nyomás először csökken a hajra, majd kiegyenlítődik,&nbsp;így megakadályozza a haj rángatását, a haj megtörését, a haj kitépését, de ugyanabban az időben rendkívül hatékonyan kibont, és kiegyenesít mindenféle hajcsomót.</P>
<P style=\"TEXT-ALIGN: justify\" data-mce-style=\"text-align: justify;\">A TANGLIM hajkefével egy nagyon sima, feltöltődés mentes hajat készíthetünk, mivel Antisztatikus. A hajkefék&nbsp;&nbsp;sokoldalúsága ideálissá teszi használatukat a vékony, közepes és durva, &nbsp;a göndör vagy egyenes, a rövid vagy közepes, a hosszú, és nagyon dús hajak ápolásához.</P>
<P style=\"TEXT-ALIGN: justify\" data-mce-style=\"text-align: justify;\">A TANGLIM hajkefét még a zuhany alatt is használhatjuk, pl. a keratinos hajápolási termékek felvitelére, a hajba fésülésére.</P>
<P style=\"TEXT-ALIGN: justify\" data-mce-style=\"text-align: justify; line-height: normal;\"><B><U>A TANGLIM&nbsp; hajkefe adatai, használata:</U></B></P>
<P style=\"TEXT-ALIGN: justify\" data-mce-style=\"text-align: justify; line-height: normal;\">A LIM - HAIR TANGLIM Tangle Teezer Econ hajkefe hossza: kb. 180mm</P>
<P style=\"TEXT-ALIGN: justify\" data-mce-style=\"text-align: justify; line-height: normal;\">A LIM - HAIR TANGLIM&nbsp;Tangle Teezer hajkefe fejszélessége változó: kb. 30-80mm</P>
<P style=\"TEXT-ALIGN: justify\" data-mce-style=\"text-align: justify; line-height: normal;\">A Hajkefe szőr anyaga: rugalmas antisztatikus műanyag bontó tüske</P>
<P style=\"TEXT-ALIGN: justify\" data-mce-style=\"text-align: justify; line-height: normal;\"><BR>A hajkefét a hajszárító csőrénél kiáramló nagyon magas hőtől óvni kell! 25cm-nél közelebb ne közelítse a hajkeféhez a hajszárítót!</P>
<P style=\"TEXT-ALIGN: justify\" data-mce-style=\"text-align: justify; line-height: normal;\">Hajkefe márka: HAIR &ndash;LIM TANGLIM</P>
<P style=\"TEXT-ALIGN: justify\">Hajkefe származási helye: Spanyolország</P>', `item_id`='2827-lim-tanglim-dt-flowers-hátlappal', `default_pic`='12875', `active`='1', `category_id`='104', `root_category_id`='0', `seo_name`='hajkisimito-es-szuper-hajbonto-kefe-tanglim-flowers', `fullurl`='fodraszkellek/hajkisimito-es-szuper-hajbonto-kefe-tanglim-flowers', `other_categories`='104,115,117,120,222,250,315' WHERE id=4510

[2021-01-25 19:07:03] UPDATE webshop_gallery SET original_name='Legjobb hajvasaló hőfokú LIM PC28pink', date=1611598023 WHERE id=7156

[2021-01-25 19:07:03] UPDATE webshop_special_fields SET `value`='LIM HAIR hajformázók' WHERE `key`='manufacturer' AND `product_id`=4161

[2021-01-25 19:07:03] UPDATE webshop_special_fields SET `value`='db' WHERE `key`='quantityunit' AND `product_id`=4161

[2021-01-25 19:07:03] UPDATE webshop_special_fields SET `value`='1' WHERE `key`='kiszereles' AND `product_id`=4161

[2021-01-25 19:07:03] UPDATE webshop_products SET `name_hun`='Legjobb hajvasaló hőfokú LIM PC28pink',`content_short`='Hajvasaló szett, hő védő utazó táskával.&nbsp;A különleges, extrém kidolgozású, és megjelenésű...',`content`='<P style=\"TEXT-ALIGN: justify; MARGIN: 0cm 0cm 10pt; LINE-HEIGHT: normal; mso-margin-top-alt: auto; mso-margin-bottom-alt: auto\"><FONT face=Calibri>Hajvasaló szett, hő védő utazó táskával.&nbsp;A különleges, extrém kidolgozású, és megjelenésű professzionális hajvasalót a LIM HAIR professzionális hajformázó gép márkák gyártója készíti. A szetthez egy hő védelemmel ellátott hajvasaló tartó táska is tartozik, amelybe akár forrón is beletehetjük a hajvasalót.</FONT></P>
<P style=\"TEXT-ALIGN: justify; MARGIN: 0cm 0cm 10pt; LINE-HEIGHT: normal; mso-margin-top-alt: auto; mso-margin-bottom-alt: auto\"><FONT face=Calibri>A LIM-HAIR-pc28-b egy Professzionális, fodrászoknak készült hajvasaló. A Nano Silber Titanium kerámia lapon nagyon könnyen, siklik a haj! A Nano Silber Titanium technikának köszönhetően,&nbsp; a hajvasaló fertőtlenítő hatású kerámia bevonattal rendelkezik.&nbsp; A Nano - Ezüst technológia célirányosan viszi fel az ezüstrészecskéket a kerámialapra, ez lehetővé teszi, hogy az első kontaktustól a haj antibakteriális, és mélyrehatóan tiszta legyen. A finom ezüst csökkenti súrlódást és garantálja a tökéletes hajformázást.</FONT></P>
<P style=\"TEXT-ALIGN: justify; MARGIN: 0cm 0cm 10pt; LINE-HEIGHT: normal; mso-margin-top-alt: auto; mso-margin-bottom-alt: auto\"><FONT face=Calibri>80°C-tól 230°C ig, állítható hőfokú, így minden típusú, még a nagyon erős hajak hajvasalásához is a legjobb hajvasaló hőmérsékletet biztosítja!</FONT></P>
<P style=\"TEXT-ALIGN: justify; MARGIN: 0cm 0cm 10pt; LINE-HEIGHT: normal; mso-margin-top-alt: auto; mso-margin-bottom-alt: auto\"><FONT face=Calibri>A professzionális hajvasalóval, hajsimítóval a teljes hajegyenesítésig, az extra síkos hajvasaló felület kialakítása miatt, 1-2 alkalommal kell végig simítani a hajat, a tökéletesen egyenes haj eléréséhez, ezért a hajat kevés igénybevétel éri, nem károsodik, és gyorsan végzünk a hajegyenesítéssel. </FONT></P>
<P style=\"TEXT-ALIGN: justify; MARGIN: 0cm 0cm 10pt; LINE-HEIGHT: normal; mso-margin-top-alt: auto; mso-margin-bottom-alt: auto\"><FONT face=Calibri>Ionos ápolás az egészséges és fényes hajért: A hajvasaló lapok bevonatán keletkező negatív ionok,&nbsp; semlegesítik a haj pozitív feltöltődését, és lehetővé teszik, hogy a haj nedvességének egy részét a haj belsejébe juttassuk. A haj hidratált, fényes, egészséges marad a hajszárítás után!</FONT></P>
<P style=\"TEXT-ALIGN: justify; MARGIN: 0cm 0cm 10pt; LINE-HEIGHT: normal; mso-margin-top-alt: auto; mso-margin-bottom-alt: auto\"><FONT face=Calibri>Hajvasalásnál, hajgöndörítésnél, mindig használjunk hő védő folyadékot, krémet! </FONT></P>
<P style=\"TEXT-ALIGN: justify; MARGIN: 0cm 0cm 10pt; LINE-HEIGHT: normal; mso-margin-top-alt: auto; mso-margin-bottom-alt: auto\"><FONT face=Calibri><U>Hajvasaló LIM-HAIR-pc28-b -- tartozékok, műszaki adatok,</U></FONT></P>
<UL type=disc>
<LI style=\"TEXT-ALIGN: justify; MARGIN: 0cm 0cm 10pt; LINE-HEIGHT: normal; mso-margin-top-alt: auto; mso-margin-bottom-alt: auto; mso-list: l0 level1 lfo1; tab-stops: list 36.0pt\"><FONT face=Calibri>A hajvasalás rendkívüli használati gyorsasága a hajvasaló lapoknak köszönhető, melyek antibakteriális fertőtlenítő hatása hajvasaláskor elpusztítja a baktériumokat is. </FONT>
<LI style=\"TEXT-ALIGN: justify; MARGIN: 0cm 0cm 10pt; LINE-HEIGHT: normal; mso-margin-top-alt: auto; mso-margin-bottom-alt: auto; mso-list: l0 level1 lfo1; tab-stops: list 36.0pt\"><FONT face=Calibri>A LIM hajvasaló rugalmasan összezáró hajsimító lapokkal készül, amelyek fixen is összezárhatók, ez a fixálható hajvasaló lap zár. </FONT>
<LI style=\"TEXT-ALIGN: justify; MARGIN: 0cm 0cm 10pt; LINE-HEIGHT: normal; mso-margin-top-alt: auto; mso-margin-bottom-alt: auto; mso-list: l0 level1 lfo1; tab-stops: list 36.0pt\"><FONT face=Calibri>Hajvasaláskor a pehelykönnyű és ergonomikus géptest kialakítás nem veszi igénybe a kéz izmait. </FONT>
<LI style=\"TEXT-ALIGN: justify; MARGIN: 0cm 0cm 10pt; LINE-HEIGHT: normal; mso-margin-top-alt: auto; mso-margin-bottom-alt: auto; mso-list: l0 level1 lfo1; tab-stops: list 36.0pt\"><FONT face=Calibri>A fűtőlap extra gyors felmelegedési idővel rendelkezik,&nbsp; és felel a tökéletes hő elosztásért . A hajvasaló lap szélessége kb. 22mm, hosszúsága kb. 90mm, a hajvasaló gép teljes hossza kb. 300mm. </FONT>
<LI style=\"TEXT-ALIGN: justify; MARGIN: 0cm 0cm 10pt; LINE-HEIGHT: normal; mso-margin-top-alt: auto; mso-margin-bottom-alt: auto; mso-list: l0 level1 lfo1; tab-stops: list 36.0pt\"><FONT face=Calibri>További paraméterek,&nbsp; -- potméteres hőfok szabályozás, hőfok kijelzése leddel, intelligens digitális fűtőlap hőmérsékletszabályzás a jobb formázási eredményért , hajvasalás hőfoka: 80°C-tól 230°C ig, állítható hőfokú, &nbsp;3 m-es, forgó kuplungos kábellel rendelkezik, a hajvasaló teljesítmény felvétele 220-240V&nbsp; 50/60Hz&nbsp;&nbsp; 40Watt, automatikus kikapcsolás 40 perc után. </FONT>
<LI style=\"TEXT-ALIGN: justify; MARGIN: 0cm 0cm 10pt; LINE-HEIGHT: normal; mso-margin-top-alt: auto; mso-margin-bottom-alt: auto; mso-list: l0 level1 lfo1; tab-stops: list 36.0pt\"><FONT face=Calibri>A hajvasalóval elérhető az ion-effekt hatás, mely simább hajstruktúrát, egészséges fényt és jobb formázhatóságot kölcsönöz a hajnak.</FONT> </LI></UL>', `item_id`='2830-lim-pc28-pink-NEIDE', `default_pic`='7156', `active`='1', `category_id`='99', `root_category_id`='92', `seo_name`='legjobb-hajvasalo-hofoku-lim-pc28pink', `fullurl`='hajformazo-gepek/hajvasalo/legjobb-hajvasalo-hofoku-lim-pc28pink', `other_categories`='99' WHERE id=4161

[2021-01-25 19:07:03] UPDATE webshop_gallery SET original_name='Legjobb hajvasaló hőfokú LIM PC28purple', date=1611598023 WHERE id=7157

[2021-01-25 19:07:03] UPDATE webshop_special_fields SET `value`='LIM HAIR hajformázók' WHERE `key`='manufacturer' AND `product_id`=4162

[2021-01-25 19:07:03] UPDATE webshop_special_fields SET `value`='db' WHERE `key`='quantityunit' AND `product_id`=4162

[2021-01-25 19:07:03] UPDATE webshop_special_fields SET `value`='1' WHERE `key`='kiszereles' AND `product_id`=4162

[2021-01-25 19:07:03] UPDATE webshop_products SET `name_hun`='Legjobb hajvasaló hőfokú LIM PC28purple',`content_short`='Hajvasaló szett, hő védő utazó táskával.&nbsp;A különleges, extrém kidolgozású, és megjelenésű...',`content`='<P style=\"TEXT-ALIGN: justify; MARGIN: 0cm 0cm 10pt; LINE-HEIGHT: normal; mso-margin-top-alt: auto; mso-margin-bottom-alt: auto\"><FONT face=Calibri>Hajvasaló szett, hő védő utazó táskával.&nbsp;A különleges, extrém kidolgozású, és megjelenésű professzionális hajvasalót a LIM HAIR professzionális hajformázó gép márkák gyártója készíti. A szetthez egy hő védelemmel ellátott hajvasaló tartó táska is tartozik, amelybe akár forrón is beletehetjük a hajvasalót.</FONT></P>
<P style=\"TEXT-ALIGN: justify; MARGIN: 0cm 0cm 10pt; LINE-HEIGHT: normal; mso-margin-top-alt: auto; mso-margin-bottom-alt: auto\"><FONT face=Calibri>A LIM-HAIR-pc28-b egy Professzionális, fodrászoknak készült hajvasaló. A Nano Silber Titanium kerámia lapon nagyon könnyen, siklik a haj! A Nano Silber Titanium technikának köszönhetően,&nbsp; a hajvasaló fertőtlenítő hatású kerámia bevonattal rendelkezik.&nbsp; A Nano - Ezüst technológia célirányosan viszi fel az ezüstrészecskéket a kerámialapra, ez lehetővé teszi, hogy az első kontaktustól a haj antibakteriális, és mélyrehatóan tiszta legyen. A finom ezüst csökkenti súrlódást és garantálja a tökéletes hajformázást.</FONT></P>
<P style=\"TEXT-ALIGN: justify; MARGIN: 0cm 0cm 10pt; LINE-HEIGHT: normal; mso-margin-top-alt: auto; mso-margin-bottom-alt: auto\"><FONT face=Calibri>80°C-tól 230°C ig, állítható hőfokú, így minden típusú, még a nagyon erős hajak hajvasalásához is a legjobb hajvasaló hőmérsékletet biztosítja!</FONT></P>
<P style=\"TEXT-ALIGN: justify; MARGIN: 0cm 0cm 10pt; LINE-HEIGHT: normal; mso-margin-top-alt: auto; mso-margin-bottom-alt: auto\"><FONT face=Calibri>A professzionális hajvasalóval, hajsimítóval a teljes hajegyenesítésig, az extra síkos hajvasaló felület kialakítása miatt, 1-2 alkalommal kell végig simítani a hajat, a tökéletesen egyenes haj eléréséhez, ezért a hajat kevés igénybevétel éri, nem károsodik, és gyorsan végzünk a hajegyenesítéssel. </FONT></P>
<P style=\"TEXT-ALIGN: justify; MARGIN: 0cm 0cm 10pt; LINE-HEIGHT: normal; mso-margin-top-alt: auto; mso-margin-bottom-alt: auto\"><FONT face=Calibri>Ionos ápolás az egészséges és fényes hajért: A hajvasaló lapok bevonatán keletkező negatív ionok,&nbsp; semlegesítik a haj pozitív feltöltődését, és lehetővé teszik, hogy a haj nedvességének egy részét a haj belsejébe juttassuk. A haj hidratált, fényes, egészséges marad a hajszárítás után!</FONT></P>
<P style=\"TEXT-ALIGN: justify; MARGIN: 0cm 0cm 10pt; LINE-HEIGHT: normal; mso-margin-top-alt: auto; mso-margin-bottom-alt: auto\"><FONT face=Calibri>Hajvasalásnál, hajgöndörítésnél, mindig használjunk hő védő folyadékot, krémet! </FONT></P>
<P style=\"TEXT-ALIGN: justify; MARGIN: 0cm 0cm 10pt; LINE-HEIGHT: normal; mso-margin-top-alt: auto; mso-margin-bottom-alt: auto\"><FONT face=Calibri><U>Hajvasaló LIM-HAIR-pc28-b -- tartozékok, műszaki adatok,</U></FONT></P>
<UL type=disc>
<LI style=\"TEXT-ALIGN: justify; MARGIN: 0cm 0cm 10pt; LINE-HEIGHT: normal; mso-margin-top-alt: auto; mso-margin-bottom-alt: auto; mso-list: l0 level1 lfo1; tab-stops: list 36.0pt\"><FONT face=Calibri>A hajvasalás rendkívüli használati gyorsasága a hajvasaló lapoknak köszönhető, melyek antibakteriális fertőtlenítő hatása hajvasaláskor elpusztítja a baktériumokat is. </FONT>
<LI style=\"TEXT-ALIGN: justify; MARGIN: 0cm 0cm 10pt; LINE-HEIGHT: normal; mso-margin-top-alt: auto; mso-margin-bottom-alt: auto; mso-list: l0 level1 lfo1; tab-stops: list 36.0pt\"><FONT face=Calibri>A LIM hajvasaló rugalmasan összezáró hajsimító lapokkal készül, amelyek fixen is összezárhatók, ez a fixálható hajvasaló lap zár. </FONT>
<LI style=\"TEXT-ALIGN: justify; MARGIN: 0cm 0cm 10pt; LINE-HEIGHT: normal; mso-margin-top-alt: auto; mso-margin-bottom-alt: auto; mso-list: l0 level1 lfo1; tab-stops: list 36.0pt\"><FONT face=Calibri>Hajvasaláskor a pehelykönnyű és ergonomikus géptest kialakítás nem veszi igénybe a kéz izmait. </FONT>
<LI style=\"TEXT-ALIGN: justify; MARGIN: 0cm 0cm 10pt; LINE-HEIGHT: normal; mso-margin-top-alt: auto; mso-margin-bottom-alt: auto; mso-list: l0 level1 lfo1; tab-stops: list 36.0pt\"><FONT face=Calibri>A fűtőlap extra gyors felmelegedési idővel rendelkezik,&nbsp; és felel a tökéletes hő elosztásért . A hajvasaló lap szélessége kb. 22mm, hosszúsága kb. 90mm, a hajvasaló gép teljes hossza kb. 300mm. </FONT>
<LI style=\"TEXT-ALIGN: justify; MARGIN: 0cm 0cm 10pt; LINE-HEIGHT: normal; mso-margin-top-alt: auto; mso-margin-bottom-alt: auto; mso-list: l0 level1 lfo1; tab-stops: list 36.0pt\"><FONT face=Calibri>További paraméterek,&nbsp; -- potméteres hőfok szabályozás, hőfok kijelzése leddel, intelligens digitális fűtőlap hőmérsékletszabályzás a jobb formázási eredményért , hajvasalás hőfoka: 80°C-tól 230°C ig, állítható hőfokú, &nbsp;3 m-es, forgó kuplungos kábellel rendelkezik, a hajvasaló teljesítmény felvétele 220-240V&nbsp; 50/60Hz&nbsp;&nbsp; 40Watt, automatikus kikapcsolás 40 perc után. </FONT>
<LI style=\"TEXT-ALIGN: justify; MARGIN: 0cm 0cm 10pt; LINE-HEIGHT: normal; mso-margin-top-alt: auto; mso-margin-bottom-alt: auto; mso-list: l0 level1 lfo1; tab-stops: list 36.0pt\"><FONT face=Calibri>A hajvasalóval elérhető az ion-effekt hatás, mely simább hajstruktúrát, egészséges fényt és jobb formázhatóságot kölcsönöz a hajnak.</FONT> </LI></UL>', `item_id`='2830-lim-pc28-purple-NEIDE', `default_pic`='7157', `active`='1', `category_id`='99', `root_category_id`='92', `seo_name`='legjobb-hajvasalo-hofoku-lim-pc28purple', `fullurl`='hajformazo-gepek/hajvasalo/legjobb-hajvasalo-hofoku-lim-pc28purple', `other_categories`='99' WHERE id=4162

[2021-01-25 19:07:03] UPDATE webshop_gallery SET original_name='Hajkisimító és szuper hajbontó kefe TANGLIM-pink', date=1611598023 WHERE id=4097

[2021-01-25 19:07:03] UPDATE webshop_special_fields SET `value`='LIM HAIR hajformázók' WHERE `key`='manufacturer' AND `product_id`=3743

[2021-01-25 19:07:03] UPDATE webshop_special_fields SET `value`='db' WHERE `key`='quantityunit' AND `product_id`=3743

[2021-01-25 19:07:03] UPDATE webshop_special_fields SET `value`='1' WHERE `key`='kiszereles' AND `product_id`=3743

[2021-01-25 19:07:03] UPDATE webshop_products SET `name_hun`='Hajkisimító és szuper hajbontó kefe TANGLIM-pink',`content_short`='Hajkisimító és szuper hajbontó hajkefe. Tangle Teezer hajkefe fekete kefeszőr,&nbsp;pink színű&nbsp;hátlappal -...',`content`='<P style=\"TEXT-ALIGN: justify\">Hajkisimító és szuper hajbontó hajkefe. Tangle Teezer hajkefe fekete kefeszőr,&nbsp;pink színű&nbsp;hátlappal - Rugalmas felépítésű, Luxus kivitelezésű, szuper hajkibontó kefe. A LIM - HAIR TANGLIM, a Tangle Teezer hajkefék luxus kidolgozású változata, ergonómikus nyeles, és tenyérbe fogható csepp alakú változatban készülnek. A fésülő rész, 3 különböző magasságú rugalmas hajkefe tüske sorok többszörös ismétlődésével készül, hogy használata a lehető legkíméletesebb hajbontást tegye lehetővé.</P>
<P style=\"MARGIN: 0cm 0cm 10pt\"><FONT face=Calibri>Egyedi megjelenésű, Luxus kidolgozású és minőségű hajkefék, hajkímélő erős és&nbsp;strapabíró fésülő, bontó tüskékkel.</FONT></P>
<P style=\"MARGIN: 0cm 0cm 10pt\"><FONT face=Calibri></FONT>&nbsp;</P>
<P style=\"MARGIN: 0cm 0cm 10pt\"><FONT face=Calibri>- Forradalmian új sörtéinek köszönhetően, fájdalom nélkül kibontja a csomókat. Nem roncsolja a hajvégeket.</FONT></P>
<P style=\"MARGIN: 0cm 0cm 10pt\"><FONT face=Calibri>- Még a vizes hajat is kíméletesen és gyorsan kifésüli.</FONT></P>
<P style=\"MARGIN: 0cm 0cm 10pt\"><FONT face=Calibri>- Megvédi a hajat a mechanikai sérülésektől, csökkenti a töredezettséget</FONT></P>
<P style=\"MARGIN: 0cm 0cm 10pt\"><FONT face=Calibri>- Bármilyen hajtípushoz használható. (egyenes, göndör, száraz, vizes)</FONT></P>
<P style=\"MARGIN: 0cm 0cm 10pt\"><FONT face=Calibri>- Speciálisan ívelt elrendezésének köszönhetően a hajtövektől a végekig egyenletesen hat.</FONT></P>
<P style=\"MARGIN: 0cm 0cm 10pt\"><FONT face=Calibri>- Formatervezett külső, jól illeszkedik a tenyérbe, kényelmes használat.</FONT></P>
<P style=\"MARGIN: 0cm 0cm 10pt\"><FONT face=Calibri>- Ilyen gyors még sosem volt a fésülködés</FONT></P>
<P style=\"TEXT-ALIGN: justify\">
<P style=\"TEXT-ALIGN: justify\">LIM - HAIR TANGLIM és Tangle Teezer hajkefe ideális minden típusú haj kibontására, egyenesre fésülésére. Úgy tervezték, hogy az egész hajkefe ( a hajkefe nyél és test, a tüskék) rugalmas legyen, és a 3 különböző magasságú, rugalmas hajkefe tüske sorokból álló kefe rész alkalmazkodjon minden hajhoz. Ezek a hajkefe tüskék finoman, tépés nélkül bontanak ki, minden típusú haj csomót, legyen az bármilyen kesze - kusza is, és varázsolják egyenesre a hajtincseket. A hajkefe test rugalmas hajlásával a nyomás először csökken a hajra, majd kiegyenlítődik, így megakadályozza a haj rángatását, a haj megtörését, a haj kitépését, de ugyanabban az időben rendkívül hatékonyan kibont, és kiegyenesít mindenféle hajcsomót.</P>
<P style=\"TEXT-ALIGN: justify\" data-mce-style=\"text-align: justify;\">Rugalmas felépítésű, Luxus kivitelezésű hajkefe. A LIM - HAIR TANGLIM&nbsp; a Tangle Teezer hajkefék változata, ergonómikus nyeles, és tenyérbe fogható változatban készülnek. A fésülő rész, 3 különböző magasságú rugalmas hajkefe tüske sorok többszörös ismétlődésével készül, hogy használata a lehető legkíméletesebb hajbontást tegye lehetővé.</P>
<P style=\"TEXT-ALIGN: justify\" data-mce-style=\"text-align: justify;\">LIM - HAIR TANGLIM&nbsp;és Tangle Teezer hajkefe ideális minden típusú haj kibontására, egyenesre fésülésére. Úgy tervezték hogy az egész hajkefe ( a hajkefe nyél és&nbsp;test, a&nbsp;tüskék) &nbsp;rugalmas legyen, és a 3 különböző magasságú, rugalmas hajkefe tüske sorokból álló kefe rész alkalmazkodjon minden hajhoz. Ezek a hajkefe tüskék finoman, tépés nélkül bontanak ki, minden típusú haj csomót, legyen az bármilyen kesze - kusza is, és varázsolják egyenesre a hajtincseket. A hajkefe test rugalmas hajlásával a nyomás először csökken a hajra, majd kiegyenlítődik,&nbsp;így megakadályozza a haj rángatását, a haj megtörését, a haj kitépését, de ugyanabban az időben rendkívül hatékonyan kibont, és kiegyenesít mindenféle hajcsomót.</P>
<P style=\"TEXT-ALIGN: justify\" data-mce-style=\"text-align: justify;\">A TANGLIM hajkefével egy nagyon sima, feltöltődés mentes hajat készíthetünk, mivel Antisztatikus. A hajkefék&nbsp;&nbsp;sokoldalúsága ideálissá teszi használatukat a vékony, közepes és durva, &nbsp;a göndör vagy egyenes, a rövid vagy közepes, a hosszú, és nagyon dús hajak ápolásához.</P>
<P style=\"TEXT-ALIGN: justify\" data-mce-style=\"text-align: justify;\">A TANGLIM hajkefét még a zuhany alatt is használhatjuk, pl. a keratinos hajápolási termékek felvitelére, a hajba fésülésére.</P>
<P style=\"TEXT-ALIGN: justify\" data-mce-style=\"text-align: justify; line-height: normal;\"><B><U>A TANGLIM&nbsp; hajkefe adatai, használata:</U></B></P>
<P style=\"TEXT-ALIGN: justify\" data-mce-style=\"text-align: justify; line-height: normal;\">A LIM - HAIR TANGLIM Tangle Teezer Econ hajkefe hossza: kb. 180mm</P>
<P style=\"TEXT-ALIGN: justify\" data-mce-style=\"text-align: justify; line-height: normal;\">A LIM - HAIR TANGLIM&nbsp;Tangle Teezer hajkefe fejszélessége változó: kb. 30-80mm</P>
<P style=\"TEXT-ALIGN: justify\" data-mce-style=\"text-align: justify; line-height: normal;\">A Hajkefe szőr anyaga: rugalmas antisztatikus műanyag bontó tüske</P>
<P style=\"TEXT-ALIGN: justify\" data-mce-style=\"text-align: justify; line-height: normal;\"><BR>A hajkefét a hajszárító csőrénél kiáramló nagyon magas hőtől óvni kell! 25cm-nél közelebb ne közelítse a hajkeféhez a hajszárítót!</P>
<P style=\"TEXT-ALIGN: justify\" data-mce-style=\"text-align: justify; line-height: normal;\">Hajkefe márka: HAIR &ndash;LIM TANGLIM</P>
<P style=\"TEXT-ALIGN: justify\">Hajkefe származási helye: Spanyolország</P>', `item_id`='2827-lim-tanglim-dt-pink-hátlappal', `default_pic`='4097', `active`='1', `category_id`='104', `root_category_id`='0', `seo_name`='hajkisimito-es-szuper-hajbonto-kefe-tanglim-pink', `fullurl`='fodraszkellek/hajkisimito-es-szuper-hajbonto-kefe-tanglim-pink', `other_categories`='104,115,117,120' WHERE id=3743

[2021-01-25 19:07:03] UPDATE webshop_gallery SET original_name='LIM HAIR Mini TR1', date=1611598023 WHERE id=15418

[2021-01-25 19:07:03] UPDATE webshop_special_fields SET `value`='LIM HAIR hajformázók' WHERE `key`='manufacturer' AND `product_id`=5101

[2021-01-25 19:07:03] UPDATE webshop_special_fields SET `value`='db' WHERE `key`='quantityunit' AND `product_id`=5101

[2021-01-25 19:07:03] UPDATE webshop_special_fields SET `value`='1' WHERE `key`='kiszereles' AND `product_id`=5101

[2021-01-25 19:07:04] UPDATE webshop_products SET `name_hun`='Utazó hajszárító LIM HAIR Mini TR1',`content_short`='Mini hajszárító hajkímélő hajszárításhoz. Diffúzoros, és a&nbsp;szűkítő fúvócső is...',`content`='<P style=\"TEXT-ALIGN: justify; MARGIN: 0cm 0cm 10pt; LINE-HEIGHT: normal; mso-margin-top-alt: auto; mso-margin-bottom-alt: auto\">Mini hajszárító hajkímélő hajszárításhoz. Diffúzoros, és a&nbsp;szűkítő fúvócső is tartozék.&nbsp;13cm hosszú,&nbsp;pehely súlyú, de&nbsp;óriási lég teljesítményt szállít, a&nbsp;LIM design mintás &nbsp;travel hajszárító gépe. Ennek köszönhetően alacsony hőfokon is&nbsp;rendkívül gyorsan képes megszárítani az egész család&nbsp;haját egy kiránduláson, anélkül, hogy károsítaná a hajat. &nbsp;Egy női kézi táskában is könnyen elfér, használata, utazáshoz, &hellip;.. ajánlott. A LIM hajszárítókat Spanyolország Barcelonai gyárában készítik.</P>
<P style=\"TEXT-ALIGN: justify; MARGIN: 0cm 0cm 10pt; LINE-HEIGHT: normal; mso-margin-top-alt: auto; mso-margin-bottom-alt: auto\">A diffúzor használata ideális a göndör haj készítéséhez, szárításához.</P>
<P style=\"MARGIN: 0cm 0cm 10pt; LINE-HEIGHT: normal; mso-margin-top-alt: auto; mso-margin-bottom-alt: auto\"><B>LIM-HAIR-TR1 travel mini hajszárító gép műszaki adatok, tartozékok.</B></P>
<UL type=disc>
<LI style=\"MARGIN: 0cm 0cm 10pt; LINE-HEIGHT: normal; mso-margin-top-alt: auto; mso-margin-bottom-alt: auto; mso-list: l0 level1 lfo1; tab-stops: list 36.0pt\">A mini hajszárító modern, extravagáns &nbsp;színes borítással rendelkezik. 
<LI style=\"MARGIN: 0cm 0cm 10pt; LINE-HEIGHT: normal; mso-margin-top-alt: auto; mso-margin-bottom-alt: auto; mso-list: l0 level1 lfo1; tab-stops: list 36.0pt\">Mini&nbsp;kiképzésű, a hajszárító gép test hossza kb.130mm. 
<LI style=\"MARGIN: 0cm 0cm 10pt; LINE-HEIGHT: normal; mso-margin-top-alt: auto; mso-margin-bottom-alt: auto; mso-list: l0 level1 lfo1; tab-stops: list 36.0pt\">Hajszárításkor 2 meleg hő fokozatot kapcsolhatunk, és minden fokozatnál használhatjuk a hűtő gombot, amellyel a hideg levegőt állíthatunk elő, ha szükséges. 
<LI style=\"MARGIN: 0cm 0cm 10pt; LINE-HEIGHT: normal; mso-margin-top-alt: auto; mso-margin-bottom-alt: auto; mso-list: l0 level1 lfo1; tab-stops: list 36.0pt\">A hajszárítónál a levehető szűkítő, és diffúzor tartozékok. 
<LI style=\"MARGIN: 0cm 0cm 10pt; LINE-HEIGHT: normal; mso-margin-top-alt: auto; mso-margin-bottom-alt: auto; mso-list: l0 level1 lfo1; tab-stops: list 36.0pt\">A hajszárításhoz szükséges&nbsp; villamos&nbsp; teljesítmény, 220-240V&nbsp; 50/60Hz&nbsp;&nbsp; 1000Watt. 
<LI style=\"MARGIN: 0cm 0cm 10pt; LINE-HEIGHT: normal; mso-margin-top-alt: auto; mso-margin-bottom-alt: auto; mso-list: l0 level1 lfo1; tab-stops: list 36.0pt\">A hajszárítóval kb. 3 m &ndash;re távolodhatunk el a konnektortól. 
<LI style=\"MARGIN: 0cm 0cm 10pt; LINE-HEIGHT: normal; mso-margin-top-alt: auto; mso-margin-bottom-alt: auto; mso-list: l0 level1 lfo1; tab-stops: list 36.0pt\">A <B>LIM-HAIR-TR1 travel mini </B>hajszárítók felakasztható füllel is rendelkeznek. 
<LI style=\"MARGIN: 0cm 0cm 10pt; LINE-HEIGHT: normal; mso-margin-top-alt: auto; mso-margin-bottom-alt: auto; mso-list: l0 level1 lfo1; tab-stops: list 36.0pt\">A hajszárító gép test súlya kb. 185gr, kábellel együtt 330gr.&nbsp; 
<LI style=\"MARGIN: 0cm 0cm 10pt; LINE-HEIGHT: normal; mso-margin-top-alt: auto; mso-margin-bottom-alt: auto; mso-list: l0 level1 lfo1; tab-stops: list 36.0pt\"><B>LIM-HAIR-TR1 travel mini </B>hajszárító származási hely, EU.</LI></UL>', `item_id`='2829-lim-wm2.0-trencadis-2', `default_pic`='15418', `active`='1', `category_id`='378', `root_category_id`='92', `seo_name`='utazo-hajszarito-lim-hair-mini-tr1', `fullurl`='hajformazo-gepek/hajszarito/mini-hajszarito/utazo-hajszarito-lim-hair-mini-tr1', `other_categories`='378' WHERE id=5101

[2021-01-25 19:07:04] UPDATE webshop_gallery SET original_name='Hajkisimító és szuper hajbontó kefe Tanglim econ-türkiz zöld', date=1611598024 WHERE id=5006

[2021-01-25 19:07:04] UPDATE webshop_special_fields SET `value`='LIM HAIR hajformázók' WHERE `key`='manufacturer' AND `product_id`=3879

[2021-01-25 19:07:04] UPDATE webshop_special_fields SET `value`='db' WHERE `key`='quantityunit' AND `product_id`=3879

[2021-01-25 19:07:04] UPDATE webshop_special_fields SET `value`='1' WHERE `key`='kiszereles' AND `product_id`=3879

[2021-01-25 19:07:04] UPDATE webshop_products SET `name_hun`='Hajkisimító és szuper hajbontó kefe Tanglim econ-türkiz zöld',`content_short`='Hajkefe, hajkisimító és szuper hajbontó,&nbsp;csepp alakú&nbsp;econ, hajkefe. A hajkefék színei és elnevezése...',`content`='<P style=\"TEXT-ALIGN: justify\">Hajkefe, hajkisimító és szuper hajbontó,&nbsp;csepp alakú&nbsp;econ, hajkefe. A hajkefék színei és elnevezése a képen láthatók. &nbsp;Minden hajkefének, Tangle Teezer kidolgozású, tüskéje van. --</P>
<P style=\"MARGIN: 0cm 0cm 10pt\"><FONT face=Calibri>Egyedi megjelenésű, Luxus kidolgozású és minőségű hajkefék, hajkímélő erős és&nbsp;strapabíró fésülő, bontó tüskékkel.</FONT></P>
<P style=\"TEXT-ALIGN: justify\">-- Rugalmas felépítésű, Luxus kivitelezésű, csepp alakú, szuper hajkibontó kefe. A LIM - HAIR TANGLIM, a Tangle Teezer hajkefék luxus kidolgozású változata, ergonómikus nyeles, és tenyérbe fogható csepp alakú változatban készülnek. A fésülő rész, 3 különböző magasságú rugalmas hajkefe tüske sorok többszörös ismétlődésével készül, hogy használata a lehető legkíméletesebb hajbontást tegye lehetővé.</P>
<P style=\"MARGIN: 0cm 0cm 10pt\">- Forradalmian új sörtéinek köszönhetően, fájdalom nélkül kibontja a csomókat. Nem roncsolja a hajvégeket.</P>
<P style=\"MARGIN: 0cm 0cm 10pt\">- Még a vizes hajat is kíméletesen és gyorsan kifésüli.</P>
<P style=\"MARGIN: 0cm 0cm 10pt\">- Megvédi a hajat a mechanikai sérülésektől, csökkenti a töredezettséget</P>
<P style=\"MARGIN: 0cm 0cm 10pt\">- Bármilyen hajtípushoz használható. (egyenes, göndör, száraz, vizes)</P>
<P style=\"MARGIN: 0cm 0cm 10pt\">- Speciálisan ívelt elrendezésének köszönhetően a hajtövektől a végekig egyenletesen hat.</P>
<P style=\"MARGIN: 0cm 0cm 10pt\">- Formatervezett külső, jól illeszkedik a tenyérbe, kényelmes használat.</P>
<P style=\"MARGIN: 0cm 0cm 10pt\">- Ilyen gyors még sosem volt a fésülködés</P>
<P style=\"TEXT-ALIGN: justify\">LIM - HAIR TANGLIM és Tangle Teezer hajkefe ideális minden típusú haj kibontására, egyenesre fésülésére. Úgy tervezték, hogy az egész hajkefe ( a hajkefe nyél és test, a tüskék) rugalmas legyen, és a 3 különböző ........................teljes leírás a pink hajkefénél!</P>', `item_id`='2827-lim-tanglim-econ-türkiz', `default_pic`='5006', `active`='1', `category_id`='104', `root_category_id`='0', `seo_name`='hajkisimito-es-szuper-hajbonto-kefe-tanglim-econ-turkiz-zold', `fullurl`='fodraszkellek/hajkisimito-es-szuper-hajbonto-kefe-tanglim-econ-turkiz-zold', `other_categories`='104,115,117,120' WHERE id=3879

[2021-01-25 19:07:04] UPDATE webshop_products SET sort=1 WHERE id=3326

[2021-01-25 19:07:10] UPDATE users SET lastlogin = NOW() WHERE id = '11'

[2021-01-25 19:07:13] UPDATE users SET lastlogin = NOW() WHERE id = '11'

[2021-01-25 19:07:13] UPDATE webshop_products SET `price1_name`='', `price1_currency`='', `price1_value`='0' WHERE id=4334

[2021-01-25 19:07:13] UPDATE webshop_products SET `price2_name`='Kereskedő -27,6%', `price2_currency`='HUF', `price2_value`='2141' WHERE id=4334

[2021-01-25 19:07:13] UPDATE webshop_products SET `price3_name`='Kereskedő -33,6%', `price3_currency`='HUF', `price3_value`='1963' WHERE id=4334

[2021-01-25 19:07:13] UPDATE webshop_products SET `price4_name`='Szakmai 1 ár -7%', `price4_currency`='HUF', `price4_value`='2751' WHERE id=4334

[2021-01-25 19:07:13] UPDATE webshop_products SET `price5_name`='Szakmai 2 ár -14%', `price5_currency`='HUF', `price5_value`='2544' WHERE id=4334

[2021-01-25 19:07:13] UPDATE webshop_products SET `price6_name`='Vásárló', `price6_currency`='HUF', `price6_value`='2958' WHERE id=4334

[2021-01-25 19:07:13] UPDATE webshop_products SET `price7_name`='W Lista ár', `price7_currency`='HUF', `price7_value`='2958' WHERE id=4334

[2021-01-25 19:07:13] UPDATE webshop_products SET `price`='2958', `reduced_price`=0 WHERE id=4334

[2021-01-25 19:07:13] UPDATE webshop_products SET `price1_name`='', `price1_currency`='', `price1_value`='0' WHERE id=4337

[2021-01-25 19:07:13] UPDATE webshop_products SET `price2_name`='Kereskedő -27,6%', `price2_currency`='HUF', `price2_value`='4741' WHERE id=4337

[2021-01-25 19:07:13] UPDATE webshop_products SET `price3_name`='Kereskedő -33,6%', `price3_currency`='HUF', `price3_value`='4348' WHERE id=4337

[2021-01-25 19:07:13] UPDATE webshop_products SET `price4_name`='Szakmai 1 ár -7%', `price4_currency`='HUF', `price4_value`='6090' WHERE id=4337

[2021-01-25 19:07:13] UPDATE webshop_products SET `price5_name`='Szakmai 2 ár -14%', `price5_currency`='HUF', `price5_value`='5631' WHERE id=4337

[2021-01-25 19:07:13] UPDATE webshop_products SET `price6_name`='Vásárló', `price6_currency`='HUF', `price6_value`='6548' WHERE id=4337

[2021-01-25 19:07:13] UPDATE webshop_products SET `price7_name`='W Lista ár', `price7_currency`='HUF', `price7_value`='6548' WHERE id=4337

[2021-01-25 19:07:13] UPDATE webshop_products SET `price`='6548', `reduced_price`=0 WHERE id=4337

[2021-01-25 19:07:13] UPDATE webshop_products SET `price1_name`='', `price1_currency`='', `price1_value`='0' WHERE id=4353

[2021-01-25 19:07:13] UPDATE webshop_products SET `price2_name`='Kereskedő -27,6%', `price2_currency`='HUF', `price2_value`='4741' WHERE id=4353

[2021-01-25 19:07:13] UPDATE webshop_products SET `price3_name`='Kereskedő -33,6%', `price3_currency`='HUF', `price3_value`='4348' WHERE id=4353

[2021-01-25 19:07:13] UPDATE webshop_products SET `price4_name`='Szakmai 1 ár -7%', `price4_currency`='HUF', `price4_value`='6090' WHERE id=4353

[2021-01-25 19:07:13] UPDATE webshop_products SET `price5_name`='Szakmai 2 ár -14%', `price5_currency`='HUF', `price5_value`='5631' WHERE id=4353

[2021-01-25 19:07:13] UPDATE webshop_products SET `price6_name`='Vásárló', `price6_currency`='HUF', `price6_value`='6548' WHERE id=4353

[2021-01-25 19:07:13] UPDATE webshop_products SET `price7_name`='W Lista ár', `price7_currency`='HUF', `price7_value`='6548' WHERE id=4353

[2021-01-25 19:07:13] UPDATE webshop_products SET `price`='6548', `reduced_price`=0 WHERE id=4353

[2021-01-25 19:07:13] UPDATE webshop_products SET `price1_name`='', `price1_currency`='', `price1_value`='0' WHERE id=3875

[2021-01-25 19:07:13] UPDATE webshop_products SET `price2_name`='Kereskedő -27,6%', `price2_currency`='HUF', `price2_value`='4741' WHERE id=3875

[2021-01-25 19:07:13] UPDATE webshop_products SET `price3_name`='Kereskedő -33,6%', `price3_currency`='HUF', `price3_value`='4348' WHERE id=3875

[2021-01-25 19:07:13] UPDATE webshop_products SET `price4_name`='Szakmai 1 ár -7%', `price4_currency`='HUF', `price4_value`='6090' WHERE id=3875

[2021-01-25 19:07:13] UPDATE webshop_products SET `price5_name`='Szakmai 2 ár -14%', `price5_currency`='HUF', `price5_value`='5631' WHERE id=3875

[2021-01-25 19:07:13] UPDATE webshop_products SET `price6_name`='Vásárló', `price6_currency`='HUF', `price6_value`='6548' WHERE id=3875

[2021-01-25 19:07:13] UPDATE webshop_products SET `price7_name`='W Lista ár', `price7_currency`='HUF', `price7_value`='6548' WHERE id=3875

[2021-01-25 19:07:13] UPDATE webshop_products SET `price`='6548', `reduced_price`=0 WHERE id=3875

[2021-01-25 19:07:13] UPDATE webshop_products SET `price1_name`='', `price1_currency`='', `price1_value`='0' WHERE id=4593

[2021-01-25 19:07:13] UPDATE webshop_products SET `price2_name`='Kereskedő -27,6%', `price2_currency`='HUF', `price2_value`='4466' WHERE id=4593

[2021-01-25 19:07:13] UPDATE webshop_products SET `price3_name`='Kereskedő -33,6%', `price3_currency`='HUF', `price3_value`='4096' WHERE id=4593

[2021-01-25 19:07:13] UPDATE webshop_products SET `price4_name`='Szakmai 1 ár -7%', `price4_currency`='HUF', `price4_value`='5736' WHERE id=4593

[2021-01-25 19:07:13] UPDATE webshop_products SET `price5_name`='Szakmai 2 ár -14%', `price5_currency`='HUF', `price5_value`='5305' WHERE id=4593

[2021-01-25 19:07:13] UPDATE webshop_products SET `price6_name`='Vásárló', `price6_currency`='HUF', `price6_value`='6168' WHERE id=4593

[2021-01-25 19:07:13] UPDATE webshop_products SET `price7_name`='W Lista ár', `price7_currency`='HUF', `price7_value`='6168' WHERE id=4593

[2021-01-25 19:07:13] UPDATE webshop_products SET `price`='6168', `reduced_price`=0 WHERE id=4593

[2021-01-25 19:07:13] UPDATE webshop_products SET `price1_name`='', `price1_currency`='', `price1_value`='0' WHERE id=2919

[2021-01-25 19:07:13] UPDATE webshop_products SET `price2_name`='Kereskedő -27,6%', `price2_currency`='HUF', `price2_value`='18946' WHERE id=2919

[2021-01-25 19:07:13] UPDATE webshop_products SET `price3_name`='Kereskedő -33,6%', `price3_currency`='HUF', `price3_value`='17376' WHERE id=2919

[2021-01-25 19:07:13] UPDATE webshop_products SET `price4_name`='Szakmai 1 ár -7%', `price4_currency`='HUF', `price4_value`='24336' WHERE id=2919

[2021-01-25 19:07:13] UPDATE webshop_products SET `price5_name`='Szakmai 2 ár -14%', `price5_currency`='HUF', `price5_value`='22504' WHERE id=2919

[2021-01-25 19:07:13] UPDATE webshop_products SET `price6_name`='Vásárló', `price6_currency`='HUF', `price6_value`='26168' WHERE id=2919

[2021-01-25 19:07:13] UPDATE webshop_products SET `price7_name`='W Lista ár', `price7_currency`='HUF', `price7_value`='26168' WHERE id=2919

[2021-01-25 19:07:13] UPDATE webshop_products SET `price`='26168', `reduced_price`=0 WHERE id=2919

[2021-01-25 19:07:13] UPDATE webshop_products SET `price1_name`='', `price1_currency`='', `price1_value`='0' WHERE id=2920

[2021-01-25 19:07:13] UPDATE webshop_products SET `price2_name`='Kereskedő -27,6%', `price2_currency`='HUF', `price2_value`='18020' WHERE id=2920

[2021-01-25 19:07:13] UPDATE webshop_products SET `price3_name`='Kereskedő -33,6%', `price3_currency`='HUF', `price3_value`='16526' WHERE id=2920

[2021-01-25 19:07:13] UPDATE webshop_products SET `price4_name`='Szakmai 1 ár -7%', `price4_currency`='HUF', `price4_value`='23147' WHERE id=2920

[2021-01-25 19:07:13] UPDATE webshop_products SET `price5_name`='Szakmai 2 ár -14%', `price5_currency`='HUF', `price5_value`='21405' WHERE id=2920

[2021-01-25 19:07:13] UPDATE webshop_products SET `price6_name`='Vásárló', `price6_currency`='HUF', `price6_value`='24889' WHERE id=2920

[2021-01-25 19:07:13] UPDATE webshop_products SET `price7_name`='W Lista ár', `price7_currency`='HUF', `price7_value`='24889' WHERE id=2920

[2021-01-25 19:07:13] UPDATE webshop_products SET `price`='24889', `reduced_price`=0 WHERE id=2920

[2021-01-25 19:07:13] UPDATE webshop_products SET `price1_name`='', `price1_currency`='', `price1_value`='0' WHERE id=2921

[2021-01-25 19:07:13] UPDATE webshop_products SET `price2_name`='Kereskedő -27,6%', `price2_currency`='HUF', `price2_value`='18946' WHERE id=2921

[2021-01-25 19:07:13] UPDATE webshop_products SET `price3_name`='Kereskedő -33,6%', `price3_currency`='HUF', `price3_value`='17376' WHERE id=2921

[2021-01-25 19:07:13] UPDATE webshop_products SET `price4_name`='Szakmai 1 ár -7%', `price4_currency`='HUF', `price4_value`='24336' WHERE id=2921

[2021-01-25 19:07:13] UPDATE webshop_products SET `price5_name`='Szakmai 2 ár -14%', `price5_currency`='HUF', `price5_value`='22504' WHERE id=2921

[2021-01-25 19:07:13] UPDATE webshop_products SET `price6_name`='Vásárló', `price6_currency`='HUF', `price6_value`='26168' WHERE id=2921

[2021-01-25 19:07:13] UPDATE webshop_products SET `price7_name`='W Lista ár', `price7_currency`='HUF', `price7_value`='26168' WHERE id=2921

[2021-01-25 19:07:13] UPDATE webshop_products SET `price`='26168', `reduced_price`=0 WHERE id=2921

[2021-01-25 19:07:13] UPDATE webshop_products SET `price1_name`='', `price1_currency`='', `price1_value`='0' WHERE id=2295

[2021-01-25 19:07:13] UPDATE webshop_products SET `price2_name`='Kereskedő -27,6%', `price2_currency`='HUF', `price2_value`='8810' WHERE id=2295

[2021-01-25 19:07:13] UPDATE webshop_products SET `price3_name`='Kereskedő -33,6%', `price3_currency`='HUF', `price3_value`='8080' WHERE id=2295

[2021-01-25 19:07:13] UPDATE webshop_products SET `price4_name`='Szakmai 1 ár -7%', `price4_currency`='HUF', `price4_value`='11316' WHERE id=2295

[2021-01-25 19:07:13] UPDATE webshop_products SET `price5_name`='Szakmai 2 ár -14%', `price5_currency`='HUF', `price5_value`='10465' WHERE id=2295

[2021-01-25 19:07:13] UPDATE webshop_products SET `price6_name`='Vásárló', `price6_currency`='HUF', `price6_value`='12168' WHERE id=2295

[2021-01-25 19:07:13] UPDATE webshop_products SET `price7_name`='W Lista ár', `price7_currency`='HUF', `price7_value`='12168' WHERE id=2295

[2021-01-25 19:07:13] UPDATE webshop_products SET `price`='12168', `reduced_price`=0 WHERE id=2295

[2021-01-25 19:07:13] UPDATE webshop_products SET `price1_name`='', `price1_currency`='', `price1_value`='0' WHERE id=3751

[2021-01-25 19:07:13] UPDATE webshop_products SET `price2_name`='Kereskedő -27,6%', `price2_currency`='HUF', `price2_value`='4741' WHERE id=3751

[2021-01-25 19:07:13] UPDATE webshop_products SET `price3_name`='Kereskedő -33,6%', `price3_currency`='HUF', `price3_value`='4348' WHERE id=3751

[2021-01-25 19:07:13] UPDATE webshop_products SET `price4_name`='Szakmai 1 ár -7%', `price4_currency`='HUF', `price4_value`='6090' WHERE id=3751

[2021-01-25 19:07:13] UPDATE webshop_products SET `price5_name`='Szakmai 2 ár -14%', `price5_currency`='HUF', `price5_value`='5631' WHERE id=3751

[2021-01-25 19:07:13] UPDATE webshop_products SET `price6_name`='Vásárló', `price6_currency`='HUF', `price6_value`='6548' WHERE id=3751

[2021-01-25 19:07:13] UPDATE webshop_products SET `price7_name`='W Lista ár', `price7_currency`='HUF', `price7_value`='6548' WHERE id=3751

[2021-01-25 19:07:13] UPDATE webshop_products SET `price`='6548', `reduced_price`=0 WHERE id=3751

[2021-01-25 19:07:15] UPDATE users SET lastlogin = NOW() WHERE id = '11'

[2021-01-25 19:07:15] UPDATE webshop_products SET `price1_name`='', `price1_currency`='', `price1_value`='0' WHERE id=2163

[2021-01-25 19:07:15] UPDATE webshop_products SET `price2_name`='Kereskedő -27,6%', `price2_currency`='HUF', `price2_value`='3597' WHERE id=2163

[2021-01-25 19:07:15] UPDATE webshop_products SET `price3_name`='Kereskedő -33,6%', `price3_currency`='HUF', `price3_value`='3299' WHERE id=2163

[2021-01-25 19:07:15] UPDATE webshop_products SET `price4_name`='Szakmai 1 ár -7%', `price4_currency`='HUF', `price4_value`='4620' WHERE id=2163

[2021-01-25 19:07:15] UPDATE webshop_products SET `price5_name`='Szakmai 2 ár -14%', `price5_currency`='HUF', `price5_value`='4272' WHERE id=2163

[2021-01-25 19:07:15] UPDATE webshop_products SET `price6_name`='Vásárló', `price6_currency`='HUF', `price6_value`='4968' WHERE id=2163

[2021-01-25 19:07:15] UPDATE webshop_products SET `price7_name`='W Lista ár', `price7_currency`='HUF', `price7_value`='4968' WHERE id=2163

[2021-01-25 19:07:15] UPDATE webshop_products SET `price`='4968', `reduced_price`=0 WHERE id=2163

[2021-01-25 19:07:15] UPDATE webshop_products SET `price1_name`='', `price1_currency`='', `price1_value`='0' WHERE id=3061

[2021-01-25 19:07:15] UPDATE webshop_products SET `price2_name`='Kereskedő -27,6%', `price2_currency`='HUF', `price2_value`='4741' WHERE id=3061

[2021-01-25 19:07:15] UPDATE webshop_products SET `price3_name`='Kereskedő -33,6%', `price3_currency`='HUF', `price3_value`='4348' WHERE id=3061

[2021-01-25 19:07:15] UPDATE webshop_products SET `price4_name`='Szakmai 1 ár -7%', `price4_currency`='HUF', `price4_value`='6090' WHERE id=3061

[2021-01-25 19:07:15] UPDATE webshop_products SET `price5_name`='Szakmai 2 ár -14%', `price5_currency`='HUF', `price5_value`='5631' WHERE id=3061

[2021-01-25 19:07:15] UPDATE webshop_products SET `price6_name`='Vásárló', `price6_currency`='HUF', `price6_value`='6548' WHERE id=3061

[2021-01-25 19:07:15] UPDATE webshop_products SET `price7_name`='W Lista ár', `price7_currency`='HUF', `price7_value`='6548' WHERE id=3061

[2021-01-25 19:07:15] UPDATE webshop_products SET `price`='6548', `reduced_price`=0 WHERE id=3061

[2021-01-25 19:07:15] UPDATE webshop_products SET `price1_name`='', `price1_currency`='', `price1_value`='0' WHERE id=3099

[2021-01-25 19:07:15] UPDATE webshop_products SET `price2_name`='Kereskedő -27,6%', `price2_currency`='HUF', `price2_value`='15760' WHERE id=3099

[2021-01-25 19:07:15] UPDATE webshop_products SET `price3_name`='Kereskedő -33,6%', `price3_currency`='HUF', `price3_value`='14454' WHERE id=3099

[2021-01-25 19:07:15] UPDATE webshop_products SET `price4_name`='Szakmai 1 ár -7%', `price4_currency`='HUF', `price4_value`='20245' WHERE id=3099

[2021-01-25 19:07:15] UPDATE webshop_products SET `price5_name`='Szakmai 2 ár -14%', `price5_currency`='HUF', `price5_value`='18721' WHERE id=3099

[2021-01-25 19:07:15] UPDATE webshop_products SET `price6_name`='Vásárló', `price6_currency`='HUF', `price6_value`='21768' WHERE id=3099

[2021-01-25 19:07:15] UPDATE webshop_products SET `price7_name`='W Lista ár', `price7_currency`='HUF', `price7_value`='21768' WHERE id=3099

[2021-01-25 19:07:15] UPDATE webshop_products SET `price`='21768', `reduced_price`=0 WHERE id=3099

[2021-01-25 19:07:15] UPDATE webshop_products SET `price1_name`='', `price1_currency`='', `price1_value`='0' WHERE id=3220

[2021-01-25 19:07:15] UPDATE webshop_products SET `price2_name`='Kereskedő -27,6%', `price2_currency`='HUF', `price2_value`='20473' WHERE id=3220

[2021-01-25 19:07:15] UPDATE webshop_products SET `price3_name`='Kereskedő -33,6%', `price3_currency`='HUF', `price3_value`='18777' WHERE id=3220

[2021-01-25 19:07:15] UPDATE webshop_products SET `price4_name`='Szakmai 1 ár -7%', `price4_currency`='HUF', `price4_value`='26299' WHERE id=3220

[2021-01-25 19:07:15] UPDATE webshop_products SET `price5_name`='Szakmai 2 ár -14%', `price5_currency`='HUF', `price5_value`='24319' WHERE id=3220

[2021-01-25 19:07:15] UPDATE webshop_products SET `price6_name`='Vásárló', `price6_currency`='HUF', `price6_value`='28278' WHERE id=3220

[2021-01-25 19:07:15] UPDATE webshop_products SET `price7_name`='W Lista ár', `price7_currency`='HUF', `price7_value`='28278' WHERE id=3220

[2021-01-25 19:07:15] UPDATE webshop_products SET `price`='28278', `reduced_price`=0 WHERE id=3220

[2021-01-25 19:07:15] UPDATE webshop_products SET `price1_name`='', `price1_currency`='', `price1_value`='0' WHERE id=3221

[2021-01-25 19:07:15] UPDATE webshop_products SET `price2_name`='Kereskedő -27,6%', `price2_currency`='HUF', `price2_value`='13480' WHERE id=3221

[2021-01-25 19:07:15] UPDATE webshop_products SET `price3_name`='Kereskedő -33,6%', `price3_currency`='HUF', `price3_value`='12362' WHERE id=3221

[2021-01-25 19:07:15] UPDATE webshop_products SET `price4_name`='Szakmai 1 ár -7%', `price4_currency`='HUF', `price4_value`='17315' WHERE id=3221

[2021-01-25 19:07:15] UPDATE webshop_products SET `price5_name`='Szakmai 2 ár -14%', `price5_currency`='HUF', `price5_value`='16012' WHERE id=3221

[2021-01-25 19:07:15] UPDATE webshop_products SET `price6_name`='Vásárló', `price6_currency`='HUF', `price6_value`='18618' WHERE id=3221

[2021-01-25 19:07:15] UPDATE webshop_products SET `price7_name`='W Lista ár', `price7_currency`='HUF', `price7_value`='18618' WHERE id=3221

[2021-01-25 19:07:15] UPDATE webshop_products SET `price`='18618', `reduced_price`=0 WHERE id=3221

[2021-01-25 19:07:15] UPDATE webshop_products SET `price1_name`='', `price1_currency`='', `price1_value`='0' WHERE id=3241

[2021-01-25 19:07:15] UPDATE webshop_products SET `price2_name`='Kereskedő -27,6%', `price2_currency`='HUF', `price2_value`='4741' WHERE id=3241

[2021-01-25 19:07:15] UPDATE webshop_products SET `price3_name`='Kereskedő -33,6%', `price3_currency`='HUF', `price3_value`='4348' WHERE id=3241

[2021-01-25 19:07:15] UPDATE webshop_products SET `price4_name`='Szakmai 1 ár -7%', `price4_currency`='HUF', `price4_value`='6090' WHERE id=3241

[2021-01-25 19:07:15] UPDATE webshop_products SET `price5_name`='Szakmai 2 ár -14%', `price5_currency`='HUF', `price5_value`='5631' WHERE id=3241

[2021-01-25 19:07:15] UPDATE webshop_products SET `price6_name`='Vásárló', `price6_currency`='HUF', `price6_value`='6548' WHERE id=3241

[2021-01-25 19:07:15] UPDATE webshop_products SET `price7_name`='W Lista ár', `price7_currency`='HUF', `price7_value`='6548' WHERE id=3241

[2021-01-25 19:07:15] UPDATE webshop_products SET `price`='6548', `reduced_price`=0 WHERE id=3241

[2021-01-25 19:07:15] UPDATE webshop_products SET `price1_name`='', `price1_currency`='', `price1_value`='0' WHERE id=5151

[2021-01-25 19:07:15] UPDATE webshop_products SET `price2_name`='Kereskedő -27,6%', `price2_currency`='HUF', `price2_value`='10692' WHERE id=5151

[2021-01-25 19:07:15] UPDATE webshop_products SET `price3_name`='Kereskedő -33,6%', `price3_currency`='HUF', `price3_value`='9806' WHERE id=5151

[2021-01-25 19:07:15] UPDATE webshop_products SET `price4_name`='Szakmai 1 ár -7%', `price4_currency`='HUF', `price4_value`='13734' WHERE id=5151

[2021-01-25 19:07:15] UPDATE webshop_products SET `price5_name`='Szakmai 2 ár -14%', `price5_currency`='HUF', `price5_value`='12701' WHERE id=5151

[2021-01-25 19:07:15] UPDATE webshop_products SET `price6_name`='Vásárló', `price6_currency`='HUF', `price6_value`='14768' WHERE id=5151

[2021-01-25 19:07:15] UPDATE webshop_products SET `price7_name`='W Lista ár', `price7_currency`='HUF', `price7_value`='14768' WHERE id=5151

[2021-01-25 19:07:15] UPDATE webshop_products SET `price`='14768', `reduced_price`=0 WHERE id=5151

[2021-01-25 19:07:15] UPDATE webshop_products SET `price1_name`='', `price1_currency`='', `price1_value`='0' WHERE id=5141

[2021-01-25 19:07:15] UPDATE webshop_products SET `price2_name`='Kereskedő -27,6%', `price2_currency`='HUF', `price2_value`='13480' WHERE id=5141

[2021-01-25 19:07:15] UPDATE webshop_products SET `price3_name`='Kereskedő -33,6%', `price3_currency`='HUF', `price3_value`='12362' WHERE id=5141

[2021-01-25 19:07:15] UPDATE webshop_products SET `price4_name`='Szakmai 1 ár -7%', `price4_currency`='HUF', `price4_value`='17315' WHERE id=5141

[2021-01-25 19:07:15] UPDATE webshop_products SET `price5_name`='Szakmai 2 ár -14%', `price5_currency`='HUF', `price5_value`='16012' WHERE id=5141

[2021-01-25 19:07:15] UPDATE webshop_products SET `price6_name`='Vásárló', `price6_currency`='HUF', `price6_value`='18618' WHERE id=5141

[2021-01-25 19:07:15] UPDATE webshop_products SET `price7_name`='W Lista ár', `price7_currency`='HUF', `price7_value`='18618' WHERE id=5141

[2021-01-25 19:07:15] UPDATE webshop_products SET `price`='18618', `reduced_price`=0 WHERE id=5141

[2021-01-25 19:07:15] UPDATE webshop_products SET `price1_name`='', `price1_currency`='', `price1_value`='0' WHERE id=5142

[2021-01-25 19:07:15] UPDATE webshop_products SET `price2_name`='Kereskedő -27,6%', `price2_currency`='HUF', `price2_value`='20473' WHERE id=5142

[2021-01-25 19:07:15] UPDATE webshop_products SET `price3_name`='Kereskedő -33,6%', `price3_currency`='HUF', `price3_value`='18777' WHERE id=5142

[2021-01-25 19:07:15] UPDATE webshop_products SET `price4_name`='Szakmai 1 ár -7%', `price4_currency`='HUF', `price4_value`='26299' WHERE id=5142

[2021-01-25 19:07:15] UPDATE webshop_products SET `price5_name`='Szakmai 2 ár -14%', `price5_currency`='HUF', `price5_value`='24319' WHERE id=5142

[2021-01-25 19:07:15] UPDATE webshop_products SET `price6_name`='Vásárló', `price6_currency`='HUF', `price6_value`='28278' WHERE id=5142

[2021-01-25 19:07:15] UPDATE webshop_products SET `price7_name`='W Lista ár', `price7_currency`='HUF', `price7_value`='28278' WHERE id=5142

[2021-01-25 19:07:15] UPDATE webshop_products SET `price`='28278', `reduced_price`=0 WHERE id=5142

[2021-01-25 19:07:15] UPDATE webshop_products SET `price1_name`='', `price1_currency`='', `price1_value`='0' WHERE id=5143

[2021-01-25 19:07:15] UPDATE webshop_products SET `price2_name`='Kereskedő -27,6%', `price2_currency`='HUF', `price2_value`='22132' WHERE id=5143

[2021-01-25 19:07:15] UPDATE webshop_products SET `price3_name`='Kereskedő -33,6%', `price3_currency`='HUF', `price3_value`='20297' WHERE id=5143

[2021-01-25 19:07:15] UPDATE webshop_products SET `price4_name`='Szakmai 1 ár -7%', `price4_currency`='HUF', `price4_value`='28429' WHERE id=5143

[2021-01-25 19:07:15] UPDATE webshop_products SET `price5_name`='Szakmai 2 ár -14%', `price5_currency`='HUF', `price5_value`='26289' WHERE id=5143

[2021-01-25 19:07:15] UPDATE webshop_products SET `price6_name`='Vásárló', `price6_currency`='HUF', `price6_value`='30568' WHERE id=5143

[2021-01-25 19:07:15] UPDATE webshop_products SET `price7_name`='W Lista ár', `price7_currency`='HUF', `price7_value`='30568' WHERE id=5143

[2021-01-25 19:07:15] UPDATE webshop_products SET `price`='30568', `reduced_price`=0 WHERE id=5143

[2021-01-25 19:07:17] UPDATE users SET lastlogin = NOW() WHERE id = '11'

[2021-01-25 19:07:17] UPDATE webshop_products SET `price1_name`='', `price1_currency`='', `price1_value`='0' WHERE id=5144

[2021-01-25 19:07:17] UPDATE webshop_products SET `price2_name`='Kereskedő -27,6%', `price2_currency`='HUF', `price2_value`='23811' WHERE id=5144

[2021-01-25 19:07:17] UPDATE webshop_products SET `price3_name`='Kereskedő -33,6%', `price3_currency`='HUF', `price3_value`='21838' WHERE id=5144

[2021-01-25 19:07:17] UPDATE webshop_products SET `price4_name`='Szakmai 1 ár -7%', `price4_currency`='HUF', `price4_value`='30586' WHERE id=5144

[2021-01-25 19:07:17] UPDATE webshop_products SET `price5_name`='Szakmai 2 ár -14%', `price5_currency`='HUF', `price5_value`='28284' WHERE id=5144

[2021-01-25 19:07:17] UPDATE webshop_products SET `price6_name`='Vásárló', `price6_currency`='HUF', `price6_value`='32888' WHERE id=5144

[2021-01-25 19:07:17] UPDATE webshop_products SET `price7_name`='W Lista ár', `price7_currency`='HUF', `price7_value`='32888' WHERE id=5144

[2021-01-25 19:07:17] UPDATE webshop_products SET `price`='32888', `reduced_price`=0 WHERE id=5144

[2021-01-25 19:07:17] UPDATE webshop_products SET `price1_name`='', `price1_currency`='', `price1_value`='0' WHERE id=5145

[2021-01-25 19:07:17] UPDATE webshop_products SET `price2_name`='Kereskedő -27,6%', `price2_currency`='HUF', `price2_value`='23289' WHERE id=5145

[2021-01-25 19:07:17] UPDATE webshop_products SET `price3_name`='Kereskedő -33,6%', `price3_currency`='HUF', `price3_value`='21359' WHERE id=5145

[2021-01-25 19:07:17] UPDATE webshop_products SET `price4_name`='Szakmai 1 ár -7%', `price4_currency`='HUF', `price4_value`='29916' WHERE id=5145

[2021-01-25 19:07:17] UPDATE webshop_products SET `price5_name`='Szakmai 2 ár -14%', `price5_currency`='HUF', `price5_value`='27664' WHERE id=5145

[2021-01-25 19:07:17] UPDATE webshop_products SET `price6_name`='Vásárló', `price6_currency`='HUF', `price6_value`='32168' WHERE id=5145

[2021-01-25 19:07:17] UPDATE webshop_products SET `price7_name`='W Lista ár', `price7_currency`='HUF', `price7_value`='32168' WHERE id=5145

[2021-01-25 19:07:17] UPDATE webshop_products SET `price`='32168', `reduced_price`=0 WHERE id=5145

[2021-01-25 19:07:17] UPDATE webshop_products SET `price1_name`='', `price1_currency`='', `price1_value`='0' WHERE id=5146

[2021-01-25 19:07:17] UPDATE webshop_products SET `price2_name`='Kereskedő -27,6%', `price2_currency`='HUF', `price2_value`='4741' WHERE id=5146

[2021-01-25 19:07:17] UPDATE webshop_products SET `price3_name`='Kereskedő -33,6%', `price3_currency`='HUF', `price3_value`='4348' WHERE id=5146

[2021-01-25 19:07:17] UPDATE webshop_products SET `price4_name`='Szakmai 1 ár -7%', `price4_currency`='HUF', `price4_value`='6090' WHERE id=5146

[2021-01-25 19:07:17] UPDATE webshop_products SET `price5_name`='Szakmai 2 ár -14%', `price5_currency`='HUF', `price5_value`='5631' WHERE id=5146

[2021-01-25 19:07:17] UPDATE webshop_products SET `price6_name`='Vásárló', `price6_currency`='HUF', `price6_value`='6548' WHERE id=5146

[2021-01-25 19:07:17] UPDATE webshop_products SET `price7_name`='W Lista ár', `price7_currency`='HUF', `price7_value`='6548' WHERE id=5146

[2021-01-25 19:07:17] UPDATE webshop_products SET `price`='6548', `reduced_price`=0 WHERE id=5146

[2021-01-25 19:07:17] UPDATE webshop_products SET `price1_name`='', `price1_currency`='', `price1_value`='0' WHERE id=5147

[2021-01-25 19:07:17] UPDATE webshop_products SET `price2_name`='Kereskedő -27,6%', `price2_currency`='HUF', `price2_value`='15760' WHERE id=5147

[2021-01-25 19:07:17] UPDATE webshop_products SET `price3_name`='Kereskedő -33,6%', `price3_currency`='HUF', `price3_value`='14454' WHERE id=5147

[2021-01-25 19:07:17] UPDATE webshop_products SET `price4_name`='Szakmai 1 ár -7%', `price4_currency`='HUF', `price4_value`='20245' WHERE id=5147

[2021-01-25 19:07:17] UPDATE webshop_products SET `price5_name`='Szakmai 2 ár -14%', `price5_currency`='HUF', `price5_value`='18721' WHERE id=5147

[2021-01-25 19:07:17] UPDATE webshop_products SET `price6_name`='Vásárló', `price6_currency`='HUF', `price6_value`='21768' WHERE id=5147

[2021-01-25 19:07:17] UPDATE webshop_products SET `price7_name`='W Lista ár', `price7_currency`='HUF', `price7_value`='21768' WHERE id=5147

[2021-01-25 19:07:17] UPDATE webshop_products SET `price`='21768', `reduced_price`=0 WHERE id=5147

[2021-01-25 19:07:17] UPDATE webshop_products SET `price1_name`='', `price1_currency`='', `price1_value`='0' WHERE id=5148

[2021-01-25 19:07:17] UPDATE webshop_products SET `price2_name`='Kereskedő -27,6%', `price2_currency`='HUF', `price2_value`='23290' WHERE id=5148

[2021-01-25 19:07:17] UPDATE webshop_products SET `price3_name`='Kereskedő -33,6%', `price3_currency`='HUF', `price3_value`='21360' WHERE id=5148

[2021-01-25 19:07:17] UPDATE webshop_products SET `price4_name`='Szakmai 1 ár -7%', `price4_currency`='HUF', `price4_value`='29916' WHERE id=5148

[2021-01-25 19:07:17] UPDATE webshop_products SET `price5_name`='Szakmai 2 ár -14%', `price5_currency`='HUF', `price5_value`='27665' WHERE id=5148

[2021-01-25 19:07:17] UPDATE webshop_products SET `price6_name`='Vásárló', `price6_currency`='HUF', `price6_value`='32168' WHERE id=5148

[2021-01-25 19:07:17] UPDATE webshop_products SET `price7_name`='W Lista ár', `price7_currency`='HUF', `price7_value`='32168' WHERE id=5148

[2021-01-25 19:07:17] UPDATE webshop_products SET `price`='32168', `reduced_price`=0 WHERE id=5148

[2021-01-25 19:07:17] UPDATE webshop_products SET `price1_name`='', `price1_currency`='', `price1_value`='0' WHERE id=5149

[2021-01-25 19:07:17] UPDATE webshop_products SET `price2_name`='Kereskedő -27,6%', `price2_currency`='HUF', `price2_value`='10113' WHERE id=5149

[2021-01-25 19:07:17] UPDATE webshop_products SET `price3_name`='Kereskedő -33,6%', `price3_currency`='HUF', `price3_value`='9275' WHERE id=5149

[2021-01-25 19:07:17] UPDATE webshop_products SET `price4_name`='Szakmai 1 ár -7%', `price4_currency`='HUF', `price4_value`='12990' WHERE id=5149

[2021-01-25 19:07:17] UPDATE webshop_products SET `price5_name`='Szakmai 2 ár -14%', `price5_currency`='HUF', `price5_value`='12013' WHERE id=5149

[2021-01-25 19:07:17] UPDATE webshop_products SET `price6_name`='Vásárló', `price6_currency`='HUF', `price6_value`='13968' WHERE id=5149

[2021-01-25 19:07:17] UPDATE webshop_products SET `price7_name`='W Lista ár', `price7_currency`='HUF', `price7_value`='13968' WHERE id=5149

[2021-01-25 19:07:17] UPDATE webshop_products SET `price`='13968', `reduced_price`=0 WHERE id=5149

[2021-01-25 19:07:17] UPDATE webshop_products SET `price1_name`='', `price1_currency`='', `price1_value`='0' WHERE id=5150

[2021-01-25 19:07:17] UPDATE webshop_products SET `price2_name`='Kereskedő -27,6%', `price2_currency`='HUF', `price2_value`='10113' WHERE id=5150

[2021-01-25 19:07:17] UPDATE webshop_products SET `price3_name`='Kereskedő -33,6%', `price3_currency`='HUF', `price3_value`='9275' WHERE id=5150

[2021-01-25 19:07:17] UPDATE webshop_products SET `price4_name`='Szakmai 1 ár -7%', `price4_currency`='HUF', `price4_value`='12990' WHERE id=5150

[2021-01-25 19:07:17] UPDATE webshop_products SET `price5_name`='Szakmai 2 ár -14%', `price5_currency`='HUF', `price5_value`='12013' WHERE id=5150

[2021-01-25 19:07:17] UPDATE webshop_products SET `price6_name`='Vásárló', `price6_currency`='HUF', `price6_value`='13968' WHERE id=5150

[2021-01-25 19:07:17] UPDATE webshop_products SET `price7_name`='W Lista ár', `price7_currency`='HUF', `price7_value`='13968' WHERE id=5150

[2021-01-25 19:07:17] UPDATE webshop_products SET `price`='13968', `reduced_price`=0 WHERE id=5150

[2021-01-25 19:07:18] UPDATE users SET lastlogin = NOW() WHERE id = '11'

[2021-01-25 19:07:18] UPDATE webshop_products SET `price1_name`='', `price1_currency`='', `price1_value`='0' WHERE id=4080

[2021-01-25 19:07:18] UPDATE webshop_products SET `price2_name`='Kereskedő -27,6%', `price2_currency`='HUF', `price2_value`='4741' WHERE id=4080

[2021-01-25 19:07:18] UPDATE webshop_products SET `price3_name`='Kereskedő -33,6%', `price3_currency`='HUF', `price3_value`='4348' WHERE id=4080

[2021-01-25 19:07:18] UPDATE webshop_products SET `price4_name`='Szakmai 1 ár -7%', `price4_currency`='HUF', `price4_value`='6090' WHERE id=4080

[2021-01-25 19:07:18] UPDATE webshop_products SET `price5_name`='Szakmai 2 ár -14%', `price5_currency`='HUF', `price5_value`='5631' WHERE id=4080

[2021-01-25 19:07:18] UPDATE webshop_products SET `price6_name`='Vásárló', `price6_currency`='HUF', `price6_value`='6548' WHERE id=4080

[2021-01-25 19:07:18] UPDATE webshop_products SET `price7_name`='W Lista ár', `price7_currency`='HUF', `price7_value`='6548' WHERE id=4080

[2021-01-25 19:07:18] UPDATE webshop_products SET `price`='6548', `reduced_price`=0 WHERE id=4080

[2021-01-25 19:07:18] UPDATE webshop_products SET `price1_name`='', `price1_currency`='', `price1_value`='0' WHERE id=4510

[2021-01-25 19:07:18] UPDATE webshop_products SET `price2_name`='Kereskedő -27,6%', `price2_currency`='HUF', `price2_value`='4169' WHERE id=4510

[2021-01-25 19:07:18] UPDATE webshop_products SET `price3_name`='Kereskedő -33,6%', `price3_currency`='HUF', `price3_value`='3824' WHERE id=4510

[2021-01-25 19:07:18] UPDATE webshop_products SET `price4_name`='Szakmai 1 ár -7%', `price4_currency`='HUF', `price4_value`='5356' WHERE id=4510

[2021-01-25 19:07:18] UPDATE webshop_products SET `price5_name`='Szakmai 2 ár -14%', `price5_currency`='HUF', `price5_value`='4952' WHERE id=4510

[2021-01-25 19:07:18] UPDATE webshop_products SET `price6_name`='Vásárló', `price6_currency`='HUF', `price6_value`='5758' WHERE id=4510

[2021-01-25 19:07:18] UPDATE webshop_products SET `price7_name`='W Lista ár', `price7_currency`='HUF', `price7_value`='5758' WHERE id=4510

[2021-01-25 19:07:18] UPDATE webshop_products SET `price`='5758', `reduced_price`=0 WHERE id=4510

[2021-01-25 19:07:18] UPDATE webshop_products SET `price1_name`='', `price1_currency`='', `price1_value`='0' WHERE id=3743

[2021-01-25 19:07:18] UPDATE webshop_products SET `price2_name`='Kereskedő -27,6%', `price2_currency`='HUF', `price2_value`='3597' WHERE id=3743

[2021-01-25 19:07:18] UPDATE webshop_products SET `price3_name`='Kereskedő -33,6%', `price3_currency`='HUF', `price3_value`='3299' WHERE id=3743

[2021-01-25 19:07:18] UPDATE webshop_products SET `price4_name`='Szakmai 1 ár -7%', `price4_currency`='HUF', `price4_value`='4620' WHERE id=3743

[2021-01-25 19:07:18] UPDATE webshop_products SET `price5_name`='Szakmai 2 ár -14%', `price5_currency`='HUF', `price5_value`='4272' WHERE id=3743

[2021-01-25 19:07:18] UPDATE webshop_products SET `price6_name`='Vásárló', `price6_currency`='HUF', `price6_value`='4968' WHERE id=3743

[2021-01-25 19:07:18] UPDATE webshop_products SET `price7_name`='W Lista ár', `price7_currency`='HUF', `price7_value`='4968' WHERE id=3743

[2021-01-25 19:07:18] UPDATE webshop_products SET `price`='4968', `reduced_price`=0 WHERE id=3743

[2021-01-25 19:07:18] UPDATE webshop_products SET `price1_name`='', `price1_currency`='', `price1_value`='0' WHERE id=5101

[2021-01-25 19:07:18] UPDATE webshop_products SET `price2_name`='Kereskedő -27,6%', `price2_currency`='HUF', `price2_value`='8448' WHERE id=5101

[2021-01-25 19:07:18] UPDATE webshop_products SET `price3_name`='Kereskedő -33,6%', `price3_currency`='HUF', `price3_value`='7748' WHERE id=5101

[2021-01-25 19:07:18] UPDATE webshop_products SET `price4_name`='Szakmai 1 ár -7%', `price4_currency`='HUF', `price4_value`='10851' WHERE id=5101

[2021-01-25 19:07:18] UPDATE webshop_products SET `price5_name`='Szakmai 2 ár -14%', `price5_currency`='HUF', `price5_value`='10035' WHERE id=5101

[2021-01-25 19:07:18] UPDATE webshop_products SET `price6_name`='Vásárló', `price6_currency`='HUF', `price6_value`='11668' WHERE id=5101

[2021-01-25 19:07:18] UPDATE webshop_products SET `price7_name`='W Lista ár', `price7_currency`='HUF', `price7_value`='11668' WHERE id=5101

[2021-01-25 19:07:18] UPDATE webshop_products SET `price`='11668', `reduced_price`=0 WHERE id=5101

[2021-01-25 19:07:18] UPDATE webshop_products SET `price1_name`='', `price1_currency`='', `price1_value`='0' WHERE id=3880

[2021-01-25 19:07:18] UPDATE webshop_products SET `price2_name`='Kereskedő -27,6%', `price2_currency`='HUF', `price2_value`='2141' WHERE id=3880

[2021-01-25 19:07:18] UPDATE webshop_products SET `price3_name`='Kereskedő -33,6%', `price3_currency`='HUF', `price3_value`='1963' WHERE id=3880

[2021-01-25 19:07:18] UPDATE webshop_products SET `price4_name`='Szakmai 1 ár -7%', `price4_currency`='HUF', `price4_value`='2751' WHERE id=3880

[2021-01-25 19:07:18] UPDATE webshop_products SET `price5_name`='Szakmai 2 ár -14%', `price5_currency`='HUF', `price5_value`='2544' WHERE id=3880

[2021-01-25 19:07:18] UPDATE webshop_products SET `price6_name`='Vásárló', `price6_currency`='HUF', `price6_value`='2958' WHERE id=3880

[2021-01-25 19:07:18] UPDATE webshop_products SET `price7_name`='W Lista ár', `price7_currency`='HUF', `price7_value`='2958' WHERE id=3880

[2021-01-25 19:07:18] UPDATE webshop_products SET `price`='2958', `reduced_price`=0 WHERE id=3880

[2021-01-25 19:07:18] UPDATE webshop_products SET `price1_name`='', `price1_currency`='', `price1_value`='0' WHERE id=3250

[2021-01-25 19:07:18] UPDATE webshop_products SET `price2_name`='Kereskedő -27,6%', `price2_currency`='HUF', `price2_value`='1439' WHERE id=3250

[2021-01-25 19:07:18] UPDATE webshop_products SET `price3_name`='Kereskedő -33,6%', `price3_currency`='HUF', `price3_value`='1320' WHERE id=3250

[2021-01-25 19:07:18] UPDATE webshop_products SET `price4_name`='Szakmai 1 ár -7%', `price4_currency`='HUF', `price4_value`='1848' WHERE id=3250

[2021-01-25 19:07:18] UPDATE webshop_products SET `price5_name`='Szakmai 2 ár -14%', `price5_currency`='HUF', `price5_value`='1709' WHERE id=3250

[2021-01-25 19:07:18] UPDATE webshop_products SET `price6_name`='Vásárló', `price6_currency`='HUF', `price6_value`='1988' WHERE id=3250

[2021-01-25 19:07:18] UPDATE webshop_products SET `price7_name`='W Lista ár', `price7_currency`='HUF', `price7_value`='1988' WHERE id=3250

[2021-01-25 19:07:18] UPDATE webshop_products SET `price`='1988', `reduced_price`=0 WHERE id=3250

[2021-01-25 19:07:18] UPDATE webshop_products SET `price1_name`='', `price1_currency`='', `price1_value`='0' WHERE id=2729

[2021-01-25 19:07:18] UPDATE webshop_products SET `price2_name`='Kereskedő -27,6%', `price2_currency`='HUF', `price2_value`='46458' WHERE id=2729

[2021-01-25 19:07:18] UPDATE webshop_products SET `price3_name`='Kereskedő -33,6%', `price3_currency`='HUF', `price3_value`='42608' WHERE id=2729

[2021-01-25 19:07:18] UPDATE webshop_products SET `price4_name`='Szakmai 1 ár -7%', `price4_currency`='HUF', `price4_value`='59677' WHERE id=2729

[2021-01-25 19:07:18] UPDATE webshop_products SET `price5_name`='Szakmai 2 ár -14%', `price5_currency`='HUF', `price5_value`='55185' WHERE id=2729

[2021-01-25 19:07:18] UPDATE webshop_products SET `price6_name`='Vásárló', `price6_currency`='HUF', `price6_value`='64168' WHERE id=2729

[2021-01-25 19:07:18] UPDATE webshop_products SET `price7_name`='W Lista ár', `price7_currency`='HUF', `price7_value`='64168' WHERE id=2729

[2021-01-25 19:07:18] UPDATE webshop_products SET `price`='64168', `reduced_price`=0 WHERE id=2729

[2021-01-25 19:07:18] UPDATE webshop_products SET `price1_name`='', `price1_currency`='', `price1_value`='0' WHERE id=2731

[2021-01-25 19:07:18] UPDATE webshop_products SET `price2_name`='Kereskedő -27,6%', `price2_currency`='HUF', `price2_value`='3597' WHERE id=2731

[2021-01-25 19:07:18] UPDATE webshop_products SET `price3_name`='Kereskedő -33,6%', `price3_currency`='HUF', `price3_value`='3299' WHERE id=2731

[2021-01-25 19:07:18] UPDATE webshop_products SET `price4_name`='Szakmai 1 ár -7%', `price4_currency`='HUF', `price4_value`='4620' WHERE id=2731

[2021-01-25 19:07:18] UPDATE webshop_products SET `price5_name`='Szakmai 2 ár -14%', `price5_currency`='HUF', `price5_value`='4272' WHERE id=2731

[2021-01-25 19:07:18] UPDATE webshop_products SET `price6_name`='Vásárló', `price6_currency`='HUF', `price6_value`='4968' WHERE id=2731

[2021-01-25 19:07:18] UPDATE webshop_products SET `price7_name`='W Lista ár', `price7_currency`='HUF', `price7_value`='4968' WHERE id=2731

[2021-01-25 19:07:18] UPDATE webshop_products SET `price`='4968', `reduced_price`=0 WHERE id=2731

[2021-01-25 19:07:18] UPDATE webshop_products SET `price1_name`='', `price1_currency`='', `price1_value`='0' WHERE id=4360

[2021-01-25 19:07:18] UPDATE webshop_products SET `price2_name`='Kereskedő -27,6%', `price2_currency`='HUF', `price2_value`='4741' WHERE id=4360

[2021-01-25 19:07:18] UPDATE webshop_products SET `price3_name`='Kereskedő -33,6%', `price3_currency`='HUF', `price3_value`='4348' WHERE id=4360

[2021-01-25 19:07:18] UPDATE webshop_products SET `price4_name`='Szakmai 1 ár -7%', `price4_currency`='HUF', `price4_value`='6090' WHERE id=4360

[2021-01-25 19:07:18] UPDATE webshop_products SET `price5_name`='Szakmai 2 ár -14%', `price5_currency`='HUF', `price5_value`='5631' WHERE id=4360

[2021-01-25 19:07:18] UPDATE webshop_products SET `price6_name`='Vásárló', `price6_currency`='HUF', `price6_value`='6548' WHERE id=4360

[2021-01-25 19:07:18] UPDATE webshop_products SET `price7_name`='W Lista ár', `price7_currency`='HUF', `price7_value`='6548' WHERE id=4360

[2021-01-25 19:07:18] UPDATE webshop_products SET `price`='6548', `reduced_price`=0 WHERE id=4360

[2021-01-25 19:07:18] UPDATE webshop_products SET `price1_name`='', `price1_currency`='', `price1_value`='0' WHERE id=2156

[2021-01-25 19:07:18] UPDATE webshop_products SET `price2_name`='Kereskedő -27,6%', `price2_currency`='HUF', `price2_value`='13480' WHERE id=2156

[2021-01-25 19:07:18] UPDATE webshop_products SET `price3_name`='Kereskedő -33,6%', `price3_currency`='HUF', `price3_value`='12362' WHERE id=2156

[2021-01-25 19:07:18] UPDATE webshop_products SET `price4_name`='Szakmai 1 ár -7%', `price4_currency`='HUF', `price4_value`='17315' WHERE id=2156

[2021-01-25 19:07:18] UPDATE webshop_products SET `price5_name`='Szakmai 2 ár -14%', `price5_currency`='HUF', `price5_value`='16012' WHERE id=2156

[2021-01-25 19:07:18] UPDATE webshop_products SET `price6_name`='Vásárló', `price6_currency`='HUF', `price6_value`='18618' WHERE id=2156

[2021-01-25 19:07:18] UPDATE webshop_products SET `price7_name`='W Lista ár', `price7_currency`='HUF', `price7_value`='18618' WHERE id=2156

[2021-01-25 19:07:18] UPDATE webshop_products SET `price`='18618', `reduced_price`=0 WHERE id=2156

[2021-01-25 19:07:31] UPDATE users SET lastlogin = NOW() WHERE id = '11'

[2021-01-25 19:07:33] UPDATE users SET lastlogin = NOW() WHERE id = '11'

[2021-01-25 19:07:52] INSERT INTO webshop_gallery (`id`, `product_id`, `original_name`, `new_name`, `date`) VALUES (15553, 2156, 'Hajvasaló hővédő tasakkal LIM-HAIR-pc4.0 Tiatanium fekete', '15553.jpg', 1611598072)

[2021-01-25 19:07:52] INSERT INTO webshop_gallery (`id`, `product_id`, `original_name`, `new_name`, `date`) VALUES (15554, 2156, 'hajvasaló', '15554.jpg', 1611598072)

[2021-01-25 19:07:52] DELETE FROM webshop_gallery WHERE id='13901'

[2021-01-25 19:07:52] INSERT INTO webshop_gallery (`id`, `product_id`, `original_name`, `new_name`, `date`) VALUES (15555, 3221, 'Fodrász hajvasaló szett Titanium', '15555.jpg', 1611598072)

[2021-01-25 19:07:52] INSERT INTO webshop_gallery (`id`, `product_id`, `original_name`, `new_name`, `date`) VALUES (15556, 3221, 'Fodrász hajvasaló szett', '15556.jpg', 1611598072)

[2021-01-25 19:07:52] INSERT INTO webshop_gallery (`id`, `product_id`, `original_name`, `new_name`, `date`) VALUES (15557, 5151, 'Hajszárító gép LIM-HAIR-CH3.0 2000W', '15557.jpg', 1611598072)

[2021-01-25 19:07:52] INSERT INTO webshop_gallery (`id`, `product_id`, `original_name`, `new_name`, `date`) VALUES (15558, 5141, 'Legjobb hajvasaló hőfokú LIM-HAIR-pc4.0 Tiatanium fekete', '15558.jpg', 1611598072)

[2021-01-25 19:07:52] INSERT INTO webshop_gallery (`id`, `product_id`, `original_name`, `new_name`, `date`) VALUES (15559, 5142, 'Legjobb hajvasaló hőfokú digitális gyémántporos LIM-HAIR-pc5.0', '15559.jpg', 1611598072)

[2021-01-25 19:07:52] INSERT INTO webshop_gallery (`id`, `product_id`, `original_name`, `new_name`, `date`) VALUES (15560, 5143, 'Gyémántporos digitális hajvasaló LIM-HAIR-pc5.0 Flamingo Tropical', '15560.jpg', 1611598072)

[2021-01-25 19:07:52] INSERT INTO webshop_gallery (`id`, `product_id`, `original_name`, `new_name`, `date`) VALUES (15561, 5144, 'Profi hajnyíró LIM-HAIR Cutlim 5.0', '15561.jpg', 1611598072)

[2021-01-25 19:07:53] INSERT INTO webshop_gallery (`id`, `product_id`, `original_name`, `new_name`, `date`) VALUES (15562, 5144, 'CUTLIM 50 contenido', '15562.jpg', 1611598073)

[2021-01-25 19:07:53] INSERT INTO webshop_gallery (`id`, `product_id`, `original_name`, `new_name`, `date`) VALUES (15563, 5145, 'Barber professzionális szakállvágó és trimmelő LIM-HAIR Trimlim5.0 - 0,0mm', '15563.jpg', 1611598073)

[2021-01-25 19:07:53] INSERT INTO webshop_gallery (`id`, `product_id`, `original_name`, `new_name`, `date`) VALUES (15564, 5145, 'Barber professzionális szakállvágó és trimmelő LIM-HAIR Trimlim5.0 - 0,0mm', '15564.jpg', 1611598073)

[2021-01-25 19:07:53] INSERT INTO webshop_gallery (`id`, `product_id`, `original_name`, `new_name`, `date`) VALUES (15565, 5145, 'TRIMLIM_50_Inclinada', '15565.jpg', 1611598073)

[2021-01-25 19:07:53] INSERT INTO webshop_gallery (`id`, `product_id`, `original_name`, `new_name`, `date`) VALUES (15566, 5146, 'Hajkisimító és szuper hajbontó kefe Tanglim Exclusive Free Fluor', '15566.jpg', 1611598073)

[2021-01-25 19:07:53] INSERT INTO webshop_gallery (`id`, `product_id`, `original_name`, `new_name`, `date`) VALUES (15567, 5147, 'Design hajszárító LIM-HAIR Professzionális Fluor Ionic Tourmaline 2000W', '15567.jpg', 1611598073)

[2021-01-25 19:07:55] UPDATE users SET lastlogin = NOW() WHERE id = '11'

[2021-01-25 19:07:57] DELETE FROM webshop_gallery WHERE id=15560

[2021-01-25 19:07:58] DELETE FROM webshop_gallery WHERE id=15558

[2021-01-25 19:07:58] DELETE FROM webshop_gallery WHERE id=15561

[2021-01-25 19:07:58] DELETE FROM webshop_gallery WHERE id=15559

[2021-01-25 19:08:01] DELETE FROM webshop_gallery WHERE id=15563

[2021-01-25 19:08:01] DELETE FROM webshop_gallery WHERE id=15564

[2021-01-25 19:08:01] DELETE FROM webshop_gallery WHERE id=15566

[2021-01-25 19:08:09] DELETE FROM webshop_gallery WHERE id=15557

[2021-01-25 19:08:12] DELETE FROM webshop_gallery WHERE id=15553

[2021-01-25 19:08:17] INSERT INTO webshop_gallery (`id`, `product_id`, `original_name`, `new_name`, `date`) VALUES (15568, 5148, 'Design hajszárító szett LIM-HAIR Profi Fluor Ionic Tourmaline 2000W', '15568.jpg', 1611598097)

[2021-01-25 19:08:17] INSERT INTO webshop_gallery (`id`, `product_id`, `original_name`, `new_name`, `date`) VALUES (15569, 5149, 'Mini utazó hajvasaló LIM-nanoPC2.0 Ionic Titanium', '15569.jpg', 1611598097)

[2021-01-25 19:08:17] INSERT INTO webshop_gallery (`id`, `product_id`, `original_name`, `new_name`, `date`) VALUES (15570, 5150, 'Mini utazó hajvasaló LIM-HAIR NanoPC2.0 Ionic Titanium Fluor', '15570.jpg', 1611598097)

[2021-01-25 19:08:36] UPDATE users SET lastlogin = NOW() WHERE id = '11'

