[2021-01-20 19:18:22] UPDATE users SET lastlogin = NOW() WHERE id = '11'

[2021-01-20 19:18:25] UPDATE users SET lastlogin = NOW() WHERE id = '11'

[2021-01-20 19:18:27] UPDATE users SET lastlogin = NOW() WHERE id = '11'

[2021-01-20 19:18:27] UPDATE webshop_gallery SET original_name='Maxima FS Sea Salt rugalmas volumennövelő spray tengeri sós vízzel', date=1611166707 WHERE id=5036

[2021-01-20 19:18:27] UPDATE webshop_special_fields SET `value`='Vitalfarco Maxima-NHP-Vitael' WHERE `key`='manufacturer' AND `product_id`=3887

[2021-01-20 19:18:27] UPDATE webshop_special_fields SET `value`='ml' WHERE `key`='quantityunit' AND `product_id`=3887

[2021-01-20 19:18:27] UPDATE webshop_special_fields SET `value`='200' WHERE `key`='kiszereles' AND `product_id`=3887

[2021-01-20 19:18:27] UPDATE webshop_products SET `name_hun`='Maxima FS Sea Salt tengeri sós víz rugalmas volumennövelő spray',`content_short`='
Sós víz, Volumennövelő, modellező pupás folyadék, tiszta tengeri sós vízzel. Könnyű tartást és dús...',`content`='<FONT face=Calibri>
<P style=\"TEXT-ALIGN: justify; MARGIN: 0cm 0cm 10pt\">Sós víz, Volumennövelő, modellező pupás folyadék, tiszta tengeri sós vízzel. Könnyű tartást és dús hatást kölcsönöz a hajnak, hidratált, dús, természetesen matt frizurát készíthetünk vele. Használatával borzolt, strandfrizura hatást érhetünk el, könnyedén készíthetünk természetes tengerparti hullámokat. &nbsp;A volumennövelő összetétele, és jótékony hatásai a tengeri sós vízen alapulnak.</P></FONT>
<P style=\"TEXT-ALIGN: justify; MARGIN: 0cm 0cm 10pt\"><FONT face=Calibri>Ha szeretnéd hogy frizurád úgy nézzen ki, mintha most jöttél volna a tengerpartról?&nbsp; - Vidd fel a hajadra, fésüld bele, hagyd szabadon száradni, vagy szárítsd meg difúzorral.</FONT></P>
<P style=\"TEXT-ALIGN: justify; MARGIN: 0cm 0cm 10pt\"><FONT face=Calibri>200ml - A&nbsp;hajtömeg hidratáló, volumennövelő spray alkotó elemei hidratálják, erősítik a kapilláris rostokat, tartós és rugalmas tartást adnak a hajnak. Többszöri használat után a haj tartása a hajmosás után is megmarad, egészségesebbé válik.</FONT></P>
<P style=\"TEXT-ALIGN: justify; MARGIN: 0cm 0cm 10pt\"><FONT face=Calibri>A haj térfogat, a terjedelem illetve a mennyiség meghatározó a kész frizura szempontjából. Ezért ha dús hatású frizurát szeretnénk, mindig használjunk volumennövelő terméket. Vékonyszálú, gyenge hajnál még egy átlagos frizurához is ajánlott a volumennövelő termékek használata.</FONT></P>
<P><B><U>A rugalmas volumen növelő spray használata otthon, és a fodrászatban.</U></B></P>
<P style=\"TEXT-ALIGN: justify\">Permetezze a nedves, vagy száraz&nbsp;hajra a volumennövelő haj sprayt, fésülje bele a hajba, majd készítse el a frizurát.</P>', `item_id`='1410-vmfs-7204-200ml', `default_pic`='5036', `active`='1', `category_id`='65', `root_category_id`='73', `seo_name`='maxima-fs-sea-salt-tengeri-sos-viz-rugalmas-volumennovelo-spray', `fullurl`='hajfixalo-hajformazo/hajlakk/volumennovelo-lakk/maxima-fs-sea-salt-tengeri-sos-viz-rugalmas-volumennovelo-spray', `other_categories`='65,75,180,183,223,225,250,264' WHERE id=3887

[2021-01-20 19:18:27] UPDATE webshop_gallery SET original_name='Nirvel Man Matt férfi hajspray azonnali rögzítéshez dús hatású frizurához', date=1611166707 WHERE id=15421

[2021-01-20 19:18:27] UPDATE webshop_special_fields SET `value`='Nirvel' WHERE `key`='manufacturer' AND `product_id`=5102

[2021-01-20 19:18:27] UPDATE webshop_special_fields SET `value`='ml' WHERE `key`='quantityunit' AND `product_id`=5102

[2021-01-20 19:18:27] UPDATE webshop_special_fields SET `value`='300' WHERE `key`='kiszereles' AND `product_id`=5102

[2021-01-20 19:18:27] UPDATE webshop_products SET `name_hun`='Nirvel Man Matt férfi hajlakk azonnali rögzítéshez dús hatású frizurához - Extra erős',`content_short`='A férfi hajlakkal, a hajat kézzel vagy fésűvel megemelve, dúshatású, könnyed frizurát készíthetünk. A...',`content`='<P style=\"TEXT-ALIGN: justify; MARGIN: 0cm 0cm 10pt; LINE-HEIGHT: normal; mso-margin-top-alt: auto; mso-margin-bottom-alt: auto\">A férfi hajlakkal, a hajat kézzel vagy fésűvel megemelve, dúshatású, könnyed frizurát készíthetünk. A hajhabtól, waxtól vagy géltől eltérően a lakk másodpercek alatt rögzíti a frizurát, nem tapasztja össze a hajszálakat, és még szeles vagy havas körülmények között is megőrzi formáját.</P>
<P style=\"TEXT-ALIGN: justify; MARGIN: 0cm 0cm 10pt\">300ml &ndash; Extra erős tartású, matt, láthatatlan hajspray, környezetbarát hajtógázzal. -55% Voc</P>', `item_id`='0110-nbarber-6721-300ml', `default_pic`='15421', `active`='1', `category_id`='62', `root_category_id`='73', `seo_name`='nirvel-man-matt-ferfi-hajlakk-azonnali-rogziteshez-dus-hatasu-frizurahoz-extra-eros', `fullurl`='hajfixalo-hajformazo/hajlakk/extra-eros-hajlakk/nirvel-man-matt-ferfi-hajlakk-azonnali-rogziteshez-dus-hatasu-frizurahoz-extra-eros', `other_categories`='62,362,413' WHERE id=5102

[2021-01-20 19:18:27] INSERT INTO webshop_gallery (`id`, `product_id`, `original_name`, `new_name`, `date`) VALUES (15516, 5137, 'Nirvel Green Punk extra erős hajlakk -55%voc bio hajtógázzal', '15516.jpg', 1611166707)

[2021-01-20 19:18:27] INSERT INTO webshop_products (`id`, `name_hun`, `name_eng`, `item_id`, `price`, `reduced_price`, `status`, `currency`, `content_short`, `content`, `details`, `date`, `default_pic`, `active`, `main`, `sort`, `category_id`, `root_category_id`, `seo_name`, `fullurl`, `websyx_id`, `quantity`, `other_categories`) VALUES ('5137', 'Nirvel Green Punk extra erős hajlakk -55%voc bio hajtógázzal', 'Nirvel Green Punk extra erős hajlakk -55%voc bio hajtógázzal', '0110-ngreen-6694-extraeros-400ml', 0, 0, 1, 'Ft', 'Bio hajlakk. Antiallergén&nbsp; ,,&nbsp; -55%-V.O.C. Green Bio\" gázkeverékkel, töltött lakk, amely nem irritálja...', '<P style=\"TEXT-ALIGN: justify; MARGIN: 0cm 0cm 10pt; LINE-HEIGHT: normal; mso-margin-top-alt: auto; mso-margin-bottom-alt: auto\"><FONT face=Calibri>Bio hajlakk. Antiallergén&nbsp; ,,&nbsp; -55%-V.O.C. Green Bio\" gázkeverékkel, töltött lakk, amely nem irritálja a légutakat.&nbsp; A&nbsp;friss illatú&nbsp;hajlakk, egy professzionális aktív hajfixáló, ami hosszan tartó erős, de rugalmas tartást biztosít. A hajlakk a Nirvel által kifejlesztett védőformuláival fixálja, óvja és vitalizálja a hajat. Ideális kész frizurák, formázott hajak fixálására. A könnyen kifésülhető KIN hajlakk márkák, hosszan tartják hatásukat, nem hagy maradványokat a hajban.</FONT></P>
<P style=\"MARGIN: 0cm 0cm 10pt\"><FONT face=Calibri><STRONG>V.O.C-tartalom fogalma.</STRONG> (volatile organic compound), azaz a hajtógázból a levegőbe felszabaduló szerves vegyület. A VOC az erre érzékenyeknek fejfájást, légzőszervi, torok- és szemirritációt, szédülést, okozhat, és csökkentheti a koncentrálóképességet.</FONT></P>
<P style=\"TEXT-ALIGN: justify; MARGIN: 0cm 0cm 10pt; LINE-HEIGHT: normal; mso-margin-top-alt: auto; mso-margin-bottom-alt: auto\"><FONT face=Calibri><B style=\"mso-bidi-font-weight: normal\">400ml - A hajlakk használata professzionális szolgáltatást tesz lehetővé</B> a fodrászatokban és otthon, alacsony költségek mellett.&nbsp; A Nirvel által kifejlesztett összetételnek köszönhetően, a <B style=\"mso-bidi-font-weight: normal\">Nirvel hajlakk márkák</B>, hajsprayk, antiallergén virág illattal, környezetbarát összetevőkkel és alacsony költséggel készülnek.</FONT></P>
<P style=\"TEXT-ALIGN: justify; MARGIN: 0cm 0cm 10pt; LINE-HEIGHT: normal; mso-margin-top-alt: auto; mso-margin-bottom-alt: auto\"><FONT face=Calibri><U><STRONG>A -55%-voc</STRONG></U>&nbsp; <U><STRONG>Green hajlakk védőformulái óvják és vitalizálják a hajat, használatának hatásai.</STRONG></U></FONT></P>
<UL type=disc>
<LI style=\"TEXT-ALIGN: justify; MARGIN: 0cm 0cm 10pt; LINE-HEIGHT: normal; mso-margin-top-alt: auto; mso-margin-bottom-alt: auto; mso-list: l0 level1 lfo1; tab-stops: list 36.0pt\"><FONT face=Calibri>Nem irritálja a légutakat.</FONT> 
<LI style=\"TEXT-ALIGN: justify; MARGIN: 0cm 0cm 10pt; LINE-HEIGHT: normal; mso-margin-top-alt: auto; mso-margin-bottom-alt: auto; mso-list: l0 level1 lfo1; tab-stops: list 36.0pt\"><FONT face=Calibri>Extra erős tartású. </FONT><FONT face=Calibri>
<LI style=\"TEXT-ALIGN: justify; MARGIN: 0cm 0cm 10pt; LINE-HEIGHT: normal; mso-margin-top-alt: auto; mso-margin-bottom-alt: auto; mso-list: l0 level1 lfo1; tab-stops: list 36.0pt\">A hajlakk rugalmasan, láthatatlanul tartja a hajat. 
<LI style=\"TEXT-ALIGN: justify; MARGIN: 0cm 0cm 10pt; LINE-HEIGHT: normal; mso-margin-top-alt: auto; mso-margin-bottom-alt: auto; mso-list: l0 level1 lfo1; tab-stops: list 36.0pt\">Könnyen kifésülhető, gyors hatású&nbsp;hajfixáló. 
<LI style=\"TEXT-ALIGN: justify; MARGIN: 0cm 0cm 10pt; LINE-HEIGHT: normal; mso-margin-top-alt: auto; mso-margin-bottom-alt: auto; mso-list: l0 level1 lfo1; tab-stops: list 36.0pt\">A hajlakkal hosszan tartó hatását érünk el, nem hagy maradványokat a hajban. 
<LI style=\"TEXT-ALIGN: justify; MARGIN: 0cm 0cm 10pt; LINE-HEIGHT: normal; mso-margin-top-alt: auto; mso-margin-bottom-alt: auto; mso-list: l0 level1 lfo1; tab-stops: list 36.0pt\">Párataszító hatású hajlakk. 
<LI style=\"TEXT-ALIGN: justify; MARGIN: 0cm 0cm 10pt; LINE-HEIGHT: normal; mso-margin-top-alt: auto; mso-margin-bottom-alt: auto; mso-list: l0 level1 lfo1; tab-stops: list 36.0pt\">A hajlakknak UV szűrő hatása is van, amely véd a káros környezeti hatásoktól.</FONT></LI></UL>
<P style=\"TEXT-ALIGN: justify; MARGIN: 0cm 0cm 10pt; LINE-HEIGHT: normal; mso-margin-top-alt: auto; mso-margin-bottom-alt: auto\"><FONT face=Calibri><B><U>A legjobb alkalmazáshoz, a Green Bio hajlakk&nbsp;márkák használata.</U></B></FONT></P>
<P style=\"TEXT-ALIGN: justify; MARGIN: 0cm 0cm 10pt; LINE-HEIGHT: normal; mso-margin-top-alt: auto; mso-margin-bottom-alt: auto\"><FONT face=Calibri>A hajlakkot fújja száraz hajra kb. 30 cm távolságról. Ha a haj volumenét szeretné növelni, fújja a hajlakkot közvetlenül a hajtövekre. </FONT><FONT face=Calibri>Professzionális fodrászcikk, fodrászkellék!</FONT> </P>', '', 1611166707, '15516', '1', 0, 1, 61, '73', 'nirvel-green-punk-extra-eros-hajlakk-55-voc-bio-hajtogazzal', 'hajfixalo-hajformazo/hajlakk/eros-hajlakk/nirvel-green-punk-extra-eros-hajlakk-55-voc-bio-hajtogazzal', '1152', 1, '61,222')

[2021-01-20 19:18:28] INSERT INTO webshop_special_fields (`key`, `value`, `product_id`) VALUES ('manufacturer', 'Nirvel', 5137)

[2021-01-20 19:18:28] INSERT INTO webshop_special_fields (`key`, `value`, `product_id`) VALUES ('quantityunit', 'ml', 5137)

[2021-01-20 19:18:28] INSERT INTO webshop_special_fields (`key`, `value`, `product_id`) VALUES ('kiszereles', '400', 5137)

[2021-01-20 19:18:28] UPDATE webshop_gallery SET original_name='Steel Wax - acél hajwax 100ml', date=1611166708 WHERE id=15305

[2021-01-20 19:18:28] UPDATE webshop_special_fields SET `value`='PDV Baxter-Nuance-Concerto' WHERE `key`='manufacturer' AND `product_id`=5049

[2021-01-20 19:18:28] UPDATE webshop_special_fields SET `value`='ml' WHERE `key`='quantityunit' AND `product_id`=5049

[2021-01-20 19:18:28] UPDATE webshop_special_fields SET `value`='100' WHERE `key`='kiszereles' AND `product_id`=5049

[2021-01-20 19:18:28] UPDATE webshop_products SET `name_hun`='Steel Wax metál fényű hajwax 100ml',`content_short`='Metál fényű hajwax, amely fémes hideg hatású, fényes határozott megjelenést kölcsönöz a hajnak. Lehetővé...',`content`='<P style=\"TEXT-ALIGN: justify; MARGIN: 0cm 0cm 10pt\"><FONT face=Calibri>Metál fényű hajwax, amely fémes hideg hatású, fényes határozott megjelenést kölcsönöz a hajnak. Lehetővé teszi a merész formák, a modern stílusok sokféleségnek megvalósítását, a haj&nbsp;formázását tartós frizurák létrehozásához, rugalmasságot biztosítva a hajnak.</FONT></P>
<P style=\"TEXT-ALIGN: justify; MARGIN: 0cm 0cm 10pt\"><B style=\"mso-bidi-font-weight: normal\"><U>100ml - A hajwaxok&nbsp;használata:</U></B></P>
<P style=\"TEXT-ALIGN: justify; MARGIN-LEFT: 36pt; TEXT-INDENT: -18pt\">·&nbsp;&nbsp;&nbsp;&nbsp;&nbsp;&nbsp;&nbsp;&nbsp; Száraz hajra vigye fel.</P>
<P style=\"TEXT-ALIGN: justify; MARGIN-LEFT: 36pt; TEXT-INDENT: -18pt\">·&nbsp;&nbsp;&nbsp;&nbsp;&nbsp;&nbsp;&nbsp;&nbsp; Vegyünk egy kis mennyiséget a kezünkbe, és munkáljuk el az ujjainkkal a hajba.</P>
<P style=\"TEXT-ALIGN: justify; MARGIN-LEFT: 36pt; TEXT-INDENT: -18pt\">·&nbsp;&nbsp;&nbsp;&nbsp;&nbsp;&nbsp;&nbsp;&nbsp; Extrém frizuráknál,&nbsp;növeljük a&nbsp;felvitt mennyiséget a hajwaxból.</P>', `item_id`='0913-pdv-pt-cerper-100ml', `default_pic`='15305', `active`='1', `category_id`='77', `root_category_id`='73', `seo_name`='steel-wax-metal-fenyu-hajwax-100ml', `fullurl`='hajfixalo-hajformazo/hajformazo-krem-gel-hajwax/hajwax/steel-wax-metal-fenyu-hajwax-100ml', `other_categories`='77,435' WHERE id=5049

[2021-01-20 19:18:28] INSERT INTO webshop_gallery (`id`, `product_id`, `original_name`, `new_name`, `date`) VALUES (15517, 5138, 'Maxima FS Sea Salt tengeri sós víz rugalmas volumennövelő spray', '15517.jpg', 1611166708)

[2021-01-20 19:18:28] INSERT INTO webshop_products (`id`, `name_hun`, `name_eng`, `item_id`, `price`, `reduced_price`, `status`, `currency`, `content_short`, `content`, `details`, `date`, `default_pic`, `active`, `main`, `sort`, `category_id`, `root_category_id`, `seo_name`, `fullurl`, `websyx_id`, `quantity`, `other_categories`) VALUES ('5138', 'Maxima FS Sea Salt tengeri sós víz rugalmas volumennövelő spray', 'Maxima FS Sea Salt tengeri sós víz rugalmas volumennövelő spray', '0110-nbasic-6644-500ml', 0, 0, 1, 'Ft', '
Sós víz, Volumennövelő, modellező pupás folyadék, tiszta tengeri sós vízzel. Könnyű tartást és dús...', '<FONT face=Calibri>
<P style=\"TEXT-ALIGN: justify; MARGIN: 0cm 0cm 10pt\">Sós víz, Volumennövelő, modellező pupás folyadék, tiszta tengeri sós vízzel. Könnyű tartást és dús hatást kölcsönöz a hajnak, hidratált, dús, természetesen matt frizurát készíthetünk vele. Használatával borzolt, strandfrizura hatást érhetünk el, könnyedén készíthetünk természetes tengerparti hullámokat. &nbsp;A volumennövelő összetétele, és jótékony hatásai a tengeri sós vízen alapulnak.</P></FONT>
<P style=\"TEXT-ALIGN: justify; MARGIN: 0cm 0cm 10pt\"><FONT face=Calibri>Ha szeretnéd hogy frizurád úgy nézzen ki, mintha most jöttél volna a tengerpartról?&nbsp; - Vidd fel a hajadra, fésüld bele, hagyd szabadon száradni, vagy szárítsd meg difúzorral.</FONT></P>
<P style=\"TEXT-ALIGN: justify; MARGIN: 0cm 0cm 10pt\"><FONT face=Calibri>500ml - A&nbsp;hajtömeg hidratáló, volumennövelő spray alkotó elemei hidratálják, erősítik a kapilláris rostokat, tartós és rugalmas tartást adnak a hajnak. Többszöri használat után a haj tartása a hajmosás után is megmarad, egészségesebbé válik.</FONT></P>
<P style=\"TEXT-ALIGN: justify; MARGIN: 0cm 0cm 10pt\"><FONT face=Calibri>A haj térfogat, a terjedelem illetve a mennyiség meghatározó a kész frizura szempontjából. Ezért ha dús hatású frizurát szeretnénk, mindig használjunk volumennövelő terméket. Vékonyszálú, gyenge hajnál még egy átlagos frizurához is ajánlott a volumennövelő termékek használata.</FONT></P>
<P><B><U>A rugalmas volumen növelő spray használata otthon, és a fodrászatban.</U></B></P>
<P style=\"TEXT-ALIGN: justify\">Permetezze a nedves, vagy száraz&nbsp;hajra a volumennövelő haj sprayt, fésülje bele a hajba, majd készítse el a frizurát.</P>', '', 1611166708, '15517', '1', 0, 1, 65, '73', 'maxima-fs-sea-salt-tengeri-sos-viz-rugalmas-volumennovelo-spray', 'hajfixalo-hajformazo/hajlakk/volumennovelo-lakk/maxima-fs-sea-salt-tengeri-sos-viz-rugalmas-volumennovelo-spray', '3156', 1, '65,75,173,180,183,219,223,225,250,253,256,264,360,362,364,365,412')

[2021-01-20 19:18:28] INSERT INTO webshop_special_fields (`key`, `value`, `product_id`) VALUES ('manufacturer', 'Nirvel', 5138)

[2021-01-20 19:18:28] INSERT INTO webshop_special_fields (`key`, `value`, `product_id`) VALUES ('quantityunit', 'ml', 5138)

[2021-01-20 19:18:28] INSERT INTO webshop_special_fields (`key`, `value`, `product_id`) VALUES ('kiszereles', '500', 5138)

[2021-01-20 19:18:28] INSERT INTO webshop_gallery (`id`, `product_id`, `original_name`, `new_name`, `date`) VALUES (15518, 5139, 'Nirvel Cera Gel Wax - metál fényű extra erős gél hajwax 250ml', '15518.jpg', 1611166708)

[2021-01-20 19:18:28] INSERT INTO webshop_products (`id`, `name_hun`, `name_eng`, `item_id`, `price`, `reduced_price`, `status`, `currency`, `content_short`, `content`, `details`, `date`, `default_pic`, `active`, `main`, `sort`, `category_id`, `root_category_id`, `seo_name`, `fullurl`, `websyx_id`, `quantity`, `other_categories`) VALUES ('5139', 'Nirvel Cera Gel Wax - metál fényű extra erős gél hajwax 250ml', 'Nirvel Cera Gel Wax - metál fényű extra erős gél hajwax 250ml', '0113-gels-7505-250ml', 0, 0, 1, 'Ft', 'Metál fényű gél hajwax, amely fémes hideg hatású, fényes határozott megjelenést kölcsönöz a hajnak....', '<P style=\"TEXT-ALIGN: justify; MARGIN: 0cm 0cm 10pt\"><FONT face=Calibri>Metál fényű gél hajwax, amely fémes hideg hatású, fényes határozott megjelenést kölcsönöz a hajnak. Lehetővé teszi a merész formák, a modern stílusok sokféleségnek megvalósítását, a haj&nbsp;formázását tartós frizurák létrehozásához, rugalmasságot biztosítva a hajnak.</FONT></P>
<P style=\"TEXT-ALIGN: justify; MARGIN: 0cm 0cm 10pt\"><FONT face=Calibri>250ml</FONT></P>
<P style=\"TEXT-ALIGN: justify; MARGIN: 0cm 0cm 10pt\"><FONT face=Calibri>Extra erős tartású, gélesített állagának köszönhetően könnyű a felvitele. Nedves hajra használja, tapasztalja meg kreativitását.</FONT></P>
<P style=\"TEXT-ALIGN: justify; MARGIN: 0cm 0cm 10pt\"><U><FONT face=Calibri>A legjobb alkalmazáshoz, a hajwax használata.</FONT></U></P>
<P style=\"TEXT-ALIGN: justify; MARGIN: 0cm 0cm 10pt\"><FONT face=Calibri>Vegyünk egy kis mennyiséget a kezünkbe, és munkáljuk el az ujjainkkal a hajba. Extrém frizuráknál,&nbsp;növeljük a&nbsp;felvitt mennyiséget a hajwaxból.</FONT></P>', '', 1611166708, '15518', '1', 0, 1, 77, '73', 'nirvel-cera-gel-wax-metal-fenyu-extra-eros-gel-hajwax-250ml', 'hajfixalo-hajformazo/hajformazo-krem-gel-hajwax/hajwax/nirvel-cera-gel-wax-metal-fenyu-extra-eros-gel-hajwax-250ml', '3157', 1, '77,80,435')

[2021-01-20 19:18:28] INSERT INTO webshop_special_fields (`key`, `value`, `product_id`) VALUES ('manufacturer', 'Nirvel', 5139)

[2021-01-20 19:18:28] INSERT INTO webshop_special_fields (`key`, `value`, `product_id`) VALUES ('quantityunit', 'ml', 5139)

[2021-01-20 19:18:28] INSERT INTO webshop_special_fields (`key`, `value`, `product_id`) VALUES ('kiszereles', '250', 5139)

[2021-01-20 19:18:28] UPDATE webshop_products SET sort=1 WHERE id=3326

[2021-01-20 19:18:28] UPDATE webshop_products SET sort=2 WHERE id=5139

[2021-01-20 19:18:28] UPDATE webshop_products SET sort=3 WHERE id=5138

[2021-01-20 19:18:28] UPDATE webshop_products SET sort=4 WHERE id=5137

[2021-01-20 19:18:32] UPDATE users SET lastlogin = NOW() WHERE id = '11'

[2021-01-20 19:18:35] UPDATE users SET lastlogin = NOW() WHERE id = '11'

[2021-01-20 19:18:35] UPDATE webshop_products SET `price1_name`='', `price1_currency`='', `price1_value`='0' WHERE id=5137

[2021-01-20 19:18:35] UPDATE webshop_products SET `price2_name`='Kereskedő -27,6%', `price2_currency`='HUF', `price2_value`='3315' WHERE id=5137

[2021-01-20 19:18:35] UPDATE webshop_products SET `price3_name`='Kereskedő -33,6%', `price3_currency`='HUF', `price3_value`='3040' WHERE id=5137

[2021-01-20 19:18:35] UPDATE webshop_products SET `price4_name`='Szakmai 1 ár -7%', `price4_currency`='HUF', `price4_value`='4258' WHERE id=5137

[2021-01-20 19:18:35] UPDATE webshop_products SET `price5_name`='Szakmai 2 ár -14%', `price5_currency`='HUF', `price5_value`='3937' WHERE id=5137

[2021-01-20 19:18:35] UPDATE webshop_products SET `price6_name`='Vásárló', `price6_currency`='HUF', `price6_value`='4578' WHERE id=5137

[2021-01-20 19:18:35] UPDATE webshop_products SET `price7_name`='W Lista ár', `price7_currency`='HUF', `price7_value`='4578' WHERE id=5137

[2021-01-20 19:18:35] UPDATE webshop_products SET `price`='4578', `reduced_price`=0 WHERE id=5137

[2021-01-20 19:18:35] UPDATE webshop_products SET `price1_name`='', `price1_currency`='', `price1_value`='0' WHERE id=5138

[2021-01-20 19:18:35] UPDATE webshop_products SET `price2_name`='Kereskedő -27,6%', `price2_currency`='HUF', `price2_value`='2294' WHERE id=5138

[2021-01-20 19:18:35] UPDATE webshop_products SET `price3_name`='Kereskedő -33,6%', `price3_currency`='HUF', `price3_value`='2104' WHERE id=5138

[2021-01-20 19:18:35] UPDATE webshop_products SET `price4_name`='Szakmai 1 ár -7%', `price4_currency`='HUF', `price4_value`='2947' WHERE id=5138

[2021-01-20 19:18:35] UPDATE webshop_products SET `price5_name`='Szakmai 2 ár -14%', `price5_currency`='HUF', `price5_value`='2725' WHERE id=5138

[2021-01-20 19:18:35] UPDATE webshop_products SET `price6_name`='Vásárló', `price6_currency`='HUF', `price6_value`='3168' WHERE id=5138

[2021-01-20 19:18:35] UPDATE webshop_products SET `price7_name`='W Lista ár', `price7_currency`='HUF', `price7_value`='3168' WHERE id=5138

[2021-01-20 19:18:35] UPDATE webshop_products SET `price`='3168', `reduced_price`=0 WHERE id=5138

[2021-01-20 19:18:35] UPDATE webshop_products SET `price1_name`='', `price1_currency`='', `price1_value`='0' WHERE id=5139

[2021-01-20 19:18:35] UPDATE webshop_products SET `price2_name`='Kereskedő -27,6%', `price2_currency`='HUF', `price2_value`='2004' WHERE id=5139

[2021-01-20 19:18:35] UPDATE webshop_products SET `price3_name`='Kereskedő -33,6%', `price3_currency`='HUF', `price3_value`='1838' WHERE id=5139

[2021-01-20 19:18:35] UPDATE webshop_products SET `price4_name`='Szakmai 1 ár -7%', `price4_currency`='HUF', `price4_value`='2574' WHERE id=5139

[2021-01-20 19:18:35] UPDATE webshop_products SET `price5_name`='Szakmai 2 ár -14%', `price5_currency`='HUF', `price5_value`='2381' WHERE id=5139

[2021-01-20 19:18:35] UPDATE webshop_products SET `price6_name`='Vásárló', `price6_currency`='HUF', `price6_value`='2768' WHERE id=5139

[2021-01-20 19:18:35] UPDATE webshop_products SET `price7_name`='W Lista ár', `price7_currency`='HUF', `price7_value`='2768' WHERE id=5139

[2021-01-20 19:18:35] UPDATE webshop_products SET `price`='2768', `reduced_price`=0 WHERE id=5139

[2021-01-20 19:18:39] UPDATE users SET lastlogin = NOW() WHERE id = '11'

[2021-01-20 19:18:41] UPDATE users SET lastlogin = NOW() WHERE id = '11'

[2021-01-20 19:18:46] DELETE FROM webshop_gallery WHERE id=15515

[2021-01-20 19:18:54] DELETE FROM webshop_gallery WHERE id=15514

[2021-01-20 19:18:59] INSERT INTO webshop_gallery (`id`, `product_id`, `original_name`, `new_name`, `date`) VALUES (15519, 5137, 'Nirvel Green Punk extra erős hajlakk -55%voc bio hajtógázzal', '15519.jpg', 1611166739)

[2021-01-20 19:18:59] DELETE FROM webshop_gallery WHERE id='13547'

[2021-01-20 19:18:59] INSERT INTO webshop_gallery (`id`, `product_id`, `original_name`, `new_name`, `date`) VALUES (15520, 2901, 'subliss hajkiegyenesítő előtte utána', '15520.jpg', 1611166739)

[2021-01-20 19:18:59] INSERT INTO webshop_gallery (`id`, `product_id`, `original_name`, `new_name`, `date`) VALUES (15521, 2901, 'Hajegyenesítés keratinos Maxima Subliss2-vel', '15521.jpg', 1611166739)

[2021-01-20 19:18:59] INSERT INTO webshop_gallery (`id`, `product_id`, `original_name`, `new_name`, `date`) VALUES (15522, 4296, 'Kinmaster Deep Cleansing pH9 mélytisztító sampon 1000ml', '15522.jpg', 1611166739)

[2021-01-20 19:18:59] INSERT INTO webshop_gallery (`id`, `product_id`, `original_name`, `new_name`, `date`) VALUES (15523, 5138, 'Nirvel Aqua Marina tengeri sós víz rugalmas volumennövelő spray', '15523.jpg', 1611166739)

[2021-01-20 19:18:59] INSERT INTO webshop_gallery (`id`, `product_id`, `original_name`, `new_name`, `date`) VALUES (15524, 5139, 'Nirvel Cera Gel Wax - metál fényű extra erős gél hajwax 250ml', '15524.jpg', 1611166739)

[2021-01-20 19:19:19] UPDATE users SET lastlogin = NOW() WHERE id = '11'

