[2021-01-13 12:39:17] UPDATE users SET lastlogin = NOW() WHERE id = '11'

[2021-01-13 12:39:19] UPDATE users SET lastlogin = NOW() WHERE id = '11'

[2021-01-13 12:39:21] UPDATE users SET lastlogin = NOW() WHERE id = '11'

[2021-01-13 12:39:21] INSERT INTO webshop_gallery (`id`, `product_id`, `original_name`, `new_name`, `date`) VALUES (15502, 5132, 'Melírfólia ezüst alumíniumból átlátszó csíkkal adagolóval OR02531', '15502.jpg', 1610537961)

[2021-01-13 12:39:21] INSERT INTO webshop_products (`id`, `name_hun`, `name_eng`, `item_id`, `price`, `reduced_price`, `status`, `currency`, `content_short`, `content`, `details`, `date`, `default_pic`, `active`, `main`, `sort`, `category_id`, `root_category_id`, `seo_name`, `fullurl`, `websyx_id`, `quantity`, `other_categories`) VALUES ('5132', 'Melírfólia ezüst alumíniumból átlátszó csíkkal adagolóval OR02531', 'Melírfólia ezüst alumíniumból átlátszó csíkkal adagolóval OR02531', '3124-es-02531-14mikron-12,7cm×70m', 0, 0, 1, 'Ft', '
Melírfólia ezüst alumíniumból, a közepén egy&nbsp;átlátszó csíkkal, tépő pengével ellátott adagolós...', '<FONT face=Calibri>
<P style=\"TEXT-ALIGN: justify; MARGIN: 0cm 0cm 10pt\"><FONT face=Calibri>Melírfólia ezüst alumíniumból, a közepén egy&nbsp;átlátszó csíkkal, tépő pengével ellátott adagolós dobozban.&nbsp; A 14 mikron vastag, 12,7cm x 60m tekercsben, tépő pengés&nbsp;dobozban&nbsp;kapható alumínium melírozó&nbsp;fólia, hajfestéshez, melírozáshoz, haj szőkítéshez, és egyéb vegyi műveletekhez készül.</FONT></P>
<P style=\"TEXT-ALIGN: justify; MARGIN: 0cm 0cm 10pt\"><FONT face=Calibri>Az alumínium melírfólia&nbsp;praktikus fodrászkelléke a &nbsp;haj melírozás, ombre haj készítés&nbsp;technikáknak, doboza egy tépő pengével van ellátva, ami megkönnyíti a pontos méretre szabást.</FONT> </P>
<P style=\"TEXT-ALIGN: justify; MARGIN: 0cm 0cm 10pt\">Melirozó fólia származási helye:EU</P></FONT>', '', 1610537961, '15502', '1', 0, 1, 34, '22', 'melirfolia-ezust-aluminiumbol-atlatszo-csikkal-adagoloval-or02531', 'hajfestek/hajfestes-fodraszkellekei/melirfolia-ezust-aluminiumbol-atlatszo-csikkal-adagoloval-or02531', '3152', 1, '34,113,222,257,258,331,332')

[2021-01-13 12:39:21] INSERT INTO webshop_special_fields (`key`, `value`, `product_id`) VALUES ('manufacturer', 'Euro fodrászkellék', 5132)

[2021-01-13 12:39:21] INSERT INTO webshop_special_fields (`key`, `value`, `product_id`) VALUES ('quantityunit', 'db', 5132)

[2021-01-13 12:39:21] INSERT INTO webshop_special_fields (`key`, `value`, `product_id`) VALUES ('kiszereles', '1', 5132)

[2021-01-13 12:39:21] INSERT INTO webshop_products (`id`, `name_hun`, `name_eng`, `item_id`, `price`, `reduced_price`, `status`, `currency`, `content_short`, `content`, `details`, `date`, `default_pic`, `active`, `main`, `sort`, `category_id`, `root_category_id`, `seo_name`, `fullurl`, `websyx_id`, `quantity`, `other_categories`) VALUES ('5133', 'Handmade kézzel készített szappan olivával 75gr', 'Handmade kézzel készített szappan olivával 75gr', '0752-stella-92492-oliva', 0, 0, 1, 'Ft', 'Gyengéd glicerines szappan&nbsp;oliva bogyó felhasználásával. A Glicerin alapú szappanok, nem szárítják a...', '<P style=\"TEXT-ALIGN: justify\">Gyengéd glicerines szappan&nbsp;oliva bogyó felhasználásával. A Glicerin alapú szappanok, nem szárítják a bőrt. A bőr kiszáradását megelőző tulajdonsága miatt az érzékeny bőrűeknek is ajánljuk.</P>
<P style=\"TEXT-ALIGN: justify\">75gr</P>', '', 1610537961, '0', '1', 0, 1, 431, '417', 'handmade-kezzel-keszitett-szappan-olivaval-75gr', 'drogeria/szappan/handmade-kezzel-keszitett-szappan-olivaval-75gr', '3153', 1, '431')

[2021-01-13 12:39:21] INSERT INTO webshop_special_fields (`key`, `value`, `product_id`) VALUES ('manufacturer', 'Egyéb kozmetika', 5133)

[2021-01-13 12:39:21] INSERT INTO webshop_special_fields (`key`, `value`, `product_id`) VALUES ('quantityunit', 'ml', 5133)

[2021-01-13 12:39:21] INSERT INTO webshop_special_fields (`key`, `value`, `product_id`) VALUES ('kiszereles', '75', 5133)

[2021-01-13 12:39:21] UPDATE webshop_products SET sort=1 WHERE id=3326

[2021-01-13 12:39:21] UPDATE webshop_products SET sort=2 WHERE id=5133

[2021-01-13 12:39:21] UPDATE webshop_products SET sort=3 WHERE id=5132

[2021-01-13 12:39:23] UPDATE users SET lastlogin = NOW() WHERE id = '11'

[2021-01-13 12:39:23] UPDATE webshop_gallery SET original_name='Gyantapatron meleg gyantázáshoz erős nyugtató hatással100ml clorofilos', date=1610537963 WHERE id=815

[2021-01-13 12:39:23] UPDATE webshop_special_fields SET `value`='Ro.ial papír és kozmetika' WHERE `key`='manufacturer' AND `product_id`=2811

[2021-01-13 12:39:23] UPDATE webshop_special_fields SET `value`='ml' WHERE `key`='quantityunit' AND `product_id`=2811

[2021-01-13 12:39:23] UPDATE webshop_special_fields SET `value`='100' WHERE `key`='kiszereles' AND `product_id`=2811

[2021-01-13 12:39:23] UPDATE webshop_products SET `name_hun`='Elfogyott! - Gyantapatron meleg gyantázáshoz erős nyugtató hatással100ml clorofilos',`content_short`='A gyantapatron használata erősen nyugtató hatássa miatt, fokozottan ajánlott&nbsp;lintim területre.&nbsp; 60mm...',`content`='<P style=\"TEXT-ALIGN: justify; MARGIN: 0cm 0cm 10pt\"><FONT face=Calibri>A gyantapatron használata erősen nyugtató hatássa miatt, fokozottan ajánlott&nbsp;lintim területre.&nbsp; 60mm széles görgőfejjel ellátott gyantapatron.&nbsp;Az olajos meleg gyanta tradicionálisan, természetes viaszokból és válogatott, természetes esszenciákból készült.</FONT></P>
<P style=\"TEXT-ALIGN: justify; MARGIN: 0cm 0cm 10pt\"><FONT face=Calibri>100ml klorofiles</FONT></P>
<P style=\"TEXT-ALIGN: justify; MARGIN: 0cm 0cm 10pt\"><B style=\"mso-bidi-font-weight: normal\"><FONT face=Calibri>Szőrtelenítő gyantapatron típusok leírása, használata mit kell tudni a gyantákról!</FONT></B></P>
<P style=\"MARGIN: 0cm 0cm 10pt\"><B style=\"mso-bidi-font-weight: normal\"><U><FONT face=Calibri>Szőrtelenítő gyantapatronok használata:</FONT></U></B></P>
<P style=\"TEXT-ALIGN: justify; MARGIN: 0cm 0cm 10pt\"><FONT face=Calibri>50-55°C kell melegíteni gyantapatront a patronmelegítőben. A gyantapatron melegítőre mindig rá kell tenni a kupakját vagy a fedelét lecsukni, mert csak így garantálható, hogy a görgő is átmelegedjen, és ne húzza az első felvitel alkalmával a vendég bőrét. A bőrfelületre közepesen vastagon lehet felvinni. A szőrtelenítő gyantapatron az előírt felhasználási hőmérsékleten nem folyik le a bőrről, jól tapad a test szőrzetéhez. A gyanta eltávolításához, gyantaletépő papírcsík használata szükséges!</FONT></P>
<P style=\"MARGIN: 0cm 0cm 10pt\"><B style=\"mso-bidi-font-weight: normal\"><U><FONT face=Calibri>Szőrtelenítő gyanta és bőr típusok párosítása, gyanták tulajdonságai: - </FONT></U></B></P>
<P style=\"MARGIN: 0cm 0cm 10pt\"><FONT face=Calibri>Normál, natúr sárga. Univerzális, Colophonium mentes szőrtelenítő gyanta minden bőrtípushoz</FONT></P>
<P style=\"TEXT-ALIGN: justify; MARGIN: 0cm 0cm 10pt\"><FONT face=Calibri>Azulénes kék Colophonium mentes szőrtelenítő gyantapatron. Mint tudjuk az azulén bőrnyugtató hatású, ezt a hatóanyagot használjuk fel a kamillás kozmetikumok esetén is. A bőrpír kialakulásának esélyét csökkentjük vele.</FONT></P>
<P style=\"TEXT-ALIGN: justify; MARGIN: 0cm 0cm 10pt\"><FONT face=Calibri>Klorofilles zöld Colophonium mentes szőrtelenítő gyantapatron.&nbsp; A bőrt felfrissítő, hatékony gyantatípus. Intim gyanta: Intim felületre ajánlott.</FONT></P>
<P style=\"TEXT-ALIGN: justify; MARGIN: 0cm 0cm 10pt\"><FONT face=Calibri>Titándioxidos pink Colophonium mentes szőrtelenítő gyantapatron.&nbsp; Hiperérzékeny bőrre, erős szőrzetre alkalmazható, bőrnyugtató hatóanyagot tartalmaz. A természetes Titánium dioxid komplex ásványi bázisra épül, mely optimálisan köti a gyantát a szőrzethez, így a szőrtelenítés kevésbé fájdalmas.</FONT></P>
<P style=\"TEXT-ALIGN: justify; MARGIN: 0cm 0cm 10pt\"><FONT face=Calibri>Csokoládés barna Colophonium mentes szőrtelenítő gyantapatron.&nbsp; A bőr puha, hidratált marad gyantázás után is. A kakaó vaj mint tudjuk kiváló bőrtápláló hatású, a siker titka a kakaó antioxidáns tulajdonságában rejlik, flavonoid tartalma magas, amely segíti a sejtregenerációt.</FONT></P>
<P style=\"TEXT-ALIGN: justify; MARGIN: 0cm 0cm 10pt\"><FONT face=Calibri>Cink világos szürke Colophonium mentes szőrtelenítő gyantapatron. Cink-oxid és oliva olaj tartalmának köszönhetően egy hosszabb bőrbarát, normalizáló, gyulladás csökkentő hatást fejt ki még a legérzékenyebb bőrökön is. A cink-oxid fertőtlenítő hatása és az oliva általánosan elismert természetes gyulladás csökkentő és bőrfinomító hatása egyesül. Leginkább ajánlott a száraz, dehidratált és érzékeny bőrökre. Konzisztenciája révén könnyen eloszlatható a test nagyobb területein is. Száraz bőrre.</FONT></P>
<P style=\"TEXT-ALIGN: justify; MARGIN: 0cm 0cm 10pt\"><FONT face=Calibri>Epres - piros kényes, száraz és érzékeny bőrre&nbsp; Ajánlott kényes, száraz és érzékeny bőrre, csakúgy, mint a bikini zónához és a karhoz.</FONT></P>
<P style=\"TEXT-ALIGN: justify; MARGIN: 0cm 0cm 10pt\"><FONT face=Calibri>Sport wax - gyanta. Colophonium mentes szőrtelenítő gyanta, erős szőrzethez. Nagy felületek szőrtelenítésére is ajánlott, ginzenget tartalmaz.</FONT></P>
<P style=\"TEXT-ALIGN: justify; MARGIN: 0cm 0cm 10pt\"><FONT face=Calibri>Aloeverás világoskék Colophonium mentes szőrtelenítő gyantapatron.&nbsp; Nyugtató, gyulladás gátló és regeneráló hatása miatt kiváló minőségű gyanta. Minden bőrtípusra ajánlott. Különösen krémes gyanta, alacsony alkalmazási hőmérséklettel, irritáció- és gyulladáscsökkentő, ideális az érzékeny és barnított bőrhöz.</FONT></P>
<P style=\"TEXT-ALIGN: justify; MARGIN: 0cm 0cm 10pt\"><FONT face=Calibri>Olívás zöld Colophonium mentes szőrtelenítő gyantapatron.&nbsp; (nagyon száraz típusú bőrökre alkalmazzuk, mert nem nagyon tapad rá a bőrre),</FONT></P>
<P style=\"TEXT-ALIGN: justify; MARGIN: 0cm 0cm 10pt\"><FONT face=Calibri>Zöldalmás világoszöld Colophonium mentes szőrtelenítő gyanta patron. Bársonyos textúrája, kényeztető illata, rugalmassága selymes befejezést ígér. Titán-dioxid tartalmának köszönhetően csökkenti a kipirosodást még a legérzékenyebb területeken is. Érzékeny bőrre.</FONT></P>
<P style=\"TEXT-ALIGN: justify; MARGIN: 0cm 0cm 10pt\"><FONT face=Calibri>Mézes sárga Colophonium mentes szőrtelenítő gyantapatron.<BR>Szerecsendió-vajas (amit kis fájdalom tűréssel rendelkező vendégeinknek ajánljuk, mivel alacsony az olvadás pontja.</FONT></P>
<P style=\"TEXT-ALIGN: justify; MARGIN: 0cm 0cm 10pt\"><B style=\"mso-bidi-font-weight: normal\"><U><FONT face=Calibri>Szőrtelenítő gyanták:</FONT></U></B></P>
<P style=\"TEXT-ALIGN: justify; MARGIN: 0cm 0cm 10pt\"><FONT face=Calibri>A gyanta növényi eredetű kozmetikai anyag, a balzsamok beszáradt nedvei, amelyek akkor jönnek létre, ha a növényekből kifolyó nedvek folyékony alkotórészei elpárolognak.<BR>A klasszikus \"szőrtépő\" gyanta kb. 80%-ban kolofónium és 20%-ban méhviaszt tartalmaz.<BR>A kolofóniumot a fenyőgyantából nyerik, mégpedig úgy, hogy addig melegítik, míg a fenyőgyanta elveszíti nedvességtartalmát.<BR>Manapság sokféle gyanta közül választhatunk, különböző illat-és adalékanyagok hozzáadásával a gyártók újabb és újabb illatú és színű gyantákat dobnak piacra.<BR>A Colophonium mentes gyanták és paraffinos termékek jellegzetessége a tudományos alapossággal kiválasztott, kiváló minőségű alapanyagok. Minden termék a legmodernebb technológiával készül és folyamatos, szigorú minőségellenőrzés után kerül a felhasználóhoz. Minden igényhez illeszkedően kínálja gyantáit, a hagyományostól egészen akár az az érzéki színekkel, illatokkal vagy illóolajokkal dúsítottakig.</FONT></P>
<P style=\"MARGIN: 0cm 0cm 10pt\"><BR><B style=\"mso-bidi-font-weight: normal\"><U><FONT face=Calibri>Néhány szőrtelenítő gyanta típus összetevőjének jellemzői:</FONT></U></B></P><STRONG><U><FONT face=Calibri></FONT></U></STRONG>
<P style=\"MARGIN: 0cm 0cm 10pt\"><BR><FONT face=Calibri>- Normál - natúr sárga. Univerzális, minden bőrtípushoz</FONT><BR><FONT face=Calibri>- Eper- piros. Megszabadít az elhalt hámsejtektől, napozás után hűsíti a bőrt, véd az ultraibolya sugárzástól, valamint a pattanásos bőr kezelésére is kiváló.</FONT><BR><FONT face=Calibri>- Citrom - sárga Pezsdíti, feszesíti, erősíti és tisztítja a bőrt. A kozmetikában elsősorban zsíros, szennyezett bőrre, pattanások kezelése során alkalmazzák. Lassítja a bőr öregedését, fehérítő hatása miatt a fénytelen, foltos bőrt felüdíti. A C-vitaminnak köszönhetően a kollagén felépítésében is szerepet játszik, melynek hatására bőrünk szép feszes marad.</FONT><FONT face=Calibri><BR>- Csokoládé - barna A csokoládé fogyasztása nem csak a lelkünknek tesz jót, de bőrünknek is. Külsőleg és belsőleg alkalmazva is pozitív hatással lehet bőrünkre. A siker titka a kakaó antioxidáns tulajdonságában rejlik, flavonoid tartalma magas, amely segíti a sejtregenerációt. Emellett csökkenti a stressz okozta feszültséget, fokozza a boldogsághormon kiválasztását. A tévhittel ellentétben a csokoládé erősíti és megszépíti a bőrt!</FONT><BR><FONT face=Calibri>- Aloe Vera -&nbsp; Csökkenti a gyulladást, meggátolja a fertőzés kialakulását valamint fertőtlenít. Mindezek mellett kiválóan hidratál, sejtregeneráló hatással bír, illetve elősegíti a bőr természetes színének megőrzését is. Allergiás problémák esetén is hasznos gyógyí. A gyanta az Aloe minden tápláló összetevőjét tartalmazza, hogy védje, hidratálja és táplálja a bőrt a szőrtelenítés alatt. Az anti-bakteriális és gyulladás ellenes Aloe szuper gyengéd szőrtelenítési élményt nyújt. Erősen javasolt az arc finomabb részein, a hónaljon és a bikini területén. Érzékeny bőrre.</FONT></P>
<P style=\"TEXT-ALIGN: justify; MARGIN: 0cm 0cm 10pt\"><FONT face=Calibri>- Titánoxidos gyanták: A természetes Titánium dioxid komplex ásványi bázisra épül, mely optimálisan köti a gyantát a szőrzethez, így a szőrtelenítés kevésbé fájdalmas. A következő gyanta fajták ötvözik a titándioxid és hagyományos gyanták előnyit.</FONT></P>
<P style=\"TEXT-ALIGN: justify; MARGIN: 0cm 0cm 10pt\"><FONT face=Calibri>- Csokoládé -Titándioxid alapú érzékeny bőrre. Ideális az allergiás reakciókra hajlamos és érzékeny bőrhöz. Gyulladáscsökkentő hatású, nyugtatja az irritációt.</FONT></P>
<P style=\"TEXT-ALIGN: justify; MARGIN: 0cm 0cm 10pt\"><FONT face=Calibri>- Azulén -Titánium dioxiddal gyulladáscsökkentő, allergiás és érzékeny bőrhöz. Ideális az allergiás reakciókra hajlamos és érzékeny bőrhöz. Gyulladáscsökkentő hatású, nyugtatja az irritációt.</FONT></P>', `item_id`='2141-ri-cer426-clorofil-60mm-100ml', `default_pic`='815', `active`='1', `category_id`='235', `root_category_id`='191', `seo_name`='elfogyott-gyantapatron-meleg-gyantazashoz-eros-nyugtato-hatassal100ml-clorofilos', `fullurl`='arcapolas-testapolas/szortelenites/szortelenito-gyantapatron/elfogyott-gyantapatron-meleg-gyantazashoz-eros-nyugtato-hatassal100ml-clorofilos', `other_categories`='235,242,432' WHERE id=2811

[2021-01-13 12:39:23] UPDATE webshop_gallery SET original_name='Kutyanyíró olló hajlított pengével Professional-799 5.5\\\"', date=1610537963 WHERE id=12733

[2021-01-13 12:39:23] UPDATE webshop_special_fields SET `value`='Hajvágó olló' WHERE `key`='manufacturer' AND `product_id`=4529

[2021-01-13 12:39:23] UPDATE webshop_special_fields SET `value`='db' WHERE `key`='quantityunit' AND `product_id`=4529

[2021-01-13 12:39:23] UPDATE webshop_special_fields SET `value`='1' WHERE `key`='kiszereles' AND `product_id`=4529

[2021-01-13 12:39:23] UPDATE webshop_products SET `name_hun`='Kutyanyíró olló hajlított pengével Professional-799 5.5\"',`content_short`='Kutyanyíró, állat nyíró olló,&nbsp;hajlított, mikrofogazású önélezős&nbsp;vágó éllel.&nbsp;A...',`content`='<P style=\"MARGIN: 0cm 0cm 10pt; LINE-HEIGHT: normal; mso-margin-top-alt: auto; mso-margin-bottom-alt: auto\"><FONT face=Calibri><B>Kutyanyíró, állat nyíró olló</B>,&nbsp;hajlított, mikrofogazású önélezős&nbsp;vágó éllel.&nbsp;A professzionális,&nbsp;kutyakozmetikusoknak készült&nbsp;olló kiképzése&nbsp;lehetővé teszi mindenfajta nyírási művelet használatához.&nbsp;</FONT></P>
<P style=\"TEXT-ALIGN: justify; MARGIN: 0cm 0cm 10pt; LINE-HEIGHT: normal; mso-margin-top-alt: auto; mso-margin-bottom-alt: auto\"><FONT face=Calibri>5,5\" méretben&nbsp; - A <B>kutyanyíró, állat nyíró olló</B> edzett, acélból készül. A könnyű, és erős edzett acélnak köszönhetően, az olló éle tartós. A hajvágó olló állítható csavaros szorító rendszerrel készül. A csavar teljes kicsavarásával az olló pengék szétválaszthatóak, ezért szükség esetén azok újra élezhetők.</FONT></P>
<P style=\"MARGIN: 0cm 0cm 10pt; LINE-HEIGHT: normal; mso-margin-top-alt: auto; mso-margin-bottom-alt: auto\"><B style=\"mso-bidi-font-weight: normal\"><U><FONT face=Calibri>A kutyanyíró olló paraméterei, tulajdonságai, adatai:</FONT></U></B></P>
<UL type=disc>
<LI style=\"MARGIN: 0cm 0cm 10pt; LINE-HEIGHT: normal; mso-margin-top-alt: auto; mso-margin-bottom-alt: auto; mso-list: l0 level1 lfo1; tab-stops: list 36.0pt\"><FONT face=Calibri>a kutyanyíró olló hossza ujj támasz nélkül kb. 140mm </FONT>
<LI style=\"MARGIN: 0cm 0cm 10pt; LINE-HEIGHT: normal; mso-margin-top-alt: auto; mso-margin-bottom-alt: auto; mso-list: l0 level1 lfo1; tab-stops: list 36.0pt\"><FONT face=Calibri>Tökéletes&nbsp;vágási képesség. </FONT>
<LI style=\"MARGIN: 0cm 0cm 10pt; LINE-HEIGHT: normal; mso-margin-top-alt: auto; mso-margin-bottom-alt: auto; mso-list: l0 level1 lfo1; tab-stops: list 36.0pt\"><FONT face=Calibri>Matt&nbsp;modern megjelenésű kutanyíró olló. </FONT>
<LI style=\"MARGIN: 0cm 0cm 10pt; LINE-HEIGHT: normal; mso-margin-top-alt: auto; mso-margin-bottom-alt: auto; mso-list: l0 level1 lfo1; tab-stops: list 36.0pt\"><FONT face=Calibri>Ergonómikus kialakítású&nbsp;<B> olló</B>. </FONT>
<LI style=\"MARGIN: 0cm 0cm 10pt; LINE-HEIGHT: normal; mso-margin-top-alt: auto; mso-margin-bottom-alt: auto; mso-list: l0 level1 lfo1; tab-stops: list 36.0pt\"><FONT face=Calibri>dHg-köszörülés a sima vágási felületért. </FONT>
<LI style=\"MARGIN: 0cm 0cm 10pt; LINE-HEIGHT: normal; mso-margin-top-alt: auto; mso-margin-bottom-alt: auto; mso-list: l0 level1 lfo1; tab-stops: list 36.0pt\"><FONT face=Calibri>Állítható csavaros rendszer. </FONT>
<LI style=\"MARGIN: 0cm 0cm 10pt; LINE-HEIGHT: normal; mso-margin-top-alt: auto; mso-margin-bottom-alt: auto; mso-list: l0 level1 lfo1; tab-stops: list 36.0pt\"><FONT face=Calibri>Levehető ujjtámasz. </FONT>
<LI style=\"MARGIN: 0cm 0cm 10pt; LINE-HEIGHT: normal; mso-margin-top-alt: auto; mso-margin-bottom-alt: auto; mso-list: l0 level1 lfo1; tab-stops: list 36.0pt\"><FONT face=Calibri>Puha ütköző. </FONT>
<LI style=\"MARGIN: 0cm 0cm 10pt; LINE-HEIGHT: normal; mso-margin-top-alt: auto; mso-margin-bottom-alt: auto; mso-list: l0 level1 lfo1; tab-stops: list 36.0pt\"><FONT face=Calibri>Tökéletesen kiegyensúlyozott kutanyíró <STRONG>olló</STRONG> súlyeloszlás.</FONT>&nbsp;</LI></UL>', `item_id`='0728-henbor-799c-5.5', `default_pic`='12733', `active`='1', `category_id`='104', `root_category_id`='0', `seo_name`='kutyanyiro-ollo-hajlitott-pengevel-professional-799-55', `fullurl`='fodraszkellek/kutyanyiro-ollo-hajlitott-pengevel-professional-799-55', `other_categories`='104,121,124,222' WHERE id=4529

[2021-01-13 12:39:24] UPDATE webshop_gallery SET original_name='Kutyanyíró olló egyenes pengével 6.5\\\" 04359', date=1610537964 WHERE id=13623

[2021-01-13 12:39:24] UPDATE webshop_special_fields SET `value`='Hajvágó olló' WHERE `key`='manufacturer' AND `product_id`=2662

[2021-01-13 12:39:24] UPDATE webshop_special_fields SET `value`='db' WHERE `key`='quantityunit' AND `product_id`=2662

[2021-01-13 12:39:24] UPDATE webshop_special_fields SET `value`='1' WHERE `key`='kiszereles' AND `product_id`=2662

[2021-01-13 12:39:24] UPDATE webshop_products SET `name_hun`='Kutyanyíró olló egyenes pengével 6.5\" 04359',`content_short`='Kutyanyíró, állat nyíró olló,&nbsp;egyenes, mikro fogazású önélezős&nbsp;vágó éllel.&nbsp;A...',`content`='<P style=\"TEXT-ALIGN: justify; MARGIN: 0cm 0cm 10pt; LINE-HEIGHT: normal; mso-margin-top-alt: auto; mso-margin-bottom-alt: auto\"><FONT face=Calibri><B>Kutyanyíró, állat nyíró olló</B>,&nbsp;egyenes, mikro fogazású önélezős&nbsp;vágó éllel.&nbsp;A professzionális,&nbsp;kutyakozmetikusoknak készült&nbsp;olló kiképzése&nbsp;lehetővé teszi mindenfajta nyírási művelet használatához.&nbsp;</P>
<P style=\"TEXT-ALIGN: justify; MARGIN: 0cm 0cm 10pt; LINE-HEIGHT: normal; mso-margin-top-alt: auto; mso-margin-bottom-alt: auto\">6,5\" méretben&nbsp;- A <B>kutyanyíró, állat nyíró olló</B> edzett, acélból készül. A könnyű, és erős acélnak köszönhetően, az olló éle tartós.&nbsp; A csavar teljes kicsavarásával az olló pengék szétválaszthatóak, ezért szükség esetén azok újra élezhetők.</P>
<P style=\"TEXT-ALIGN: justify; MARGIN: 0cm 0cm 10pt; LINE-HEIGHT: normal; mso-margin-top-alt: auto; mso-margin-bottom-alt: auto\"><B style=\"mso-bidi-font-weight: normal\"><U>A kutyanyíró olló paraméterei, tulajdonságai, adatai:</U></B></P>
<UL type=disc>
<LI style=\"TEXT-ALIGN: justify; MARGIN: 0cm 0cm 10pt; LINE-HEIGHT: normal; mso-margin-top-alt: auto; mso-margin-bottom-alt: auto; mso-list: l0 level1 lfo1; tab-stops: list 36.0pt\">A&nbsp;kutyanyíró olló hossza kb. 165mm 
<LI style=\"TEXT-ALIGN: justify; MARGIN: 0cm 0cm 10pt; LINE-HEIGHT: normal; mso-margin-top-alt: auto; mso-margin-bottom-alt: auto; mso-list: l0 level1 lfo1; tab-stops: list 36.0pt\">Tökéletes&nbsp;vágási képesség. 
<LI style=\"TEXT-ALIGN: justify; MARGIN: 0cm 0cm 10pt; LINE-HEIGHT: normal; mso-margin-top-alt: auto; mso-margin-bottom-alt: auto; mso-list: l0 level1 lfo1; tab-stops: list 36.0pt\">Matt&nbsp;modern megjelenésű kutyanyíró olló. 
<LI style=\"TEXT-ALIGN: justify; MARGIN: 0cm 0cm 10pt; LINE-HEIGHT: normal; mso-margin-top-alt: auto; mso-margin-bottom-alt: auto; mso-list: l0 level1 lfo1; tab-stops: list 36.0pt\">Ergonómikus kialakítású. 
<LI style=\"TEXT-ALIGN: justify; MARGIN: 0cm 0cm 10pt; LINE-HEIGHT: normal; mso-margin-top-alt: auto; mso-margin-bottom-alt: auto; mso-list: l0 level1 lfo1; tab-stops: list 36.0pt\">dHg-köszörülés a sima vágási felületért. 
<LI style=\"TEXT-ALIGN: justify; MARGIN: 0cm 0cm 10pt; LINE-HEIGHT: normal; mso-margin-top-alt: auto; mso-margin-bottom-alt: auto; mso-list: l0 level1 lfo1; tab-stops: list 36.0pt\">Állítható csavaros rendszer. 
<LI style=\"TEXT-ALIGN: justify; MARGIN: 0cm 0cm 10pt; LINE-HEIGHT: normal; mso-margin-top-alt: auto; mso-margin-bottom-alt: auto; mso-list: l0 level1 lfo1; tab-stops: list 36.0pt\">Puha ütköző. 
<LI style=\"TEXT-ALIGN: justify; MARGIN: 0cm 0cm 10pt; LINE-HEIGHT: normal; mso-margin-top-alt: auto; mso-margin-bottom-alt: auto; mso-list: l0 level1 lfo1; tab-stops: list 36.0pt\">Tökéletesen kiegyensúlyozott súlyeloszlás.</LI></UL></FONT>', `item_id`='3128-eso-04359-6.5', `default_pic`='13623', `active`='1', `category_id`='124', `root_category_id`='104', `seo_name`='kutyanyiro-ollo-egyenes-pengevel-65-04359', `fullurl`='fodraszkellek/hajvago-ollo-borotva/kutyanyiro-ollo/kutyanyiro-ollo-egyenes-pengevel-65-04359', `other_categories`='124,222' WHERE id=2662

[2021-01-13 12:39:24] UPDATE webshop_gallery SET original_name='Kutyanyíró olló egyenes pengével 6.5\\\" 00727', date=1610537964 WHERE id=14968

[2021-01-13 12:39:24] UPDATE webshop_special_fields SET `value`='Hajvágó olló' WHERE `key`='manufacturer' AND `product_id`=2665

[2021-01-13 12:39:24] UPDATE webshop_special_fields SET `value`='db' WHERE `key`='quantityunit' AND `product_id`=2665

[2021-01-13 12:39:24] UPDATE webshop_special_fields SET `value`='1' WHERE `key`='kiszereles' AND `product_id`=2665

[2021-01-13 12:39:24] UPDATE webshop_products SET `name_hun`='Kutyanyíró olló egyenes pengével 6.5\" 00727',`content_short`='
Kutyanyíró, állat nyíró olló,&nbsp;egyenes, mikro fogazású önélezős&nbsp;vágó éllel.&nbsp;A...',`content`='<FONT face=Calibri>
<P style=\"TEXT-ALIGN: justify; MARGIN: 0cm 0cm 10pt; LINE-HEIGHT: normal; mso-margin-top-alt: auto; mso-margin-bottom-alt: auto\"><FONT face=Calibri><B>Kutyanyíró, állat nyíró olló</B>,&nbsp;egyenes, mikro fogazású önélezős&nbsp;vágó éllel.&nbsp;A professzionális,&nbsp;kutyakozmetikusoknak készült&nbsp;olló kiképzése&nbsp;lehetővé teszi mindenfajta nyírási művelet használatához.&nbsp;</P>
<P style=\"TEXT-ALIGN: justify; MARGIN: 0cm 0cm 10pt; LINE-HEIGHT: normal; mso-margin-top-alt: auto; mso-margin-bottom-alt: auto\">6,5\" méretben&nbsp;- A <B>kutyanyíró, állat nyíró olló</B> edzett, acélból készül. A könnyű, és erős acélnak köszönhetően, az olló éle tartós.&nbsp; A csavar teljes kicsavarásával az olló pengék szétválaszthatóak, ezért szükség esetén azok újra élezhetők.</P>
<P style=\"TEXT-ALIGN: justify; MARGIN: 0cm 0cm 10pt; LINE-HEIGHT: normal; mso-margin-top-alt: auto; mso-margin-bottom-alt: auto\"><B style=\"mso-bidi-font-weight: normal\"><U>A kutyanyíró olló paraméterei, tulajdonságai, adatai:</U></B></P>
<UL type=disc>
<LI style=\"TEXT-ALIGN: justify; MARGIN: 0cm 0cm 10pt; LINE-HEIGHT: normal; mso-margin-top-alt: auto; mso-margin-bottom-alt: auto; mso-list: l0 level1 lfo1; tab-stops: list 36.0pt\">A&nbsp;kutyanyíró olló hossza kb. 165mm 
<LI style=\"TEXT-ALIGN: justify; MARGIN: 0cm 0cm 10pt; LINE-HEIGHT: normal; mso-margin-top-alt: auto; mso-margin-bottom-alt: auto; mso-list: l0 level1 lfo1; tab-stops: list 36.0pt\">Tökéletes&nbsp;vágási képesség. 
<LI style=\"TEXT-ALIGN: justify; MARGIN: 0cm 0cm 10pt; LINE-HEIGHT: normal; mso-margin-top-alt: auto; mso-margin-bottom-alt: auto; mso-list: l0 level1 lfo1; tab-stops: list 36.0pt\">Matt&nbsp;modern megjelenésű kutyanyíró olló. 
<LI style=\"TEXT-ALIGN: justify; MARGIN: 0cm 0cm 10pt; LINE-HEIGHT: normal; mso-margin-top-alt: auto; mso-margin-bottom-alt: auto; mso-list: l0 level1 lfo1; tab-stops: list 36.0pt\">Ergonómikus kialakítású. 
<LI style=\"TEXT-ALIGN: justify; MARGIN: 0cm 0cm 10pt; LINE-HEIGHT: normal; mso-margin-top-alt: auto; mso-margin-bottom-alt: auto; mso-list: l0 level1 lfo1; tab-stops: list 36.0pt\">dHg-köszörülés a sima vágási felületért. 
<LI style=\"TEXT-ALIGN: justify; MARGIN: 0cm 0cm 10pt; LINE-HEIGHT: normal; mso-margin-top-alt: auto; mso-margin-bottom-alt: auto; mso-list: l0 level1 lfo1; tab-stops: list 36.0pt\">Állítható csavaros rendszer. 
<LI style=\"TEXT-ALIGN: justify; MARGIN: 0cm 0cm 10pt; LINE-HEIGHT: normal; mso-margin-top-alt: auto; mso-margin-bottom-alt: auto; mso-list: l0 level1 lfo1; tab-stops: list 36.0pt\">Puha ütköző. 
<LI style=\"TEXT-ALIGN: justify; MARGIN: 0cm 0cm 10pt; LINE-HEIGHT: normal; mso-margin-top-alt: auto; mso-margin-bottom-alt: auto; mso-list: l0 level1 lfo1; tab-stops: list 36.0pt\">Tökéletesen kiegyensúlyozott súlyeloszlás.</LI></UL></FONT></FONT>', `item_id`='3128-eso-00727-6.5', `default_pic`='14968', `active`='1', `category_id`='124', `root_category_id`='104', `seo_name`='kutyanyiro-ollo-egyenes-pengevel-65-00727', `fullurl`='fodraszkellek/hajvago-ollo-borotva/kutyanyiro-ollo/kutyanyiro-ollo-egyenes-pengevel-65-00727', `other_categories`='124,222' WHERE id=2665

[2021-01-13 12:39:24] UPDATE webshop_gallery SET original_name='Gyantapatron meleg gyantázáshoz érzékeny bőrre 100ml erős tapadású hintőporos kék talko', date=1610537964 WHERE id=3942

[2021-01-13 12:39:24] UPDATE webshop_special_fields SET `value`='Ro.ial papír és kozmetika' WHERE `key`='manufacturer' AND `product_id`=3638

[2021-01-13 12:39:24] UPDATE webshop_special_fields SET `value`='ml' WHERE `key`='quantityunit' AND `product_id`=3638

[2021-01-13 12:39:24] UPDATE webshop_special_fields SET `value`='100' WHERE `key`='kiszereles' AND `product_id`=3638

[2021-01-13 12:39:24] UPDATE webshop_products SET `name_hun`='Elfogyott! - Gyantapatron meleg gyantázáshoz érzékeny bőrre 100ml erős tapadású hintőporos kék talko',`content_short`='Gyantapatron 60mm széles görgőfejjel.&nbsp;Erős tapadású hintőporos, colophonium-mentes széles görgőfejjel...',`content`='<P style=\"MARGIN: 0cm 0cm 10pt; LINE-HEIGHT: normal; mso-margin-top-alt: auto; mso-margin-bottom-alt: auto\"><FONT face=Calibri>Gyantapatron 60mm széles görgőfejjel.</FONT>&nbsp;Erős tapadású hintőporos, colophonium-mentes széles görgőfejjel ellátott gyantapatron, érzékeny bőrre, mely kiváló tapadással rendelkezik, így hatékonyan és kíméletesen távolítja el az erős szőrszálakat is. Felmelegítéséhez gyantázó gép szükséges.</P>
<P style=\"MARGIN: 0cm 0cm 10pt; LINE-HEIGHT: normal; mso-margin-top-alt: auto; mso-margin-bottom-alt: auto\">Titándioxidos colophonium-mentes széles görgőfejjel ellátott gyantapatron, érzékeny bőrre, mely kiváló tapadással rendelkezik, így </P>
<P style=\"MARGIN: 0cm 0cm 10pt; LINE-HEIGHT: normal; mso-margin-top-alt: auto; mso-margin-bottom-alt: auto\"><U><FONT face=Calibri>gyantapatron h</FONT>asználata.</U></P>
<OL type=1>
<LI style=\"MARGIN: 0cm 0cm 10pt; LINE-HEIGHT: normal; mso-margin-top-alt: auto; mso-margin-bottom-alt: auto; mso-list: l0 level1 lfo1; tab-stops: list 36.0pt\">Melegítse fel a gyantát a gyantamelegítőben 
<LI style=\"MARGIN: 0cm 0cm 10pt; LINE-HEIGHT: normal; mso-margin-top-alt: auto; mso-margin-bottom-alt: auto; mso-list: l0 level1 lfo1; tab-stops: list 36.0pt\">Ellenőrizze, hogy&nbsp; a gyanta megfelelő&nbsp; hőmérsékletű legyen, 
<LI style=\"MARGIN: 0cm 0cm 10pt; LINE-HEIGHT: normal; mso-margin-top-alt: auto; mso-margin-bottom-alt: auto; mso-list: l0 level1 lfo1; tab-stops: list 36.0pt\">Majd a szőr növekedésének irányában vékonyan vigye fel a gyantázandó&nbsp; felületre. 
<LI style=\"MARGIN: 0cm 0cm 10pt; LINE-HEIGHT: normal; mso-margin-top-alt: auto; mso-margin-bottom-alt: auto; mso-list: l0 level1 lfo1; tab-stops: list 36.0pt\">Simítson rá egy&nbsp; gyantalehúzó csíkot, és hirtelen mozdulattal, a szőr&nbsp; növekedési irányával&nbsp; ellentétesen húzza le. 
<LI style=\"MARGIN: 0cm 0cm 10pt; LINE-HEIGHT: normal; mso-margin-top-alt: auto; mso-margin-bottom-alt: auto; mso-list: l0 level1 lfo1; tab-stops: list 36.0pt\">Ezalatt a fájdalom csökkentése érdekében másikkezével fogja le a bőrt. 
<LI style=\"MARGIN: 0cm 0cm 10pt; LINE-HEIGHT: normal; mso-margin-top-alt: auto; mso-margin-bottom-alt: auto; mso-list: l0 level1 lfo1; tab-stops: list 36.0pt\">tisztítsa le a bőrfelületet</LI></OL>', `item_id`='2141-ri-cer2094-titan-60mm-100ml-kék', `default_pic`='3942', `active`='1', `category_id`='235', `root_category_id`='191', `seo_name`='elfogyott-gyantapatron-meleg-gyantazashoz-erzekeny-borre-100ml-eros-tapadasu-hintoporos-kek-talko', `fullurl`='arcapolas-testapolas/szortelenites/szortelenito-gyantapatron/elfogyott-gyantapatron-meleg-gyantazashoz-erzekeny-borre-100ml-eros-tapadasu-hintoporos-kek-talko', `other_categories`='235,432' WHERE id=3638

[2021-01-13 12:39:24] UPDATE webshop_gallery SET original_name='Gyantapatron meleg gyantázáshoz érzékeny és barnított bőrhöz 100ml aloe vera', date=1610537964 WHERE id=896

[2021-01-13 12:39:24] UPDATE webshop_special_fields SET `value`='Ro.ial papír és kozmetika' WHERE `key`='manufacturer' AND `product_id`=2892

[2021-01-13 12:39:24] UPDATE webshop_special_fields SET `value`='ml' WHERE `key`='quantityunit' AND `product_id`=2892

[2021-01-13 12:39:24] UPDATE webshop_special_fields SET `value`='100' WHERE `key`='kiszereles' AND `product_id`=2892

[2021-01-13 12:39:24] UPDATE webshop_products SET `name_hun`='Elfogyott! Gyantapatron meleg gyantázáshoz érzékeny és barnított bőrhöz 100ml aloe vera',`content_short`='Gyantapatron érzékeny és barnított bőrhöz 100ml aloe vera. 60mm széles görgőfejjel ellátott...',`content`='<P style=\"TEXT-ALIGN: justify; MARGIN: 0cm 0cm 10pt\"><FONT face=Calibri>Gyantapatron érzékeny és barnított bőrhöz 100ml aloe vera. 60mm széles görgőfejjel ellátott gyantapatronok.&nbsp;&nbsp; Több típusban kapható. Az olajos meleg gyanta tradicionálisan, természetes viaszokból és válogatott, természetes esszenciákból készült.</FONT></P>
<P style=\"TEXT-ALIGN: justify; MARGIN: 0cm 0cm 10pt\"><B style=\"mso-bidi-font-weight: normal\"><FONT face=Calibri>Szőrtelenítő gyantapatron típusok leírása, használata mit kell tudni a gyantákról!</FONT></B></P>
<P style=\"MARGIN: 0cm 0cm 10pt\"><B style=\"mso-bidi-font-weight: normal\"><U><FONT face=Calibri>Szőrtelenítő gyantapatronok használata:</FONT></U></B></P>
<P style=\"TEXT-ALIGN: justify; MARGIN: 0cm 0cm 10pt\"><FONT face=Calibri>50-55°C kell melegíteni gyantapatront a patronmelegítőben. A gyantapatron melegítőre mindig rá kell tenni a kupakját vagy a fedelét lecsukni, mert csak így garantálható, hogy a görgő is átmelegedjen, és ne húzza az első felvitel alkalmával a vendég bőrét. A bőrfelületre közepesen vastagon lehet felvinni. A szőrtelenítő gyantapatron az előírt felhasználási hőmérsékleten nem folyik le a bőrről, jól tapad a test szőrzetéhez. A gyanta eltávolításához, gyantaletépő papírcsík használata szükséges!</FONT></P>
<P style=\"MARGIN: 0cm 0cm 10pt\"><B style=\"mso-bidi-font-weight: normal\"><U><FONT face=Calibri>Szőrtelenítő gyanta és bőr típusok párosítása, gyanták tulajdonságai: - </FONT></U></B></P>
<P style=\"MARGIN: 0cm 0cm 10pt\"><FONT face=Calibri>Normál, natúr sárga. Univerzális, Colophonium mentes szőrtelenítő gyanta minden bőrtípushoz</FONT></P>
<P style=\"TEXT-ALIGN: justify; MARGIN: 0cm 0cm 10pt\"><FONT face=Calibri>Azulénes kék Colophonium mentes szőrtelenítő gyantapatron. Mint tudjuk az azulén bőrnyugtató hatású, ezt a hatóanyagot használjuk fel a kamillás kozmetikumok esetén is. A bőrpír kialakulásának esélyét csökkentjük vele.</FONT></P>
<P style=\"TEXT-ALIGN: justify; MARGIN: 0cm 0cm 10pt\"><FONT face=Calibri>Klorofilles zöld Colophonium mentes szőrtelenítő gyantapatron.&nbsp; A bőrt felfrissítő, hatékony gyantatípus. Intim gyanta: Intim felületre ajánlott.</FONT></P>
<P style=\"TEXT-ALIGN: justify; MARGIN: 0cm 0cm 10pt\"><FONT face=Calibri>Titándioxidos pink Colophonium mentes szőrtelenítő gyantapatron.&nbsp; Hiperérzékeny bőrre, erős szőrzetre alkalmazható, bőrnyugtató hatóanyagot tartalmaz. A természetes Titánium dioxid komplex ásványi bázisra épül, mely optimálisan köti a gyantát a szőrzethez, így a szőrtelenítés kevésbé fájdalmas.</FONT></P>
<P style=\"TEXT-ALIGN: justify; MARGIN: 0cm 0cm 10pt\"><FONT face=Calibri>Csokoládés barna Colophonium mentes szőrtelenítő gyantapatron.&nbsp; A bőr puha, hidratált marad gyantázás után is. A kakaó vaj mint tudjuk kiváló bőrtápláló hatású, a siker titka a kakaó antioxidáns tulajdonságában rejlik, flavonoid tartalma magas, amely segíti a sejtregenerációt.</FONT></P>
<P style=\"TEXT-ALIGN: justify; MARGIN: 0cm 0cm 10pt\"><FONT face=Calibri>Cink világos szürke Colophonium mentes szőrtelenítő gyantapatron. Cink-oxid és oliva olaj tartalmának köszönhetően egy hosszabb bőrbarát, normalizáló, gyulladás csökkentő hatást fejt ki még a legérzékenyebb bőrökön is. A cink-oxid fertőtlenítő hatása és az oliva általánosan elismert természetes gyulladás csökkentő és bőrfinomító hatása egyesül. Leginkább ajánlott a száraz, dehidratált és érzékeny bőrökre. Konzisztenciája révén könnyen eloszlatható a test nagyobb területein is. Száraz bőrre.</FONT></P>
<P style=\"TEXT-ALIGN: justify; MARGIN: 0cm 0cm 10pt\"><FONT face=Calibri>Citromos citrom sárga Colophonium mentes szőrtelenítő gyantapatron. Pezsdíti, feszesíti, erősíti és tisztítja a bőrt. A kozmetikában elsősorban zsíros, szennyezett bőrre, pattanások kezelése során alkalmazzák. Lassítja a bőr öregedését, fehérítő hatása miatt a fénytelen, foltos bőrt felüdíti. A C-vitaminnak köszönhetően a kollagén felépítésében is szerepet játszik, melynek hatására bőrünk szép feszes marad.</FONT></P>
<P style=\"TEXT-ALIGN: justify; MARGIN: 0cm 0cm 10pt\"><FONT face=Calibri>Epres - piros kényes, száraz és érzékeny bőrre&nbsp; Ajánlott kényes, száraz és érzékeny bőrre, csakúgy, mint a bikini zónához és a karhoz.</FONT></P>
<P style=\"TEXT-ALIGN: justify; MARGIN: 0cm 0cm 10pt\"><FONT face=Calibri>Sport wax - fekete férfi gyanta. Colophonium mentes szőrtelenítő gyanta, erős szőrzethez. Nagy felületek szőrtelenítésére ajánlott, ginzenget tartalmaz.</FONT></P>
<P style=\"TEXT-ALIGN: justify; MARGIN: 0cm 0cm 10pt\"><FONT face=Calibri>Aloeverás&nbsp; Colophonium mentes szőrtelenítő gyantapatron.&nbsp; Nyugtató, gyulladás gátló és regeneráló hatása miatt kiváló minőségű gyanta. Minden bőrtípusra ajánlott. Különösen krémes gyanta, alacsony alkalmazási hőmérséklettel, irritáció- és gyulladáscsökkentő, ideális az érzékeny és barnított bőrhöz.</FONT></P>
<P style=\"TEXT-ALIGN: justify; MARGIN: 0cm 0cm 10pt\"><FONT face=Calibri>Olívás zöld Colophonium mentes szőrtelenítő gyantapatron.&nbsp; (nagyon száraz típusú bőrökre alkalmazzuk, mert nem nagyon tapad rá a bőrre),</FONT></P>
<P style=\"TEXT-ALIGN: justify; MARGIN: 0cm 0cm 10pt\"><FONT face=Calibri>Zöldalmás világoszöld Colophonium mentes szőrtelenítő gyanta patron. Bársonyos textúrája, kényeztető illata, rugalmassága selymes befejezést ígér. Titán-dioxid tartalmának köszönhetően csökkenti a kipirosodást még a legérzékenyebb területeken is. Érzékeny bőrre.</FONT></P>
<P style=\"TEXT-ALIGN: justify; MARGIN: 0cm 0cm 10pt\"><FONT face=Calibri>Mézes sárga Colophonium mentes szőrtelenítő gyantapatron.<BR>Szerecsendió-vajas (amit kis fájdalom tűréssel rendelkező vendégeinknek ajánljuk, mivel alacsony az olvadás pontja.</FONT></P>
<P style=\"TEXT-ALIGN: justify; MARGIN: 0cm 0cm 10pt\"><B style=\"mso-bidi-font-weight: normal\"><U><FONT face=Calibri>Szőrtelenítő gyanták:</FONT></U></B></P>
<P style=\"TEXT-ALIGN: justify; MARGIN: 0cm 0cm 10pt\"><FONT face=Calibri>A gyanta növényi eredetű kozmetikai anyag, a balzsamok beszáradt nedvei, amelyek akkor jönnek létre, ha a növényekből kifolyó nedvek folyékony alkotórészei elpárolognak.<BR>A klasszikus \"szőrtépő\" gyanta kb. 80%-ban kolofónium és 20%-ban méhviaszt tartalmaz.<BR>A kolofóniumot a fenyőgyantából nyerik, mégpedig úgy, hogy addig melegítik, míg a fenyőgyanta elveszíti nedvességtartalmát.<BR>Manapság sokféle gyanta közül választhatunk, különböző illat-és adalékanyagok hozzáadásával a gyártók újabb és újabb illatú és színű gyantákat dobnak piacra.<BR>A Colophonium mentes gyanták és paraffinos termékek jellegzetessége a tudományos alapossággal kiválasztott, kiváló minőségű alapanyagok. Minden termék a legmodernebb technológiával készül és folyamatos, szigorú minőségellenőrzés után kerül a felhasználóhoz. Minden igényhez illeszkedően kínálja gyantáit, a hagyományostól egészen akár az az érzéki színekkel, illatokkal vagy illóolajokkal dúsítottakig.</FONT></P>
<P style=\"MARGIN: 0cm 0cm 10pt\"><BR><B style=\"mso-bidi-font-weight: normal\"><U><FONT face=Calibri>Néhány szőrtelenítő gyanta típus összetevőjének jellemzői:</FONT></U></B></P><STRONG><U><FONT face=Calibri></FONT></U></STRONG>
<P style=\"MARGIN: 0cm 0cm 10pt\"><BR><FONT face=Calibri>- Normál - natúr sárga. Univerzális, minden bőrtípushoz</FONT></P>
<P style=\"MARGIN: 0cm 0cm 10pt\"><FONT face=Calibri></FONT><BR><FONT face=Calibri>- Eper- piros. Megszabadít az elhalt hámsejtektől, napozás után hűsíti a bőrt, véd az ultraibolya sugárzástól, valamint a pattanásos bőr kezelésére is kiváló.</FONT></P>
<P style=\"TEXT-ALIGN: justify; MARGIN: 0cm 0cm 10pt\"><BR><FONT face=Calibri>- Citrom - sárga Pezsdíti, feszesíti, erősíti és tisztítja a bőrt. A kozmetikában elsősorban zsíros, szennyezett bőrre, pattanások kezelése során alkalmazzák. Lassítja a bőr öregedését, fehérítő hatása miatt a fénytelen, foltos bőrt felüdíti. A C-vitaminnak köszönhetően a kollagén felépítésében is szerepet játszik, melynek hatására bőrünk szép feszes marad.<BR>- Csokoládé - barna A csokoládé fogyasztása nem csak a lelkünknek tesz jót, de bőrünknek is. Külsőleg és belsőleg alkalmazva is pozitív hatással lehet bőrünkre. A siker titka a kakaó antioxidáns tulajdonságában rejlik, flavonoid tartalma magas, amely segíti a sejtregenerációt. Emellett csökkenti a stressz okozta feszültséget, fokozza a boldogsághormon kiválasztását. A tévhittel ellentétben a csokoládé erősíti és megszépíti a bőrt!</FONT></P>
<P style=\"TEXT-ALIGN: justify; MARGIN: 0cm 0cm 10pt\"><BR><FONT face=Calibri>- Aloe Vera -&nbsp; Csökkenti a gyulladást, meggátolja a fertőzés kialakulását valamint fertőtlenít. Mindezek mellett kiválóan hidratál, sejtregeneráló hatással bír, illetve elősegíti a bőr természetes színének megőrzését is. Allergiás problémák esetén is hasznos gyógyí. A gyanta az Aloe minden tápláló összetevőjét tartalmazza, hogy védje, hidratálja és táplálja a bőrt a szőrtelenítés alatt. Az anti-bakteriális és gyulladás ellenes Aloe szuper gyengéd szőrtelenítési élményt nyújt. Erősen javasolt az arc finomabb részein, a hónaljon és a bikini területén. Érzékeny bőrre.</FONT></P>
<P style=\"TEXT-ALIGN: justify; MARGIN: 0cm 0cm 10pt\"><FONT face=Calibri>- Titánoxidos gyanták: A természetes Titánium dioxid komplex ásványi bázisra épül, mely optimálisan köti a gyantát a szőrzethez, így a szőrtelenítés kevésbé fájdalmas. A következő gyanta fajták ötvözik a titándioxid és hagyományos gyanták előnyit.</FONT></P>
<P style=\"TEXT-ALIGN: justify; MARGIN: 0cm 0cm 10pt\"><FONT face=Calibri>- Csokoládé -Titándioxid alapú érzékeny bőrre. Ideális az allergiás reakciókra hajlamos és érzékeny bőrhöz. Gyulladáscsökkentő hatású, nyugtatja az irritációt.</FONT></P>
<P style=\"TEXT-ALIGN: justify; MARGIN: 0cm 0cm 10pt\"><FONT face=Calibri>- Azulén -Titánium dioxiddal gyulladáscsökkentő, allergiás és érzékeny bőrhöz. Ideális az allergiás reakciókra hajlamos és érzékeny bőrhöz. Gyulladáscsökkentő hatású, nyugtatja az irritációt.</FONT></P>', `item_id`='2141-ri-cer933-aloevera-60mm-100ml', `default_pic`='896', `active`='1', `category_id`='235', `root_category_id`='191', `seo_name`='elfogyott-gyantapatron-meleg-gyantazashoz-erzekeny-es-barnitott-borhoz-100ml-aloe-vera', `fullurl`='arcapolas-testapolas/szortelenites/szortelenito-gyantapatron/elfogyott-gyantapatron-meleg-gyantazashoz-erzekeny-es-barnitott-borhoz-100ml-aloe-vera', `other_categories`='235,242,432' WHERE id=2892

[2021-01-13 12:39:24] INSERT INTO webshop_gallery (`id`, `product_id`, `original_name`, `new_name`, `date`) VALUES (15503, 5134, 'Barber fogazású hajnyíró gép kés szett es06457', '15503.jpg', 1610537964)

[2021-01-13 12:39:24] INSERT INTO webshop_products (`id`, `name_hun`, `name_eng`, `item_id`, `price`, `reduced_price`, `status`, `currency`, `content_short`, `content`, `details`, `date`, `default_pic`, `active`, `main`, `sort`, `category_id`, `root_category_id`, `seo_name`, `fullurl`, `websyx_id`, `quantity`, `other_categories`) VALUES ('5134', 'Barber fogazású hajnyíró gép kés szett es06457', 'Barber fogazású hajnyíró gép kés szett es06457', '3131-es-06457-standard', 0, 0, 1, 'Ft', '
Hajnyíró gép kés szett. A hajvágógépekhez készült&nbsp;acél kés szett felszerelhető azon...', '<FONT face=Calibri>
<P>Hajnyíró gép kés szett. A hajvágógépekhez készült&nbsp;acél kés szett felszerelhető azon gépekre,&nbsp;ahol a rögzítő csavarok központjai közötti távolság 25mm, &nbsp;és a kés kiképzés a kép szerinti.&nbsp;&nbsp;</P>
<P>Barber fogazás:&nbsp;A hagyományos hajnyírók fogainál nagyobb fogakkal készül, a férfi hajak gyorsabb vágásához is megfelelő.</P>
<P>Az acél vágótalp szélessége: 46mm, magasága 38mm, vastagsága 4mm, a csavarok lyuktávolsága 25mm</P>
<P>Az acél&nbsp;vágókés szélessége 40mm, magassága 22mm, vastagsága 2,5mm. A kés közepén levő horony ( amibe a kést mozgató műanyag illeszkedik) legnagyobb szélessége 20mm, magassága 5mm. </P>
<P>Kiképzés a kép szerinti!</P></FONT>', '', 1610537964, '15503', '1', 0, 1, 373, '92', 'barber-fogazasu-hajnyiro-gep-kes-szett-es06457', 'hajformazo-gepek/hajvagogep-hajnyiro-alkatresz/barber-fogazasu-hajnyiro-gep-kes-szett-es06457', '2625', 1, '373')

[2021-01-13 12:39:24] INSERT INTO webshop_special_fields (`key`, `value`, `product_id`) VALUES ('manufacturer', 'Egyéb fodrászkellék', 5134)

[2021-01-13 12:39:24] INSERT INTO webshop_special_fields (`key`, `value`, `product_id`) VALUES ('quantityunit', 'db', 5134)

[2021-01-13 12:39:24] INSERT INTO webshop_special_fields (`key`, `value`, `product_id`) VALUES ('kiszereles', '1', 5134)

[2021-01-13 12:39:25] UPDATE webshop_gallery SET original_name='Melírfólia adagoló fodrászkellék', date=1610537965 WHERE id=1426

[2021-01-13 12:39:25] UPDATE webshop_special_fields SET `value`='Pro Car melírozó fodrászkellék' WHERE `key`='manufacturer' AND `product_id`=3143

[2021-01-13 12:39:25] UPDATE webshop_special_fields SET `value`='db' WHERE `key`='quantityunit' AND `product_id`=3143

[2021-01-13 12:39:25] UPDATE webshop_special_fields SET `value`='1' WHERE `key`='kiszereles' AND `product_id`=3143

[2021-01-13 12:39:25] UPDATE webshop_products SET `name_hun`='megszünt 210112 Melírfólia adagoló fodrászkellék',`content_short`='
Melírfólia adagoló fodrászkellék. Extra gyors, precíz melírfólia adagoló és méretre vágó gép,...',`content`='<FONT face=Calibri>
<P style=\"TEXT-ALIGN: justify; MARGIN: 0cm 0cm 10pt\">Melírfólia adagoló fodrászkellék. Extra gyors, precíz melírfólia adagoló és méretre vágó gép, szabályozott melírozó fólia vezetéssel.&nbsp; Nincs selejt!&nbsp; Az alumínium&nbsp; melírozó fólia adagoló gép egy nagyon erős és&nbsp; precíz mechanikával rendelkezik, ez teszi lehetővé a fólia nagyon egyszerű behelyezését, és&nbsp; adagolását. Nagyon gyors munkát tesz lehetővé, felgyorsítja a melírozás műveletét.</P>
<P style=\"TEXT-ALIGN: justify; MARGIN: 0cm 0cm 10pt\">Használata egyszerű és nagyon gyors.</P>
<P style=\"TEXT-ALIGN: justify; MARGIN: 0cm 0cm 10pt\">Nézze meg videón a működését itt! - <A href=\"https://www.youtube.com/watch?v=M-nPldVsrKE\"><FONT color=#0000ff>https://www.youtube.com/watch?v=M-nPldVsrKE</FONT></A></P>
<P style=\"TEXT-ALIGN: justify; MARGIN: 0cm 0cm 10pt\"><B style=\"mso-bidi-font-weight: normal\"><U>A melírfólia adagoló és méretre vágó gép adatai:</U></B></P>
<P style=\"TEXT-ALIGN: justify; MARGIN: 0cm 0cm 10pt\">Lpc100: max. 130mm széles, 100-150m hosszú alumínium melírfólia helyezhető a gépbe.</P></FONT>', `item_id`='2924-pro-lpc100-0-13cmig', `default_pic`='1426', `active`='1', `category_id`='22', `root_category_id`='0', `seo_name`='megszunt-210112-melirfolia-adagolo-fodraszkellek', `fullurl`='hajfestek/megszunt-210112-melirfolia-adagolo-fodraszkellek', `other_categories`='22,34,45,104,113,257,258,331,332' WHERE id=3143

[2021-01-13 12:39:25] UPDATE webshop_gallery SET original_name='Handmade kézzel készített szappan levendulával', date=1610537965 WHERE id=15048

[2021-01-13 12:39:25] UPDATE webshop_special_fields SET `value`='Egyéb kozmetika' WHERE `key`='manufacturer' AND `product_id`=4979

[2021-01-13 12:39:25] UPDATE webshop_special_fields SET `value`='ml' WHERE `key`='quantityunit' AND `product_id`=4979

[2021-01-13 12:39:25] UPDATE webshop_special_fields SET `value`='75' WHERE `key`='kiszereles' AND `product_id`=4979

[2021-01-13 12:39:25] UPDATE webshop_products SET `name_hun`='Handmade kézzel készített szappan levendulával 75gr',`content_short`='Gyengéd glicerines szappan a&nbsp;levendula illatával. A Glicerin alapú szappanok, nem szárítják a bőrt. A bőr...',`content`='<P style=\"TEXT-ALIGN: justify\">Gyengéd glicerines szappan a&nbsp;levendula illatával. A Glicerin alapú szappanok, nem szárítják a bőrt. A bőr kiszáradását megelőző tulajdonsága miatt az érzékeny bőrűeknek is ajánljuk.</P>
<P style=\"TEXT-ALIGN: justify\">75gr</P>', `item_id`='0752-stella-92492', `default_pic`='15048', `active`='1', `category_id`='431', `root_category_id`='417', `seo_name`='handmade-kezzel-keszitett-szappan-levendulaval-75gr', `fullurl`='drogeria/szappan/handmade-kezzel-keszitett-szappan-levendulaval-75gr', `other_categories`='431' WHERE id=4979

[2021-01-13 12:39:25] INSERT INTO webshop_gallery (`id`, `product_id`, `original_name`, `new_name`, `date`) VALUES (15504, 5135, 'megszünt 210112 Melírfólia adagoló fodrászkellék', '15504.jpg', 1610537965)

[2021-01-13 12:39:25] INSERT INTO webshop_products (`id`, `name_hun`, `name_eng`, `item_id`, `price`, `reduced_price`, `status`, `currency`, `content_short`, `content`, `details`, `date`, `default_pic`, `active`, `main`, `sort`, `category_id`, `root_category_id`, `seo_name`, `fullurl`, `websyx_id`, `quantity`, `other_categories`) VALUES ('5135', 'megszünt 210112 Melírfólia adagoló fodrászkellék', 'megszünt 210112 Melírfólia adagoló fodrászkellék', '3124-es-02426-13cm', 0, 0, 1, 'Ft', '
Melírfólia adagoló fodrászkellék. Extra gyors, precíz melírfólia adagoló és méretre vágó gép,...', '<FONT face=Calibri>
<P style=\"TEXT-ALIGN: justify; MARGIN: 0cm 0cm 10pt\">Melírfólia adagoló fodrászkellék. Extra gyors, precíz melírfólia adagoló és méretre vágó gép, szabályozott melírozó fólia vezetéssel.&nbsp; Nincs selejt!&nbsp; Az alumínium&nbsp; melírozó fólia adagoló gép egy nagyon erős és&nbsp; precíz mechanikával rendelkezik, ez teszi lehetővé a fólia nagyon egyszerű behelyezését, és&nbsp; adagolását. Nagyon gyors munkát tesz lehetővé, felgyorsítja a melírozás műveletét.</P>
<P style=\"TEXT-ALIGN: justify; MARGIN: 0cm 0cm 10pt\">Használata egyszerű és nagyon gyors.</P>
<P style=\"TEXT-ALIGN: justify; MARGIN: 0cm 0cm 10pt\">Nézze meg videón a működését itt! - <A href=\"https://www.youtube.com/watch?v=M-nPldVsrKE\"><FONT color=#0000ff>https://www.youtube.com/watch?v=M-nPldVsrKE</FONT></A></P>
<P style=\"TEXT-ALIGN: justify; MARGIN: 0cm 0cm 10pt\"><B style=\"mso-bidi-font-weight: normal\"><U>A melírfólia adagoló és méretre vágó gép adatai:</U></B></P>
<P style=\"TEXT-ALIGN: justify; MARGIN: 0cm 0cm 10pt\">Lpc100: max. 130mm széles, 100-150m hosszú alumínium melírfólia helyezhető a gépbe.</P></FONT>', '', 1610537965, '15504', '1', 0, 1, 22, '0', 'megszunt-210112-melirfolia-adagolo-fodraszkellek', 'hajfestek/megszunt-210112-melirfolia-adagolo-fodraszkellek', '3151', 1, '22,34,45,104,113,257,258,331,332')

[2021-01-13 12:39:25] INSERT INTO webshop_special_fields (`key`, `value`, `product_id`) VALUES ('manufacturer', 'Euro fodrászkellék', 5135)

[2021-01-13 12:39:25] INSERT INTO webshop_special_fields (`key`, `value`, `product_id`) VALUES ('quantityunit', 'db', 5135)

[2021-01-13 12:39:25] INSERT INTO webshop_special_fields (`key`, `value`, `product_id`) VALUES ('kiszereles', '1', 5135)

[2021-01-13 12:39:25] UPDATE webshop_products SET sort=1 WHERE id=3326

[2021-01-13 12:39:25] UPDATE webshop_products SET sort=2 WHERE id=5134

[2021-01-13 12:39:25] UPDATE webshop_products SET sort=3 WHERE id=5135

[2021-01-13 12:39:41] UPDATE users SET lastlogin = NOW() WHERE id = '11'

[2021-01-13 12:39:46] UPDATE users SET lastlogin = NOW() WHERE id = '11'

[2021-01-13 12:39:46] UPDATE webshop_products SET `price1_name`='', `price1_currency`='', `price1_value`='0' WHERE id=2811

[2021-01-13 12:39:46] UPDATE webshop_products SET `price2_name`='Kereskedő -27,6%', `price2_currency`='HUF', `price2_value`='399' WHERE id=2811

[2021-01-13 12:39:46] UPDATE webshop_products SET `price3_name`='Kereskedő -33,6%', `price3_currency`='HUF', `price3_value`='399' WHERE id=2811

[2021-01-13 12:39:46] UPDATE webshop_products SET `price4_name`='Szakmai 1 ár -7%', `price4_currency`='HUF', `price4_value`='464' WHERE id=2811

[2021-01-13 12:39:46] UPDATE webshop_products SET `price5_name`='Szakmai 2 ár -14%', `price5_currency`='HUF', `price5_value`='428' WHERE id=2811

[2021-01-13 12:39:46] UPDATE webshop_products SET `price6_name`='Vásárló', `price6_currency`='HUF', `price6_value`='498' WHERE id=2811

[2021-01-13 12:39:46] UPDATE webshop_products SET `price7_name`='W Lista ár', `price7_currency`='HUF', `price7_value`='498' WHERE id=2811

[2021-01-13 12:39:46] UPDATE webshop_products SET `price`='498', `reduced_price`=0 WHERE id=2811

[2021-01-13 12:39:46] UPDATE webshop_products SET `price1_name`='', `price1_currency`='', `price1_value`='0' WHERE id=3638

[2021-01-13 12:39:46] UPDATE webshop_products SET `price2_name`='Kereskedő -27,6%', `price2_currency`='HUF', `price2_value`='399' WHERE id=3638

[2021-01-13 12:39:46] UPDATE webshop_products SET `price3_name`='Kereskedő -33,6%', `price3_currency`='HUF', `price3_value`='399' WHERE id=3638

[2021-01-13 12:39:46] UPDATE webshop_products SET `price4_name`='Szakmai 1 ár -7%', `price4_currency`='HUF', `price4_value`='464' WHERE id=3638

[2021-01-13 12:39:46] UPDATE webshop_products SET `price5_name`='Szakmai 2 ár -14%', `price5_currency`='HUF', `price5_value`='428' WHERE id=3638

[2021-01-13 12:39:46] UPDATE webshop_products SET `price6_name`='Vásárló', `price6_currency`='HUF', `price6_value`='498' WHERE id=3638

[2021-01-13 12:39:46] UPDATE webshop_products SET `price7_name`='W Lista ár', `price7_currency`='HUF', `price7_value`='498' WHERE id=3638

[2021-01-13 12:39:46] UPDATE webshop_products SET `price`='498', `reduced_price`=0 WHERE id=3638

[2021-01-13 12:39:46] UPDATE webshop_products SET `price1_name`='', `price1_currency`='', `price1_value`='0' WHERE id=2892

[2021-01-13 12:39:46] UPDATE webshop_products SET `price2_name`='Kereskedő -27,6%', `price2_currency`='HUF', `price2_value`='399' WHERE id=2892

[2021-01-13 12:39:46] UPDATE webshop_products SET `price3_name`='Kereskedő -33,6%', `price3_currency`='HUF', `price3_value`='399' WHERE id=2892

[2021-01-13 12:39:46] UPDATE webshop_products SET `price4_name`='Szakmai 1 ár -7%', `price4_currency`='HUF', `price4_value`='464' WHERE id=2892

[2021-01-13 12:39:46] UPDATE webshop_products SET `price5_name`='Szakmai 2 ár -14%', `price5_currency`='HUF', `price5_value`='428' WHERE id=2892

[2021-01-13 12:39:46] UPDATE webshop_products SET `price6_name`='Vásárló', `price6_currency`='HUF', `price6_value`='498' WHERE id=2892

[2021-01-13 12:39:47] UPDATE webshop_products SET `price7_name`='W Lista ár', `price7_currency`='HUF', `price7_value`='498' WHERE id=2892

[2021-01-13 12:39:47] UPDATE webshop_products SET `price`='498', `reduced_price`=0 WHERE id=2892

[2021-01-13 12:39:47] UPDATE webshop_products SET `price1_name`='', `price1_currency`='', `price1_value`='0' WHERE id=4979

[2021-01-13 12:39:47] UPDATE webshop_products SET `price2_name`='Kereskedő -27,6%', `price2_currency`='HUF', `price2_value`='846' WHERE id=4979

[2021-01-13 12:39:47] UPDATE webshop_products SET `price3_name`='Kereskedő -33,6%', `price3_currency`='HUF', `price3_value`='776' WHERE id=4979

[2021-01-13 12:39:47] UPDATE webshop_products SET `price4_name`='Szakmai 1 ár -7%', `price4_currency`='HUF', `price4_value`='1086' WHERE id=4979

[2021-01-13 12:39:47] UPDATE webshop_products SET `price5_name`='Szakmai 2 ár -14%', `price5_currency`='HUF', `price5_value`='1004' WHERE id=4979

[2021-01-13 12:39:47] UPDATE webshop_products SET `price6_name`='Vásárló', `price6_currency`='HUF', `price6_value`='1168' WHERE id=4979

[2021-01-13 12:39:47] UPDATE webshop_products SET `price7_name`='W Lista ár', `price7_currency`='HUF', `price7_value`='1168' WHERE id=4979

[2021-01-13 12:39:47] UPDATE webshop_products SET `price`='1168', `reduced_price`=0 WHERE id=4979

[2021-01-13 12:39:47] UPDATE webshop_products SET `price1_name`='', `price1_currency`='', `price1_value`='0' WHERE id=5135

[2021-01-13 12:39:47] UPDATE webshop_products SET `price2_name`='Kereskedő -27,6%', `price2_currency`='HUF', `price2_value`='9823' WHERE id=5135

[2021-01-13 12:39:47] UPDATE webshop_products SET `price3_name`='Kereskedő -33,6%', `price3_currency`='HUF', `price3_value`='9009' WHERE id=5135

[2021-01-13 12:39:47] UPDATE webshop_products SET `price4_name`='Szakmai 1 ár -7%', `price4_currency`='HUF', `price4_value`='12618' WHERE id=5135

[2021-01-13 12:39:47] UPDATE webshop_products SET `price5_name`='Szakmai 2 ár -14%', `price5_currency`='HUF', `price5_value`='11669' WHERE id=5135

[2021-01-13 12:39:47] UPDATE webshop_products SET `price6_name`='Vásárló', `price6_currency`='HUF', `price6_value`='13568' WHERE id=5135

[2021-01-13 12:39:47] UPDATE webshop_products SET `price7_name`='W Lista ár', `price7_currency`='HUF', `price7_value`='13568' WHERE id=5135

[2021-01-13 12:39:47] UPDATE webshop_products SET `price`='13568', `reduced_price`=0 WHERE id=5135

[2021-01-13 12:39:47] UPDATE webshop_products SET `price1_name`='', `price1_currency`='', `price1_value`='0' WHERE id=5132

[2021-01-13 12:39:47] UPDATE webshop_products SET `price2_name`='Kereskedő -27,6%', `price2_currency`='HUF', `price2_value`='5978' WHERE id=5132

[2021-01-13 12:39:47] UPDATE webshop_products SET `price3_name`='Kereskedő -33,6%', `price3_currency`='HUF', `price3_value`='5483' WHERE id=5132

[2021-01-13 12:39:47] UPDATE webshop_products SET `price4_name`='Szakmai 1 ár -7%', `price4_currency`='HUF', `price4_value`='7680' WHERE id=5132

[2021-01-13 12:39:47] UPDATE webshop_products SET `price5_name`='Szakmai 2 ár -14%', `price5_currency`='HUF', `price5_value`='7102' WHERE id=5132

[2021-01-13 12:39:47] UPDATE webshop_products SET `price6_name`='Vásárló', `price6_currency`='HUF', `price6_value`='8258' WHERE id=5132

[2021-01-13 12:39:47] UPDATE webshop_products SET `price7_name`='W Lista ár', `price7_currency`='HUF', `price7_value`='8258' WHERE id=5132

[2021-01-13 12:39:47] UPDATE webshop_products SET `price`='8258', `reduced_price`=0 WHERE id=5132

[2021-01-13 12:39:47] UPDATE webshop_products SET `price1_name`='', `price1_currency`='', `price1_value`='0' WHERE id=5133

[2021-01-13 12:39:47] UPDATE webshop_products SET `price2_name`='Kereskedő -27,6%', `price2_currency`='HUF', `price2_value`='846' WHERE id=5133

[2021-01-13 12:39:47] UPDATE webshop_products SET `price3_name`='Kereskedő -33,6%', `price3_currency`='HUF', `price3_value`='776' WHERE id=5133

[2021-01-13 12:39:47] UPDATE webshop_products SET `price4_name`='Szakmai 1 ár -7%', `price4_currency`='HUF', `price4_value`='1086' WHERE id=5133

[2021-01-13 12:39:47] UPDATE webshop_products SET `price5_name`='Szakmai 2 ár -14%', `price5_currency`='HUF', `price5_value`='1004' WHERE id=5133

[2021-01-13 12:39:47] UPDATE webshop_products SET `price6_name`='Vásárló', `price6_currency`='HUF', `price6_value`='1168' WHERE id=5133

[2021-01-13 12:39:47] UPDATE webshop_products SET `price7_name`='W Lista ár', `price7_currency`='HUF', `price7_value`='1168' WHERE id=5133

[2021-01-13 12:39:47] UPDATE webshop_products SET `price`='1168', `reduced_price`=0 WHERE id=5133

[2021-01-13 12:44:16] UPDATE users SET lastlogin = NOW() WHERE id = '11'

[2021-01-13 12:44:18] UPDATE users SET lastlogin = NOW() WHERE id = '11'

[2021-01-13 12:44:18] DELETE FROM webshop_gallery WHERE id=15498

[2021-01-13 12:44:22] DELETE FROM webshop_gallery WHERE id=15494

[2021-01-13 12:44:24] DELETE FROM webshop_gallery WHERE id=15491

[2021-01-13 12:44:25] DELETE FROM webshop_gallery WHERE id=15500

[2021-01-13 12:44:26] DELETE FROM webshop_gallery WHERE id=15497

[2021-01-13 12:44:26] DELETE FROM webshop_gallery WHERE id=15495

[2021-01-13 12:44:26] DELETE FROM webshop_gallery WHERE id=15496

[2021-01-13 12:44:27] DELETE FROM webshop_gallery WHERE id=15493

[2021-01-13 12:44:29] DELETE FROM webshop_gallery WHERE id=15492

[2021-01-13 12:44:32] DELETE FROM webshop_gallery WHERE id=15501

[2021-01-13 12:44:38] INSERT INTO webshop_gallery (`id`, `product_id`, `original_name`, `new_name`, `date`) VALUES (15505, 5134, 'Barber fogazású hajnyíró gép kés szett es06457', '15505.jpg', 1610538278)

[2021-01-13 12:44:38] DELETE FROM webshop_gallery WHERE id='14470'

[2021-01-13 12:44:38] INSERT INTO webshop_gallery (`id`, `product_id`, `original_name`, `new_name`, `date`) VALUES (15506, 3143, 'Melírfólia adagoló fodrászkellék', '15506.jpg', 1610538278)

[2021-01-13 12:44:38] INSERT INTO webshop_gallery (`id`, `product_id`, `original_name`, `new_name`, `date`) VALUES (15507, 5135, 'Melírfólia adagoló fodrászkellék', '15507.jpg', 1610538278)

[2021-01-13 12:44:38] INSERT INTO webshop_gallery (`id`, `product_id`, `original_name`, `new_name`, `date`) VALUES (15508, 5132, 'Melírfólia ezüst alumíniumból átlátszó csíkkal adagolóval OR02531', '15508.jpg', 1610538278)

[2021-01-13 12:44:51] UPDATE users SET lastlogin = NOW() WHERE id = '11'

