[2021-01-11 19:40:45] UPDATE users SET lastlogin = NOW() WHERE id = '11'

[2021-01-11 19:40:47] UPDATE users SET lastlogin = NOW() WHERE id = '11'

[2021-01-11 19:41:58] UPDATE users SET lastlogin = NOW() WHERE id = '11'

[2021-01-11 19:41:58] INSERT INTO webshop_gallery (`id`, `product_id`, `original_name`, `new_name`, `date`) VALUES (15480, 5121, 'Barber ruhakefe OR06074', '15480.jpg', 1610390518)

[2021-01-11 19:41:58] INSERT INTO webshop_products (`id`, `name_hun`, `name_eng`, `item_id`, `price`, `reduced_price`, `status`, `currency`, `content_short`, `content`, `details`, `date`, `default_pic`, `active`, `main`, `sort`, `category_id`, `root_category_id`, `seo_name`, `fullurl`, `websyx_id`, `quantity`, `other_categories`) VALUES ('5121', 'Barber ruhakefe OR06074', 'Barber ruhakefe OR06074', '3127-es-06074', 0, 0, 1, 'Ft', '
A ruhakefét úgy tervezték, hogy eltávolítsa a ruhadarabokba csapódott hajmaradványokat a vágás után. A...', '<FONT face=Calibri>
<P style=\"TEXT-ALIGN: justify\"><FONT face=\"Times New Roman\">A ruhakefét úgy tervezték, hogy eltávolítsa a ruhadarabokba csapódott hajmaradványokat a vágás után. A GORGONAS kefe 100% -ban természetes fából készült, sörtéi pedig 100% nylonból készültek. Erős tüskéi a hajat és a szennyeződéseket magukra vonják, így a ruhák tiszták lesznek. Ergonomikus fogantyúja lehetővé teszi a kefe kényelmes megfogását munka közben.</FONT></P>
<P>&nbsp;a kefe hossza 27cm</FONT></P>', '', 1610390518, '15480', '1', 0, 1, 117, '104', 'barber-ruhakefe-or06074', 'fodraszkellek/hajkefe/lapos-hajkefe/barber-ruhakefe-or06074', '2490', 1, '117,118,319,361,366,381')

[2021-01-11 19:41:58] INSERT INTO webshop_special_fields (`key`, `value`, `product_id`) VALUES ('manufacturer', 'Euro fodrászkellék', 5121)

[2021-01-11 19:41:58] INSERT INTO webshop_special_fields (`key`, `value`, `product_id`) VALUES ('quantityunit', 'db', 5121)

[2021-01-11 19:41:58] INSERT INTO webshop_special_fields (`key`, `value`, `product_id`) VALUES ('kiszereles', '1', 5121)

[2021-01-11 19:41:58] INSERT INTO webshop_gallery (`id`, `product_id`, `original_name`, `new_name`, `date`) VALUES (15481, 5122, 'Barber nyakszirtkefe OR06070', '15481.jpg', 1610390518)

[2021-01-11 19:41:58] INSERT INTO webshop_products (`id`, `name_hun`, `name_eng`, `item_id`, `price`, `reduced_price`, `status`, `currency`, `content_short`, `content`, `details`, `date`, `default_pic`, `active`, `main`, `sort`, `category_id`, `root_category_id`, `seo_name`, `fullurl`, `websyx_id`, `quantity`, `other_categories`) VALUES ('5122', 'Barber nyakszirtkefe OR06070', 'Barber nyakszirtkefe OR06070', '3127-es-06070', 0, 0, 1, 'Ft', 'A nyakszirtkefék ideálisak a nyírt, és tarkótól levágott haj eltávolítására. Váából, és erős, selymes...', '<P style=\"TEXT-ALIGN: justify; MARGIN: 0cm 0cm 10pt\"><FONT face=Calibri>A nyakszirtkefék ideálisak a nyírt, és tarkótól levágott haj eltávolítására. Váából, és erős, selymes tapintású &nbsp;műszállal készülnek.</FONT></P>', '', 1610390518, '15481', '1', 0, 1, 118, '104', 'barber-nyakszirtkefe-or06070', 'fodraszkellek/hajkefe/nyakszirtkefe/barber-nyakszirtkefe-or06070', '2553', 1, '118,319,361,366')

[2021-01-11 19:41:58] INSERT INTO webshop_special_fields (`key`, `value`, `product_id`) VALUES ('manufacturer', 'Euro fodrászkellék', 5122)

[2021-01-11 19:41:58] INSERT INTO webshop_special_fields (`key`, `value`, `product_id`) VALUES ('quantityunit', 'db', 5122)

[2021-01-11 19:41:58] INSERT INTO webshop_special_fields (`key`, `value`, `product_id`) VALUES ('kiszereles', '1', 5122)

[2021-01-11 19:41:58] UPDATE webshop_gallery SET original_name='Digitális nagyteljesítményű hajvágógép Turbo 04635 / női-férfi', date=1610390518 WHERE id=15110

[2021-01-11 19:41:58] UPDATE webshop_special_fields SET `value`='Egyéb fodrászkellék' WHERE `key`='manufacturer' AND `product_id`=2953

[2021-01-11 19:41:58] UPDATE webshop_special_fields SET `value`='db' WHERE `key`='quantityunit' AND `product_id`=2953

[2021-01-11 19:41:58] UPDATE webshop_special_fields SET `value`='1' WHERE `key`='kiszereles' AND `product_id`=2953

[2021-01-11 19:41:59] UPDATE webshop_products SET `name_hun`='Digitális nagyteljesítményű hajvágógép Turbo 04635 / női-férfi',`content_short`='Hajvágógép&nbsp;nagyon erős motorral, LCD digitális kijelzővel, turbó sebességfokozattal, japán acél...',`content`='<P style=\"TEXT-ALIGN: justify; MARGIN: 0cm 0cm 10pt\"><FONT face=Calibri>Hajvágógép&nbsp;nagyon erős motorral, LCD digitális kijelzővel, turbó sebességfokozattal, japán acél vágófejjel. &nbsp;Ergonómikus kialakítása, és alacsony súlya&nbsp;miatt könnyű használni, kíméli a kezet, de nagyon gyors hajvágást végezhetünk vele. Ajánlott vegyes, férfi, női, vendégkörrel is rendelkező fodrászoknak, és otthoni használatra.</FONT></P>
<P style=\"TEXT-ALIGN: justify\">A legjobb hajvágó eredmény érdekében a Professzionális egyenáramú, forgó motoros hajnyíró, 120 perc akkumulátor üzem idővel rendelkezik! Az új típusú akkumulátornak köszönhetően megnőtt a gép egy töltéssel elérhető üzem ideje, amely az LCD kijelzőn, jól követhető. Alkalmas nagyon erős dús haj, szőr, és az otthoni kisállat szőrének nyírására is. </P>
<P style=\"TEXT-ALIGN: justify\">A hajnyíró vágókések hosszabb&nbsp;ideig tartó, vagy egymás utáni több&nbsp;hajvágás ideje alatt sem forrósodnak fel, hőmérsékletük nem égeti a bőrt! - A&nbsp;hajvágógép használata a legmagasabb professzionális igényekhez készült, ára tartalmazza a házhozszállítást is.</P>
<P style=\"TEXT-ALIGN: justify\">A Hairway hajvágó, kopás álló japán acél késsel van szerelve. A hajvágógépekhez tartozó olaj, vagy műszer olaj rendszeres használata jelentős teljesítménynövekedést, és élettartam hosszabbodást is eredményez. Minden használat előtt 1 csepp olaj felvitele szükséges a hajvágó késre! A hajvágó, hajnyíró gép ára, a szállítási költséget is tartalmazza!</P>
<P style=\"TEXT-ALIGN: justify\">Üzembiztonság: A hajvágó gép vezetékről és akkumulátorról is működtethető. Ha az akkumulátor lemerült, vagy tönkre ment, a hajnyírót tovább használhatja a hálózati vezeték csatlakoztatásával.</P>
<P style=\"MARGIN: 0cm 0cm 10pt\"><U><FONT face=Calibri>Hajvágó, hajnyíró gép professzionális használata fodrász számára:</FONT></U></P>
<P style=\"TEXT-ALIGN: justify\">A hajvágó gép, hajnyíró, fodrász célú felhasználásra készült. Motoros hajvágó rendszerrel működik. Az akkumulátoros hajvágó, hajnyíró gép egy töltéssel 120perc üzem időt, képes működni, 8 óra készenléti időn belül. Könnyen elhelyezhető, és kezelhető töltő állomással rendelkezik. A hajvágó gépet teljesítménye alkalmassá teszi a mindennapi férfifodrász, női fodrász munkákra, és a nagyon erős hajak vágására.</P>
<P style=\"MARGIN: 0cm 0cm 10pt\"><U><FONT face=Calibri>Hajnyírógép otthoni használata:</FONT></U></P>
<P style=\"TEXT-ALIGN: justify\">Alkalmas erős, dús férfi haj vagy szakáll, szőr, kis állat szőr levágására, precíz kivitelezést igénylő hajvágó munkákra. Minden használat előtt 1 csepp olaj felvitele szükséges a hajvágó késre! A professzionális hajvágó gép, hajnyíró élet tartama otthoni használatban közismert, de a haj sajátosságai miatt, nagyban függ a rendszeres tisztítástól, az olajozástól. Az akkumulátor élet tartama nagyban függ a megfelelő töltéstől. Soha ne hagyja teljesen lemerülni az akkumulátort!</P>
<P style=\"TEXT-ALIGN: justify\"><B><U>Hajvágó, hajnyíró gép műszaki adatok, és tartozékok:</U></B></P>
<P style=\"TEXT-ALIGN: justify; MARGIN-LEFT: 40.5pt; TEXT-INDENT: -22.5pt; mso-list: l0 level1 lfo1\">·&nbsp;&nbsp;&nbsp;&nbsp;&nbsp;&nbsp;&nbsp;&nbsp;&nbsp;&nbsp;&nbsp;&nbsp; 45 mm széles japán acél hajvágó késsel rendelkezik</P>
<P style=\"TEXT-ALIGN: justify; MARGIN-LEFT: 40.5pt; TEXT-INDENT: -22.5pt; mso-list: l0 level1 lfo1\">·&nbsp;&nbsp;&nbsp;&nbsp;&nbsp;&nbsp;&nbsp;&nbsp;&nbsp;&nbsp;&nbsp;&nbsp; 220 -240V ~50Hz os hálózatról és akkumulátorról is üzemel</P>
<P style=\"MARGIN-LEFT: 40.5pt; TEXT-INDENT: -22.5pt; mso-list: l0 level1 lfo1\">·&nbsp;&nbsp;&nbsp;&nbsp;&nbsp;&nbsp;&nbsp;&nbsp;&nbsp;&nbsp;&nbsp;&nbsp; vezetékes hálózati töltővel rendelkezik, amely 220-240V ~50Hz hálózatról üzemel</P>
<P style=\"TEXT-ALIGN: justify; MARGIN-LEFT: 40.5pt; TEXT-INDENT: -22.5pt; mso-list: l0 level1 lfo1\">·&nbsp;&nbsp;&nbsp;&nbsp;&nbsp;&nbsp;&nbsp;&nbsp;&nbsp;&nbsp;&nbsp;&nbsp; motoros meghajtású hajvágó rendszerrel rendelkezik</P>
<P style=\"TEXT-ALIGN: justify; MARGIN-LEFT: 40.5pt; TEXT-INDENT: -22.5pt; mso-list: l0 level1 lfo1\">·&nbsp;&nbsp;&nbsp;&nbsp;&nbsp;&nbsp;&nbsp;&nbsp;&nbsp;&nbsp;&nbsp;&nbsp; akkumulátorról 1 töltéssel 120 perc üzemidő érhető el</P>
<P style=\"TEXT-ALIGN: justify; MARGIN-LEFT: 40.5pt; TEXT-INDENT: -22.5pt; mso-list: l0 level1 lfo1\">·&nbsp;&nbsp;&nbsp;&nbsp;&nbsp;&nbsp;&nbsp;&nbsp;&nbsp;&nbsp;&nbsp;&nbsp; színes LCD -s akkumulátor töltöttség jelzője van</P>
<P style=\"TEXT-ALIGN: justify; MARGIN-LEFT: 40.5pt; TEXT-INDENT: -22.5pt; mso-list: l0 level1 lfo1\">·&nbsp;&nbsp;&nbsp;&nbsp;&nbsp;&nbsp;&nbsp;&nbsp;&nbsp;&nbsp;&nbsp;&nbsp; a hajvágó penge vágó mélysége állítható, 4 fixálható fokozatban: 1 / 1,3 / 1,6 / 2mm</P>
<P style=\"TEXT-ALIGN: justify; MARGIN-LEFT: 40.5pt; TEXT-INDENT: -22.5pt; mso-list: l0 level1 lfo1\">·&nbsp;&nbsp;&nbsp;&nbsp;&nbsp;&nbsp;&nbsp;&nbsp;&nbsp;&nbsp;&nbsp;&nbsp; 4 db műanyag toldó fésű, (vezetőfésű, vágópapucs) a hajvágó mélység növeléséhez (3/6/9/12mm)</P>
<P style=\"TEXT-ALIGN: justify; MARGIN-LEFT: 40.5pt; TEXT-INDENT: -22.5pt; mso-list: l0 level1 lfo1\">·&nbsp;&nbsp;&nbsp;&nbsp;&nbsp;&nbsp;&nbsp;&nbsp;&nbsp;&nbsp;&nbsp;&nbsp; olajozó flakon tartozék</P>
<P style=\"TEXT-ALIGN: justify; MARGIN-LEFT: 40.5pt; TEXT-INDENT: -22.5pt; mso-list: l0 level1 lfo1\">·&nbsp;&nbsp;&nbsp;&nbsp;&nbsp;&nbsp;&nbsp;&nbsp;&nbsp;&nbsp;&nbsp;&nbsp; tisztító kefe tartozék</P>
<P style=\"TEXT-ALIGN: justify; MARGIN-LEFT: 40.5pt; TEXT-INDENT: -22.5pt; mso-list: l0 level1 lfo1\">·&nbsp;&nbsp;&nbsp;&nbsp;&nbsp;&nbsp;&nbsp;&nbsp;&nbsp;&nbsp;&nbsp;&nbsp; hajvágó gép súlya: 200gr</P>
<P style=\"TEXT-ALIGN: justify; MARGIN: 0cm 0cm 10pt 40.5pt; LINE-HEIGHT: normal; TEXT-INDENT: -22.5pt; mso-list: l0 level1 lfo1; mso-margin-top-alt: auto; mso-margin-bottom-alt: auto\"><FONT face=Calibri>·</FONT>&nbsp;&nbsp;&nbsp;&nbsp;&nbsp;&nbsp;&nbsp;&nbsp;&nbsp;&nbsp;&nbsp;&nbsp; <FONT face=Calibri>hajvágó gép származási hely: EU</FONT></P>
<P style=\"TEXT-ALIGN: justify\"><B><U>A hajvágó, hajnyíró gép használata:</U></B></P>
<P style=\"TEXT-ALIGN: justify\">Minden használat előtt 1 csepp olajat tegyen a késre, ezzel jelentősen meghosszabbítja a kés élettartamát, és jelentősen megnöveli a hajnyírógép teljesítményét is! A kés pengéje és a fej alá egy bizonyos idő után haj kerülhet! Ezt időszakosan távolítsa el!</P>', `item_id`='3131-es-04635', `default_pic`='15110', `active`='1', `category_id`='98', `root_category_id`='92', `seo_name`='digitalis-nagyteljesitmenyu-hajvagogep-turbo-04635-noi-ferfi', `fullurl`='hajformazo-gepek/hajvagogep/digitalis-nagyteljesitmenyu-hajvagogep-turbo-04635-noi-ferfi', `other_categories`='98' WHERE id=2953

[2021-01-11 19:41:59] INSERT INTO webshop_gallery (`id`, `product_id`, `original_name`, `new_name`, `date`) VALUES (15482, 5123, 'Parfüm szóró', '15482.jpg', 1610390519)

[2021-01-11 19:41:59] INSERT INTO webshop_products (`id`, `name_hun`, `name_eng`, `item_id`, `price`, `reduced_price`, `status`, `currency`, `content_short`, `content`, `details`, `date`, `default_pic`, `active`, `main`, `sort`, `category_id`, `root_category_id`, `seo_name`, `fullurl`, `websyx_id`, `quantity`, `other_categories`) VALUES ('5123', 'Parfüm szóró', 'Parfüm szóró', '3134-es-06178', 0, 0, 1, 'Ft', 'Klasszikus parfüm, kölni szóró, permetező, labdacs&nbsp;pumpával. A Tradicionális Barber fodrászat ikonikus...', '<P style=\"MARGIN: 0cm 0cm 10pt\"><FONT face=Calibri>Klasszikus parfüm, kölni szóró, permetező, labdacs&nbsp;pumpával. A Tradicionális Barber fodrászat ikonikus kelléke is. Parfüm nélkül szállítjuk!</P></FONT>
<P style=\"MARGIN: 0cm 0cm 10pt\"><FONT face=Calibri>180ml tartály</FONT></P>', '', 1610390519, '15482', '1', 0, 1, 361, '314', 'parfum-szoro', 'barber-shop/barber-fodraszkellek/parfum-szoro', '2707', 1, '361,366,410,411')

[2021-01-11 19:41:59] INSERT INTO webshop_special_fields (`key`, `value`, `product_id`) VALUES ('manufacturer', 'Euro fodrászkellék', 5123)

[2021-01-11 19:41:59] INSERT INTO webshop_special_fields (`key`, `value`, `product_id`) VALUES ('quantityunit', 'db', 5123)

[2021-01-11 19:41:59] INSERT INTO webshop_special_fields (`key`, `value`, `product_id`) VALUES ('kiszereles', '1', 5123)

[2021-01-11 19:41:59] INSERT INTO webshop_gallery (`id`, `product_id`, `original_name`, `new_name`, `date`) VALUES (15483, 5124, 'Szakáll púderozó', '15483.jpg', 1610390519)

[2021-01-11 19:41:59] INSERT INTO webshop_products (`id`, `name_hun`, `name_eng`, `item_id`, `price`, `reduced_price`, `status`, `currency`, `content_short`, `content`, `details`, `date`, `default_pic`, `active`, `main`, `sort`, `category_id`, `root_category_id`, `seo_name`, `fullurl`, `websyx_id`, `quantity`, `other_categories`) VALUES ('5124', 'Szakáll púderozó', 'Szakáll púderozó', '3134-es-06118', 0, 0, 1, 'Ft', 'Pumpás Szakáll púderozó.
180ml...', '<P style=\"TEXT-ALIGN: justify; MARGIN: 0cm 0cm 10pt\">Pumpás Szakáll púderozó.</P>
<P style=\"TEXT-ALIGN: justify; MARGIN: 0cm 0cm 10pt\">180ml tartállyal</P>', '', 1610390519, '15483', '1', 0, 1, 361, '314', 'szakall-puderozo', 'barber-shop/barber-fodraszkellek/szakall-puderozo', '3027', 1, '361,366')

[2021-01-11 19:41:59] INSERT INTO webshop_special_fields (`key`, `value`, `product_id`) VALUES ('manufacturer', 'Egyéb fodrászkellék', 5124)

[2021-01-11 19:41:59] INSERT INTO webshop_special_fields (`key`, `value`, `product_id`) VALUES ('quantityunit', 'db', 5124)

[2021-01-11 19:41:59] INSERT INTO webshop_special_fields (`key`, `value`, `product_id`) VALUES ('kiszereles', '1', 5124)

[2021-01-11 19:41:59] INSERT INTO webshop_gallery (`id`, `product_id`, `original_name`, `new_name`, `date`) VALUES (15484, 5125, 'Fodrász férfi beterítő hajvágó kendő Barber OR04685', '15484.jpg', 1610390519)

[2021-01-11 19:41:59] INSERT INTO webshop_products (`id`, `name_hun`, `name_eng`, `item_id`, `price`, `reduced_price`, `status`, `currency`, `content_short`, `content`, `details`, `date`, `default_pic`, `active`, `main`, `sort`, `category_id`, `root_category_id`, `seo_name`, `fullurl`, `websyx_id`, `quantity`, `other_categories`) VALUES ('5125', 'Fodrász férfi beterítő hajvágó kendő Barber OR04685', 'Fodrász férfi beterítő hajvágó kendő Barber OR04685', '3132-eshv-04685', 0, 0, 1, 'Ft', 'Exclusive kidolgozású, férfi Fodrászoknak készült, Barber&nbsp;beterítő hajvágó kendő. Nagyméretű...', '<P style=\"TEXT-ALIGN: justify; MARGIN: 0cm 0cm 10pt\"><FONT face=Calibri>Exclusive kidolgozású, férfi Fodrászoknak készült, Barber&nbsp;beterítő hajvágó kendő. Nagyméretű ruhaanyaghoz&nbsp;hasonló esésű,&nbsp;&nbsp;hajvágó kendő, beterítő kendő. Kiváló minőségű, speciális anyagának köszönhetően átszellőzik, kellemes a viselete. Nagyon kényelmes nyak kiképzéssel rendelkezik.</FONT></P>
<P style=\"TEXT-ALIGN: justify; MARGIN: 0cm 0cm 10pt\"><FONT face=Calibri>Fodrászati hajvágó és beterítő kendő,</FONT></P>
<P style=\"TEXT-ALIGN: justify; MARGIN: 0cm 0cm 10pt\"><FONT face=Calibri>hajvágáshoz, hajfestéshez és egyéb műveletekhez is ajánlott.</FONT></P>
<P style=\"TEXT-ALIGN: justify; MARGIN: 0cm 0cm 10pt\"><FONT face=Calibri>méret: szélesség 138cm, hossz 140cm</FONT></P>
<P style=\"TEXT-ALIGN: justify; MARGIN: 0cm 0cm 10pt\"><FONT face=Calibri>nyak rögzítés: patentos</FONT></P>
<P style=\"TEXT-ALIGN: justify; MARGIN: 0cm 0cm 10pt\"><FONT face=Calibri>anyag: antisztatikus 100% polyester</FONT></P>
<P style=\"TEXT-ALIGN: justify; MARGIN: 0cm 0cm 10pt\"><FONT face=Calibri>tisztítás: mosás max. 30-40˚C vízben</FONT></P>
<P style=\"TEXT-ALIGN: justify; MARGIN: 0cm 0cm 10pt\"><FONT face=Calibri>vasalás: &nbsp;ne vasalja!</FONT></P>
<P style=\"TEXT-ALIGN: justify; MARGIN: 0cm 0cm 10pt\"><FONT face=Calibri>származás:&nbsp;&nbsp;EU</FONT></P>', '', 1610390519, '15484', '1', 0, 1, 106, '104', 'fodrasz-ferfi-beterito-hajvago-kendo-barber-or04685', 'fodraszkellek/beterito-kendo-es-torolkozo/fodrasz-ferfi-beterito-hajvago-kendo-barber-or04685', '3150', 1, '106,361,366')

[2021-01-11 19:41:59] INSERT INTO webshop_special_fields (`key`, `value`, `product_id`) VALUES ('manufacturer', 'Euro fodrászkellék', 5125)

[2021-01-11 19:41:59] INSERT INTO webshop_special_fields (`key`, `value`, `product_id`) VALUES ('quantityunit', 'db', 5125)

[2021-01-11 19:41:59] INSERT INTO webshop_special_fields (`key`, `value`, `product_id`) VALUES ('kiszereles', '1', 5125)

[2021-01-11 19:41:59] UPDATE webshop_products SET sort=1 WHERE id=3326

[2021-01-11 19:41:59] UPDATE webshop_products SET sort=2 WHERE id=5123

[2021-01-11 19:41:59] UPDATE webshop_products SET sort=3 WHERE id=5124

[2021-01-11 19:41:59] UPDATE webshop_products SET sort=4 WHERE id=5125

[2021-01-11 19:41:59] UPDATE webshop_products SET sort=5 WHERE id=5122

[2021-01-11 19:41:59] UPDATE webshop_products SET sort=6 WHERE id=5121

[2021-01-11 19:42:00] UPDATE users SET lastlogin = NOW() WHERE id = '11'

[2021-01-11 19:42:01] INSERT INTO webshop_gallery (`id`, `product_id`, `original_name`, `new_name`, `date`) VALUES (15485, 5126, 'Barber Poseidon szakáll kefe OR06078', '15485.jpg', 1610390521)

[2021-01-11 19:42:01] INSERT INTO webshop_products (`id`, `name_hun`, `name_eng`, `item_id`, `price`, `reduced_price`, `status`, `currency`, `content_short`, `content`, `details`, `date`, `default_pic`, `active`, `main`, `sort`, `category_id`, `root_category_id`, `seo_name`, `fullurl`, `websyx_id`, `quantity`, `other_categories`) VALUES ('5126', 'Barber Poseidon szakáll kefe OR06078', 'Barber Poseidon szakáll kefe OR06078', '3127-es-06078', 0, 0, 1, 'Ft', 'A szakáll kefe lekerekített kialakítása tökéletesen illeszkedik a tenyerébe, lehetővé téve a szakállak...', '<P>A szakáll kefe lekerekített kialakítása tökéletesen illeszkedik a tenyerébe, lehetővé téve a szakállak kényelmes fésülését. A POSEIDON kefe 100% -ban természetes fából készült. 50% -ban természetes és 50% nylon&nbsp;szőrrel, melyek&nbsp;olyan puhaságot nyújtanak, amelyet a természetes szőr nem kínál.</P>
<P>a kefe hossza 10cm</P>', '', 1610390521, '15485', '1', 0, 1, 319, '104', 'barber-poseidon-szakall-kefe-or06078', 'fodraszkellek/hajkefe/barber-kefe/barber-poseidon-szakall-kefe-or06078', '91', 1, '319,360,361,366,381')

[2021-01-11 19:42:01] INSERT INTO webshop_special_fields (`key`, `value`, `product_id`) VALUES ('manufacturer', 'Euro fodrászkellék', 5126)

[2021-01-11 19:42:01] INSERT INTO webshop_special_fields (`key`, `value`, `product_id`) VALUES ('quantityunit', 'db', 5126)

[2021-01-11 19:42:01] INSERT INTO webshop_special_fields (`key`, `value`, `product_id`) VALUES ('kiszereles', '1', 5126)

[2021-01-11 19:42:01] INSERT INTO webshop_gallery (`id`, `product_id`, `original_name`, `new_name`, `date`) VALUES (15486, 5127, 'Barber rezgőkéses borotva es06412', '15486.jpg', 1610390521)

[2021-01-11 19:42:01] INSERT INTO webshop_products (`id`, `name_hun`, `name_eng`, `item_id`, `price`, `reduced_price`, `status`, `currency`, `content_short`, `content`, `details`, `date`, `default_pic`, `active`, `main`, `sort`, `category_id`, `root_category_id`, `seo_name`, `fullurl`, `websyx_id`, `quantity`, `other_categories`) VALUES ('5127', 'Barber rezgőkéses borotva es06412', 'Barber rezgőkéses borotva es06412', '3131-es-06412-50-black', 0, 0, 1, 'Ft', '
Rezgőkéses akkumulátoros villanyborotva, dupla rezgőkéssel, fekete színben.
Bborotva műszaki adatai:
-...', '<FONT face=Calibri>
<P style=\"MARGIN: 0cm 0cm 10pt\">Rezgőkéses akkumulátoros villanyborotva, dupla rezgőkéssel, fekete színben.</P>
<P style=\"MARGIN: 0cm 0cm 10pt\">Bborotva műszaki adatai:</P>
<P style=\"MARGIN: 0cm 0cm 10pt\">- Akkumulátor töltő.</P>
<P style=\"MARGIN: 0cm 0cm 10pt\">- 100-220 V&nbsp; 50/60Hz </P>
<P style=\"MARGIN: 0cm 0cm 10pt\">- Teljesítmény: 3 W</P>
<P style=\"MARGIN: 0cm 0cm 10pt\">- 6800rpm fordulat</P>
<P style=\"MARGIN: 0cm 0cm 10pt\">- Akku: lithium-ion</P>
<P style=\"MARGIN: 0cm 0cm 10pt\">- Töltési idő:&nbsp;&nbsp;120min.</P>
<P style=\"MARGIN: 0cm 0cm 10pt\">- Működési idő: 2h</P>
<P style=\"MARGIN: 0cm 0cm 10pt\"><U>&nbsp;Tartozékok:</U></P>
<P style=\"MARGIN: 0cm 0cm 10pt\">- Borotva kés szita háló.</P>
<P style=\"MARGIN: 0cm 0cm 10pt\">- Tisztító kefe</FONT></P>', '', 1610390521, '15486', '1', 0, 1, 122, '104', 'barber-rezgokeses-borotva-es06412', 'fodraszkellek/hajvago-ollo-borotva/fodrasz-hajnyeso-borotva/barber-rezgokeses-borotva-es06412', '582', 1, '122,360,361,366,413')

[2021-01-11 19:42:01] INSERT INTO webshop_special_fields (`key`, `value`, `product_id`) VALUES ('manufacturer', 'Euro fodrászkellék', 5127)

[2021-01-11 19:42:01] INSERT INTO webshop_special_fields (`key`, `value`, `product_id`) VALUES ('quantityunit', 'db', 5127)

[2021-01-11 19:42:01] INSERT INTO webshop_special_fields (`key`, `value`, `product_id`) VALUES ('kiszereles', '1', 5127)

[2021-01-11 19:42:01] UPDATE webshop_gallery SET original_name='Szakállkefe bajuszkefe vaddisznó sörte 03227', date=1610390521 WHERE id=8477

[2021-01-11 19:42:01] UPDATE webshop_special_fields SET `value`='Euro fodrászkellék' WHERE `key`='manufacturer' AND `product_id`=4423

[2021-01-11 19:42:01] UPDATE webshop_special_fields SET `value`='db' WHERE `key`='quantityunit' AND `product_id`=4423

[2021-01-11 19:42:01] UPDATE webshop_special_fields SET `value`='1' WHERE `key`='kiszereles' AND `product_id`=4423

[2021-01-11 19:42:01] UPDATE webshop_products SET `name_hun`='Szakállkefe bajuszkefe erős vaddisznó sörtével 03227',`content_short`='Szakállkefe bajuszkefe, konyt kefe&nbsp;fából, erős vaddisznó sörtével.
A hajkefe méretei:&nbsp; fejszélesség...',`content`='<P>Szakállkefe bajuszkefe, konyt kefe&nbsp;fából, erős vaddisznó sörtével.</P>
<P><FONT face=Calibri>A hajkefe méretei:&nbsp; fejszélesség kb. 15mm, hosszúság 210 mm</FONT></P>', `item_id`='3127-esbk-03227', `default_pic`='8477', `active`='1', `category_id`='104', `root_category_id`='0', `seo_name`='szakallkefe-bajuszkefe-eros-vaddiszno-sortevel-03227', `fullurl`='fodraszkellek/szakallkefe-bajuszkefe-eros-vaddiszno-sortevel-03227', `other_categories`='104,115,117,253,269,313,314,319,361,364,366,381,438' WHERE id=4423

[2021-01-11 19:42:01] INSERT INTO webshop_gallery (`id`, `product_id`, `original_name`, `new_name`, `date`) VALUES (15487, 5128, 'Barber szakáll kefe OR06075', '15487.jpg', 1610390521)

[2021-01-11 19:42:01] INSERT INTO webshop_products (`id`, `name_hun`, `name_eng`, `item_id`, `price`, `reduced_price`, `status`, `currency`, `content_short`, `content`, `details`, `date`, `default_pic`, `active`, `main`, `sort`, `category_id`, `root_category_id`, `seo_name`, `fullurl`, `websyx_id`, `quantity`, `other_categories`) VALUES ('5128', 'Barber szakáll kefe OR06075', 'Barber szakáll kefe OR06075', '3127-es-06075', 0, 0, 1, 'Ft', 'A Barber kefe erős szőrzettel. Kialakítását a haj és a szakáll ápolására tervezték. A kefe 100% -ban...', '<P>A Barber kefe erős szőrzettel. Kialakítását a haj és a szakáll ápolására tervezték. A kefe 100% -ban természetes fából készült. A kefe szőr 50% -ban természetes vaddisznó sörtéből és 50% nylon szőrből készül, melynek köszönhetően erős tartású, de olyan puhaságot nyújt, amelyet a természetes szőr nem ad. </P>
<P>A&nbsp;kefe hossza 20cm.</P>', '', 1610390521, '15487', '1', 0, 1, 319, '104', 'barber-szakall-kefe-or06075', 'fodraszkellek/hajkefe/barber-kefe/barber-szakall-kefe-or06075', '1492', 1, '319,361,366,381')

[2021-01-11 19:42:01] INSERT INTO webshop_special_fields (`key`, `value`, `product_id`) VALUES ('manufacturer', 'Euro fodrászkellék', 5128)

[2021-01-11 19:42:01] INSERT INTO webshop_special_fields (`key`, `value`, `product_id`) VALUES ('quantityunit', 'db', 5128)

[2021-01-11 19:42:01] INSERT INTO webshop_special_fields (`key`, `value`, `product_id`) VALUES ('kiszereles', '1', 5128)

[2021-01-11 19:42:01] INSERT INTO webshop_gallery (`id`, `product_id`, `original_name`, `new_name`, `date`) VALUES (15488, 5129, 'Barber szakállkefe erős szakállakhoz OR06077', '15488.jpg', 1610390521)

[2021-01-11 19:42:01] INSERT INTO webshop_products (`id`, `name_hun`, `name_eng`, `item_id`, `price`, `reduced_price`, `status`, `currency`, `content_short`, `content`, `details`, `date`, `default_pic`, `active`, `main`, `sort`, `category_id`, `root_category_id`, `seo_name`, `fullurl`, `websyx_id`, `quantity`, `other_categories`) VALUES ('5129', 'Barber szakállkefe erős szakállakhoz OR06077', 'Barber szakállkefe erős szakállakhoz OR06077', '3127-es-06077', 0, 0, 1, 'Ft', 'A barber szakáll&nbsp;kefének a kialakítását azoknak a sűrű szakállaknak tervezték, amelyeket nehéz...', '<P style=\"TEXT-ALIGN: justify; MARGIN: 0cm 0cm 10pt\">A barber szakáll&nbsp;kefének a kialakítását azoknak a sűrű szakállaknak tervezték, amelyeket nehéz fésülni. Nagy mérete lehetővé teszi szakállunk nagy és sűrű területeinek fésülését. Az APOLO kefe 100% -ban természetes fából készült. 50% -ban természetes és 50% nylon csákánya olyan puhaságot nyújt, amelyet a természetes&nbsp;szőr nem kínál.</P>
<P style=\"TEXT-ALIGN: justify; MARGIN: 0cm 0cm 10pt\">&nbsp;</P>
<P style=\"TEXT-ALIGN: justify; MARGIN: 0cm 0cm 10pt\">a kefe hossza&nbsp;&nbsp;15cm.&nbsp;</P>', '', 1610390521, '15488', '1', 0, 1, 319, '104', 'barber-szakallkefe-eros-szakallakhoz-or06077', 'fodraszkellek/hajkefe/barber-kefe/barber-szakallkefe-eros-szakallakhoz-or06077', '1727', 1, '319,360,361,366,381')

[2021-01-11 19:42:01] INSERT INTO webshop_special_fields (`key`, `value`, `product_id`) VALUES ('manufacturer', 'Euro fodrászkellék', 5129)

[2021-01-11 19:42:01] INSERT INTO webshop_special_fields (`key`, `value`, `product_id`) VALUES ('quantityunit', 'db', 5129)

[2021-01-11 19:42:01] INSERT INTO webshop_special_fields (`key`, `value`, `product_id`) VALUES ('kiszereles', '1', 5129)

[2021-01-11 19:42:01] UPDATE webshop_gallery SET original_name='Barber hajvizező vízpára felhő készítő flakon 15101', date=1610390521 WHERE id=8608

[2021-01-11 19:42:01] UPDATE webshop_special_fields SET `value`='Euro fodrászkellék' WHERE `key`='manufacturer' AND `product_id`=4487

[2021-01-11 19:42:01] UPDATE webshop_special_fields SET `value`='db' WHERE `key`='quantityunit' AND `product_id`=4487

[2021-01-11 19:42:01] UPDATE webshop_special_fields SET `value`='1' WHERE `key`='kiszereles' AND `product_id`=4487

[2021-01-11 19:42:02] UPDATE webshop_products SET `name_hun`='Barber hajvizező vízpára felhő készítő flakon OR04978',`content_short`='Hajvizező, vízpára felhő készítő, speciális pumpás flakon. A nyomásfokozó pumpának köszönhetően, nagyon...',`content`='<P style=\"MARGIN: 0cm 0cm 10pt\"><FONT face=Calibri>Hajvizező, vízpára felhő készítő, speciális pumpás flakon. A nyomásfokozó pumpának köszönhetően, nagyon finoman porlasztja el a vizet, így egy pára felhőt képezhetünk vele.</FONT></P>
<P style=\"MARGIN: 0cm 0cm 10pt\"><FONT face=Calibri>Folyamatos permetezés a ravasz egyetlen megnyomásával egyenletesen és finoman permetezi a vizet ugyanazzal a nyomással az elejétől az utolsó cseppig. 360º -ban, minden szögből használható, akár fejjel lefelé is. Finom ködszerű spray, amely egyenletesen osztja el a vizet az összes hajon. Folyamatos 1,25 köbcentis rögzített nyomástérfogat. Megakadályozza a kéz fáradását a szokásos spray-khez képest.</FONT></P>
<P style=\"MARGIN: 0cm 0cm 10pt\"><FONT face=Calibri>A hajvizező flakon jellemzői:</FONT></P>
<P style=\"MARGIN: 0cm 0cm 10pt\"><FONT face=Calibri>&nbsp;A műanyag haj vizező,&nbsp; trigger pumpás spray palack térfogata: 300ml</FONT></P>
<P style=\"MARGIN: 0cm 0cm 10pt\"><FONT face=Calibri>&nbsp;&nbsp;&nbsp;&nbsp; Barber felirattal rendelkezik, ideális férfiak és fodrász üzletek számára</FONT></P>
<P style=\"MARGIN: 0cm 0cm 10pt\"><FONT face=Calibri>&nbsp;&nbsp;&nbsp;&nbsp; kiváló minőségű trigger pumpával készül</FONT></P>
<P style=\"MARGIN: 0cm 0cm 10pt\"><FONT face=Calibri>&nbsp;&nbsp;&nbsp;&nbsp; japán technológia: a pumpa finom permetezést biztosít</FONT></P>', `item_id`='3134-es-04978-300ml', `default_pic`='8608', `active`='1', `category_id`='104', `root_category_id`='0', `seo_name`='barber-hajvizezo-vizpara-felho-keszito-flakon-or04978', `fullurl`='fodraszkellek/barber-hajvizezo-vizpara-felho-keszito-flakon-or04978', `other_categories`='104,112,250,314,315,361,420' WHERE id=4487

[2021-01-11 19:42:02] INSERT INTO webshop_gallery (`id`, `product_id`, `original_name`, `new_name`, `date`) VALUES (15489, 5130, 'Barber férfi fodrász kötény OR06181', '15489.jpg', 1610390522)

[2021-01-11 19:42:02] INSERT INTO webshop_products (`id`, `name_hun`, `name_eng`, `item_id`, `price`, `reduced_price`, `status`, `currency`, `content_short`, `content`, `details`, `date`, `default_pic`, `active`, `main`, `sort`, `category_id`, `root_category_id`, `seo_name`, `fullurl`, `websyx_id`, `quantity`, `other_categories`) VALUES ('5130', 'Barber férfi fodrász kötény OR06181', 'Barber férfi fodrász kötény OR06181', '3132-es-06181', 0, 0, 1, 'Ft', 'Férfi fodrász kötény sok zsebbel. A Farmer anyag és műbőr kombinációjából készült kötények a Barber...', '<P>Férfi fodrász kötény sok zsebbel. A Farmer anyag és műbőr kombinációjából készült kötények a Barber stílus jegyeiben készültek.</P>
<P>A barber&nbsp;kötény mérete: szél:58cm&nbsp; hossz:85 cm</P>
<P>A kötényen 3 nagy zseb található, és a zsebeken számos kisebb szerszám tartó zseb.</P>', '', 1610390522, '15489', '1', 0, 1, 110, '104', 'barber-ferfi-fodrasz-koteny-or06181', 'fodraszkellek/fodrasz-munkaruha-koteny-fodraszkellek/barber-ferfi-fodrasz-koteny-or06181', '1760', 1, '110,361,366')

[2021-01-11 19:42:02] INSERT INTO webshop_special_fields (`key`, `value`, `product_id`) VALUES ('manufacturer', 'Euro fodrászkellék', 5130)

[2021-01-11 19:42:02] INSERT INTO webshop_special_fields (`key`, `value`, `product_id`) VALUES ('quantityunit', 'db', 5130)

[2021-01-11 19:42:02] INSERT INTO webshop_special_fields (`key`, `value`, `product_id`) VALUES ('kiszereles', '1', 5130)

[2021-01-11 19:42:02] UPDATE webshop_gallery SET original_name='Fejmosó vízgyűjtő tartállyal', date=1610390522 WHERE id=5174

[2021-01-11 19:42:02] UPDATE webshop_special_fields SET `value`='Egyéb fodrászkellék' WHERE `key`='manufacturer' AND `product_id`=3943

[2021-01-11 19:42:02] UPDATE webshop_special_fields SET `value`='db' WHERE `key`='quantityunit' AND `product_id`=3943

[2021-01-11 19:42:02] UPDATE webshop_special_fields SET `value`='1' WHERE `key`='kiszereles' AND `product_id`=3943

[2021-01-11 19:42:02] UPDATE webshop_products SET `name_hun`='Fejmosó vízgyűjtő tartállyal',`content_short`='Fejmosó szett vízgyűjtő tartállyal. Műanyagból készült, könnyű, dönthető fejmosó tál, állítható...',`content`='<P>Fejmosó szett vízgyűjtő tartállyal. Műanyagból készült, könnyű, dönthető fejmosó tál, állítható magasságú, csillagtalpas &nbsp;tartó szárral. A vízgyűjtő 10l víz tárolására alkalmas. Súlya kb. 5kg.</P>
<P>&nbsp;</P>', `item_id`='1839-hw57071+1480Ftszállítás', `default_pic`='5174', `active`='1', `category_id`='86', `root_category_id`='0', `seo_name`='fejmoso-vizgyujto-tartallyal', `fullurl`='fodraszbutor/fejmoso-vizgyujto-tartallyal', `other_categories`='86,87,90' WHERE id=3943

[2021-01-11 19:42:02] INSERT INTO webshop_gallery (`id`, `product_id`, `original_name`, `new_name`, `date`) VALUES (15490, 5131, 'Barber volumennövelő púder 20gr', '15490.jpg', 1610390522)

[2021-01-11 19:42:02] INSERT INTO webshop_products (`id`, `name_hun`, `name_eng`, `item_id`, `price`, `reduced_price`, `status`, `currency`, `content_short`, `content`, `details`, `date`, `default_pic`, `active`, `main`, `sort`, `category_id`, `root_category_id`, `seo_name`, `fullurl`, `websyx_id`, `quantity`, `other_categories`) VALUES ('5131', 'Barber volumennövelő púder 20gr', 'Barber volumennövelő púder 20gr', '3137-04962-20gr', 0, 0, 1, 'Ft', '
Rendkívül könnyű, finom texturáló mattító por, amely nagyszerű mennyiséget biztosít a hajnak, a könnyű...', '<FONT face=Calibri>
<P style=\"MARGIN: 0cm 0cm 10pt\">Rendkívül könnyű, finom texturáló mattító por, amely nagyszerű mennyiséget biztosít a hajnak, a könnyű gyökérmasszírozással. Ideális nagyon strukturált frizurák rögzítésére. Puha matt hatású. Hatóanyaga miatt még a zsíros hajon vagy a fejbőrön sem hagy zsíros hajat, segíti a felesleges seborrhea felszívódását. Matt hatás. Erős kontroll. Tartós tartás.</P>
<P style=\"MARGIN: 0cm 0cm 10pt\">20gr</P></FONT>
<P>&nbsp;</P>', '', 1610390522, '15490', '1', 0, 1, 173, '131', 'barber-volumennovelo-puder-20gr', 'hajapolas/1-hajapolo-hajtipusok-szerint/ferfi-haj/barber-volumennovelo-puder-20gr', '1990', 1, '173,219,360,362,364,413')

[2021-01-11 19:42:02] INSERT INTO webshop_special_fields (`key`, `value`, `product_id`) VALUES ('manufacturer', 'Egyéb fodrászkellék', 5131)

[2021-01-11 19:42:02] INSERT INTO webshop_special_fields (`key`, `value`, `product_id`) VALUES ('quantityunit', 'db', 5131)

[2021-01-11 19:42:02] INSERT INTO webshop_special_fields (`key`, `value`, `product_id`) VALUES ('kiszereles', '1', 5131)

[2021-01-11 19:42:02] UPDATE webshop_gallery SET original_name='Hajvágógép kés szett hW-02002', date=1610390522 WHERE id=7866

[2021-01-11 19:42:02] UPDATE webshop_special_fields SET `value`='Egyéb fodrászkellék' WHERE `key`='manufacturer' AND `product_id`=4297

[2021-01-11 19:42:02] UPDATE webshop_special_fields SET `value`='db' WHERE `key`='quantityunit' AND `product_id`=4297

[2021-01-11 19:42:02] UPDATE webshop_special_fields SET `value`='1' WHERE `key`='kiszereles' AND `product_id`=4297

[2021-01-11 19:42:03] UPDATE webshop_products SET `name_hun`='megszünt - 210110 - Hajvágógép kés szett hW-02002',`content_short`='Hajvágó gép kés szett. A hajvágó gép kés szett minden hajvágó gépre felszerelhető, ahol a rögzítő...',`content`='<P>Hajvágó gép kés szett. A hajvágó gép kés szett minden hajvágó gépre felszerelhető, ahol a rögzítő csavarok központjai közötti távolság 25mm és a kiképzés a kép szerinti.&nbsp;&nbsp;</P>
<P>vágótalp szélessége: 46mm, magasága 42mm, vastagsága 4mm, a csavarok lyuktávolsága 25mm</P>
<P>a vágókés szélessége 40mm, magassága 21mm, vastagsága 2,5mm</P>
<P>Kiképzés a kép szerint. tip:02002. </P>', `item_id`='1831-hwhgksi-02002', `default_pic`='7866', `active`='1', `category_id`='104', `root_category_id`='0', `seo_name`='megszunt-210110-hajvagogep-kes-szett-hw-02002', `fullurl`='fodraszkellek/megszunt-210110-hajvagogep-kes-szett-hw-02002', `other_categories`='104,373' WHERE id=4297

[2021-01-11 19:42:03] UPDATE webshop_products SET sort=1 WHERE id=3326

[2021-01-11 19:42:03] UPDATE webshop_products SET sort=2 WHERE id=5129

[2021-01-11 19:42:03] UPDATE webshop_products SET sort=3 WHERE id=5126

[2021-01-11 19:42:03] UPDATE webshop_products SET sort=4 WHERE id=5130

[2021-01-11 19:42:03] UPDATE webshop_products SET sort=5 WHERE id=5131

[2021-01-11 19:42:03] UPDATE webshop_products SET sort=6 WHERE id=5128

[2021-01-11 19:42:03] UPDATE webshop_products SET sort=7 WHERE id=5127

[2021-01-11 19:42:07] UPDATE users SET lastlogin = NOW() WHERE id = '11'

[2021-01-11 19:42:09] UPDATE users SET lastlogin = NOW() WHERE id = '11'

[2021-01-11 19:42:09] UPDATE webshop_products SET `price1_name`='', `price1_currency`='', `price1_value`='0' WHERE id=5123

[2021-01-11 19:42:09] UPDATE webshop_products SET `price2_name`='Kereskedő -27,6%', `price2_currency`='HUF', `price2_value`='9896' WHERE id=5123

[2021-01-11 19:42:09] UPDATE webshop_products SET `price3_name`='Kereskedő -33,6%', `price3_currency`='HUF', `price3_value`='9075' WHERE id=5123

[2021-01-11 19:42:09] UPDATE webshop_products SET `price4_name`='Szakmai 1 ár -7%', `price4_currency`='HUF', `price4_value`='12711' WHERE id=5123

[2021-01-11 19:42:09] UPDATE webshop_products SET `price5_name`='Szakmai 2 ár -14%', `price5_currency`='HUF', `price5_value`='11754' WHERE id=5123

[2021-01-11 19:42:09] UPDATE webshop_products SET `price6_name`='Vásárló', `price6_currency`='HUF', `price6_value`='13668' WHERE id=5123

[2021-01-11 19:42:09] UPDATE webshop_products SET `price7_name`='W Lista ár', `price7_currency`='HUF', `price7_value`='13668' WHERE id=5123

[2021-01-11 19:42:09] UPDATE webshop_products SET `price`='13668', `reduced_price`=0 WHERE id=5123

[2021-01-11 19:42:09] UPDATE webshop_products SET `price1_name`='', `price1_currency`='', `price1_value`='0' WHERE id=5124

[2021-01-11 19:42:09] UPDATE webshop_products SET `price2_name`='Kereskedő -27,6%', `price2_currency`='HUF', `price2_value`='1787' WHERE id=5124

[2021-01-11 19:42:09] UPDATE webshop_products SET `price3_name`='Kereskedő -33,6%', `price3_currency`='HUF', `price3_value`='1638' WHERE id=5124

[2021-01-11 19:42:09] UPDATE webshop_products SET `price4_name`='Szakmai 1 ár -7%', `price4_currency`='HUF', `price4_value`='2295' WHERE id=5124

[2021-01-11 19:42:09] UPDATE webshop_products SET `price5_name`='Szakmai 2 ár -14%', `price5_currency`='HUF', `price5_value`='2122' WHERE id=5124

[2021-01-11 19:42:09] UPDATE webshop_products SET `price6_name`='Vásárló', `price6_currency`='HUF', `price6_value`='2468' WHERE id=5124

[2021-01-11 19:42:09] UPDATE webshop_products SET `price7_name`='W Lista ár', `price7_currency`='HUF', `price7_value`='2468' WHERE id=5124

[2021-01-11 19:42:09] UPDATE webshop_products SET `price`='2468', `reduced_price`=0 WHERE id=5124

[2021-01-11 19:42:09] UPDATE webshop_products SET `price1_name`='', `price1_currency`='', `price1_value`='0' WHERE id=5125

[2021-01-11 19:42:09] UPDATE webshop_products SET `price2_name`='Kereskedő -27,6%', `price2_currency`='HUF', `price2_value`='15905' WHERE id=5125

[2021-01-11 19:42:09] UPDATE webshop_products SET `price3_name`='Kereskedő -33,6%', `price3_currency`='HUF', `price3_value`='14587' WHERE id=5125

[2021-01-11 19:42:09] UPDATE webshop_products SET `price4_name`='Szakmai 1 ár -7%', `price4_currency`='HUF', `price4_value`='20430' WHERE id=5125

[2021-01-11 19:42:09] UPDATE webshop_products SET `price5_name`='Szakmai 2 ár -14%', `price5_currency`='HUF', `price5_value`='18893' WHERE id=5125

[2021-01-11 19:42:09] UPDATE webshop_products SET `price6_name`='Vásárló', `price6_currency`='HUF', `price6_value`='21968' WHERE id=5125

[2021-01-11 19:42:09] UPDATE webshop_products SET `price7_name`='W Lista ár', `price7_currency`='HUF', `price7_value`='21968' WHERE id=5125

[2021-01-11 19:42:09] UPDATE webshop_products SET `price`='21968', `reduced_price`=0 WHERE id=5125

[2021-01-11 19:42:11] UPDATE users SET lastlogin = NOW() WHERE id = '11'

[2021-01-11 19:42:11] UPDATE webshop_products SET `price1_name`='', `price1_currency`='', `price1_value`='0' WHERE id=5126

[2021-01-11 19:42:11] UPDATE webshop_products SET `price2_name`='Kereskedő -27,6%', `price2_currency`='HUF', `price2_value`='3546' WHERE id=5126

[2021-01-11 19:42:11] UPDATE webshop_products SET `price3_name`='Kereskedő -33,6%', `price3_currency`='HUF', `price3_value`='3252' WHERE id=5126

[2021-01-11 19:42:11] UPDATE webshop_products SET `price4_name`='Szakmai 1 ár -7%', `price4_currency`='HUF', `price4_value`='4555' WHERE id=5126

[2021-01-11 19:42:11] UPDATE webshop_products SET `price5_name`='Szakmai 2 ár -14%', `price5_currency`='HUF', `price5_value`='4213' WHERE id=5126

[2021-01-11 19:42:11] UPDATE webshop_products SET `price6_name`='Vásárló', `price6_currency`='HUF', `price6_value`='4898' WHERE id=5126

[2021-01-11 19:42:11] UPDATE webshop_products SET `price7_name`='W Lista ár', `price7_currency`='HUF', `price7_value`='4898' WHERE id=5126

[2021-01-11 19:42:11] UPDATE webshop_products SET `price`='4898', `reduced_price`=0 WHERE id=5126

[2021-01-11 19:42:11] UPDATE webshop_products SET `price1_name`='', `price1_currency`='', `price1_value`='0' WHERE id=5127

[2021-01-11 19:42:11] UPDATE webshop_products SET `price2_name`='Kereskedő -27,6%', `price2_currency`='HUF', `price2_value`='12148' WHERE id=5127

[2021-01-11 19:42:11] UPDATE webshop_products SET `price3_name`='Kereskedő -33,6%', `price3_currency`='HUF', `price3_value`='11140' WHERE id=5127

[2021-01-11 19:42:11] UPDATE webshop_products SET `price4_name`='Szakmai 1 ár -7%', `price4_currency`='HUF', `price4_value`='15603' WHERE id=5127

[2021-01-11 19:42:11] UPDATE webshop_products SET `price5_name`='Szakmai 2 ár -14%', `price5_currency`='HUF', `price5_value`='14428' WHERE id=5127

[2021-01-11 19:42:11] UPDATE webshop_products SET `price6_name`='Vásárló', `price6_currency`='HUF', `price6_value`='16778' WHERE id=5127

[2021-01-11 19:42:11] UPDATE webshop_products SET `price7_name`='W Lista ár', `price7_currency`='HUF', `price7_value`='16778' WHERE id=5127

[2021-01-11 19:42:11] UPDATE webshop_products SET `price`='16778', `reduced_price`=0 WHERE id=5127

[2021-01-11 19:42:11] UPDATE webshop_products SET `price1_name`='', `price1_currency`='', `price1_value`='0' WHERE id=5128

[2021-01-11 19:42:11] UPDATE webshop_products SET `price2_name`='Kereskedő -27,6%', `price2_currency`='HUF', `price2_value`='2706' WHERE id=5128

[2021-01-11 19:42:11] UPDATE webshop_products SET `price3_name`='Kereskedő -33,6%', `price3_currency`='HUF', `price3_value`='2482' WHERE id=5128

[2021-01-11 19:42:11] UPDATE webshop_products SET `price4_name`='Szakmai 1 ár -7%', `price4_currency`='HUF', `price4_value`='3476' WHERE id=5128

[2021-01-11 19:42:11] UPDATE webshop_products SET `price5_name`='Szakmai 2 ár -14%', `price5_currency`='HUF', `price5_value`='3214' WHERE id=5128

[2021-01-11 19:42:11] UPDATE webshop_products SET `price6_name`='Vásárló', `price6_currency`='HUF', `price6_value`='3738' WHERE id=5128

[2021-01-11 19:42:11] UPDATE webshop_products SET `price7_name`='W Lista ár', `price7_currency`='HUF', `price7_value`='3738' WHERE id=5128

[2021-01-11 19:42:11] UPDATE webshop_products SET `price`='3738', `reduced_price`=0 WHERE id=5128

[2021-01-11 19:42:11] UPDATE webshop_products SET `price1_name`='', `price1_currency`='', `price1_value`='0' WHERE id=5129

[2021-01-11 19:42:11] UPDATE webshop_products SET `price2_name`='Kereskedő -27,6%', `price2_currency`='HUF', `price2_value`='3908' WHERE id=5129

[2021-01-11 19:42:11] UPDATE webshop_products SET `price3_name`='Kereskedő -33,6%', `price3_currency`='HUF', `price3_value`='3584' WHERE id=5129

[2021-01-11 19:42:11] UPDATE webshop_products SET `price4_name`='Szakmai 1 ár -7%', `price4_currency`='HUF', `price4_value`='5020' WHERE id=5129

[2021-01-11 19:42:11] UPDATE webshop_products SET `price5_name`='Szakmai 2 ár -14%', `price5_currency`='HUF', `price5_value`='4642' WHERE id=5129

[2021-01-11 19:42:11] UPDATE webshop_products SET `price6_name`='Vásárló', `price6_currency`='HUF', `price6_value`='5398' WHERE id=5129

[2021-01-11 19:42:11] UPDATE webshop_products SET `price7_name`='W Lista ár', `price7_currency`='HUF', `price7_value`='5398' WHERE id=5129

[2021-01-11 19:42:11] UPDATE webshop_products SET `price`='5398', `reduced_price`=0 WHERE id=5129

[2021-01-11 19:42:11] UPDATE webshop_products SET `price1_name`='', `price1_currency`='', `price1_value`='0' WHERE id=4487

[2021-01-11 19:42:11] UPDATE webshop_products SET `price2_name`='Kereskedő -27,6%', `price2_currency`='HUF', `price2_value`='2540' WHERE id=4487

[2021-01-11 19:42:11] UPDATE webshop_products SET `price3_name`='Kereskedő -33,6%', `price3_currency`='HUF', `price3_value`='2329' WHERE id=4487

[2021-01-11 19:42:11] UPDATE webshop_products SET `price4_name`='Szakmai 1 ár -7%', `price4_currency`='HUF', `price4_value`='3263' WHERE id=4487

[2021-01-11 19:42:11] UPDATE webshop_products SET `price5_name`='Szakmai 2 ár -14%', `price5_currency`='HUF', `price5_value`='3016' WHERE id=4487

[2021-01-11 19:42:11] UPDATE webshop_products SET `price6_name`='Vásárló', `price6_currency`='HUF', `price6_value`='3508' WHERE id=4487

[2021-01-11 19:42:11] UPDATE webshop_products SET `price7_name`='W Lista ár', `price7_currency`='HUF', `price7_value`='3508' WHERE id=4487

[2021-01-11 19:42:11] UPDATE webshop_products SET `price`='3508', `reduced_price`=0 WHERE id=4487

[2021-01-11 19:42:11] UPDATE webshop_products SET `price1_name`='', `price1_currency`='', `price1_value`='0' WHERE id=5130

[2021-01-11 19:42:11] UPDATE webshop_products SET `price2_name`='Kereskedő -27,6%', `price2_currency`='HUF', `price2_value`='8810' WHERE id=5130

[2021-01-11 19:42:11] UPDATE webshop_products SET `price3_name`='Kereskedő -33,6%', `price3_currency`='HUF', `price3_value`='8080' WHERE id=5130

[2021-01-11 19:42:11] UPDATE webshop_products SET `price4_name`='Szakmai 1 ár -7%', `price4_currency`='HUF', `price4_value`='11316' WHERE id=5130

[2021-01-11 19:42:11] UPDATE webshop_products SET `price5_name`='Szakmai 2 ár -14%', `price5_currency`='HUF', `price5_value`='10465' WHERE id=5130

[2021-01-11 19:42:11] UPDATE webshop_products SET `price6_name`='Vásárló', `price6_currency`='HUF', `price6_value`='12168' WHERE id=5130

[2021-01-11 19:42:11] UPDATE webshop_products SET `price7_name`='W Lista ár', `price7_currency`='HUF', `price7_value`='12168' WHERE id=5130

[2021-01-11 19:42:11] UPDATE webshop_products SET `price`='12168', `reduced_price`=0 WHERE id=5130

[2021-01-11 19:42:11] UPDATE webshop_products SET `price1_name`='', `price1_currency`='', `price1_value`='0' WHERE id=5131

[2021-01-11 19:42:11] UPDATE webshop_products SET `price2_name`='Kereskedő -27,6%', `price2_currency`='HUF', `price2_value`='5058' WHERE id=5131

[2021-01-11 19:42:11] UPDATE webshop_products SET `price3_name`='Kereskedő -33,6%', `price3_currency`='HUF', `price3_value`='4639' WHERE id=5131

[2021-01-11 19:42:11] UPDATE webshop_products SET `price4_name`='Szakmai 1 ár -7%', `price4_currency`='HUF', `price4_value`='6499' WHERE id=5131

[2021-01-11 19:42:11] UPDATE webshop_products SET `price5_name`='Szakmai 2 ár -14%', `price5_currency`='HUF', `price5_value`='6010' WHERE id=5131

[2021-01-11 19:42:11] UPDATE webshop_products SET `price6_name`='Vásárló', `price6_currency`='HUF', `price6_value`='6988' WHERE id=5131

[2021-01-11 19:42:11] UPDATE webshop_products SET `price7_name`='W Lista ár', `price7_currency`='HUF', `price7_value`='6988' WHERE id=5131

[2021-01-11 19:42:11] UPDATE webshop_products SET `price`='6988', `reduced_price`=0 WHERE id=5131

[2021-01-11 19:42:11] UPDATE webshop_products SET `price1_name`='', `price1_currency`='', `price1_value`='0' WHERE id=4297

[2021-01-11 19:42:11] UPDATE webshop_products SET `price2_name`='Kereskedő -27,6%', `price2_currency`='HUF', `price2_value`='13611' WHERE id=4297

[2021-01-11 19:42:11] UPDATE webshop_products SET `price3_name`='Kereskedő -33,6%', `price3_currency`='HUF', `price3_value`='12483' WHERE id=4297

[2021-01-11 19:42:11] UPDATE webshop_products SET `price4_name`='Szakmai 1 ár -7%', `price4_currency`='HUF', `price4_value`='17483' WHERE id=4297

[2021-01-11 19:42:11] UPDATE webshop_products SET `price5_name`='Szakmai 2 ár -14%', `price5_currency`='HUF', `price5_value`='16167' WHERE id=4297

[2021-01-11 19:42:11] UPDATE webshop_products SET `price6_name`='Vásárló', `price6_currency`='HUF', `price6_value`='18799' WHERE id=4297

[2021-01-11 19:42:11] UPDATE webshop_products SET `price7_name`='W Lista ár', `price7_currency`='HUF', `price7_value`='18799' WHERE id=4297

[2021-01-11 19:42:11] UPDATE webshop_products SET `price`='18799', `reduced_price`=0 WHERE id=4297

[2021-01-11 19:42:11] UPDATE webshop_products SET `price1_name`='', `price1_currency`='', `price1_value`='0' WHERE id=5121

[2021-01-11 19:42:11] UPDATE webshop_products SET `price2_name`='Kereskedő -27,6%', `price2_currency`='HUF', `price2_value`='3207' WHERE id=5121

[2021-01-11 19:42:11] UPDATE webshop_products SET `price3_name`='Kereskedő -33,6%', `price3_currency`='HUF', `price3_value`='2940' WHERE id=5121

[2021-01-11 19:42:11] UPDATE webshop_products SET `price4_name`='Szakmai 1 ár -7%', `price4_currency`='HUF', `price4_value`='4119' WHERE id=5121

[2021-01-11 19:42:11] UPDATE webshop_products SET `price5_name`='Szakmai 2 ár -14%', `price5_currency`='HUF', `price5_value`='3809' WHERE id=5121

[2021-01-11 19:42:11] UPDATE webshop_products SET `price6_name`='Vásárló', `price6_currency`='HUF', `price6_value`='4428' WHERE id=5121

[2021-01-11 19:42:11] UPDATE webshop_products SET `price7_name`='W Lista ár', `price7_currency`='HUF', `price7_value`='4428' WHERE id=5121

[2021-01-11 19:42:11] UPDATE webshop_products SET `price`='4428', `reduced_price`=0 WHERE id=5121

[2021-01-11 19:42:11] UPDATE webshop_products SET `price1_name`='', `price1_currency`='', `price1_value`='0' WHERE id=5122

[2021-01-11 19:42:11] UPDATE webshop_products SET `price2_name`='Kereskedő -27,6%', `price2_currency`='HUF', `price2_value`='2880' WHERE id=5122

[2021-01-11 19:42:11] UPDATE webshop_products SET `price3_name`='Kereskedő -33,6%', `price3_currency`='HUF', `price3_value`='2642' WHERE id=5122

[2021-01-11 19:42:11] UPDATE webshop_products SET `price4_name`='Szakmai 1 ár -7%', `price4_currency`='HUF', `price4_value`='3700' WHERE id=5122

[2021-01-11 19:42:11] UPDATE webshop_products SET `price5_name`='Szakmai 2 ár -14%', `price5_currency`='HUF', `price5_value`='3421' WHERE id=5122

[2021-01-11 19:42:11] UPDATE webshop_products SET `price6_name`='Vásárló', `price6_currency`='HUF', `price6_value`='3978' WHERE id=5122

[2021-01-11 19:42:11] UPDATE webshop_products SET `price7_name`='W Lista ár', `price7_currency`='HUF', `price7_value`='3978' WHERE id=5122

[2021-01-11 19:42:11] UPDATE webshop_products SET `price`='3978', `reduced_price`=0 WHERE id=5122

[2021-01-11 19:42:26] UPDATE users SET lastlogin = NOW() WHERE id = '11'

[2021-01-11 19:42:27] UPDATE users SET lastlogin = NOW() WHERE id = '11'

[2021-01-11 19:42:44] INSERT INTO webshop_gallery (`id`, `product_id`, `original_name`, `new_name`, `date`) VALUES (15491, 5124, 'Szakáll púderozó', '15491.jpg', 1610390564)

[2021-01-11 19:42:45] INSERT INTO webshop_gallery (`id`, `product_id`, `original_name`, `new_name`, `date`) VALUES (15492, 5125, 'Fodrász férfi beterítő hajvágó kendő Barber OR04685', '15492.jpg', 1610390565)

[2021-01-11 19:42:46] UPDATE users SET lastlogin = NOW() WHERE id = '11'

[2021-01-11 19:42:50] DELETE FROM webshop_gallery WHERE id=15492

[2021-01-11 19:43:00] DELETE FROM webshop_gallery WHERE id=15491

[2021-01-11 19:43:05] INSERT INTO webshop_gallery (`id`, `product_id`, `original_name`, `new_name`, `date`) VALUES (15491, 5126, 'Barber Poseidon szakáll kefe OR06078', '15491.jpg', 1610390585)

[2021-01-11 19:43:05] INSERT INTO webshop_gallery (`id`, `product_id`, `original_name`, `new_name`, `date`) VALUES (15492, 5127, 'Barber rezgőkéses borotva es06412', '15492.jpg', 1610390585)

[2021-01-11 19:43:05] INSERT INTO webshop_gallery (`id`, `product_id`, `original_name`, `new_name`, `date`) VALUES (15493, 5128, 'Barber szakáll kefe OR06075', '15493.jpg', 1610390585)

[2021-01-11 19:43:05] INSERT INTO webshop_gallery (`id`, `product_id`, `original_name`, `new_name`, `date`) VALUES (15494, 5129, 'Barber szakállkefe erős szakállakhoz OR06077', '15494.jpg', 1610390585)

[2021-01-11 19:43:05] INSERT INTO webshop_gallery (`id`, `product_id`, `original_name`, `new_name`, `date`) VALUES (15495, 5130, 'Barber férfi fodrász kötény OR06181', '15495.jpg', 1610390585)

[2021-01-11 19:43:05] INSERT INTO webshop_gallery (`id`, `product_id`, `original_name`, `new_name`, `date`) VALUES (15496, 5131, 'Barber volumennövelő púder 20gr', '15496.jpg', 1610390585)

[2021-01-11 19:43:05] INSERT INTO webshop_gallery (`id`, `product_id`, `original_name`, `new_name`, `date`) VALUES (15497, 5121, 'Barber ruhakefe OR06074', '15497.jpg', 1610390585)

[2021-01-11 19:43:05] INSERT INTO webshop_gallery (`id`, `product_id`, `original_name`, `new_name`, `date`) VALUES (15498, 5040, 'Barber szakáll formázó sablon és fésű gyors formakészítéshez OR06176', '15498.jpg', 1610390585)

[2021-01-11 19:43:05] INSERT INTO webshop_gallery (`id`, `product_id`, `original_name`, `new_name`, `date`) VALUES (15499, 5040, 'szakálll-24', '15499.jpg', 1610390585)

[2021-01-11 19:43:05] INSERT INTO webshop_gallery (`id`, `product_id`, `original_name`, `new_name`, `date`) VALUES (15500, 5122, 'Barber nyakszirtkefe OR06070', '15500.jpg', 1610390585)

[2021-01-11 19:43:05] INSERT INTO webshop_gallery (`id`, `product_id`, `original_name`, `new_name`, `date`) VALUES (15501, 5123, 'Parfüm szóró', '15501.jpg', 1610390585)

[2021-01-11 19:43:12] UPDATE users SET lastlogin = NOW() WHERE id = '11'

