[2020-01-02 18:13:57] UPDATE users SET lastlogin = NOW() WHERE id = '11'

[2020-01-02 18:13:59] UPDATE users SET lastlogin = NOW() WHERE id = '11'

[2020-01-02 18:14:00] UPDATE users SET lastlogin = NOW() WHERE id = '11'

[2020-01-02 18:14:01] UPDATE webshop_gallery SET original_name='Bőr feltoló lándzsa rozsdamentes acélból', date=1577985241 WHERE id=309

[2020-01-02 18:14:01] UPDATE webshop_special_fields SET `value`='Egyéb fodrászkellék' WHERE `key`='manufacturer' AND `product_id`=2305

[2020-01-02 18:14:01] UPDATE webshop_special_fields SET `value`='db' WHERE `key`='quantityunit' AND `product_id`=2305

[2020-01-02 18:14:01] UPDATE webshop_special_fields SET `value`='1' WHERE `key`='kiszereles' AND `product_id`=2305

[2020-01-02 18:14:01] UPDATE webshop_products SET `name_hun`='Bőrfeltoló és kerek véső rozsdamentes acélból 04689',`content_short`='Bőrfeltoló és kerek véső rozsdamentes acélból. 12cm.&nbsp;A&nbsp;pedikűr manikűr eszköz&nbsp;kétfajta...',`content`='<P>Bőrfeltoló és kerek véső rozsdamentes acélból. 12cm.&nbsp;A&nbsp;pedikűr manikűr eszköz&nbsp;kétfajta élkiképzéssel készült. Az egyi fele bőrfeltolásra lett kiképezve, a másik egy íves véső.</P>', `item_id`='3171-es-04689', `default_pic`='309', `active`='1', `category_id`='104', `root_category_id`='0', `seo_name`='borfeltolo-es-kerek-veso-rozsdamentes-acelbol-04689', `fullurl`='fodraszkellek/borfeltolo-es-kerek-veso-rozsdamentes-acelbol-04689', `other_categories`='104,202,203,205,208,375' WHERE id=2305

[2020-01-02 18:14:01] UPDATE webshop_gallery SET original_name='Manikűr Bőrfeltoló és bárdfejű kaparó NI2229', date=1577985241 WHERE id=4532

[2020-01-02 18:14:01] UPDATE webshop_special_fields SET `value`='Egyéb fodrászkellék' WHERE `key`='manufacturer' AND `product_id`=3806

[2020-01-02 18:14:01] UPDATE webshop_special_fields SET `value`='db' WHERE `key`='quantityunit' AND `product_id`=3806

[2020-01-02 18:14:01] UPDATE webshop_special_fields SET `value`='1' WHERE `key`='kiszereles' AND `product_id`=3806

[2020-01-02 18:14:01] UPDATE webshop_products SET `name_hun`='Manikűr Bőrfeltoló és bárdfejű kaparó NI2227',`content_short`='Manikűr Bőrfeltoló és bőrkaparó Rostfrei Solingen rozsdamentes acélból, mely a legjobb használat érdekében...',`content`='<P style=\"TEXT-ALIGN: justify; MARGIN: 0cm 0cm 10pt\"><FONT face=Calibri>Manikűr Bőrfeltoló és bőrkaparó Rostfrei Solingen rozsdamentes acélból, mely a legjobb használat érdekében végig recézett szárral készül. A&nbsp;bőrfeltolót könnyen tisztíthatjuk, jól ellen áll a felületfertőtlenítő anyagoknak. A Bőrfeltolóval és kaparóval gyors precíz munkát végezhetünk.</FONT></P>
<P style=\"TEXT-ALIGN: justify; MARGIN: 0cm 0cm 10pt\"><FONT face=Calibri>Figyelem! A képen látható fogó bemélyedések nem minden bőrfeltolón találhatók meg, a bőrfeltolók és bőrkaparók fogószára általában egyben, végig recézett. Ez a raktárkészlettől függően változhat!</FONT></P>
<P style=\"TEXT-ALIGN: justify; MARGIN: 0cm 0cm 10pt\"><U><FONT face=Calibri>Bőrfeltoló és bőrkaparó adatai.</FONT></U></P>
<P style=\"TEXT-ALIGN: justify; MARGIN: 0cm 0cm 10pt\"><FONT face=Calibri>Bőrfeltoló és kaparó vastagsága kb. 5mm</FONT></P>
<P style=\"TEXT-ALIGN: justify; MARGIN: 0cm 0cm 10pt\"><FONT face=Calibri>Bőrfeltoló és kaparó teljes hossza 128mm.</FONT></P>
<P style=\"TEXT-ALIGN: justify; MARGIN: 0cm 0cm 10pt\"><FONT face=Calibri>Bőrfeltoló szélessége kb. 7mm.</FONT></P>
<P style=\"TEXT-ALIGN: justify; MARGIN: 0cm 0cm 10pt\"><FONT face=Calibri>Bárd fejű bőrkaparó penge szélessége 4mm.</FONT></P>
<P>&nbsp;</P>', `item_id`='0771-nibk-2227', `default_pic`='4532', `active`='1', `category_id`='104', `root_category_id`='0', `seo_name`='manikur-borfeltolo-es-bardfeju-kaparo-ni2227', `fullurl`='fodraszkellek/manikur-borfeltolo-es-bardfeju-kaparo-ni2227', `other_categories`='104,203,208,375' WHERE id=3806

[2020-01-02 18:14:01] UPDATE webshop_gallery SET original_name='Manikűr Bőrfeltoló és kaparó Ni2228 -', date=1577985241 WHERE id=3980

[2020-01-02 18:14:01] UPDATE webshop_special_fields SET `value`='Egyéb fodrászkellék' WHERE `key`='manufacturer' AND `product_id`=3661

[2020-01-02 18:14:01] UPDATE webshop_special_fields SET `value`='db' WHERE `key`='quantityunit' AND `product_id`=3661

[2020-01-02 18:14:01] UPDATE webshop_special_fields SET `value`='1' WHERE `key`='kiszereles' AND `product_id`=3661

[2020-01-02 18:14:02] UPDATE webshop_products SET `name_hun`='Manikűr Bőrfeltoló és kaparó ívelt Ni2229',`content_short`='Manikűr Bőrfeltoló és kaparó Rostfrei Solingen rozsdamentes acélból, mely a legjobb használat érdekében...',`content`='<P style=\"TEXT-ALIGN: justify; MARGIN: 0cm 0cm 10pt\"><FONT face=Calibri>Manikűr Bőrfeltoló és kaparó Rostfrei Solingen rozsdamentes acélból, mely a legjobb használat érdekében végig recézett szárral készül. A&nbsp;bőrfeltolót könnyen tisztíthatjuk, jól ellen áll a felületfertőtlenítő anyagoknak. A Bőrfeltolóval és kaparóval gyors precíz munkát végezhetünk.</FONT></P>
<P style=\"TEXT-ALIGN: justify; MARGIN: 0cm 0cm 10pt\"><FONT face=Calibri>Figyelem!</FONT></P>
<P style=\"TEXT-ALIGN: justify; MARGIN: 0cm 0cm 10pt\"><FONT face=Calibri>&nbsp;- A képen látható fogó bemélyedések nem minden bőrfeltolón találhatók meg, általában a fogószárak&nbsp;végig egyben recézettek. Ez a raktárkészlettől függően változhat!</FONT></P>
<P style=\"TEXT-ALIGN: justify; MARGIN: 0cm 0cm 10pt\"><U><FONT face=Calibri>Bőrfeltoló és kaparó adatai.</FONT></U></P>
<P style=\"TEXT-ALIGN: justify; MARGIN: 0cm 0cm 10pt\"><FONT face=Calibri>Bőrfeltoló és kaparó szár vasagsága kb. 7mm</FONT></P>
<P style=\"TEXT-ALIGN: justify; MARGIN: 0cm 0cm 10pt\"><FONT face=Calibri>Bőrfeltoló és kaparó teljes hossza 138mm.</FONT></P>
<P style=\"TEXT-ALIGN: justify; MARGIN: 0cm 0cm 10pt\"><FONT face=Calibri>Bőrfeltoló szélessége 8mm.</FONT></P>
<P style=\"TEXT-ALIGN: justify; MARGIN: 0cm 0cm 10pt\"><FONT face=Calibri>Bőr kaparó penge szélessége 4mm.</FONT></P>', `item_id`='0771-ni-2229', `default_pic`='3980', `active`='1', `category_id`='104', `root_category_id`='0', `seo_name`='manikur-borfeltolo-es-kaparo-ivelt-ni2229', `fullurl`='fodraszkellek/manikur-borfeltolo-es-kaparo-ivelt-ni2229', `other_categories`='104,203,208,209,375' WHERE id=3661

[2020-01-02 18:14:02] INSERT INTO webshop_gallery (`id`, `product_id`, `original_name`, `new_name`, `date`) VALUES (13022, 4616, 'Bőrfeltoló és bárdfejű kaparó No413', '13022.jpg', 1577985242)

[2020-01-02 18:14:02] INSERT INTO webshop_products (`id`, `name_hun`, `name_eng`, `item_id`, `price`, `reduced_price`, `status`, `currency`, `content_short`, `content`, `details`, `date`, `default_pic`, `active`, `main`, `sort`, `category_id`, `root_category_id`, `seo_name`, `fullurl`, `websyx_id`, `quantity`, `other_categories`) VALUES ('4616', 'Bőrfeltoló és bárdfejű kaparó No413', 'Bőrfeltoló és bárdfejű kaparó No413', '0771-keep-aceroinox-413', 0, 0, 1, 'Ft', 'Manikűr Bőrfeltoló és bőrkaparó rozsdamentes acélból, mely a legjobb használat érdekében recézett szárral...', '<P style=\"TEXT-ALIGN: justify; MARGIN: 0cm 0cm 10pt\"><FONT face=Calibri>Manikűr Bőrfeltoló és bőrkaparó rozsdamentes acélból, mely a legjobb használat érdekében recézett szárral készül. A&nbsp;bőrfeltolót könnyen tisztíthatjuk, jól ellen áll a felületfertőtlenítő anyagoknak. A Bőrfeltolóval és kaparóval gyors precíz munkát végezhetünk.</FONT></P>
<P style=\"TEXT-ALIGN: justify; MARGIN: 0cm 0cm 10pt\"><U><FONT face=Calibri>Bőrfeltoló és bőrkaparó adatai.</FONT></U></P>
<P style=\"TEXT-ALIGN: justify; MARGIN: 0cm 0cm 10pt\"><FONT face=Calibri>Bőrfeltoló és kaparó vastagsága kb. 5mm</FONT></P>
<P style=\"TEXT-ALIGN: justify; MARGIN: 0cm 0cm 10pt\"><FONT face=Calibri>Bőrfeltoló és kaparó teljes hossza 130mm.</FONT></P>
<P style=\"TEXT-ALIGN: justify; MARGIN: 0cm 0cm 10pt\"><FONT face=Calibri>Bőrfeltoló szélessége kb. 5mm.</FONT></P>
<P style=\"TEXT-ALIGN: justify; MARGIN: 0cm 0cm 10pt\"><FONT face=Calibri>Bárd fejű bőrkaparó penge szélessége 7mm.</FONT></P>', '', 1577985242, '13022', '1', 0, 1, 199, '191', 'borfeltolo-es-bardfeju-kaparo-no413', 'arcapolas-testapolas/kozmetika-pedikur-manikur-eszkozok/borfeltolo-es-bardfeju-kaparo-no413', '1979', 1, '199,203')

[2020-01-02 18:14:02] INSERT INTO webshop_special_fields (`key`, `value`, `product_id`) VALUES ('manufacturer', 'Manikűr Pedikűr', 4616)

[2020-01-02 18:14:02] INSERT INTO webshop_special_fields (`key`, `value`, `product_id`) VALUES ('quantityunit', 'db', 4616)

[2020-01-02 18:14:02] INSERT INTO webshop_special_fields (`key`, `value`, `product_id`) VALUES ('kiszereles', '1', 4616)

[2020-01-02 18:14:02] INSERT INTO webshop_gallery (`id`, `product_id`, `original_name`, `new_name`, `date`) VALUES (13023, 4617, 'Fésű hajvasaláshoz hajsímításhoz 03262', '13023.jpg', 1577985242)

[2020-01-02 18:14:02] INSERT INTO webshop_products (`id`, `name_hun`, `name_eng`, `item_id`, `price`, `reduced_price`, `status`, `currency`, `content_short`, `content`, `details`, `date`, `default_pic`, `active`, `main`, `sort`, `category_id`, `root_category_id`, `seo_name`, `fullurl`, `websyx_id`, `quantity`, `other_categories`) VALUES ('4617', 'Fésű hajvasaláshoz hajsímításhoz 03262', 'Fésű hajvasaláshoz hajsímításhoz 03262', '3126-es-03262', 0, 0, 1, 'Ft', 'Fésű hajvasaláshoz, hajsímításhoz. A&nbsp;speciális fésű segíti a hajvasalási műveletek elvégzését....', '<P>Fésű hajvasaláshoz, hajsímításhoz. A&nbsp;speciális fésű segíti a hajvasalási műveletek elvégzését. Egyenletes, lapos&nbsp;tincset választhatunk le a hajból, és ezzel&nbsp;tarthatjuk is&nbsp;azt a hajvasalás időtartama alatt. Az egyenesen tartott lapos hajtincs,szebb hajvasalási eredményt biztosít.</P>
<P>&nbsp;</P>', '', 1577985242, '13023', '1', 0, 1, 92, '0', 'fesu-hajvasalashoz-hajsimitashoz-03262', 'hajformazo-gepek/fesu-hajvasalashoz-hajsimitashoz-03262', '2004', 1, '92,99,104,109')

[2020-01-02 18:14:02] INSERT INTO webshop_special_fields (`key`, `value`, `product_id`) VALUES ('manufacturer', 'Euro fodrászkellék', 4617)

[2020-01-02 18:14:02] INSERT INTO webshop_special_fields (`key`, `value`, `product_id`) VALUES ('quantityunit', 'db', 4617)

[2020-01-02 18:14:02] INSERT INTO webshop_special_fields (`key`, `value`, `product_id`) VALUES ('kiszereles', '1', 4617)

[2020-01-02 18:14:02] UPDATE webshop_products SET sort=1 WHERE id=3326

[2020-01-02 18:14:02] UPDATE webshop_products SET sort=2 WHERE id=4616

[2020-01-02 18:14:02] UPDATE webshop_products SET sort=3 WHERE id=4617

[2020-01-02 18:14:38] UPDATE users SET lastlogin = NOW() WHERE id = '11'

[2020-01-02 18:14:41] UPDATE users SET lastlogin = NOW() WHERE id = '11'

[2020-01-02 18:14:41] UPDATE webshop_products SET `price1_name`='Beszerzési ár', `price1_currency`='HUF', `price1_value`='395' WHERE id=2305

[2020-01-02 18:14:41] UPDATE webshop_products SET `price2_name`='Kereskedő -27,6%', `price2_currency`='HUF', `price2_value`='1337' WHERE id=2305

[2020-01-02 18:14:42] UPDATE webshop_products SET `price3_name`='Kereskedő -33,6%', `price3_currency`='HUF', `price3_value`='1227' WHERE id=2305

[2020-01-02 18:14:42] UPDATE webshop_products SET `price4_name`='Szakmai 1 ár -7%', `price4_currency`='HUF', `price4_value`='1718' WHERE id=2305

[2020-01-02 18:14:42] UPDATE webshop_products SET `price5_name`='Szakmai 2 ár -14%', `price5_currency`='HUF', `price5_value`='1589' WHERE id=2305

[2020-01-02 18:14:42] UPDATE webshop_products SET `price6_name`='Vásárló', `price6_currency`='HUF', `price6_value`='1848' WHERE id=2305

[2020-01-02 18:14:42] UPDATE webshop_products SET `price7_name`='W Lista ár', `price7_currency`='HUF', `price7_value`='1848' WHERE id=2305

[2020-01-02 18:14:42] UPDATE webshop_products SET `price`='1848', `reduced_price`=0 WHERE id=2305

[2020-01-02 18:14:42] UPDATE webshop_products SET `price1_name`='Beszerzési ár', `price1_currency`='HUF', `price1_value`='916' WHERE id=4616

[2020-01-02 18:14:42] UPDATE webshop_products SET `price2_name`='Kereskedő -27,6%', `price2_currency`='HUF', `price2_value`='1511' WHERE id=4616

[2020-01-02 18:14:42] UPDATE webshop_products SET `price3_name`='Kereskedő -33,6%', `price3_currency`='HUF', `price3_value`='1387' WHERE id=4616

[2020-01-02 18:14:42] UPDATE webshop_products SET `price4_name`='Szakmai 1 ár -7%', `price4_currency`='HUF', `price4_value`='1942' WHERE id=4616

[2020-01-02 18:14:42] UPDATE webshop_products SET `price5_name`='Szakmai 2 ár -14%', `price5_currency`='HUF', `price5_value`='1796' WHERE id=4616

[2020-01-02 18:14:42] UPDATE webshop_products SET `price6_name`='Vásárló', `price6_currency`='HUF', `price6_value`='2088' WHERE id=4616

[2020-01-02 18:14:42] UPDATE webshop_products SET `price7_name`='W Lista ár', `price7_currency`='HUF', `price7_value`='2088' WHERE id=4616

[2020-01-02 18:14:42] UPDATE webshop_products SET `price`='2088', `reduced_price`=0 WHERE id=4616

[2020-01-02 18:14:42] UPDATE webshop_products SET `price1_name`='Beszerzési ár', `price1_currency`='HUF', `price1_value`='563' WHERE id=4617

[2020-01-02 18:14:42] UPDATE webshop_products SET `price2_name`='Kereskedő -27,6%', `price2_currency`='HUF', `price2_value`='1295' WHERE id=4617

[2020-01-02 18:14:42] UPDATE webshop_products SET `price3_name`='Kereskedő -33,6%', `price3_currency`='HUF', `price3_value`='1189' WHERE id=4617

[2020-01-02 18:14:42] UPDATE webshop_products SET `price4_name`='Szakmai 1 ár -7%', `price4_currency`='HUF', `price4_value`='1664' WHERE id=4617

[2020-01-02 18:14:42] UPDATE webshop_products SET `price5_name`='Szakmai 2 ár -14%', `price5_currency`='HUF', `price5_value`='1539' WHERE id=4617

[2020-01-02 18:14:42] UPDATE webshop_products SET `price6_name`='Vásárló', `price6_currency`='HUF', `price6_value`='1789' WHERE id=4617

[2020-01-02 18:14:42] UPDATE webshop_products SET `price7_name`='W Lista ár', `price7_currency`='HUF', `price7_value`='1789' WHERE id=4617

[2020-01-02 18:14:42] UPDATE webshop_products SET `price`='1789', `reduced_price`=0 WHERE id=4617

[2020-01-02 18:14:45] UPDATE users SET lastlogin = NOW() WHERE id = '11'

[2020-01-02 18:14:47] UPDATE users SET lastlogin = NOW() WHERE id = '11'

[2020-01-02 18:14:51] DELETE FROM webshop_gallery WHERE id=13021

[2020-01-02 18:15:00] DELETE FROM webshop_gallery WHERE id='12408'

[2020-01-02 18:15:01] INSERT INTO webshop_gallery (`id`, `product_id`, `original_name`, `new_name`, `date`) VALUES (13024, 2305, 'Bőrfeltoló és kerek véső rozsdamentes acélból 04689', '13024.jpg', 1577985301)

[2020-01-02 18:15:02] UPDATE users SET lastlogin = NOW() WHERE id = '11'

[2020-01-02 18:15:15] INSERT INTO webshop_gallery (`id`, `product_id`, `original_name`, `new_name`, `date`) VALUES (13025, 4617, 'Fésű hajvasaláshoz, hajsímításhoz 03262', '13025.jpg', 1577985315)

[2020-01-02 18:15:17] UPDATE users SET lastlogin = NOW() WHERE id = '11'

[2020-01-02 18:15:30] INSERT INTO webshop_gallery (`id`, `product_id`, `original_name`, `new_name`, `date`) VALUES (13026, 4616, 'Bőrfeltoló és bárdfejű kaparó No413', '13026.jpg', 1577985330)

[2020-01-02 18:31:15] UPDATE users SET lastlogin = NOW() WHERE id = '11'

